[INFO] fetching crate googleapis-tonic-google-cloud-vmwareengine-v1 0.13.0...
[INFO] testing googleapis-tonic-google-cloud-vmwareengine-v1-0.13.0 against 1.83.0 for beta-1.84.0-4-retry
[INFO] extracting crate googleapis-tonic-google-cloud-vmwareengine-v1 0.13.0 into /workspace/builds/worker-0-tc1/source
[INFO] validating manifest of crates.io crate googleapis-tonic-google-cloud-vmwareengine-v1 0.13.0 on toolchain 1.83.0
[INFO] running `Command { std: CARGO_HOME="/workspace/cargo-home" RUSTUP_HOME="/workspace/rustup-home" "/workspace/cargo-home/bin/cargo" "+1.83.0" "metadata" "--manifest-path" "Cargo.toml" "--no-deps", kill_on_drop: false }`
[INFO] started tweaking crates.io crate googleapis-tonic-google-cloud-vmwareengine-v1 0.13.0
[INFO] finished tweaking crates.io crate googleapis-tonic-google-cloud-vmwareengine-v1 0.13.0
[INFO] tweaked toml for crates.io crate googleapis-tonic-google-cloud-vmwareengine-v1 0.13.0 written to /workspace/builds/worker-0-tc1/source/Cargo.toml
[INFO] running `Command { std: CARGO_HOME="/workspace/cargo-home" RUSTUP_HOME="/workspace/rustup-home" "/workspace/cargo-home/bin/cargo" "+1.83.0" "generate-lockfile" "--manifest-path" "Cargo.toml", kill_on_drop: false }`
[INFO] [stderr]     Updating crates.io index
[INFO] [stderr]      Locking 57 packages to latest compatible versions
[INFO] running `Command { std: CARGO_HOME="/workspace/cargo-home" RUSTUP_HOME="/workspace/rustup-home" "/workspace/cargo-home/bin/cargo" "+1.83.0" "fetch" "--manifest-path" "Cargo.toml", kill_on_drop: false }`
[INFO] running `Command { std: "docker" "create" "-v" "/var/lib/crater-agent-workspace/builds/worker-0-tc1/target:/opt/rustwide/target:rw,Z" "-v" "/var/lib/crater-agent-workspace/builds/worker-0-tc1/source:/opt/rustwide/workdir:ro,Z" "-v" "/var/lib/crater-agent-workspace/cargo-home:/opt/rustwide/cargo-home:ro,Z" "-v" "/var/lib/crater-agent-workspace/rustup-home:/opt/rustwide/rustup-home:ro,Z" "-e" "SOURCE_DIR=/opt/rustwide/workdir" "-e" "CARGO_TARGET_DIR=/opt/rustwide/target" "-e" "CARGO_HOME=/opt/rustwide/cargo-home" "-e" "RUSTUP_HOME=/opt/rustwide/rustup-home" "-w" "/opt/rustwide/workdir" "-m" "1610612736" "--user" "0:0" "--network" "none" "ghcr.io/rust-lang/crates-build-env/linux@sha256:f3a9d4ad9d972b27faf3965f35b62e55ba32bbce8f20bc8fe909558a86702fde" "/opt/rustwide/cargo-home/bin/cargo" "+1.83.0" "metadata" "--no-deps" "--format-version=1", kill_on_drop: false }`
[INFO] [stdout] 43680c8af80e114dc0e33424ba671d995005b136038de2689c78308fb64d8ab1
[INFO] running `Command { std: "docker" "start" "-a" "43680c8af80e114dc0e33424ba671d995005b136038de2689c78308fb64d8ab1", kill_on_drop: false }`
[INFO] running `Command { std: "docker" "inspect" "43680c8af80e114dc0e33424ba671d995005b136038de2689c78308fb64d8ab1", kill_on_drop: false }`
[INFO] running `Command { std: "docker" "rm" "-f" "43680c8af80e114dc0e33424ba671d995005b136038de2689c78308fb64d8ab1", kill_on_drop: false }`
[INFO] [stdout] 43680c8af80e114dc0e33424ba671d995005b136038de2689c78308fb64d8ab1
[INFO] running `Command { std: "docker" "create" "-v" "/var/lib/crater-agent-workspace/builds/worker-0-tc1/target:/opt/rustwide/target:rw,Z" "-v" "/var/lib/crater-agent-workspace/builds/worker-0-tc1/source:/opt/rustwide/workdir:ro,Z" "-v" "/var/lib/crater-agent-workspace/cargo-home:/opt/rustwide/cargo-home:ro,Z" "-v" "/var/lib/crater-agent-workspace/rustup-home:/opt/rustwide/rustup-home:ro,Z" "-e" "SOURCE_DIR=/opt/rustwide/workdir" "-e" "CARGO_TARGET_DIR=/opt/rustwide/target" "-e" "CARGO_INCREMENTAL=0" "-e" "RUST_BACKTRACE=full" "-e" "RUSTFLAGS=--cap-lints=warn" "-e" "RUSTDOCFLAGS=--cap-lints=warn" "-e" "CARGO_HOME=/opt/rustwide/cargo-home" "-e" "RUSTUP_HOME=/opt/rustwide/rustup-home" "-w" "/opt/rustwide/workdir" "-m" "1610612736" "--user" "0:0" "--network" "none" "ghcr.io/rust-lang/crates-build-env/linux@sha256:f3a9d4ad9d972b27faf3965f35b62e55ba32bbce8f20bc8fe909558a86702fde" "/opt/rustwide/cargo-home/bin/cargo" "+1.83.0" "build" "--frozen" "--message-format=json", kill_on_drop: false }`
[INFO] [stdout] 765f0926fae5d0868a36d217fa6dae06eb4a3a1edd4777f463fb872d7708372e
[INFO] running `Command { std: "docker" "start" "-a" "765f0926fae5d0868a36d217fa6dae06eb4a3a1edd4777f463fb872d7708372e", kill_on_drop: false }`
[INFO] [stderr]    Compiling proc-macro2 v1.0.92
[INFO] [stderr]    Compiling unicode-ident v1.0.14
[INFO] [stderr]    Compiling bytes v1.9.0
[INFO] [stderr]    Compiling anyhow v1.0.94
[INFO] [stderr]    Compiling pin-project-lite v0.2.15
[INFO] [stderr]    Compiling either v1.13.0
[INFO] [stderr]    Compiling futures-core v0.3.31
[INFO] [stderr]    Compiling fnv v1.0.7
[INFO] [stderr]    Compiling itoa v1.0.14
[INFO] [stderr]    Compiling pin-utils v0.1.0
[INFO] [stderr]    Compiling once_cell v1.20.2
[INFO] [stderr]    Compiling futures-task v0.3.31
[INFO] [stderr]    Compiling tower-layer v0.3.3
[INFO] [stderr]    Compiling tower-service v0.3.3
[INFO] [stderr]    Compiling base64 v0.22.1
[INFO] [stderr]    Compiling percent-encoding v2.3.1
[INFO] [stderr]    Compiling tokio v1.42.0
[INFO] [stderr]    Compiling futures-util v0.3.31
[INFO] [stderr]    Compiling tracing-core v0.1.33
[INFO] [stderr]    Compiling itertools v0.13.0
[INFO] [stderr]    Compiling http v1.2.0
[INFO] [stderr]    Compiling quote v1.0.37
[INFO] [stderr]    Compiling syn v2.0.90
[INFO] [stderr]    Compiling http-body v1.0.1
[INFO] [stderr]    Compiling tokio-stream v0.1.17
[INFO] [stderr]    Compiling http-body-util v0.1.2
[INFO] [stderr]    Compiling prost-derive v0.13.4
[INFO] [stderr]    Compiling pin-project-internal v1.1.7
[INFO] [stderr]    Compiling tracing-attributes v0.1.28
[INFO] [stderr]    Compiling async-trait v0.1.83
[INFO] [stderr]    Compiling pin-project v1.1.7
[INFO] [stderr]    Compiling tracing v0.1.41
[INFO] [stderr]    Compiling prost v0.13.4
[INFO] [stderr]    Compiling prost-types v0.13.4
[INFO] [stderr]    Compiling tonic v0.12.3
[INFO] [stderr]    Compiling googleapis-tonic-google-api v0.12.0
[INFO] [stderr]    Compiling googleapis-tonic-google-rpc v0.8.0
[INFO] [stderr]    Compiling googleapis-tonic-google-longrunning v0.13.0
[INFO] [stderr]    Compiling googleapis-tonic-google-cloud-vmwareengine-v1 v0.13.0 (/opt/rustwide/workdir)
[INFO] [stderr]     Finished `dev` profile [unoptimized + debuginfo] target(s) in 16.26s
[INFO] running `Command { std: "docker" "inspect" "765f0926fae5d0868a36d217fa6dae06eb4a3a1edd4777f463fb872d7708372e", kill_on_drop: false }`
[INFO] running `Command { std: "docker" "rm" "-f" "765f0926fae5d0868a36d217fa6dae06eb4a3a1edd4777f463fb872d7708372e", kill_on_drop: false }`
[INFO] [stdout] 765f0926fae5d0868a36d217fa6dae06eb4a3a1edd4777f463fb872d7708372e
[INFO] running `Command { std: "docker" "create" "-v" "/var/lib/crater-agent-workspace/builds/worker-0-tc1/target:/opt/rustwide/target:rw,Z" "-v" "/var/lib/crater-agent-workspace/builds/worker-0-tc1/source:/opt/rustwide/workdir:ro,Z" "-v" "/var/lib/crater-agent-workspace/cargo-home:/opt/rustwide/cargo-home:ro,Z" "-v" "/var/lib/crater-agent-workspace/rustup-home:/opt/rustwide/rustup-home:ro,Z" "-e" "SOURCE_DIR=/opt/rustwide/workdir" "-e" "CARGO_TARGET_DIR=/opt/rustwide/target" "-e" "CARGO_INCREMENTAL=0" "-e" "RUST_BACKTRACE=full" "-e" "RUSTFLAGS=--cap-lints=warn" "-e" "RUSTDOCFLAGS=--cap-lints=warn" "-e" "CARGO_HOME=/opt/rustwide/cargo-home" "-e" "RUSTUP_HOME=/opt/rustwide/rustup-home" "-w" "/opt/rustwide/workdir" "-m" "1610612736" "--user" "0:0" "--network" "none" "ghcr.io/rust-lang/crates-build-env/linux@sha256:f3a9d4ad9d972b27faf3965f35b62e55ba32bbce8f20bc8fe909558a86702fde" "/opt/rustwide/cargo-home/bin/cargo" "+1.83.0" "test" "--frozen" "--no-run" "--message-format=json", kill_on_drop: false }`
[INFO] [stdout] b4ab36533ab76a8806247885086bf89022676a11fa3bbccf8f376a27ca993bfe
[INFO] running `Command { std: "docker" "start" "-a" "b4ab36533ab76a8806247885086bf89022676a11fa3bbccf8f376a27ca993bfe", kill_on_drop: false }`
[INFO] [stderr]    Compiling googleapis-tonic-google-cloud-vmwareengine-v1 v0.13.0 (/opt/rustwide/workdir)
[INFO] [stderr]     Finished `test` profile [unoptimized + debuginfo] target(s) in 2.79s
[INFO] running `Command { std: "docker" "inspect" "b4ab36533ab76a8806247885086bf89022676a11fa3bbccf8f376a27ca993bfe", kill_on_drop: false }`
[INFO] running `Command { std: "docker" "rm" "-f" "b4ab36533ab76a8806247885086bf89022676a11fa3bbccf8f376a27ca993bfe", kill_on_drop: false }`
[INFO] [stdout] b4ab36533ab76a8806247885086bf89022676a11fa3bbccf8f376a27ca993bfe
[INFO] running `Command { std: "docker" "create" "-v" "/var/lib/crater-agent-workspace/builds/worker-0-tc1/target:/opt/rustwide/target:rw,Z" "-v" "/var/lib/crater-agent-workspace/builds/worker-0-tc1/source:/opt/rustwide/workdir:ro,Z" "-v" "/var/lib/crater-agent-workspace/cargo-home:/opt/rustwide/cargo-home:ro,Z" "-v" "/var/lib/crater-agent-workspace/rustup-home:/opt/rustwide/rustup-home:ro,Z" "-e" "SOURCE_DIR=/opt/rustwide/workdir" "-e" "CARGO_TARGET_DIR=/opt/rustwide/target" "-e" "CARGO_INCREMENTAL=0" "-e" "RUST_BACKTRACE=full" "-e" "RUSTFLAGS=--cap-lints=warn" "-e" "RUSTDOCFLAGS=--cap-lints=warn" "-e" "CARGO_HOME=/opt/rustwide/cargo-home" "-e" "RUSTUP_HOME=/opt/rustwide/rustup-home" "-w" "/opt/rustwide/workdir" "-m" "1610612736" "--user" "0:0" "--network" "none" "ghcr.io/rust-lang/crates-build-env/linux@sha256:f3a9d4ad9d972b27faf3965f35b62e55ba32bbce8f20bc8fe909558a86702fde" "/opt/rustwide/cargo-home/bin/cargo" "+1.83.0" "test" "--frozen", kill_on_drop: false }`
[INFO] [stdout] 4560bacc25b86c0060dae5cdd7a1b342198927cd49d7cfd2e336e6516e7de7b5
[INFO] running `Command { std: "docker" "start" "-a" "4560bacc25b86c0060dae5cdd7a1b342198927cd49d7cfd2e336e6516e7de7b5", kill_on_drop: false }`
[INFO] [stderr]     Finished `test` profile [unoptimized + debuginfo] target(s) in 0.04s
[INFO] [stderr]      Running unittests src/lib.rs (/opt/rustwide/target/debug/deps/googleapis_tonic_google_cloud_vmwareengine_v1-6551b01d534aa1f6)
[INFO] [stdout] 
[INFO] [stdout] running 0 tests
[INFO] [stdout] 
[INFO] [stdout] test result: ok. 0 passed; 0 failed; 0 ignored; 0 measured; 0 filtered out; finished in 0.00s
[INFO] [stdout] 
[INFO] [stderr]    Doc-tests googleapis_tonic_google_cloud_vmwareengine_v1
[INFO] [stdout] 
[INFO] [stdout] running 22 tests
[INFO] [stdout] test src/vec_u8_hash_map/google.cloud.vmwareengine.v1.rs - vec_u8_hash_map::google::cloud::vmwareengine::v1::ListExternalAddressesRequest::filter (line 3087) ... FAILED
[INFO] [stdout] test src/vec_u8_hash_map/google.cloud.vmwareengine.v1.rs - vec_u8_hash_map::google::cloud::vmwareengine::v1::ListLoggingServersRequest::filter (line 3581) ... FAILED
[INFO] [stdout] test src/vec_u8_hash_map/google.cloud.vmwareengine.v1.rs - vec_u8_hash_map::google::cloud::vmwareengine::v1::ListExternalAccessRulesRequest::filter (line 3388) ... FAILED
[INFO] [stdout] test src/vec_u8_hash_map/google.cloud.vmwareengine.v1.rs - vec_u8_hash_map::google::cloud::vmwareengine::v1::ListClustersRequest::filter (line 2877) ... FAILED
[INFO] [stdout] test src/vec_u8_hash_map/google.cloud.vmwareengine.v1.rs - vec_u8_hash_map::google::cloud::vmwareengine::v1::ListNetworkPeeringsRequest::filter (line 4214) ... FAILED
[INFO] [stdout] test src/vec_u8_hash_map/google.cloud.vmwareengine.v1.rs - vec_u8_hash_map::google::cloud::vmwareengine::v1::ListManagementDnsZoneBindingsRequest::filter (line 4555) ... FAILED
[INFO] [stdout] test src/vec_u8_hash_map/google.cloud.vmwareengine.v1.rs - vec_u8_hash_map::google::cloud::vmwareengine::v1::ListNodeTypesRequest::filter (line 3802) ... FAILED
[INFO] [stdout] test src/vec_u8_hash_map/google.cloud.vmwareengine.v1.rs - vec_u8_hash_map::google::cloud::vmwareengine::v1::ListNetworkPeeringsRequest::filter (line 4206) ... FAILED
[INFO] [stdout] test src/vec_u8_hash_map/google.cloud.vmwareengine.v1.rs - vec_u8_hash_map::google::cloud::vmwareengine::v1::ListNetworkPoliciesRequest::filter (line 4361) ... FAILED
[INFO] [stdout] test src/vec_u8_hash_map/google.cloud.vmwareengine.v1.rs - vec_u8_hash_map::google::cloud::vmwareengine::v1::ListNetworkPoliciesRequest::filter (line 4353) ... FAILED
[INFO] [stdout] test src/vec_u8_hash_map/google.cloud.vmwareengine.v1.rs - vec_u8_hash_map::google::cloud::vmwareengine::v1::ListLoggingServersRequest::filter (line 3573) ... FAILED
[INFO] [stdout] test src/vec_u8_hash_map/google.cloud.vmwareengine.v1.rs - vec_u8_hash_map::google::cloud::vmwareengine::v1::ListManagementDnsZoneBindingsRequest::filter (line 4547) ... FAILED
[INFO] [stdout] test src/vec_u8_hash_map/google.cloud.vmwareengine.v1.rs - vec_u8_hash_map::google::cloud::vmwareengine::v1::ListPrivateCloudsRequest::filter (line 2697) ... FAILED
[INFO] [stdout] test src/vec_u8_hash_map/google.cloud.vmwareengine.v1.rs - vec_u8_hash_map::google::cloud::vmwareengine::v1::ListExternalAccessRulesRequest::filter (line 3380) ... FAILED
[INFO] [stdout] test src/vec_u8_hash_map/google.cloud.vmwareengine.v1.rs - vec_u8_hash_map::google::cloud::vmwareengine::v1::ListVmwareEngineNetworksRequest::filter (line 4899) ... FAILED
[INFO] [stdout] test src/vec_u8_hash_map/google.cloud.vmwareengine.v1.rs - vec_u8_hash_map::google::cloud::vmwareengine::v1::ListExternalAddressesRequest::filter (line 3079) ... FAILED
[INFO] [stdout] test src/vec_u8_hash_map/google.cloud.vmwareengine.v1.rs - vec_u8_hash_map::google::cloud::vmwareengine::v1::ListPrivateConnectionsRequest::filter (line 5020) ... FAILED
[INFO] [stdout] test src/vec_u8_hash_map/google.cloud.vmwareengine.v1.rs - vec_u8_hash_map::google::cloud::vmwareengine::v1::ListPrivateConnectionsRequest::filter (line 5028) ... FAILED
[INFO] [stdout] test src/vec_u8_hash_map/google.cloud.vmwareengine.v1.rs - vec_u8_hash_map::google::cloud::vmwareengine::v1::ListClustersRequest::filter (line 2870) ... FAILED
[INFO] [stdout] test src/vec_u8_hash_map/google.cloud.vmwareengine.v1.rs - vec_u8_hash_map::google::cloud::vmwareengine::v1::ListPrivateCloudsRequest::filter (line 2690) ... FAILED
[INFO] [stdout] test src/vec_u8_hash_map/google.cloud.vmwareengine.v1.rs - vec_u8_hash_map::google::cloud::vmwareengine::v1::ListVmwareEngineNetworksRequest::filter (line 4891) ... FAILED
[INFO] [stdout] test src/vec_u8_hash_map/google.cloud.vmwareengine.v1.rs - vec_u8_hash_map::google::cloud::vmwareengine::v1::ListNodeTypesRequest::filter (line 3794) ... FAILED
[INFO] [stdout] 
[INFO] [stdout] failures:
[INFO] [stdout] 
[INFO] [stdout] ---- src/vec_u8_hash_map/google.cloud.vmwareengine.v1.rs - vec_u8_hash_map::google::cloud::vmwareengine::v1::ListExternalAddressesRequest::filter (line 3087) stdout ----
[INFO] [stdout] error: expected one of `.`, `;`, `?`, `}`, or an operator, found `AND`
[INFO] [stdout]  --> src/vec_u8_hash_map/google.cloud.vmwareengine.v1.rs:3088:25
[INFO] [stdout]   |
[INFO] [stdout] 3 | (name = "example-ip-1") AND
[INFO] [stdout]   |                         ^^^ expected one of `.`, `;`, `?`, `}`, or an operator
[INFO] [stdout] 
[INFO] [stdout] error: aborting due to 1 previous error
[INFO] [stdout] 
[INFO] [stdout] Couldn't compile the test.
[INFO] [stdout] ---- src/vec_u8_hash_map/google.cloud.vmwareengine.v1.rs - vec_u8_hash_map::google::cloud::vmwareengine::v1::ListLoggingServersRequest::filter (line 3581) stdout ----
[INFO] [stdout] error: expected one of `.`, `;`, `?`, `}`, or an operator, found `AND`
[INFO] [stdout]  --> src/vec_u8_hash_map/google.cloud.vmwareengine.v1.rs:3582:29
[INFO] [stdout]   |
[INFO] [stdout] 3 | (name = "example-server-1") AND
[INFO] [stdout]   |                             ^^^ expected one of `.`, `;`, `?`, `}`, or an operator
[INFO] [stdout] 
[INFO] [stdout] error: aborting due to 1 previous error
[INFO] [stdout] 
[INFO] [stdout] Couldn't compile the test.
[INFO] [stdout] ---- src/vec_u8_hash_map/google.cloud.vmwareengine.v1.rs - vec_u8_hash_map::google::cloud::vmwareengine::v1::ListExternalAccessRulesRequest::filter (line 3388) stdout ----
[INFO] [stdout] error: expected one of `.`, `;`, `?`, `}`, or an operator, found `AND`
[INFO] [stdout]  --> src/vec_u8_hash_map/google.cloud.vmwareengine.v1.rs:3389:27
[INFO] [stdout]   |
[INFO] [stdout] 3 | (name = "example-rule-1") AND
[INFO] [stdout]   |                           ^^^ expected one of `.`, `;`, `?`, `}`, or an operator
[INFO] [stdout] 
[INFO] [stdout] error: aborting due to 1 previous error
[INFO] [stdout] 
[INFO] [stdout] Couldn't compile the test.
[INFO] [stdout] ---- src/vec_u8_hash_map/google.cloud.vmwareengine.v1.rs - vec_u8_hash_map::google::cloud::vmwareengine::v1::ListClustersRequest::filter (line 2877) stdout ----
[INFO] [stdout] error: expected one of `.`, `;`, `?`, `}`, or an operator, found `AND`
[INFO] [stdout]  --> src/vec_u8_hash_map/google.cloud.vmwareengine.v1.rs:2878:30
[INFO] [stdout]   |
[INFO] [stdout] 3 | (name = "example-cluster-1") AND
[INFO] [stdout]   |                              ^^^ expected one of `.`, `;`, `?`, `}`, or an operator
[INFO] [stdout] 
[INFO] [stdout] error: aborting due to 1 previous error
[INFO] [stdout] 
[INFO] [stdout] Couldn't compile the test.
[INFO] [stdout] ---- src/vec_u8_hash_map/google.cloud.vmwareengine.v1.rs - vec_u8_hash_map::google::cloud::vmwareengine::v1::ListNetworkPeeringsRequest::filter (line 4214) stdout ----
[INFO] [stdout] error: expected one of `.`, `;`, `?`, `}`, or an operator, found `AND`
[INFO] [stdout]  --> src/vec_u8_hash_map/google.cloud.vmwareengine.v1.rs:4215:30
[INFO] [stdout]   |
[INFO] [stdout] 3 | (name = "example-peering-1") AND
[INFO] [stdout]   |                              ^^^ expected one of `.`, `;`, `?`, `}`, or an operator
[INFO] [stdout] 
[INFO] [stdout] error: aborting due to 1 previous error
[INFO] [stdout] 
[INFO] [stdout] Couldn't compile the test.
[INFO] [stdout] ---- src/vec_u8_hash_map/google.cloud.vmwareengine.v1.rs - vec_u8_hash_map::google::cloud::vmwareengine::v1::ListManagementDnsZoneBindingsRequest::filter (line 4555) stdout ----
[INFO] [stdout] error: expected one of `.`, `;`, `?`, `}`, or an operator, found `AND`
[INFO] [stdout]  --> src/vec_u8_hash_map/google.cloud.vmwareengine.v1.rs:4556:50
[INFO] [stdout]   |
[INFO] [stdout] 3 | (name = "example-management-dns-zone-binding-1") AND
[INFO] [stdout]   |                                                  ^^^ expected one of `.`, `;`, `?`, `}`, or an operator
[INFO] [stdout] 
[INFO] [stdout] error: aborting due to 1 previous error
[INFO] [stdout] 
[INFO] [stdout] Couldn't compile the test.
[INFO] [stdout] ---- src/vec_u8_hash_map/google.cloud.vmwareengine.v1.rs - vec_u8_hash_map::google::cloud::vmwareengine::v1::ListNodeTypesRequest::filter (line 3802) stdout ----
[INFO] [stdout] error: expected one of `.`, `;`, `?`, `}`, or an operator, found `AND`
[INFO] [stdout]  --> src/vec_u8_hash_map/google.cloud.vmwareengine.v1.rs:3803:24
[INFO] [stdout]   |
[INFO] [stdout] 3 | (name = "standard-96") AND
[INFO] [stdout]   |                        ^^^ expected one of `.`, `;`, `?`, `}`, or an operator
[INFO] [stdout] 
[INFO] [stdout] error: aborting due to 1 previous error
[INFO] [stdout] 
[INFO] [stdout] Couldn't compile the test.
[INFO] [stdout] ---- src/vec_u8_hash_map/google.cloud.vmwareengine.v1.rs - vec_u8_hash_map::google::cloud::vmwareengine::v1::ListNetworkPeeringsRequest::filter (line 4206) stdout ----
[INFO] [stdout] error[E0425]: cannot find value `name` in this scope
[INFO] [stdout]  --> src/vec_u8_hash_map/google.cloud.vmwareengine.v1.rs:4207:2
[INFO] [stdout]   |
[INFO] [stdout] 3 | (name = "example-peering")
[INFO] [stdout]   |  ^^^^
[INFO] [stdout]   |
[INFO] [stdout] help: you might have meant to introduce a new binding
[INFO] [stdout]   |
[INFO] [stdout] 3 | (let name = "example-peering")
[INFO] [stdout]   |  +++
[INFO] [stdout] 
[INFO] [stdout] error[E0425]: cannot find value `createTime` in this scope
[INFO] [stdout]  --> src/vec_u8_hash_map/google.cloud.vmwareengine.v1.rs:4208:2
[INFO] [stdout]   |
[INFO] [stdout] 4 | (createTime > "2021-04-12T08:15:10.40Z")
[INFO] [stdout]   |  ^^^^^^^^^^ not found in this scope
[INFO] [stdout] 
[INFO] [stdout] error: aborting due to 2 previous errors
[INFO] [stdout] 
[INFO] [stdout] For more information about this error, try `rustc --explain E0425`.
[INFO] [stdout] Couldn't compile the test.
[INFO] [stdout] ---- src/vec_u8_hash_map/google.cloud.vmwareengine.v1.rs - vec_u8_hash_map::google::cloud::vmwareengine::v1::ListNetworkPoliciesRequest::filter (line 4361) stdout ----
[INFO] [stdout] error: expected one of `.`, `;`, `?`, `}`, or an operator, found `AND`
[INFO] [stdout]  --> src/vec_u8_hash_map/google.cloud.vmwareengine.v1.rs:4362:29
[INFO] [stdout]   |
[INFO] [stdout] 3 | (name = "example-policy-1") AND
[INFO] [stdout]   |                             ^^^ expected one of `.`, `;`, `?`, `}`, or an operator
[INFO] [stdout] 
[INFO] [stdout] error: aborting due to 1 previous error
[INFO] [stdout] 
[INFO] [stdout] Couldn't compile the test.
[INFO] [stdout] ---- src/vec_u8_hash_map/google.cloud.vmwareengine.v1.rs - vec_u8_hash_map::google::cloud::vmwareengine::v1::ListNetworkPoliciesRequest::filter (line 4353) stdout ----
[INFO] [stdout] error[E0425]: cannot find value `name` in this scope
[INFO] [stdout]  --> src/vec_u8_hash_map/google.cloud.vmwareengine.v1.rs:4354:2
[INFO] [stdout]   |
[INFO] [stdout] 3 | (name = "example-policy")
[INFO] [stdout]   |  ^^^^
[INFO] [stdout]   |
[INFO] [stdout] help: you might have meant to introduce a new binding
[INFO] [stdout]   |
[INFO] [stdout] 3 | (let name = "example-policy")
[INFO] [stdout]   |  +++
[INFO] [stdout] 
[INFO] [stdout] error[E0425]: cannot find value `createTime` in this scope
[INFO] [stdout]  --> src/vec_u8_hash_map/google.cloud.vmwareengine.v1.rs:4355:2
[INFO] [stdout]   |
[INFO] [stdout] 4 | (createTime > "2021-04-12T08:15:10.40Z")
[INFO] [stdout]   |  ^^^^^^^^^^ not found in this scope
[INFO] [stdout] 
[INFO] [stdout] error: aborting due to 2 previous errors
[INFO] [stdout] 
[INFO] [stdout] For more information about this error, try `rustc --explain E0425`.
[INFO] [stdout] Couldn't compile the test.
[INFO] [stdout] ---- src/vec_u8_hash_map/google.cloud.vmwareengine.v1.rs - vec_u8_hash_map::google::cloud::vmwareengine::v1::ListLoggingServersRequest::filter (line 3573) stdout ----
[INFO] [stdout] error[E0425]: cannot find value `name` in this scope
[INFO] [stdout]  --> src/vec_u8_hash_map/google.cloud.vmwareengine.v1.rs:3574:2
[INFO] [stdout]   |
[INFO] [stdout] 3 | (name = "example-server")
[INFO] [stdout]   |  ^^^^
[INFO] [stdout]   |
[INFO] [stdout] help: you might have meant to introduce a new binding
[INFO] [stdout]   |
[INFO] [stdout] 3 | (let name = "example-server")
[INFO] [stdout]   |  +++
[INFO] [stdout] 
[INFO] [stdout] error[E0425]: cannot find value `createTime` in this scope
[INFO] [stdout]  --> src/vec_u8_hash_map/google.cloud.vmwareengine.v1.rs:3575:2
[INFO] [stdout]   |
[INFO] [stdout] 4 | (createTime > "2021-04-12T08:15:10.40Z")
[INFO] [stdout]   |  ^^^^^^^^^^ not found in this scope
[INFO] [stdout] 
[INFO] [stdout] error: aborting due to 2 previous errors
[INFO] [stdout] 
[INFO] [stdout] For more information about this error, try `rustc --explain E0425`.
[INFO] [stdout] Couldn't compile the test.
[INFO] [stdout] ---- src/vec_u8_hash_map/google.cloud.vmwareengine.v1.rs - vec_u8_hash_map::google::cloud::vmwareengine::v1::ListManagementDnsZoneBindingsRequest::filter (line 4547) stdout ----
[INFO] [stdout] error[E0425]: cannot find value `name` in this scope
[INFO] [stdout]  --> src/vec_u8_hash_map/google.cloud.vmwareengine.v1.rs:4548:2
[INFO] [stdout]   |
[INFO] [stdout] 3 | (name = "example-management-dns-zone-binding")
[INFO] [stdout]   |  ^^^^
[INFO] [stdout]   |
[INFO] [stdout] help: you might have meant to introduce a new binding
[INFO] [stdout]   |
[INFO] [stdout] 3 | (let name = "example-management-dns-zone-binding")
[INFO] [stdout]   |  +++
[INFO] [stdout] 
[INFO] [stdout] error[E0425]: cannot find value `createTime` in this scope
[INFO] [stdout]  --> src/vec_u8_hash_map/google.cloud.vmwareengine.v1.rs:4549:2
[INFO] [stdout]   |
[INFO] [stdout] 4 | (createTime > "2021-04-12T08:15:10.40Z")
[INFO] [stdout]   |  ^^^^^^^^^^ not found in this scope
[INFO] [stdout] 
[INFO] [stdout] error: aborting due to 2 previous errors
[INFO] [stdout] 
[INFO] [stdout] For more information about this error, try `rustc --explain E0425`.
[INFO] [stdout] Couldn't compile the test.
[INFO] [stdout] ---- src/vec_u8_hash_map/google.cloud.vmwareengine.v1.rs - vec_u8_hash_map::google::cloud::vmwareengine::v1::ListPrivateCloudsRequest::filter (line 2697) stdout ----
[INFO] [stdout] error: expected one of `.`, `;`, `?`, `}`, or an operator, found `AND`
[INFO] [stdout]  --> src/vec_u8_hash_map/google.cloud.vmwareengine.v1.rs:2698:28
[INFO] [stdout]   |
[INFO] [stdout] 3 | (name = "private-cloud-1") AND
[INFO] [stdout]   |                            ^^^ expected one of `.`, `;`, `?`, `}`, or an operator
[INFO] [stdout] 
[INFO] [stdout] error: aborting due to 1 previous error
[INFO] [stdout] 
[INFO] [stdout] Couldn't compile the test.
[INFO] [stdout] ---- src/vec_u8_hash_map/google.cloud.vmwareengine.v1.rs - vec_u8_hash_map::google::cloud::vmwareengine::v1::ListExternalAccessRulesRequest::filter (line 3380) stdout ----
[INFO] [stdout] error[E0425]: cannot find value `name` in this scope
[INFO] [stdout]  --> src/vec_u8_hash_map/google.cloud.vmwareengine.v1.rs:3381:2
[INFO] [stdout]   |
[INFO] [stdout] 3 | (name = "example-rule")
[INFO] [stdout]   |  ^^^^
[INFO] [stdout]   |
[INFO] [stdout] help: you might have meant to introduce a new binding
[INFO] [stdout]   |
[INFO] [stdout] 3 | (let name = "example-rule")
[INFO] [stdout]   |  +++
[INFO] [stdout] 
[INFO] [stdout] error[E0425]: cannot find value `createTime` in this scope
[INFO] [stdout]  --> src/vec_u8_hash_map/google.cloud.vmwareengine.v1.rs:3382:2
[INFO] [stdout]   |
[INFO] [stdout] 4 | (createTime > "2021-04-12T08:15:10.40Z")
[INFO] [stdout]   |  ^^^^^^^^^^ not found in this scope
[INFO] [stdout] 
[INFO] [stdout] error: aborting due to 2 previous errors
[INFO] [stdout] 
[INFO] [stdout] For more information about this error, try `rustc --explain E0425`.
[INFO] [stdout] Couldn't compile the test.
[INFO] [stdout] ---- src/vec_u8_hash_map/google.cloud.vmwareengine.v1.rs - vec_u8_hash_map::google::cloud::vmwareengine::v1::ListVmwareEngineNetworksRequest::filter (line 4899) stdout ----
[INFO] [stdout] error: expected one of `.`, `;`, `?`, `}`, or an operator, found `AND`
[INFO] [stdout]  --> src/vec_u8_hash_map/google.cloud.vmwareengine.v1.rs:4900:30
[INFO] [stdout]   |
[INFO] [stdout] 3 | (name = "example-network-1") AND
[INFO] [stdout]   |                              ^^^ expected one of `.`, `;`, `?`, `}`, or an operator
[INFO] [stdout] 
[INFO] [stdout] error: aborting due to 1 previous error
[INFO] [stdout] 
[INFO] [stdout] Couldn't compile the test.
[INFO] [stdout] ---- src/vec_u8_hash_map/google.cloud.vmwareengine.v1.rs - vec_u8_hash_map::google::cloud::vmwareengine::v1::ListExternalAddressesRequest::filter (line 3079) stdout ----
[INFO] [stdout] error[E0425]: cannot find value `name` in this scope
[INFO] [stdout]  --> src/vec_u8_hash_map/google.cloud.vmwareengine.v1.rs:3080:2
[INFO] [stdout]   |
[INFO] [stdout] 3 | (name = "example-ip")
[INFO] [stdout]   |  ^^^^
[INFO] [stdout]   |
[INFO] [stdout] help: you might have meant to introduce a new binding
[INFO] [stdout]   |
[INFO] [stdout] 3 | (let name = "example-ip")
[INFO] [stdout]   |  +++
[INFO] [stdout] 
[INFO] [stdout] error[E0425]: cannot find value `createTime` in this scope
[INFO] [stdout]  --> src/vec_u8_hash_map/google.cloud.vmwareengine.v1.rs:3081:2
[INFO] [stdout]   |
[INFO] [stdout] 4 | (createTime > "2021-04-12T08:15:10.40Z")
[INFO] [stdout]   |  ^^^^^^^^^^ not found in this scope
[INFO] [stdout] 
[INFO] [stdout] error: aborting due to 2 previous errors
[INFO] [stdout] 
[INFO] [stdout] For more information about this error, try `rustc --explain E0425`.
[INFO] [stdout] Couldn't compile the test.
[INFO] [stdout] ---- src/vec_u8_hash_map/google.cloud.vmwareengine.v1.rs - vec_u8_hash_map::google::cloud::vmwareengine::v1::ListPrivateConnectionsRequest::filter (line 5020) stdout ----
[INFO] [stdout] error[E0425]: cannot find value `name` in this scope
[INFO] [stdout]  --> src/vec_u8_hash_map/google.cloud.vmwareengine.v1.rs:5021:2
[INFO] [stdout]   |
[INFO] [stdout] 3 | (name = "example-connection")
[INFO] [stdout]   |  ^^^^
[INFO] [stdout]   |
[INFO] [stdout] help: you might have meant to introduce a new binding
[INFO] [stdout]   |
[INFO] [stdout] 3 | (let name = "example-connection")
[INFO] [stdout]   |  +++
[INFO] [stdout] 
[INFO] [stdout] error[E0425]: cannot find value `createTime` in this scope
[INFO] [stdout]  --> src/vec_u8_hash_map/google.cloud.vmwareengine.v1.rs:5022:2
[INFO] [stdout]   |
[INFO] [stdout] 4 | (createTime > "2022-09-22T08:15:10.40Z")
[INFO] [stdout]   |  ^^^^^^^^^^ not found in this scope
[INFO] [stdout] 
[INFO] [stdout] error: aborting due to 2 previous errors
[INFO] [stdout] 
[INFO] [stdout] For more information about this error, try `rustc --explain E0425`.
[INFO] [stdout] Couldn't compile the test.
[INFO] [stdout] ---- src/vec_u8_hash_map/google.cloud.vmwareengine.v1.rs - vec_u8_hash_map::google::cloud::vmwareengine::v1::ListPrivateConnectionsRequest::filter (line 5028) stdout ----
[INFO] [stdout] error: expected one of `.`, `;`, `?`, `}`, or an operator, found `AND`
[INFO] [stdout]  --> src/vec_u8_hash_map/google.cloud.vmwareengine.v1.rs:5029:33
[INFO] [stdout]   |
[INFO] [stdout] 3 | (name = "example-connection-1") AND
[INFO] [stdout]   |                                 ^^^ expected one of `.`, `;`, `?`, `}`, or an operator
[INFO] [stdout] 
[INFO] [stdout] error: aborting due to 1 previous error
[INFO] [stdout] 
[INFO] [stdout] Couldn't compile the test.
[INFO] [stdout] ---- src/vec_u8_hash_map/google.cloud.vmwareengine.v1.rs - vec_u8_hash_map::google::cloud::vmwareengine::v1::ListClustersRequest::filter (line 2870) stdout ----
[INFO] [stdout] error[E0425]: cannot find value `name` in this scope
[INFO] [stdout]  --> src/vec_u8_hash_map/google.cloud.vmwareengine.v1.rs:2871:2
[INFO] [stdout]   |
[INFO] [stdout] 3 | (name = "example-cluster")
[INFO] [stdout]   |  ^^^^
[INFO] [stdout]   |
[INFO] [stdout] help: you might have meant to introduce a new binding
[INFO] [stdout]   |
[INFO] [stdout] 3 | (let name = "example-cluster")
[INFO] [stdout]   |  +++
[INFO] [stdout] 
[INFO] [stdout] error[E0425]: cannot find value `nodeCount` in this scope
[INFO] [stdout]  --> src/vec_u8_hash_map/google.cloud.vmwareengine.v1.rs:2872:2
[INFO] [stdout]   |
[INFO] [stdout] 4 | (nodeCount = "3")
[INFO] [stdout]   |  ^^^^^^^^^
[INFO] [stdout]   |
[INFO] [stdout] help: you might have meant to introduce a new binding
[INFO] [stdout]   |
[INFO] [stdout] 4 | (let nodeCount = "3")
[INFO] [stdout]   |  +++
[INFO] [stdout] 
[INFO] [stdout] error: aborting due to 2 previous errors
[INFO] [stdout] 
[INFO] [stdout] For more information about this error, try `rustc --explain E0425`.
[INFO] [stdout] Couldn't compile the test.
[INFO] [stdout] ---- src/vec_u8_hash_map/google.cloud.vmwareengine.v1.rs - vec_u8_hash_map::google::cloud::vmwareengine::v1::ListPrivateCloudsRequest::filter (line 2690) stdout ----
[INFO] [stdout] error[E0425]: cannot find value `name` in this scope
[INFO] [stdout]  --> src/vec_u8_hash_map/google.cloud.vmwareengine.v1.rs:2691:2
[INFO] [stdout]   |
[INFO] [stdout] 3 | (name = "example-pc")
[INFO] [stdout]   |  ^^^^
[INFO] [stdout]   |
[INFO] [stdout] help: you might have meant to introduce a new binding
[INFO] [stdout]   |
[INFO] [stdout] 3 | (let name = "example-pc")
[INFO] [stdout]   |  +++
[INFO] [stdout] 
[INFO] [stdout] error[E0425]: cannot find value `createTime` in this scope
[INFO] [stdout]  --> src/vec_u8_hash_map/google.cloud.vmwareengine.v1.rs:2692:2
[INFO] [stdout]   |
[INFO] [stdout] 4 | (createTime > "2021-04-12T08:15:10.40Z")
[INFO] [stdout]   |  ^^^^^^^^^^ not found in this scope
[INFO] [stdout] 
[INFO] [stdout] error: aborting due to 2 previous errors
[INFO] [stdout] 
[INFO] [stdout] For more information about this error, try `rustc --explain E0425`.
[INFO] [stdout] Couldn't compile the test.
[INFO] [stdout] ---- src/vec_u8_hash_map/google.cloud.vmwareengine.v1.rs - vec_u8_hash_map::google::cloud::vmwareengine::v1::ListVmwareEngineNetworksRequest::filter (line 4891) stdout ----
[INFO] [stdout] error[E0425]: cannot find value `name` in this scope
[INFO] [stdout]  --> src/vec_u8_hash_map/google.cloud.vmwareengine.v1.rs:4892:2
[INFO] [stdout]   |
[INFO] [stdout] 3 | (name = "example-network")
[INFO] [stdout]   |  ^^^^
[INFO] [stdout]   |
[INFO] [stdout] help: you might have meant to introduce a new binding
[INFO] [stdout]   |
[INFO] [stdout] 3 | (let name = "example-network")
[INFO] [stdout]   |  +++
[INFO] [stdout] 
[INFO] [stdout] error[E0425]: cannot find value `createTime` in this scope
[INFO] [stdout]  --> src/vec_u8_hash_map/google.cloud.vmwareengine.v1.rs:4893:2
[INFO] [stdout]   |
[INFO] [stdout] 4 | (createTime > "2021-04-12T08:15:10.40Z")
[INFO] [stdout]   |  ^^^^^^^^^^ not found in this scope
[INFO] [stdout] 
[INFO] [stdout] error: aborting due to 2 previous errors
[INFO] [stdout] 
[INFO] [stdout] For more information about this error, try `rustc --explain E0425`.
[INFO] [stdout] Couldn't compile the test.
[INFO] [stdout] ---- src/vec_u8_hash_map/google.cloud.vmwareengine.v1.rs - vec_u8_hash_map::google::cloud::vmwareengine::v1::ListNodeTypesRequest::filter (line 3794) stdout ----
[INFO] [stdout] error[E0425]: cannot find value `name` in this scope
[INFO] [stdout]  --> src/vec_u8_hash_map/google.cloud.vmwareengine.v1.rs:3795:2
[INFO] [stdout]   |
[INFO] [stdout] 3 | (name = "standard-72")
[INFO] [stdout]   |  ^^^^
[INFO] [stdout]   |
[INFO] [stdout] help: you might have meant to introduce a new binding
[INFO] [stdout]   |
[INFO] [stdout] 3 | (let name = "standard-72")
[INFO] [stdout]   |  +++
[INFO] [stdout] 
[INFO] [stdout] error[E0425]: cannot find value `virtual_cpu_count` in this scope
[INFO] [stdout]  --> src/vec_u8_hash_map/google.cloud.vmwareengine.v1.rs:3796:2
[INFO] [stdout]   |
[INFO] [stdout] 4 | (virtual_cpu_count > 2)
[INFO] [stdout]   |  ^^^^^^^^^^^^^^^^^ not found in this scope
[INFO] [stdout] 
[INFO] [stdout] error: aborting due to 2 previous errors
[INFO] [stdout] 
[INFO] [stdout] For more information about this error, try `rustc --explain E0425`.
[INFO] [stdout] Couldn't compile the test.
[INFO] [stdout] 
[INFO] [stdout] failures:
[INFO] [stdout]     src/vec_u8_hash_map/google.cloud.vmwareengine.v1.rs - vec_u8_hash_map::google::cloud::vmwareengine::v1::ListClustersRequest::filter (line 2870)
[INFO] [stdout]     src/vec_u8_hash_map/google.cloud.vmwareengine.v1.rs - vec_u8_hash_map::google::cloud::vmwareengine::v1::ListClustersRequest::filter (line 2877)
[INFO] [stdout]     src/vec_u8_hash_map/google.cloud.vmwareengine.v1.rs - vec_u8_hash_map::google::cloud::vmwareengine::v1::ListExternalAccessRulesRequest::filter (line 3380)
[INFO] [stdout]     src/vec_u8_hash_map/google.cloud.vmwareengine.v1.rs - vec_u8_hash_map::google::cloud::vmwareengine::v1::ListExternalAccessRulesRequest::filter (line 3388)
[INFO] [stdout]     src/vec_u8_hash_map/google.cloud.vmwareengine.v1.rs - vec_u8_hash_map::google::cloud::vmwareengine::v1::ListExternalAddressesRequest::filter (line 3079)
[INFO] [stdout]     src/vec_u8_hash_map/google.cloud.vmwareengine.v1.rs - vec_u8_hash_map::google::cloud::vmwareengine::v1::ListExternalAddressesRequest::filter (line 3087)
[INFO] [stdout]     src/vec_u8_hash_map/google.cloud.vmwareengine.v1.rs - vec_u8_hash_map::google::cloud::vmwareengine::v1::ListLoggingServersRequest::filter (line 3573)
[INFO] [stdout]     src/vec_u8_hash_map/google.cloud.vmwareengine.v1.rs - vec_u8_hash_map::google::cloud::vmwareengine::v1::ListLoggingServersRequest::filter (line 3581)
[INFO] [stdout]     src/vec_u8_hash_map/google.cloud.vmwareengine.v1.rs - vec_u8_hash_map::google::cloud::vmwareengine::v1::ListManagementDnsZoneBindingsRequest::filter (line 4547)
[INFO] [stdout]     src/vec_u8_hash_map/google.cloud.vmwareengine.v1.rs - vec_u8_hash_map::google::cloud::vmwareengine::v1::ListManagementDnsZoneBindingsRequest::filter (line 4555)
[INFO] [stdout]     src/vec_u8_hash_map/google.cloud.vmwareengine.v1.rs - vec_u8_hash_map::google::cloud::vmwareengine::v1::ListNetworkPeeringsRequest::filter (line 4206)
[INFO] [stdout]     src/vec_u8_hash_map/google.cloud.vmwareengine.v1.rs - vec_u8_hash_map::google::cloud::vmwareengine::v1::ListNetworkPeeringsRequest::filter (line 4214)
[INFO] [stdout]     src/vec_u8_hash_map/google.cloud.vmwareengine.v1.rs - vec_u8_hash_map::google::cloud::vmwareengine::v1::ListNetworkPoliciesRequest::filter (line 4353)
[INFO] [stdout]     src/vec_u8_hash_map/google.cloud.vmwareengine.v1.rs - vec_u8_hash_map::google::cloud::vmwareengine::v1::ListNetworkPoliciesRequest::filter (line 4361)
[INFO] [stdout]     src/vec_u8_hash_map/google.cloud.vmwareengine.v1.rs - vec_u8_hash_map::google::cloud::vmwareengine::v1::ListNodeTypesRequest::filter (line 3794)
[INFO] [stdout]     src/vec_u8_hash_map/google.cloud.vmwareengine.v1.rs - vec_u8_hash_map::google::cloud::vmwareengine::v1::ListNodeTypesRequest::filter (line 3802)
[INFO] [stdout]     src/vec_u8_hash_map/google.cloud.vmwareengine.v1.rs - vec_u8_hash_map::google::cloud::vmwareengine::v1::ListPrivateCloudsRequest::filter (line 2690)
[INFO] [stdout]     src/vec_u8_hash_map/google.cloud.vmwareengine.v1.rs - vec_u8_hash_map::google::cloud::vmwareengine::v1::ListPrivateCloudsRequest::filter (line 2697)
[INFO] [stdout]     src/vec_u8_hash_map/google.cloud.vmwareengine.v1.rs - vec_u8_hash_map::google::cloud::vmwareengine::v1::ListPrivateConnectionsRequest::filter (line 5020)
[INFO] [stdout]     src/vec_u8_hash_map/google.cloud.vmwareengine.v1.rs - vec_u8_hash_map::google::cloud::vmwareengine::v1::ListPrivateConnectionsRequest::filter (line 5028)
[INFO] [stdout]     src/vec_u8_hash_map/google.cloud.vmwareengine.v1.rs - vec_u8_hash_map::google::cloud::vmwareengine::v1::ListVmwareEngineNetworksRequest::filter (line 4891)
[INFO] [stdout]     src/vec_u8_hash_map/google.cloud.vmwareengine.v1.rs - vec_u8_hash_map::google::cloud::vmwareengine::v1::ListVmwareEngineNetworksRequest::filter (line 4899)
[INFO] [stdout] 
[INFO] [stdout] test result: FAILED. 0 passed; 22 failed; 0 ignored; 0 measured; 0 filtered out; finished in 0.19s
[INFO] [stdout] 
[INFO] [stderr] error: doctest failed, to rerun pass `--doc`
[INFO] running `Command { std: "docker" "inspect" "4560bacc25b86c0060dae5cdd7a1b342198927cd49d7cfd2e336e6516e7de7b5", kill_on_drop: false }`
[INFO] running `Command { std: "docker" "rm" "-f" "4560bacc25b86c0060dae5cdd7a1b342198927cd49d7cfd2e336e6516e7de7b5", kill_on_drop: false }`
[INFO] [stdout] 4560bacc25b86c0060dae5cdd7a1b342198927cd49d7cfd2e336e6516e7de7b5
