[INFO] fetching crate googleapis-tonic-google-cloud-vision-v1p4beta1 0.13.0...
[INFO] testing googleapis-tonic-google-cloud-vision-v1p4beta1-0.13.0 against beta-2024-12-08 for beta-1.84.0-4-retry
[INFO] extracting crate googleapis-tonic-google-cloud-vision-v1p4beta1 0.13.0 into /workspace/builds/worker-1-tc2/source
[INFO] validating manifest of crates.io crate googleapis-tonic-google-cloud-vision-v1p4beta1 0.13.0 on toolchain beta-2024-12-08
[INFO] running `Command { std: CARGO_HOME="/workspace/cargo-home" RUSTUP_HOME="/workspace/rustup-home" "/workspace/cargo-home/bin/cargo" "+beta-2024-12-08" "metadata" "--manifest-path" "Cargo.toml" "--no-deps", kill_on_drop: false }`
[INFO] started tweaking crates.io crate googleapis-tonic-google-cloud-vision-v1p4beta1 0.13.0
[INFO] finished tweaking crates.io crate googleapis-tonic-google-cloud-vision-v1p4beta1 0.13.0
[INFO] tweaked toml for crates.io crate googleapis-tonic-google-cloud-vision-v1p4beta1 0.13.0 written to /workspace/builds/worker-1-tc2/source/Cargo.toml
[INFO] running `Command { std: CARGO_HOME="/workspace/cargo-home" RUSTUP_HOME="/workspace/rustup-home" "/workspace/cargo-home/bin/cargo" "+beta-2024-12-08" "generate-lockfile" "--manifest-path" "Cargo.toml", kill_on_drop: false }`
[INFO] [stderr]     Updating crates.io index
[INFO] [stderr]      Locking 58 packages to latest compatible versions
[INFO] running `Command { std: CARGO_HOME="/workspace/cargo-home" RUSTUP_HOME="/workspace/rustup-home" "/workspace/cargo-home/bin/cargo" "+beta-2024-12-08" "fetch" "--manifest-path" "Cargo.toml", kill_on_drop: false }`
[INFO] running `Command { std: "docker" "create" "-v" "/var/lib/crater-agent-workspace/builds/worker-1-tc2/target:/opt/rustwide/target:rw,Z" "-v" "/var/lib/crater-agent-workspace/builds/worker-1-tc2/source:/opt/rustwide/workdir:ro,Z" "-v" "/var/lib/crater-agent-workspace/cargo-home:/opt/rustwide/cargo-home:ro,Z" "-v" "/var/lib/crater-agent-workspace/rustup-home:/opt/rustwide/rustup-home:ro,Z" "-e" "SOURCE_DIR=/opt/rustwide/workdir" "-e" "CARGO_TARGET_DIR=/opt/rustwide/target" "-e" "CARGO_HOME=/opt/rustwide/cargo-home" "-e" "RUSTUP_HOME=/opt/rustwide/rustup-home" "-w" "/opt/rustwide/workdir" "-m" "1610612736" "--user" "0:0" "--network" "none" "ghcr.io/rust-lang/crates-build-env/linux@sha256:f3a9d4ad9d972b27faf3965f35b62e55ba32bbce8f20bc8fe909558a86702fde" "/opt/rustwide/cargo-home/bin/cargo" "+beta-2024-12-08" "metadata" "--no-deps" "--format-version=1", kill_on_drop: false }`
[INFO] [stdout] 1e5f096b8d6acc6aa861f9dc36a21011c349cbcd962543678e7d43675840e4d7
[INFO] running `Command { std: "docker" "start" "-a" "1e5f096b8d6acc6aa861f9dc36a21011c349cbcd962543678e7d43675840e4d7", kill_on_drop: false }`
[INFO] running `Command { std: "docker" "inspect" "1e5f096b8d6acc6aa861f9dc36a21011c349cbcd962543678e7d43675840e4d7", kill_on_drop: false }`
[INFO] running `Command { std: "docker" "rm" "-f" "1e5f096b8d6acc6aa861f9dc36a21011c349cbcd962543678e7d43675840e4d7", kill_on_drop: false }`
[INFO] [stdout] 1e5f096b8d6acc6aa861f9dc36a21011c349cbcd962543678e7d43675840e4d7
[INFO] running `Command { std: "docker" "create" "-v" "/var/lib/crater-agent-workspace/builds/worker-1-tc2/target:/opt/rustwide/target:rw,Z" "-v" "/var/lib/crater-agent-workspace/builds/worker-1-tc2/source:/opt/rustwide/workdir:ro,Z" "-v" "/var/lib/crater-agent-workspace/cargo-home:/opt/rustwide/cargo-home:ro,Z" "-v" "/var/lib/crater-agent-workspace/rustup-home:/opt/rustwide/rustup-home:ro,Z" "-e" "SOURCE_DIR=/opt/rustwide/workdir" "-e" "CARGO_TARGET_DIR=/opt/rustwide/target" "-e" "CARGO_INCREMENTAL=0" "-e" "RUST_BACKTRACE=full" "-e" "RUSTFLAGS=--cap-lints=warn" "-e" "RUSTDOCFLAGS=--cap-lints=warn" "-e" "CARGO_HOME=/opt/rustwide/cargo-home" "-e" "RUSTUP_HOME=/opt/rustwide/rustup-home" "-w" "/opt/rustwide/workdir" "-m" "1610612736" "--user" "0:0" "--network" "none" "ghcr.io/rust-lang/crates-build-env/linux@sha256:f3a9d4ad9d972b27faf3965f35b62e55ba32bbce8f20bc8fe909558a86702fde" "/opt/rustwide/cargo-home/bin/cargo" "+beta-2024-12-08" "build" "--frozen" "--message-format=json", kill_on_drop: false }`
[INFO] [stdout] f6a37c998df6dba710e8b87adae3db70bd1c13e6df6aaa5a55c9002e0c477826
[INFO] running `Command { std: "docker" "start" "-a" "f6a37c998df6dba710e8b87adae3db70bd1c13e6df6aaa5a55c9002e0c477826", kill_on_drop: false }`
[INFO] [stderr]    Compiling proc-macro2 v1.0.92
[INFO] [stderr]    Compiling unicode-ident v1.0.14
[INFO] [stderr]    Compiling bytes v1.9.0
[INFO] [stderr]    Compiling pin-project-lite v0.2.15
[INFO] [stderr]    Compiling anyhow v1.0.94
[INFO] [stderr]    Compiling either v1.13.0
[INFO] [stderr]    Compiling futures-core v0.3.31
[INFO] [stderr]    Compiling fnv v1.0.7
[INFO] [stderr]    Compiling itoa v1.0.14
[INFO] [stderr]    Compiling pin-utils v0.1.0
[INFO] [stderr]    Compiling futures-task v0.3.31
[INFO] [stderr]    Compiling once_cell v1.20.2
[INFO] [stderr]    Compiling tokio v1.42.0
[INFO] [stderr]    Compiling futures-util v0.3.31
[INFO] [stderr]    Compiling tower-service v0.3.3
[INFO] [stderr]    Compiling tracing-core v0.1.33
[INFO] [stderr]    Compiling percent-encoding v2.3.1
[INFO] [stderr]    Compiling itertools v0.13.0
[INFO] [stderr]    Compiling http v1.2.0
[INFO] [stderr]    Compiling base64 v0.22.1
[INFO] [stderr]    Compiling quote v1.0.37
[INFO] [stderr]    Compiling tower-layer v0.3.3
[INFO] [stderr]    Compiling http-body v1.0.1
[INFO] [stderr]    Compiling syn v2.0.90
[INFO] [stderr]    Compiling tokio-stream v0.1.17
[INFO] [stderr]    Compiling http-body-util v0.1.2
[INFO] [stderr]    Compiling prost-derive v0.13.4
[INFO] [stderr]    Compiling pin-project-internal v1.1.7
[INFO] [stderr]    Compiling tracing-attributes v0.1.28
[INFO] [stderr]    Compiling async-trait v0.1.83
[INFO] [stderr]    Compiling tracing v0.1.41
[INFO] [stderr]    Compiling prost v0.13.4
[INFO] [stderr]    Compiling pin-project v1.1.7
[INFO] [stderr]    Compiling tonic v0.12.3
[INFO] [stderr]    Compiling prost-types v0.13.4
[INFO] [stderr]    Compiling googleapis-tonic-google-rpc v0.8.0
[INFO] [stderr]    Compiling googleapis-tonic-google-api v0.12.0
[INFO] [stderr]    Compiling googleapis-tonic-google-type v0.8.0
[INFO] [stderr]    Compiling googleapis-tonic-google-longrunning v0.13.0
[INFO] [stderr]    Compiling googleapis-tonic-google-cloud-vision-v1p4beta1 v0.13.0 (/opt/rustwide/workdir)
[INFO] [stderr]     Finished `dev` profile [unoptimized + debuginfo] target(s) in 28.28s
[INFO] running `Command { std: "docker" "inspect" "f6a37c998df6dba710e8b87adae3db70bd1c13e6df6aaa5a55c9002e0c477826", kill_on_drop: false }`
[INFO] running `Command { std: "docker" "rm" "-f" "f6a37c998df6dba710e8b87adae3db70bd1c13e6df6aaa5a55c9002e0c477826", kill_on_drop: false }`
[INFO] [stdout] f6a37c998df6dba710e8b87adae3db70bd1c13e6df6aaa5a55c9002e0c477826
[INFO] running `Command { std: "docker" "create" "-v" "/var/lib/crater-agent-workspace/builds/worker-1-tc2/target:/opt/rustwide/target:rw,Z" "-v" "/var/lib/crater-agent-workspace/builds/worker-1-tc2/source:/opt/rustwide/workdir:ro,Z" "-v" "/var/lib/crater-agent-workspace/cargo-home:/opt/rustwide/cargo-home:ro,Z" "-v" "/var/lib/crater-agent-workspace/rustup-home:/opt/rustwide/rustup-home:ro,Z" "-e" "SOURCE_DIR=/opt/rustwide/workdir" "-e" "CARGO_TARGET_DIR=/opt/rustwide/target" "-e" "CARGO_INCREMENTAL=0" "-e" "RUST_BACKTRACE=full" "-e" "RUSTFLAGS=--cap-lints=warn" "-e" "RUSTDOCFLAGS=--cap-lints=warn" "-e" "CARGO_HOME=/opt/rustwide/cargo-home" "-e" "RUSTUP_HOME=/opt/rustwide/rustup-home" "-w" "/opt/rustwide/workdir" "-m" "1610612736" "--user" "0:0" "--network" "none" "ghcr.io/rust-lang/crates-build-env/linux@sha256:f3a9d4ad9d972b27faf3965f35b62e55ba32bbce8f20bc8fe909558a86702fde" "/opt/rustwide/cargo-home/bin/cargo" "+beta-2024-12-08" "test" "--frozen" "--no-run" "--message-format=json", kill_on_drop: false }`
[INFO] [stdout] a9c5df790752298fd118384fef9578070b76980b2d86838aee1f4bea9ab6a004
[INFO] running `Command { std: "docker" "start" "-a" "a9c5df790752298fd118384fef9578070b76980b2d86838aee1f4bea9ab6a004", kill_on_drop: false }`
[INFO] [stderr]    Compiling googleapis-tonic-google-cloud-vision-v1p4beta1 v0.13.0 (/opt/rustwide/workdir)
[INFO] [stderr]     Finished `test` profile [unoptimized + debuginfo] target(s) in 1.75s
[INFO] running `Command { std: "docker" "inspect" "a9c5df790752298fd118384fef9578070b76980b2d86838aee1f4bea9ab6a004", kill_on_drop: false }`
[INFO] running `Command { std: "docker" "rm" "-f" "a9c5df790752298fd118384fef9578070b76980b2d86838aee1f4bea9ab6a004", kill_on_drop: false }`
[INFO] [stdout] a9c5df790752298fd118384fef9578070b76980b2d86838aee1f4bea9ab6a004
[INFO] running `Command { std: "docker" "create" "-v" "/var/lib/crater-agent-workspace/builds/worker-1-tc2/target:/opt/rustwide/target:rw,Z" "-v" "/var/lib/crater-agent-workspace/builds/worker-1-tc2/source:/opt/rustwide/workdir:ro,Z" "-v" "/var/lib/crater-agent-workspace/cargo-home:/opt/rustwide/cargo-home:ro,Z" "-v" "/var/lib/crater-agent-workspace/rustup-home:/opt/rustwide/rustup-home:ro,Z" "-e" "SOURCE_DIR=/opt/rustwide/workdir" "-e" "CARGO_TARGET_DIR=/opt/rustwide/target" "-e" "CARGO_INCREMENTAL=0" "-e" "RUST_BACKTRACE=full" "-e" "RUSTFLAGS=--cap-lints=warn" "-e" "RUSTDOCFLAGS=--cap-lints=warn" "-e" "CARGO_HOME=/opt/rustwide/cargo-home" "-e" "RUSTUP_HOME=/opt/rustwide/rustup-home" "-w" "/opt/rustwide/workdir" "-m" "1610612736" "--user" "0:0" "--network" "none" "ghcr.io/rust-lang/crates-build-env/linux@sha256:f3a9d4ad9d972b27faf3965f35b62e55ba32bbce8f20bc8fe909558a86702fde" "/opt/rustwide/cargo-home/bin/cargo" "+beta-2024-12-08" "test" "--frozen", kill_on_drop: false }`
[INFO] [stdout] 0ce209c125af8aa9eaf49ba05b925673901db7d34096c13ff50b54df9d0ce898
[INFO] running `Command { std: "docker" "start" "-a" "0ce209c125af8aa9eaf49ba05b925673901db7d34096c13ff50b54df9d0ce898", kill_on_drop: false }`
[INFO] [stderr]     Finished `test` profile [unoptimized + debuginfo] target(s) in 0.06s
[INFO] [stderr]      Running unittests src/lib.rs (/opt/rustwide/target/debug/deps/googleapis_tonic_google_cloud_vision_v1p4beta1-8103668913ccadbe)
[INFO] [stdout] 
[INFO] [stdout] running 0 tests
[INFO] [stdout] 
[INFO] [stdout] test result: ok. 0 passed; 0 failed; 0 ignored; 0 measured; 0 filtered out; finished in 0.00s
[INFO] [stdout] 
[INFO] [stderr]    Doc-tests googleapis_tonic_google_cloud_vision_v1p4beta1
[INFO] [stdout] 
[INFO] [stdout] running 3 tests
[INFO] [stdout] test src/vec_u8_hash_map/google.cloud.vision.v1p4beta1.rs - vec_u8_hash_map::google::cloud::vision::v1p4beta1::Block::bounding_box (line 1751) ... FAILED
[INFO] [stdout] test src/vec_u8_hash_map/google.cloud.vision.v1p4beta1.rs - vec_u8_hash_map::google::cloud::vision::v1p4beta1::ImportProductSetsGcsSource::csv_file_uri (line 544) ... FAILED
[INFO] [stdout] test src/vec_u8_hash_map/google.cloud.vision.v1p4beta1.rs - vec_u8_hash_map::google::cloud::vision::v1p4beta1::Block::bounding_box (line 1757) ... FAILED
[INFO] [stdout] 
[INFO] [stdout] failures:
[INFO] [stdout] 
[INFO] [stdout] ---- src/vec_u8_hash_map/google.cloud.vision.v1p4beta1.rs - vec_u8_hash_map::google::cloud::vision::v1p4beta1::Block::bounding_box (line 1751) stdout ----
[INFO] [stdout] error: expected one of `...`, `..=`, `..`, `.`, `:`, `?`, `|`, or an operator, found `}`
[INFO] [stdout]  --> src/vec_u8_hash_map/google.cloud.vision.v1p4beta1.rs:1755:1
[INFO] [stdout]   |
[INFO] [stdout] 5 |    3----2
[INFO] [stdout]   |          - expected one of 8 possible tokens
[INFO] [stdout] 6 | } _doctest_main_src_vec_u8_hash_map_google_cloud_vision_v1p4beta1_rs_1751_0() }
[INFO] [stdout]   | ^ unexpected token
[INFO] [stdout] 
[INFO] [stdout] error: expected a pattern, found an expression
[INFO] [stdout]  --> src/vec_u8_hash_map/google.cloud.vision.v1p4beta1.rs:1754:4
[INFO] [stdout]   |
[INFO] [stdout] 5 |    3----2
[INFO] [stdout]   |    ^^^^^^ not a pattern
[INFO] [stdout]   |
[INFO] [stdout]   = note: arbitrary expressions are not allowed in patterns: <https://doc.rust-lang.org/book/ch18-00-patterns.html>
[INFO] [stdout] 
[INFO] [stdout] error: aborting due to 2 previous errors
[INFO] [stdout] 
[INFO] [stdout] Couldn't compile the test.
[INFO] [stdout] ---- src/vec_u8_hash_map/google.cloud.vision.v1p4beta1.rs - vec_u8_hash_map::google::cloud::vision::v1p4beta1::ImportProductSetsGcsSource::csv_file_uri (line 544) stdout ----
[INFO] [stdout] error[E0308]: mismatched types
[INFO] [stdout]  --> src/vec_u8_hash_map/google.cloud.vision.v1p4beta1.rs:545:1
[INFO] [stdout]   |
[INFO] [stdout] 2 | fn main() { #[allow(non_snake_case)] fn _doctest_main_src_vec_u8_hash_map_google_cloud_vision_v1p4beta1_rs_544_0() {
[INFO] [stdout]   |                                                                                                                   - help: try adding a return type: `-> &'static str`
[INFO] [stdout] 3 | "key_1=value_1,key_2=value_2,...,key_n=value_n"
[INFO] [stdout]   | ^^^^^^^^^^^^^^^^^^^^^^^^^^^^^^^^^^^^^^^^^^^^^^^ expected `()`, found `&str`
[INFO] [stdout] 
[INFO] [stdout] error: aborting due to 1 previous error
[INFO] [stdout] 
[INFO] [stdout] For more information about this error, try `rustc --explain E0308`.
[INFO] [stdout] Couldn't compile the test.
[INFO] [stdout] ---- src/vec_u8_hash_map/google.cloud.vision.v1p4beta1.rs - vec_u8_hash_map::google::cloud::vision::v1p4beta1::Block::bounding_box (line 1757) stdout ----
[INFO] [stdout] error: expected one of `...`, `..=`, `..`, `.`, `:`, `?`, `|`, or an operator, found `}`
[INFO] [stdout]  --> src/vec_u8_hash_map/google.cloud.vision.v1p4beta1.rs:1761:1
[INFO] [stdout]   |
[INFO] [stdout] 5 |    1----0
[INFO] [stdout]   |          - expected one of 8 possible tokens
[INFO] [stdout] 6 | } _doctest_main_src_vec_u8_hash_map_google_cloud_vision_v1p4beta1_rs_1757_0() }
[INFO] [stdout]   | ^ unexpected token
[INFO] [stdout] 
[INFO] [stdout] error: expected a pattern, found an expression
[INFO] [stdout]  --> src/vec_u8_hash_map/google.cloud.vision.v1p4beta1.rs:1760:4
[INFO] [stdout]   |
[INFO] [stdout] 5 |    1----0
[INFO] [stdout]   |    ^^^^^^ not a pattern
[INFO] [stdout]   |
[INFO] [stdout]   = note: arbitrary expressions are not allowed in patterns: <https://doc.rust-lang.org/book/ch18-00-patterns.html>
[INFO] [stdout] 
[INFO] [stdout] error: aborting due to 2 previous errors
[INFO] [stdout] 
[INFO] [stdout] Couldn't compile the test.
[INFO] [stdout] 
[INFO] [stdout] failures:
[INFO] [stdout]     src/vec_u8_hash_map/google.cloud.vision.v1p4beta1.rs - vec_u8_hash_map::google::cloud::vision::v1p4beta1::Block::bounding_box (line 1751)
[INFO] [stdout]     src/vec_u8_hash_map/google.cloud.vision.v1p4beta1.rs - vec_u8_hash_map::google::cloud::vision::v1p4beta1::Block::bounding_box (line 1757)
[INFO] [stdout]     src/vec_u8_hash_map/google.cloud.vision.v1p4beta1.rs - vec_u8_hash_map::google::cloud::vision::v1p4beta1::ImportProductSetsGcsSource::csv_file_uri (line 544)
[INFO] [stdout] 
[INFO] [stdout] test result: FAILED. 0 passed; 3 failed; 0 ignored; 0 measured; 0 filtered out; finished in 0.14s
[INFO] [stdout] 
[INFO] [stderr] error: doctest failed, to rerun pass `--doc`
[INFO] running `Command { std: "docker" "inspect" "0ce209c125af8aa9eaf49ba05b925673901db7d34096c13ff50b54df9d0ce898", kill_on_drop: false }`
[INFO] running `Command { std: "docker" "rm" "-f" "0ce209c125af8aa9eaf49ba05b925673901db7d34096c13ff50b54df9d0ce898", kill_on_drop: false }`
[INFO] [stdout] 0ce209c125af8aa9eaf49ba05b925673901db7d34096c13ff50b54df9d0ce898
