[INFO] fetching crate googleapis-tonic-google-cloud-vision-v1p3beta1 0.13.0...
[INFO] testing googleapis-tonic-google-cloud-vision-v1p3beta1-0.13.0 against 1.83.0 for beta-1.84.0-4-retry
[INFO] extracting crate googleapis-tonic-google-cloud-vision-v1p3beta1 0.13.0 into /workspace/builds/worker-4-tc1/source
[INFO] validating manifest of crates.io crate googleapis-tonic-google-cloud-vision-v1p3beta1 0.13.0 on toolchain 1.83.0
[INFO] running `Command { std: CARGO_HOME="/workspace/cargo-home" RUSTUP_HOME="/workspace/rustup-home" "/workspace/cargo-home/bin/cargo" "+1.83.0" "metadata" "--manifest-path" "Cargo.toml" "--no-deps", kill_on_drop: false }`
[INFO] started tweaking crates.io crate googleapis-tonic-google-cloud-vision-v1p3beta1 0.13.0
[INFO] finished tweaking crates.io crate googleapis-tonic-google-cloud-vision-v1p3beta1 0.13.0
[INFO] tweaked toml for crates.io crate googleapis-tonic-google-cloud-vision-v1p3beta1 0.13.0 written to /workspace/builds/worker-4-tc1/source/Cargo.toml
[INFO] running `Command { std: CARGO_HOME="/workspace/cargo-home" RUSTUP_HOME="/workspace/rustup-home" "/workspace/cargo-home/bin/cargo" "+1.83.0" "generate-lockfile" "--manifest-path" "Cargo.toml", kill_on_drop: false }`
[INFO] [stderr]     Updating crates.io index
[INFO] [stderr]      Locking 58 packages to latest compatible versions
[INFO] running `Command { std: CARGO_HOME="/workspace/cargo-home" RUSTUP_HOME="/workspace/rustup-home" "/workspace/cargo-home/bin/cargo" "+1.83.0" "fetch" "--manifest-path" "Cargo.toml", kill_on_drop: false }`
[INFO] [stderr]  Downloading crates ...
[INFO] [stderr]   Downloaded googleapis-tonic-google-rpc v0.8.0
[INFO] [stderr]   Downloaded googleapis-tonic-google-longrunning v0.13.0
[INFO] [stderr]   Downloaded googleapis-tonic-google-type v0.8.0
[INFO] [stderr]   Downloaded googleapis-tonic-google-api v0.12.0
[INFO] running `Command { std: "docker" "create" "-v" "/var/lib/crater-agent-workspace/builds/worker-4-tc1/target:/opt/rustwide/target:rw,Z" "-v" "/var/lib/crater-agent-workspace/builds/worker-4-tc1/source:/opt/rustwide/workdir:ro,Z" "-v" "/var/lib/crater-agent-workspace/cargo-home:/opt/rustwide/cargo-home:ro,Z" "-v" "/var/lib/crater-agent-workspace/rustup-home:/opt/rustwide/rustup-home:ro,Z" "-e" "SOURCE_DIR=/opt/rustwide/workdir" "-e" "CARGO_TARGET_DIR=/opt/rustwide/target" "-e" "CARGO_HOME=/opt/rustwide/cargo-home" "-e" "RUSTUP_HOME=/opt/rustwide/rustup-home" "-w" "/opt/rustwide/workdir" "-m" "1610612736" "--user" "0:0" "--network" "none" "ghcr.io/rust-lang/crates-build-env/linux@sha256:f3a9d4ad9d972b27faf3965f35b62e55ba32bbce8f20bc8fe909558a86702fde" "/opt/rustwide/cargo-home/bin/cargo" "+1.83.0" "metadata" "--no-deps" "--format-version=1", kill_on_drop: false }`
[INFO] [stdout] 107f7a242d362b55dec161d2086b46add137097b0f77e0fa35a817518503dd53
[INFO] running `Command { std: "docker" "start" "-a" "107f7a242d362b55dec161d2086b46add137097b0f77e0fa35a817518503dd53", kill_on_drop: false }`
[INFO] running `Command { std: "docker" "inspect" "107f7a242d362b55dec161d2086b46add137097b0f77e0fa35a817518503dd53", kill_on_drop: false }`
[INFO] running `Command { std: "docker" "rm" "-f" "107f7a242d362b55dec161d2086b46add137097b0f77e0fa35a817518503dd53", kill_on_drop: false }`
[INFO] [stdout] 107f7a242d362b55dec161d2086b46add137097b0f77e0fa35a817518503dd53
[INFO] running `Command { std: "docker" "create" "-v" "/var/lib/crater-agent-workspace/builds/worker-4-tc1/target:/opt/rustwide/target:rw,Z" "-v" "/var/lib/crater-agent-workspace/builds/worker-4-tc1/source:/opt/rustwide/workdir:ro,Z" "-v" "/var/lib/crater-agent-workspace/cargo-home:/opt/rustwide/cargo-home:ro,Z" "-v" "/var/lib/crater-agent-workspace/rustup-home:/opt/rustwide/rustup-home:ro,Z" "-e" "SOURCE_DIR=/opt/rustwide/workdir" "-e" "CARGO_TARGET_DIR=/opt/rustwide/target" "-e" "CARGO_INCREMENTAL=0" "-e" "RUST_BACKTRACE=full" "-e" "RUSTFLAGS=--cap-lints=warn" "-e" "RUSTDOCFLAGS=--cap-lints=warn" "-e" "CARGO_HOME=/opt/rustwide/cargo-home" "-e" "RUSTUP_HOME=/opt/rustwide/rustup-home" "-w" "/opt/rustwide/workdir" "-m" "1610612736" "--user" "0:0" "--network" "none" "ghcr.io/rust-lang/crates-build-env/linux@sha256:f3a9d4ad9d972b27faf3965f35b62e55ba32bbce8f20bc8fe909558a86702fde" "/opt/rustwide/cargo-home/bin/cargo" "+1.83.0" "build" "--frozen" "--message-format=json", kill_on_drop: false }`
[INFO] [stdout] 3ad49fd63c17c3e56e81d3d5ab2d4b9baa3daccdd918d9b266019bcee76aa30a
[INFO] running `Command { std: "docker" "start" "-a" "3ad49fd63c17c3e56e81d3d5ab2d4b9baa3daccdd918d9b266019bcee76aa30a", kill_on_drop: false }`
[INFO] [stderr]    Compiling proc-macro2 v1.0.92
[INFO] [stderr]    Compiling unicode-ident v1.0.14
[INFO] [stderr]    Compiling anyhow v1.0.94
[INFO] [stderr]    Compiling pin-project-lite v0.2.15
[INFO] [stderr]    Compiling bytes v1.9.0
[INFO] [stderr]    Compiling either v1.13.0
[INFO] [stderr]    Compiling itoa v1.0.14
[INFO] [stderr]    Compiling fnv v1.0.7
[INFO] [stderr]    Compiling futures-core v0.3.31
[INFO] [stderr]    Compiling futures-task v0.3.31
[INFO] [stderr]    Compiling once_cell v1.20.2
[INFO] [stderr]    Compiling pin-utils v0.1.0
[INFO] [stderr]    Compiling tower-service v0.3.3
[INFO] [stderr]    Compiling percent-encoding v2.3.1
[INFO] [stderr]    Compiling base64 v0.22.1
[INFO] [stderr]    Compiling tower-layer v0.3.3
[INFO] [stderr]    Compiling tokio v1.42.0
[INFO] [stderr]    Compiling futures-util v0.3.31
[INFO] [stderr]    Compiling itertools v0.13.0
[INFO] [stderr]    Compiling tracing-core v0.1.33
[INFO] [stderr]    Compiling http v1.2.0
[INFO] [stderr]    Compiling quote v1.0.37
[INFO] [stderr]    Compiling syn v2.0.90
[INFO] [stderr]    Compiling tokio-stream v0.1.17
[INFO] [stderr]    Compiling http-body v1.0.1
[INFO] [stderr]    Compiling http-body-util v0.1.2
[INFO] [stderr]    Compiling prost-derive v0.13.4
[INFO] [stderr]    Compiling pin-project-internal v1.1.7
[INFO] [stderr]    Compiling tracing-attributes v0.1.28
[INFO] [stderr]    Compiling async-trait v0.1.83
[INFO] [stderr]    Compiling pin-project v1.1.7
[INFO] [stderr]    Compiling tracing v0.1.41
[INFO] [stderr]    Compiling prost v0.13.4
[INFO] [stderr]    Compiling tonic v0.12.3
[INFO] [stderr]    Compiling prost-types v0.13.4
[INFO] [stderr]    Compiling googleapis-tonic-google-rpc v0.8.0
[INFO] [stderr]    Compiling googleapis-tonic-google-api v0.12.0
[INFO] [stderr]    Compiling googleapis-tonic-google-type v0.8.0
[INFO] [stderr]    Compiling googleapis-tonic-google-longrunning v0.13.0
[INFO] [stderr]    Compiling googleapis-tonic-google-cloud-vision-v1p3beta1 v0.13.0 (/opt/rustwide/workdir)
[INFO] [stderr]     Finished `dev` profile [unoptimized + debuginfo] target(s) in 19.40s
[INFO] running `Command { std: "docker" "inspect" "3ad49fd63c17c3e56e81d3d5ab2d4b9baa3daccdd918d9b266019bcee76aa30a", kill_on_drop: false }`
[INFO] running `Command { std: "docker" "rm" "-f" "3ad49fd63c17c3e56e81d3d5ab2d4b9baa3daccdd918d9b266019bcee76aa30a", kill_on_drop: false }`
[INFO] [stdout] 3ad49fd63c17c3e56e81d3d5ab2d4b9baa3daccdd918d9b266019bcee76aa30a
[INFO] running `Command { std: "docker" "create" "-v" "/var/lib/crater-agent-workspace/builds/worker-4-tc1/target:/opt/rustwide/target:rw,Z" "-v" "/var/lib/crater-agent-workspace/builds/worker-4-tc1/source:/opt/rustwide/workdir:ro,Z" "-v" "/var/lib/crater-agent-workspace/cargo-home:/opt/rustwide/cargo-home:ro,Z" "-v" "/var/lib/crater-agent-workspace/rustup-home:/opt/rustwide/rustup-home:ro,Z" "-e" "SOURCE_DIR=/opt/rustwide/workdir" "-e" "CARGO_TARGET_DIR=/opt/rustwide/target" "-e" "CARGO_INCREMENTAL=0" "-e" "RUST_BACKTRACE=full" "-e" "RUSTFLAGS=--cap-lints=warn" "-e" "RUSTDOCFLAGS=--cap-lints=warn" "-e" "CARGO_HOME=/opt/rustwide/cargo-home" "-e" "RUSTUP_HOME=/opt/rustwide/rustup-home" "-w" "/opt/rustwide/workdir" "-m" "1610612736" "--user" "0:0" "--network" "none" "ghcr.io/rust-lang/crates-build-env/linux@sha256:f3a9d4ad9d972b27faf3965f35b62e55ba32bbce8f20bc8fe909558a86702fde" "/opt/rustwide/cargo-home/bin/cargo" "+1.83.0" "test" "--frozen" "--no-run" "--message-format=json", kill_on_drop: false }`
[INFO] [stdout] 0541b778e15b42c0c9cf659a1a2148d91932ea0cbb75ea3c48ac3c9d32009819
[INFO] running `Command { std: "docker" "start" "-a" "0541b778e15b42c0c9cf659a1a2148d91932ea0cbb75ea3c48ac3c9d32009819", kill_on_drop: false }`
[INFO] [stderr]    Compiling googleapis-tonic-google-cloud-vision-v1p3beta1 v0.13.0 (/opt/rustwide/workdir)
[INFO] [stderr]     Finished `test` profile [unoptimized + debuginfo] target(s) in 1.12s
[INFO] running `Command { std: "docker" "inspect" "0541b778e15b42c0c9cf659a1a2148d91932ea0cbb75ea3c48ac3c9d32009819", kill_on_drop: false }`
[INFO] running `Command { std: "docker" "rm" "-f" "0541b778e15b42c0c9cf659a1a2148d91932ea0cbb75ea3c48ac3c9d32009819", kill_on_drop: false }`
[INFO] [stdout] 0541b778e15b42c0c9cf659a1a2148d91932ea0cbb75ea3c48ac3c9d32009819
[INFO] running `Command { std: "docker" "create" "-v" "/var/lib/crater-agent-workspace/builds/worker-4-tc1/target:/opt/rustwide/target:rw,Z" "-v" "/var/lib/crater-agent-workspace/builds/worker-4-tc1/source:/opt/rustwide/workdir:ro,Z" "-v" "/var/lib/crater-agent-workspace/cargo-home:/opt/rustwide/cargo-home:ro,Z" "-v" "/var/lib/crater-agent-workspace/rustup-home:/opt/rustwide/rustup-home:ro,Z" "-e" "SOURCE_DIR=/opt/rustwide/workdir" "-e" "CARGO_TARGET_DIR=/opt/rustwide/target" "-e" "CARGO_INCREMENTAL=0" "-e" "RUST_BACKTRACE=full" "-e" "RUSTFLAGS=--cap-lints=warn" "-e" "RUSTDOCFLAGS=--cap-lints=warn" "-e" "CARGO_HOME=/opt/rustwide/cargo-home" "-e" "RUSTUP_HOME=/opt/rustwide/rustup-home" "-w" "/opt/rustwide/workdir" "-m" "1610612736" "--user" "0:0" "--network" "none" "ghcr.io/rust-lang/crates-build-env/linux@sha256:f3a9d4ad9d972b27faf3965f35b62e55ba32bbce8f20bc8fe909558a86702fde" "/opt/rustwide/cargo-home/bin/cargo" "+1.83.0" "test" "--frozen", kill_on_drop: false }`
[INFO] [stdout] e4b8a79350e4fc3e1502213525f20e19ee8b3ebd6fdfd21a6cc1b5ecf9447ffe
[INFO] running `Command { std: "docker" "start" "-a" "e4b8a79350e4fc3e1502213525f20e19ee8b3ebd6fdfd21a6cc1b5ecf9447ffe", kill_on_drop: false }`
[INFO] [stderr]     Finished `test` profile [unoptimized + debuginfo] target(s) in 0.05s
[INFO] [stderr]      Running unittests src/lib.rs (/opt/rustwide/target/debug/deps/googleapis_tonic_google_cloud_vision_v1p3beta1-9318b4e4a5698603)
[INFO] [stdout] 
[INFO] [stdout] running 0 tests
[INFO] [stdout] 
[INFO] [stdout] test result: ok. 0 passed; 0 failed; 0 ignored; 0 measured; 0 filtered out; finished in 0.00s
[INFO] [stdout] 
[INFO] [stderr]    Doc-tests googleapis_tonic_google_cloud_vision_v1p3beta1
[INFO] [stdout] 
[INFO] [stdout] running 2 tests
[INFO] [stdout] test src/vec_u8_hash_map/google.cloud.vision.v1p3beta1.rs - vec_u8_hash_map::google::cloud::vision::v1p3beta1::Block::bounding_box (line 1625) ... FAILED
[INFO] [stdout] test src/vec_u8_hash_map/google.cloud.vision.v1p3beta1.rs - vec_u8_hash_map::google::cloud::vision::v1p3beta1::Block::bounding_box (line 1619) ... FAILED
[INFO] [stdout] 
[INFO] [stdout] failures:
[INFO] [stdout] 
[INFO] [stdout] ---- src/vec_u8_hash_map/google.cloud.vision.v1p3beta1.rs - vec_u8_hash_map::google::cloud::vision::v1p3beta1::Block::bounding_box (line 1625) stdout ----
[INFO] [stdout] error: expected one of `...`, `..=`, `..`, `.`, `:`, `?`, `|`, or an operator, found `}`
[INFO] [stdout]  --> src/vec_u8_hash_map/google.cloud.vision.v1p3beta1.rs:1629:1
[INFO] [stdout]   |
[INFO] [stdout] 5 |    1----0
[INFO] [stdout]   |          - expected one of 8 possible tokens
[INFO] [stdout] 6 | } _doctest_main_src_vec_u8_hash_map_google_cloud_vision_v1p3beta1_rs_1625_0() }
[INFO] [stdout]   | ^ unexpected token
[INFO] [stdout] 
[INFO] [stdout] error: expected a pattern, found an expression
[INFO] [stdout]  --> src/vec_u8_hash_map/google.cloud.vision.v1p3beta1.rs:1628:4
[INFO] [stdout]   |
[INFO] [stdout] 5 |    1----0
[INFO] [stdout]   |    ^^^^^^ not a pattern
[INFO] [stdout]   |
[INFO] [stdout]   = note: arbitrary expressions are not allowed in patterns: <https://doc.rust-lang.org/book/ch18-00-patterns.html>
[INFO] [stdout] 
[INFO] [stdout] error: aborting due to 2 previous errors
[INFO] [stdout] 
[INFO] [stdout] Couldn't compile the test.
[INFO] [stdout] ---- src/vec_u8_hash_map/google.cloud.vision.v1p3beta1.rs - vec_u8_hash_map::google::cloud::vision::v1p3beta1::Block::bounding_box (line 1619) stdout ----
[INFO] [stdout] error: expected one of `...`, `..=`, `..`, `.`, `:`, `?`, `|`, or an operator, found `}`
[INFO] [stdout]  --> src/vec_u8_hash_map/google.cloud.vision.v1p3beta1.rs:1623:1
[INFO] [stdout]   |
[INFO] [stdout] 5 |    3----2
[INFO] [stdout]   |          - expected one of 8 possible tokens
[INFO] [stdout] 6 | } _doctest_main_src_vec_u8_hash_map_google_cloud_vision_v1p3beta1_rs_1619_0() }
[INFO] [stdout]   | ^ unexpected token
[INFO] [stdout] 
[INFO] [stdout] error: expected a pattern, found an expression
[INFO] [stdout]  --> src/vec_u8_hash_map/google.cloud.vision.v1p3beta1.rs:1622:4
[INFO] [stdout]   |
[INFO] [stdout] 5 |    3----2
[INFO] [stdout]   |    ^^^^^^ not a pattern
[INFO] [stdout]   |
[INFO] [stdout]   = note: arbitrary expressions are not allowed in patterns: <https://doc.rust-lang.org/book/ch18-00-patterns.html>
[INFO] [stdout] 
[INFO] [stdout] error: aborting due to 2 previous errors
[INFO] [stdout] 
[INFO] [stdout] Couldn't compile the test.
[INFO] [stdout] 
[INFO] [stdout] failures:
[INFO] [stdout]     src/vec_u8_hash_map/google.cloud.vision.v1p3beta1.rs - vec_u8_hash_map::google::cloud::vision::v1p3beta1::Block::bounding_box (line 1619)
[INFO] [stdout]     src/vec_u8_hash_map/google.cloud.vision.v1p3beta1.rs - vec_u8_hash_map::google::cloud::vision::v1p3beta1::Block::bounding_box (line 1625)
[INFO] [stdout] 
[INFO] [stdout] test result: FAILED. 0 passed; 2 failed; 0 ignored; 0 measured; 0 filtered out; finished in 0.03s
[INFO] [stdout] 
[INFO] [stderr] error: doctest failed, to rerun pass `--doc`
[INFO] running `Command { std: "docker" "inspect" "e4b8a79350e4fc3e1502213525f20e19ee8b3ebd6fdfd21a6cc1b5ecf9447ffe", kill_on_drop: false }`
[INFO] running `Command { std: "docker" "rm" "-f" "e4b8a79350e4fc3e1502213525f20e19ee8b3ebd6fdfd21a6cc1b5ecf9447ffe", kill_on_drop: false }`
[INFO] [stdout] e4b8a79350e4fc3e1502213525f20e19ee8b3ebd6fdfd21a6cc1b5ecf9447ffe
