[INFO] fetching crate googleapis-tonic-google-cloud-vision-v1p2beta1 0.13.0...
[INFO] testing googleapis-tonic-google-cloud-vision-v1p2beta1-0.13.0 against beta-2024-12-08 for beta-1.84.0-4-retry
[INFO] extracting crate googleapis-tonic-google-cloud-vision-v1p2beta1 0.13.0 into /workspace/builds/worker-1-tc2/source
[INFO] validating manifest of crates.io crate googleapis-tonic-google-cloud-vision-v1p2beta1 0.13.0 on toolchain beta-2024-12-08
[INFO] running `Command { std: CARGO_HOME="/workspace/cargo-home" RUSTUP_HOME="/workspace/rustup-home" "/workspace/cargo-home/bin/cargo" "+beta-2024-12-08" "metadata" "--manifest-path" "Cargo.toml" "--no-deps", kill_on_drop: false }`
[INFO] started tweaking crates.io crate googleapis-tonic-google-cloud-vision-v1p2beta1 0.13.0
[INFO] finished tweaking crates.io crate googleapis-tonic-google-cloud-vision-v1p2beta1 0.13.0
[INFO] tweaked toml for crates.io crate googleapis-tonic-google-cloud-vision-v1p2beta1 0.13.0 written to /workspace/builds/worker-1-tc2/source/Cargo.toml
[INFO] running `Command { std: CARGO_HOME="/workspace/cargo-home" RUSTUP_HOME="/workspace/rustup-home" "/workspace/cargo-home/bin/cargo" "+beta-2024-12-08" "generate-lockfile" "--manifest-path" "Cargo.toml", kill_on_drop: false }`
[INFO] [stderr]     Updating crates.io index
[INFO] [stderr]      Locking 58 packages to latest compatible versions
[INFO] running `Command { std: CARGO_HOME="/workspace/cargo-home" RUSTUP_HOME="/workspace/rustup-home" "/workspace/cargo-home/bin/cargo" "+beta-2024-12-08" "fetch" "--manifest-path" "Cargo.toml", kill_on_drop: false }`
[INFO] running `Command { std: "docker" "create" "-v" "/var/lib/crater-agent-workspace/builds/worker-1-tc2/target:/opt/rustwide/target:rw,Z" "-v" "/var/lib/crater-agent-workspace/builds/worker-1-tc2/source:/opt/rustwide/workdir:ro,Z" "-v" "/var/lib/crater-agent-workspace/cargo-home:/opt/rustwide/cargo-home:ro,Z" "-v" "/var/lib/crater-agent-workspace/rustup-home:/opt/rustwide/rustup-home:ro,Z" "-e" "SOURCE_DIR=/opt/rustwide/workdir" "-e" "CARGO_TARGET_DIR=/opt/rustwide/target" "-e" "CARGO_HOME=/opt/rustwide/cargo-home" "-e" "RUSTUP_HOME=/opt/rustwide/rustup-home" "-w" "/opt/rustwide/workdir" "-m" "1610612736" "--user" "0:0" "--network" "none" "ghcr.io/rust-lang/crates-build-env/linux@sha256:f3a9d4ad9d972b27faf3965f35b62e55ba32bbce8f20bc8fe909558a86702fde" "/opt/rustwide/cargo-home/bin/cargo" "+beta-2024-12-08" "metadata" "--no-deps" "--format-version=1", kill_on_drop: false }`
[INFO] [stdout] 171e7d257b19c2a8a70ce61e99b70f8a5c45ccefbe68b9fe9a64487ae9e9bfe2
[INFO] running `Command { std: "docker" "start" "-a" "171e7d257b19c2a8a70ce61e99b70f8a5c45ccefbe68b9fe9a64487ae9e9bfe2", kill_on_drop: false }`
[INFO] running `Command { std: "docker" "inspect" "171e7d257b19c2a8a70ce61e99b70f8a5c45ccefbe68b9fe9a64487ae9e9bfe2", kill_on_drop: false }`
[INFO] running `Command { std: "docker" "rm" "-f" "171e7d257b19c2a8a70ce61e99b70f8a5c45ccefbe68b9fe9a64487ae9e9bfe2", kill_on_drop: false }`
[INFO] [stdout] 171e7d257b19c2a8a70ce61e99b70f8a5c45ccefbe68b9fe9a64487ae9e9bfe2
[INFO] running `Command { std: "docker" "create" "-v" "/var/lib/crater-agent-workspace/builds/worker-1-tc2/target:/opt/rustwide/target:rw,Z" "-v" "/var/lib/crater-agent-workspace/builds/worker-1-tc2/source:/opt/rustwide/workdir:ro,Z" "-v" "/var/lib/crater-agent-workspace/cargo-home:/opt/rustwide/cargo-home:ro,Z" "-v" "/var/lib/crater-agent-workspace/rustup-home:/opt/rustwide/rustup-home:ro,Z" "-e" "SOURCE_DIR=/opt/rustwide/workdir" "-e" "CARGO_TARGET_DIR=/opt/rustwide/target" "-e" "CARGO_INCREMENTAL=0" "-e" "RUST_BACKTRACE=full" "-e" "RUSTFLAGS=--cap-lints=warn" "-e" "RUSTDOCFLAGS=--cap-lints=warn" "-e" "CARGO_HOME=/opt/rustwide/cargo-home" "-e" "RUSTUP_HOME=/opt/rustwide/rustup-home" "-w" "/opt/rustwide/workdir" "-m" "1610612736" "--user" "0:0" "--network" "none" "ghcr.io/rust-lang/crates-build-env/linux@sha256:f3a9d4ad9d972b27faf3965f35b62e55ba32bbce8f20bc8fe909558a86702fde" "/opt/rustwide/cargo-home/bin/cargo" "+beta-2024-12-08" "build" "--frozen" "--message-format=json", kill_on_drop: false }`
[INFO] [stdout] 5b6b67ebe78db984544c7ec360fa219d232ee5fc21d528d1d00af33a78c8d774
[INFO] running `Command { std: "docker" "start" "-a" "5b6b67ebe78db984544c7ec360fa219d232ee5fc21d528d1d00af33a78c8d774", kill_on_drop: false }`
[INFO] [stderr]    Compiling proc-macro2 v1.0.92
[INFO] [stderr]    Compiling unicode-ident v1.0.14
[INFO] [stderr]    Compiling pin-project-lite v0.2.15
[INFO] [stderr]    Compiling bytes v1.9.0
[INFO] [stderr]    Compiling anyhow v1.0.94
[INFO] [stderr]    Compiling either v1.13.0
[INFO] [stderr]    Compiling itoa v1.0.14
[INFO] [stderr]    Compiling fnv v1.0.7
[INFO] [stderr]    Compiling futures-core v0.3.31
[INFO] [stderr]    Compiling pin-utils v0.1.0
[INFO] [stderr]    Compiling once_cell v1.20.2
[INFO] [stderr]    Compiling futures-task v0.3.31
[INFO] [stderr]    Compiling tokio v1.42.0
[INFO] [stderr]    Compiling percent-encoding v2.3.1
[INFO] [stderr]    Compiling futures-util v0.3.31
[INFO] [stderr]    Compiling itertools v0.13.0
[INFO] [stderr]    Compiling tracing-core v0.1.33
[INFO] [stderr]    Compiling base64 v0.22.1
[INFO] [stderr]    Compiling quote v1.0.37
[INFO] [stderr]    Compiling http v1.2.0
[INFO] [stderr]    Compiling syn v2.0.90
[INFO] [stderr]    Compiling tower-layer v0.3.3
[INFO] [stderr]    Compiling tower-service v0.3.3
[INFO] [stderr]    Compiling tokio-stream v0.1.17
[INFO] [stderr]    Compiling http-body v1.0.1
[INFO] [stderr]    Compiling http-body-util v0.1.2
[INFO] [stderr]    Compiling prost-derive v0.13.4
[INFO] [stderr]    Compiling tracing-attributes v0.1.28
[INFO] [stderr]    Compiling pin-project-internal v1.1.7
[INFO] [stderr]    Compiling async-trait v0.1.83
[INFO] [stderr]    Compiling pin-project v1.1.7
[INFO] [stderr]    Compiling tracing v0.1.41
[INFO] [stderr]    Compiling prost v0.13.4
[INFO] [stderr]    Compiling prost-types v0.13.4
[INFO] [stderr]    Compiling tonic v0.12.3
[INFO] [stderr]    Compiling googleapis-tonic-google-api v0.12.0
[INFO] [stderr]    Compiling googleapis-tonic-google-rpc v0.8.0
[INFO] [stderr]    Compiling googleapis-tonic-google-type v0.8.0
[INFO] [stderr]    Compiling googleapis-tonic-google-longrunning v0.13.0
[INFO] [stderr]    Compiling googleapis-tonic-google-cloud-vision-v1p2beta1 v0.13.0 (/opt/rustwide/workdir)
[INFO] [stderr]     Finished `dev` profile [unoptimized + debuginfo] target(s) in 25.41s
[INFO] running `Command { std: "docker" "inspect" "5b6b67ebe78db984544c7ec360fa219d232ee5fc21d528d1d00af33a78c8d774", kill_on_drop: false }`
[INFO] running `Command { std: "docker" "rm" "-f" "5b6b67ebe78db984544c7ec360fa219d232ee5fc21d528d1d00af33a78c8d774", kill_on_drop: false }`
[INFO] [stdout] 5b6b67ebe78db984544c7ec360fa219d232ee5fc21d528d1d00af33a78c8d774
[INFO] running `Command { std: "docker" "create" "-v" "/var/lib/crater-agent-workspace/builds/worker-1-tc2/target:/opt/rustwide/target:rw,Z" "-v" "/var/lib/crater-agent-workspace/builds/worker-1-tc2/source:/opt/rustwide/workdir:ro,Z" "-v" "/var/lib/crater-agent-workspace/cargo-home:/opt/rustwide/cargo-home:ro,Z" "-v" "/var/lib/crater-agent-workspace/rustup-home:/opt/rustwide/rustup-home:ro,Z" "-e" "SOURCE_DIR=/opt/rustwide/workdir" "-e" "CARGO_TARGET_DIR=/opt/rustwide/target" "-e" "CARGO_INCREMENTAL=0" "-e" "RUST_BACKTRACE=full" "-e" "RUSTFLAGS=--cap-lints=warn" "-e" "RUSTDOCFLAGS=--cap-lints=warn" "-e" "CARGO_HOME=/opt/rustwide/cargo-home" "-e" "RUSTUP_HOME=/opt/rustwide/rustup-home" "-w" "/opt/rustwide/workdir" "-m" "1610612736" "--user" "0:0" "--network" "none" "ghcr.io/rust-lang/crates-build-env/linux@sha256:f3a9d4ad9d972b27faf3965f35b62e55ba32bbce8f20bc8fe909558a86702fde" "/opt/rustwide/cargo-home/bin/cargo" "+beta-2024-12-08" "test" "--frozen" "--no-run" "--message-format=json", kill_on_drop: false }`
[INFO] [stdout] f4d5d818aa4b174072e564136eaeb88de9e88cd35795ffd148b93abd7371ad8d
[INFO] running `Command { std: "docker" "start" "-a" "f4d5d818aa4b174072e564136eaeb88de9e88cd35795ffd148b93abd7371ad8d", kill_on_drop: false }`
[INFO] [stderr]    Compiling googleapis-tonic-google-cloud-vision-v1p2beta1 v0.13.0 (/opt/rustwide/workdir)
[INFO] [stderr]     Finished `test` profile [unoptimized + debuginfo] target(s) in 1.13s
[INFO] running `Command { std: "docker" "inspect" "f4d5d818aa4b174072e564136eaeb88de9e88cd35795ffd148b93abd7371ad8d", kill_on_drop: false }`
[INFO] running `Command { std: "docker" "rm" "-f" "f4d5d818aa4b174072e564136eaeb88de9e88cd35795ffd148b93abd7371ad8d", kill_on_drop: false }`
[INFO] [stdout] f4d5d818aa4b174072e564136eaeb88de9e88cd35795ffd148b93abd7371ad8d
[INFO] running `Command { std: "docker" "create" "-v" "/var/lib/crater-agent-workspace/builds/worker-1-tc2/target:/opt/rustwide/target:rw,Z" "-v" "/var/lib/crater-agent-workspace/builds/worker-1-tc2/source:/opt/rustwide/workdir:ro,Z" "-v" "/var/lib/crater-agent-workspace/cargo-home:/opt/rustwide/cargo-home:ro,Z" "-v" "/var/lib/crater-agent-workspace/rustup-home:/opt/rustwide/rustup-home:ro,Z" "-e" "SOURCE_DIR=/opt/rustwide/workdir" "-e" "CARGO_TARGET_DIR=/opt/rustwide/target" "-e" "CARGO_INCREMENTAL=0" "-e" "RUST_BACKTRACE=full" "-e" "RUSTFLAGS=--cap-lints=warn" "-e" "RUSTDOCFLAGS=--cap-lints=warn" "-e" "CARGO_HOME=/opt/rustwide/cargo-home" "-e" "RUSTUP_HOME=/opt/rustwide/rustup-home" "-w" "/opt/rustwide/workdir" "-m" "1610612736" "--user" "0:0" "--network" "none" "ghcr.io/rust-lang/crates-build-env/linux@sha256:f3a9d4ad9d972b27faf3965f35b62e55ba32bbce8f20bc8fe909558a86702fde" "/opt/rustwide/cargo-home/bin/cargo" "+beta-2024-12-08" "test" "--frozen", kill_on_drop: false }`
[INFO] [stdout] ee43b5f465498ffc095b85bab8914aac9d7996c93ab101fa1b09d1a7f1083be2
[INFO] running `Command { std: "docker" "start" "-a" "ee43b5f465498ffc095b85bab8914aac9d7996c93ab101fa1b09d1a7f1083be2", kill_on_drop: false }`
[INFO] [stderr]     Finished `test` profile [unoptimized + debuginfo] target(s) in 0.05s
[INFO] [stderr]      Running unittests src/lib.rs (/opt/rustwide/target/debug/deps/googleapis_tonic_google_cloud_vision_v1p2beta1-36c9c2c23f91f8ed)
[INFO] [stdout] 
[INFO] [stdout] running 0 tests
[INFO] [stdout] 
[INFO] [stdout] test result: ok. 0 passed; 0 failed; 0 ignored; 0 measured; 0 filtered out; finished in 0.00s
[INFO] [stdout] 
[INFO] [stderr]    Doc-tests googleapis_tonic_google_cloud_vision_v1p2beta1
[INFO] [stdout] 
[INFO] [stdout] running 2 tests
[INFO] [stdout] test src/vec_u8_hash_map/google.cloud.vision.v1p2beta1.rs - vec_u8_hash_map::google::cloud::vision::v1p2beta1::Block::bounding_box (line 203) ... FAILED
[INFO] [stdout] test src/vec_u8_hash_map/google.cloud.vision.v1p2beta1.rs - vec_u8_hash_map::google::cloud::vision::v1p2beta1::Block::bounding_box (line 197) ... FAILED
[INFO] [stdout] 
[INFO] [stdout] failures:
[INFO] [stdout] 
[INFO] [stdout] ---- src/vec_u8_hash_map/google.cloud.vision.v1p2beta1.rs - vec_u8_hash_map::google::cloud::vision::v1p2beta1::Block::bounding_box (line 203) stdout ----
[INFO] [stdout] error: expected one of `...`, `..=`, `..`, `.`, `:`, `?`, `|`, or an operator, found `}`
[INFO] [stdout]  --> src/vec_u8_hash_map/google.cloud.vision.v1p2beta1.rs:207:1
[INFO] [stdout]   |
[INFO] [stdout] 5 |    1----0
[INFO] [stdout]   |          - expected one of 8 possible tokens
[INFO] [stdout] 6 | } _doctest_main_src_vec_u8_hash_map_google_cloud_vision_v1p2beta1_rs_203_0() }
[INFO] [stdout]   | ^ unexpected token
[INFO] [stdout] 
[INFO] [stdout] error: expected a pattern, found an expression
[INFO] [stdout]  --> src/vec_u8_hash_map/google.cloud.vision.v1p2beta1.rs:206:4
[INFO] [stdout]   |
[INFO] [stdout] 5 |    1----0
[INFO] [stdout]   |    ^^^^^^ not a pattern
[INFO] [stdout]   |
[INFO] [stdout]   = note: arbitrary expressions are not allowed in patterns: <https://doc.rust-lang.org/book/ch18-00-patterns.html>
[INFO] [stdout] 
[INFO] [stdout] error: aborting due to 2 previous errors
[INFO] [stdout] 
[INFO] [stdout] Couldn't compile the test.
[INFO] [stdout] ---- src/vec_u8_hash_map/google.cloud.vision.v1p2beta1.rs - vec_u8_hash_map::google::cloud::vision::v1p2beta1::Block::bounding_box (line 197) stdout ----
[INFO] [stdout] error: expected one of `...`, `..=`, `..`, `.`, `:`, `?`, `|`, or an operator, found `}`
[INFO] [stdout]  --> src/vec_u8_hash_map/google.cloud.vision.v1p2beta1.rs:201:1
[INFO] [stdout]   |
[INFO] [stdout] 5 |    3----2
[INFO] [stdout]   |          - expected one of 8 possible tokens
[INFO] [stdout] 6 | } _doctest_main_src_vec_u8_hash_map_google_cloud_vision_v1p2beta1_rs_197_0() }
[INFO] [stdout]   | ^ unexpected token
[INFO] [stdout] 
[INFO] [stdout] error: expected a pattern, found an expression
[INFO] [stdout]  --> src/vec_u8_hash_map/google.cloud.vision.v1p2beta1.rs:200:4
[INFO] [stdout]   |
[INFO] [stdout] 5 |    3----2
[INFO] [stdout]   |    ^^^^^^ not a pattern
[INFO] [stdout]   |
[INFO] [stdout]   = note: arbitrary expressions are not allowed in patterns: <https://doc.rust-lang.org/book/ch18-00-patterns.html>
[INFO] [stdout] 
[INFO] [stdout] error: aborting due to 2 previous errors
[INFO] [stdout] 
[INFO] [stdout] Couldn't compile the test.
[INFO] [stdout] 
[INFO] [stdout] failures:
[INFO] [stdout]     src/vec_u8_hash_map/google.cloud.vision.v1p2beta1.rs - vec_u8_hash_map::google::cloud::vision::v1p2beta1::Block::bounding_box (line 197)
[INFO] [stdout]     src/vec_u8_hash_map/google.cloud.vision.v1p2beta1.rs - vec_u8_hash_map::google::cloud::vision::v1p2beta1::Block::bounding_box (line 203)
[INFO] [stdout] 
[INFO] [stdout] test result: FAILED. 0 passed; 2 failed; 0 ignored; 0 measured; 0 filtered out; finished in 0.09s
[INFO] [stdout] 
[INFO] [stderr] error: doctest failed, to rerun pass `--doc`
[INFO] running `Command { std: "docker" "inspect" "ee43b5f465498ffc095b85bab8914aac9d7996c93ab101fa1b09d1a7f1083be2", kill_on_drop: false }`
[INFO] running `Command { std: "docker" "rm" "-f" "ee43b5f465498ffc095b85bab8914aac9d7996c93ab101fa1b09d1a7f1083be2", kill_on_drop: false }`
[INFO] [stdout] ee43b5f465498ffc095b85bab8914aac9d7996c93ab101fa1b09d1a7f1083be2
