[INFO] fetching crate givre 0.1.2...
[INFO] testing givre-0.1.2 against beta-2024-12-08 for beta-1.84.0-4-retry
[INFO] extracting crate givre 0.1.2 into /workspace/builds/worker-1-tc2/source
[INFO] validating manifest of crates.io crate givre 0.1.2 on toolchain beta-2024-12-08
[INFO] running `Command { std: CARGO_HOME="/workspace/cargo-home" RUSTUP_HOME="/workspace/rustup-home" "/workspace/cargo-home/bin/cargo" "+beta-2024-12-08" "metadata" "--manifest-path" "Cargo.toml" "--no-deps", kill_on_drop: false }`
[INFO] started tweaking crates.io crate givre 0.1.2
[INFO] finished tweaking crates.io crate givre 0.1.2
[INFO] tweaked toml for crates.io crate givre 0.1.2 written to /workspace/builds/worker-1-tc2/source/Cargo.toml
[INFO] running `Command { std: CARGO_HOME="/workspace/cargo-home" RUSTUP_HOME="/workspace/rustup-home" "/workspace/cargo-home/bin/cargo" "+beta-2024-12-08" "generate-lockfile" "--manifest-path" "Cargo.toml", kill_on_drop: false }`
[INFO] [stderr]     Blocking waiting for file lock on package cache
[INFO] [stderr]     Updating crates.io index
[INFO] [stderr]     Blocking waiting for file lock on package cache
[INFO] [stderr]      Locking 96 packages to latest compatible versions
[INFO] [stderr]       Adding cggmp21-keygen v0.4.0 (available: v0.5.0)
[INFO] [stderr]       Adding hd-wallet v0.5.1 (available: v0.6.0)
[INFO] [stderr]       Adding key-share v0.5.2 (available: v0.6.0)
[INFO] [stderr]       Adding round-based v0.3.2 (available: v0.4.0)
[INFO] running `Command { std: CARGO_HOME="/workspace/cargo-home" RUSTUP_HOME="/workspace/rustup-home" "/workspace/cargo-home/bin/cargo" "+beta-2024-12-08" "fetch" "--manifest-path" "Cargo.toml", kill_on_drop: false }`
[INFO] [stderr]     Blocking waiting for file lock on package cache
[INFO] running `Command { std: "docker" "create" "-v" "/var/lib/crater-agent-workspace/builds/worker-1-tc2/target:/opt/rustwide/target:rw,Z" "-v" "/var/lib/crater-agent-workspace/builds/worker-1-tc2/source:/opt/rustwide/workdir:ro,Z" "-v" "/var/lib/crater-agent-workspace/cargo-home:/opt/rustwide/cargo-home:ro,Z" "-v" "/var/lib/crater-agent-workspace/rustup-home:/opt/rustwide/rustup-home:ro,Z" "-e" "SOURCE_DIR=/opt/rustwide/workdir" "-e" "CARGO_TARGET_DIR=/opt/rustwide/target" "-e" "CARGO_HOME=/opt/rustwide/cargo-home" "-e" "RUSTUP_HOME=/opt/rustwide/rustup-home" "-w" "/opt/rustwide/workdir" "-m" "1610612736" "--user" "0:0" "--network" "none" "ghcr.io/rust-lang/crates-build-env/linux@sha256:f3a9d4ad9d972b27faf3965f35b62e55ba32bbce8f20bc8fe909558a86702fde" "/opt/rustwide/cargo-home/bin/cargo" "+beta-2024-12-08" "metadata" "--no-deps" "--format-version=1", kill_on_drop: false }`
[INFO] [stdout] 442f370eb62e82cc0c08b12adcf1f69d07cd2b7585754ca26df5b2a91e41a358
[INFO] running `Command { std: "docker" "start" "-a" "442f370eb62e82cc0c08b12adcf1f69d07cd2b7585754ca26df5b2a91e41a358", kill_on_drop: false }`
[INFO] running `Command { std: "docker" "inspect" "442f370eb62e82cc0c08b12adcf1f69d07cd2b7585754ca26df5b2a91e41a358", kill_on_drop: false }`
[INFO] running `Command { std: "docker" "rm" "-f" "442f370eb62e82cc0c08b12adcf1f69d07cd2b7585754ca26df5b2a91e41a358", kill_on_drop: false }`
[INFO] [stdout] 442f370eb62e82cc0c08b12adcf1f69d07cd2b7585754ca26df5b2a91e41a358
[INFO] running `Command { std: "docker" "create" "-v" "/var/lib/crater-agent-workspace/builds/worker-1-tc2/target:/opt/rustwide/target:rw,Z" "-v" "/var/lib/crater-agent-workspace/builds/worker-1-tc2/source:/opt/rustwide/workdir:ro,Z" "-v" "/var/lib/crater-agent-workspace/cargo-home:/opt/rustwide/cargo-home:ro,Z" "-v" "/var/lib/crater-agent-workspace/rustup-home:/opt/rustwide/rustup-home:ro,Z" "-e" "SOURCE_DIR=/opt/rustwide/workdir" "-e" "CARGO_TARGET_DIR=/opt/rustwide/target" "-e" "CARGO_INCREMENTAL=0" "-e" "RUST_BACKTRACE=full" "-e" "RUSTFLAGS=--cap-lints=warn" "-e" "RUSTDOCFLAGS=--cap-lints=warn" "-e" "CARGO_HOME=/opt/rustwide/cargo-home" "-e" "RUSTUP_HOME=/opt/rustwide/rustup-home" "-w" "/opt/rustwide/workdir" "-m" "1610612736" "--user" "0:0" "--network" "none" "ghcr.io/rust-lang/crates-build-env/linux@sha256:f3a9d4ad9d972b27faf3965f35b62e55ba32bbce8f20bc8fe909558a86702fde" "/opt/rustwide/cargo-home/bin/cargo" "+beta-2024-12-08" "build" "--frozen" "--message-format=json", kill_on_drop: false }`
[INFO] [stdout] f5b1f8df7da483520d4aba4fe994d714a742c9e2a157bbcbfbea426c6a7e6310
[INFO] running `Command { std: "docker" "start" "-a" "f5b1f8df7da483520d4aba4fe994d714a742c9e2a157bbcbfbea426c6a7e6310", kill_on_drop: false }`
[INFO] [stderr]    Compiling proc-macro2 v1.0.92
[INFO] [stderr]    Compiling unicode-ident v1.0.14
[INFO] [stderr]    Compiling autocfg v1.4.0
[INFO] [stderr]    Compiling typenum v1.17.0
[INFO] [stderr]    Compiling version_check v0.9.5
[INFO] [stderr]    Compiling syn v1.0.109
[INFO] [stderr]    Compiling subtle v2.6.1
[INFO] [stderr]    Compiling rand_core v0.6.4
[INFO] [stderr]    Compiling thiserror v1.0.69
[INFO] [stderr]    Compiling hex v0.4.3
[INFO] [stderr]    Compiling generic-array v0.14.7
[INFO] [stderr]    Compiling num-traits v0.2.19
[INFO] [stderr]    Compiling quote v1.0.37
[INFO] [stderr]    Compiling syn v2.0.90
[INFO] [stderr]    Compiling num-integer v0.1.46
[INFO] [stderr]    Compiling num-bigint v0.4.6
[INFO] [stderr]    Compiling crypto-common v0.1.6
[INFO] [stderr]    Compiling digest v0.10.7
[INFO] [stderr]    Compiling enum-ordinalize v3.1.15
[INFO] [stderr]    Compiling zeroize_derive v1.4.2
[INFO] [stderr]    Compiling thiserror-impl v1.0.69
[INFO] [stderr]    Compiling displaydoc v0.2.5
[INFO] [stderr]    Compiling zeroize v1.8.1
[INFO] [stderr]    Compiling generic-ec-core v0.2.2
[INFO] [stderr]    Compiling educe v0.4.23
[INFO] [stderr]    Compiling phantom-type v0.4.2
[INFO] [stderr]    Compiling generic-ec v0.4.4
[INFO] [stderr]    Compiling generic-ec-zkp v0.4.3
[INFO] [stderr]    Compiling key-share v0.5.2
[INFO] [stderr]    Compiling givre v0.1.2 (/opt/rustwide/workdir)
[INFO] [stderr]     Finished `dev` profile [unoptimized + debuginfo] target(s) in 18.24s
[INFO] running `Command { std: "docker" "inspect" "f5b1f8df7da483520d4aba4fe994d714a742c9e2a157bbcbfbea426c6a7e6310", kill_on_drop: false }`
[INFO] running `Command { std: "docker" "rm" "-f" "f5b1f8df7da483520d4aba4fe994d714a742c9e2a157bbcbfbea426c6a7e6310", kill_on_drop: false }`
[INFO] [stdout] f5b1f8df7da483520d4aba4fe994d714a742c9e2a157bbcbfbea426c6a7e6310
[INFO] running `Command { std: "docker" "create" "-v" "/var/lib/crater-agent-workspace/builds/worker-1-tc2/target:/opt/rustwide/target:rw,Z" "-v" "/var/lib/crater-agent-workspace/builds/worker-1-tc2/source:/opt/rustwide/workdir:ro,Z" "-v" "/var/lib/crater-agent-workspace/cargo-home:/opt/rustwide/cargo-home:ro,Z" "-v" "/var/lib/crater-agent-workspace/rustup-home:/opt/rustwide/rustup-home:ro,Z" "-e" "SOURCE_DIR=/opt/rustwide/workdir" "-e" "CARGO_TARGET_DIR=/opt/rustwide/target" "-e" "CARGO_INCREMENTAL=0" "-e" "RUST_BACKTRACE=full" "-e" "RUSTFLAGS=--cap-lints=warn" "-e" "RUSTDOCFLAGS=--cap-lints=warn" "-e" "CARGO_HOME=/opt/rustwide/cargo-home" "-e" "RUSTUP_HOME=/opt/rustwide/rustup-home" "-w" "/opt/rustwide/workdir" "-m" "1610612736" "--user" "0:0" "--network" "none" "ghcr.io/rust-lang/crates-build-env/linux@sha256:f3a9d4ad9d972b27faf3965f35b62e55ba32bbce8f20bc8fe909558a86702fde" "/opt/rustwide/cargo-home/bin/cargo" "+beta-2024-12-08" "test" "--frozen" "--no-run" "--message-format=json", kill_on_drop: false }`
[INFO] [stdout] 535cecf37b3a93f460be23b5ce433abf319994a602790839f62190ef225a4b83
[INFO] running `Command { std: "docker" "start" "-a" "535cecf37b3a93f460be23b5ce433abf319994a602790839f62190ef225a4b83", kill_on_drop: false }`
[INFO] [stderr]    Compiling libc v0.2.168
[INFO] [stderr]    Compiling cfg-if v1.0.0
[INFO] [stderr]    Compiling futures-core v0.3.31
[INFO] [stderr]    Compiling futures-sink v0.3.31
[INFO] [stderr]    Compiling pin-utils v0.1.0
[INFO] [stderr]    Compiling futures-task v0.3.31
[INFO] [stderr]    Compiling pin-project-lite v0.2.15
[INFO] [stderr]    Compiling slab v0.4.9
[INFO] [stderr]    Compiling memchr v2.7.4
[INFO] [stderr]    Compiling futures-io v0.3.31
[INFO] [stderr]    Compiling futures-macro v0.3.31
[INFO] [stderr]    Compiling futures-channel v0.3.31
[INFO] [stderr]    Compiling getrandom v0.2.15
[INFO] [stderr]    Compiling rand_core v0.6.4
[INFO] [stderr]    Compiling futures-util v0.3.31
[INFO] [stderr]    Compiling generic-ec-core v0.2.2
[INFO] [stderr]    Compiling generic-ec v0.4.4
[INFO] [stderr]    Compiling generic-ec-zkp v0.4.3
[INFO] [stderr]    Compiling key-share v0.5.2
[INFO] [stderr]    Compiling givre v0.1.2 (/opt/rustwide/workdir)
[INFO] [stderr]    Compiling futures-executor v0.3.31
[INFO] [stderr]    Compiling futures v0.3.31
[INFO] [stderr]     Finished `test` profile [unoptimized + debuginfo] target(s) in 7.71s
[INFO] running `Command { std: "docker" "inspect" "535cecf37b3a93f460be23b5ce433abf319994a602790839f62190ef225a4b83", kill_on_drop: false }`
[INFO] running `Command { std: "docker" "rm" "-f" "535cecf37b3a93f460be23b5ce433abf319994a602790839f62190ef225a4b83", kill_on_drop: false }`
[INFO] [stdout] 535cecf37b3a93f460be23b5ce433abf319994a602790839f62190ef225a4b83
[INFO] running `Command { std: "docker" "create" "-v" "/var/lib/crater-agent-workspace/builds/worker-1-tc2/target:/opt/rustwide/target:rw,Z" "-v" "/var/lib/crater-agent-workspace/builds/worker-1-tc2/source:/opt/rustwide/workdir:ro,Z" "-v" "/var/lib/crater-agent-workspace/cargo-home:/opt/rustwide/cargo-home:ro,Z" "-v" "/var/lib/crater-agent-workspace/rustup-home:/opt/rustwide/rustup-home:ro,Z" "-e" "SOURCE_DIR=/opt/rustwide/workdir" "-e" "CARGO_TARGET_DIR=/opt/rustwide/target" "-e" "CARGO_INCREMENTAL=0" "-e" "RUST_BACKTRACE=full" "-e" "RUSTFLAGS=--cap-lints=warn" "-e" "RUSTDOCFLAGS=--cap-lints=warn" "-e" "CARGO_HOME=/opt/rustwide/cargo-home" "-e" "RUSTUP_HOME=/opt/rustwide/rustup-home" "-w" "/opt/rustwide/workdir" "-m" "1610612736" "--user" "0:0" "--network" "none" "ghcr.io/rust-lang/crates-build-env/linux@sha256:f3a9d4ad9d972b27faf3965f35b62e55ba32bbce8f20bc8fe909558a86702fde" "/opt/rustwide/cargo-home/bin/cargo" "+beta-2024-12-08" "test" "--frozen", kill_on_drop: false }`
[INFO] [stdout] df6917e795378157269c43d480ac3f49f993915c925a5186b20ba59c77b59d25
[INFO] running `Command { std: "docker" "start" "-a" "df6917e795378157269c43d480ac3f49f993915c925a5186b20ba59c77b59d25", kill_on_drop: false }`
[INFO] [stderr]     Finished `test` profile [unoptimized + debuginfo] target(s) in 0.09s
[INFO] [stderr]      Running unittests src/lib.rs (/opt/rustwide/target/debug/deps/givre-594da06ac5005bde)
[INFO] [stdout] 
[INFO] [stdout] running 0 tests
[INFO] [stdout] 
[INFO] [stdout] test result: ok. 0 passed; 0 failed; 0 ignored; 0 measured; 0 filtered out; finished in 0.00s
[INFO] [stdout] 
[INFO] [stderr]    Doc-tests givre
[INFO] [stdout] 
[INFO] [stdout] running 4 tests
[INFO] [stdout] test src/lib.rs - (line 40) ... ignored
[INFO] [stdout] test src/lib.rs - (line 118) - compile ... FAILED
[INFO] [stdout] test src/lib.rs - (line 61) ... FAILED
[INFO] [stdout] test src/lib.rs - (line 72) - compile ... FAILED
[INFO] [stdout] 
[INFO] [stdout] failures:
[INFO] [stdout] 
[INFO] [stdout] ---- src/lib.rs - (line 118) stdout ----
[INFO] [stdout] error[E0432]: unresolved import `givre::ciphersuite::Secp256k1`
[INFO] [stdout]   --> src/lib.rs:120:5
[INFO] [stdout]    |
[INFO] [stdout] 5  | use givre::ciphersuite::Secp256k1;
[INFO] [stdout]    |     ^^^^^^^^^^^^^^^^^^^^^^^^^^^^^ no `Secp256k1` in `ciphersuite`
[INFO] [stdout]    |
[INFO] [stdout] note: found an item that was configured out
[INFO] [stdout]   --> /opt/rustwide/workdir/src/ciphersuite.rs:28:20
[INFO] [stdout]    |
[INFO] [stdout] 28 | pub use secp256k1::Secp256k1;
[INFO] [stdout]    |                    ^^^^^^^^^
[INFO] [stdout] note: the item is gated behind the `ciphersuite-secp256k1` feature
[INFO] [stdout]   --> /opt/rustwide/workdir/src/ciphersuite.rs:27:7
[INFO] [stdout]    |
[INFO] [stdout] 27 | #[cfg(feature = "ciphersuite-secp256k1")]
[INFO] [stdout]    |       ^^^^^^^^^^^^^^^^^^^^^^^^^^^^^^^^^
[INFO] [stdout] 
[INFO] [stdout] error[E0433]: failed to resolve: could not find `full_signing` in `signing`
[INFO] [stdout]   --> src/lib.rs:122:46
[INFO] [stdout]    |
[INFO] [stdout] 7  | async fn doc() -> Result<(), givre::signing::full_signing::FullSigningError> {
[INFO] [stdout]    |                                              ^^^^^^^^^^^^ could not find `full_signing` in `signing`
[INFO] [stdout]    |
[INFO] [stdout] note: found an item that was configured out
[INFO] [stdout]   --> /opt/rustwide/workdir/src/signing.rs:33:9
[INFO] [stdout]    |
[INFO] [stdout] 33 | pub mod full_signing;
[INFO] [stdout]    |         ^^^^^^^^^^^^
[INFO] [stdout] note: the item is gated behind the `full-signing` feature
[INFO] [stdout]   --> /opt/rustwide/workdir/src/signing.rs:32:7
[INFO] [stdout]    |
[INFO] [stdout] 32 | #[cfg(feature = "full-signing")]
[INFO] [stdout]    |       ^^^^^^^^^^^^^^^^^^^^^^^^
[INFO] [stdout] 
[INFO] [stdout] error[E0433]: failed to resolve: could not find `full_signing` in `signing`
[INFO] [stdout]   --> src/lib.rs:123:28
[INFO] [stdout]    |
[INFO] [stdout] 8  | type Msg = givre::signing::full_signing::Msg<<Secp256k1 as givre::Ciphersuite>::Curve>;
[INFO] [stdout]    |                            ^^^^^^^^^^^^ could not find `full_signing` in `signing`
[INFO] [stdout]    |
[INFO] [stdout] note: found an item that was configured out
[INFO] [stdout]   --> /opt/rustwide/workdir/src/signing.rs:33:9
[INFO] [stdout]    |
[INFO] [stdout] 33 | pub mod full_signing;
[INFO] [stdout]    |         ^^^^^^^^^^^^
[INFO] [stdout] note: the item is gated behind the `full-signing` feature
[INFO] [stdout]   --> /opt/rustwide/workdir/src/signing.rs:32:7
[INFO] [stdout]    |
[INFO] [stdout] 32 | #[cfg(feature = "full-signing")]
[INFO] [stdout]    |       ^^^^^^^^^^^^^^^^^^^^^^^^
[INFO] [stdout] 
[INFO] [stdout] error[E0433]: failed to resolve: use of undeclared crate or module `round_based`
[INFO] [stdout]   --> src/lib.rs:127:13
[INFO] [stdout]    |
[INFO] [stdout] 12 | let party = round_based::MpcParty::connected(delivery);
[INFO] [stdout]    |             ^^^^^^^^^^^ use of undeclared crate or module `round_based`
[INFO] [stdout] 
[INFO] [stdout] error[E0423]: expected function, found module `givre::signing`
[INFO] [stdout]   --> src/lib.rs:143:17
[INFO] [stdout]    |
[INFO] [stdout] 28 | let signature = givre::signing::<Secp256k1>(i, &key_share, &parties_indexes_at_keygen, data_to_sign)
[INFO] [stdout]    |                 ^^^^^^^^^^^^^^^^^^^^^^^^^^^ not a function
[INFO] [stdout] 
[INFO] [stdout] error[E0433]: failed to resolve: use of undeclared crate or module `round_based`
[INFO] [stdout]  --> src/lib.rs:124:50
[INFO] [stdout]   |
[INFO] [stdout] 9 | let incoming = futures::stream::pending::<Result<round_based::Incoming<Msg>, std::convert::Infallible>>();
[INFO] [stdout]   |                                                  ^^^^^^^^^^^ use of undeclared crate or module `round_based`
[INFO] [stdout] 
[INFO] [stdout] error[E0433]: failed to resolve: use of undeclared crate or module `round_based`
[INFO] [stdout]   --> src/lib.rs:125:39
[INFO] [stdout]    |
[INFO] [stdout] 10 | let outgoing = futures::sink::drain::<round_based::Outgoing<Msg>>();
[INFO] [stdout]    |                                       ^^^^^^^^^^^ use of undeclared crate or module `round_based`
[INFO] [stdout] 
[INFO] [stdout] error: aborting due to 7 previous errors
[INFO] [stdout] 
[INFO] [stdout] Some errors have detailed explanations: E0423, E0432, E0433.
[INFO] [stdout] For more information about an error, try `rustc --explain E0423`.
[INFO] [stdout] Couldn't compile the test.
[INFO] [stdout] ---- src/lib.rs - (line 61) stdout ----
[INFO] [stdout] error[E0433]: failed to resolve: could not find `keygen` in `givre`
[INFO] [stdout]    --> src/lib.rs:63:19
[INFO] [stdout]     |
[INFO] [stdout] 5   | type Msg = givre::keygen::msg::threshold::Msg<givre::generic_ec::curves::Secp256k1, givre::keygen::security_level::SecurityLevel128, sha2...
[INFO] [stdout]     |                   ^^^^^^ could not find `keygen` in `givre`
[INFO] [stdout]     |
[INFO] [stdout] note: found an item that was configured out
[INFO] [stdout]    --> /opt/rustwide/workdir/src/lib.rs:235:9
[INFO] [stdout]     |
[INFO] [stdout] 235 | pub mod keygen {
[INFO] [stdout]     |         ^^^^^^
[INFO] [stdout] note: the item is gated behind the `cggmp21-keygen` feature
[INFO] [stdout]    --> /opt/rustwide/workdir/src/lib.rs:234:7
[INFO] [stdout]     |
[INFO] [stdout] 234 | #[cfg(feature = "cggmp21-keygen")]
[INFO] [stdout]     |       ^^^^^^^^^^^^^^^^^^^^^^^^^^
[INFO] [stdout] note: found an item that was configured out
[INFO] [stdout]    --> /opt/rustwide/workdir/src/lib.rs:242:25
[INFO] [stdout]     |
[INFO] [stdout] 242 | pub use cggmp21_keygen::keygen;
[INFO] [stdout]     |                         ^^^^^^
[INFO] [stdout] note: the item is gated behind the `cggmp21-keygen` feature
[INFO] [stdout]    --> /opt/rustwide/workdir/src/lib.rs:240:7
[INFO] [stdout]     |
[INFO] [stdout] 240 | #[cfg(feature = "cggmp21-keygen")]
[INFO] [stdout]     |       ^^^^^^^^^^^^^^^^^^^^^^^^^^
[INFO] [stdout] 
[INFO] [stdout] error[E0433]: failed to resolve: could not find `keygen` in `givre`
[INFO] [stdout]    --> src/lib.rs:63:92
[INFO] [stdout]     |
[INFO] [stdout] 5   | type Msg = givre::keygen::msg::threshold::Msg<givre::generic_ec::curves::Secp256k1, givre::keygen::security_level::SecurityLevel128, sha2...
[INFO] [stdout]     |                                                                                            ^^^^^^ could not find `keygen` in `givre`
[INFO] [stdout]     |
[INFO] [stdout] note: found an item that was configured out
[INFO] [stdout]    --> /opt/rustwide/workdir/src/lib.rs:235:9
[INFO] [stdout]     |
[INFO] [stdout] 235 | pub mod keygen {
[INFO] [stdout]     |         ^^^^^^
[INFO] [stdout] note: the item is gated behind the `cggmp21-keygen` feature
[INFO] [stdout]    --> /opt/rustwide/workdir/src/lib.rs:234:7
[INFO] [stdout]     |
[INFO] [stdout] 234 | #[cfg(feature = "cggmp21-keygen")]
[INFO] [stdout]     |       ^^^^^^^^^^^^^^^^^^^^^^^^^^
[INFO] [stdout] note: found an item that was configured out
[INFO] [stdout]    --> /opt/rustwide/workdir/src/lib.rs:242:25
[INFO] [stdout]     |
[INFO] [stdout] 242 | pub use cggmp21_keygen::keygen;
[INFO] [stdout]     |                         ^^^^^^
[INFO] [stdout] note: the item is gated behind the `cggmp21-keygen` feature
[INFO] [stdout]    --> /opt/rustwide/workdir/src/lib.rs:240:7
[INFO] [stdout]     |
[INFO] [stdout] 240 | #[cfg(feature = "cggmp21-keygen")]
[INFO] [stdout]     |       ^^^^^^^^^^^^^^^^^^^^^^^^^^
[INFO] [stdout] 
[INFO] [stdout] error[E0433]: failed to resolve: use of undeclared crate or module `round_based`
[INFO] [stdout]  --> src/lib.rs:67:13
[INFO] [stdout]   |
[INFO] [stdout] 9 | let party = round_based::MpcParty::connected(delivery);
[INFO] [stdout]   |             ^^^^^^^^^^^ use of undeclared crate or module `round_based`
[INFO] [stdout] 
[INFO] [stdout] error[E0412]: cannot find type `Secp256k1` in module `givre::generic_ec::curves`
[INFO] [stdout]    --> src/lib.rs:63:74
[INFO] [stdout]     |
[INFO] [stdout] 5   | type Msg = givre::keygen::msg::threshold::Msg<givre::generic_ec::curves::Secp256k1, givre::keygen::security_level::SecurityLevel128, sha2...
[INFO] [stdout]     |                                                                          ^^^^^^^^^ not found in `givre::generic_ec::curves`
[INFO] [stdout]     |
[INFO] [stdout] note: found an item that was configured out
[INFO] [stdout]    --> /opt/rustwide/cargo-home/registry/src/index.crates.io-6f17d22bba15001f/generic-ec-0.4.4/src/lib.rs:249:32
[INFO] [stdout]     |
[INFO] [stdout] 249 |     pub use generic_ec_curves::Secp256k1;
[INFO] [stdout]     |                                ^^^^^^^^^
[INFO] [stdout] note: the item is gated behind the `curve-secp256k1` feature
[INFO] [stdout]    --> /opt/rustwide/cargo-home/registry/src/index.crates.io-6f17d22bba15001f/generic-ec-0.4.4/src/lib.rs:247:11
[INFO] [stdout]     |
[INFO] [stdout] 247 |     #[cfg(feature = "curve-secp256k1")]
[INFO] [stdout]     |           ^^^^^^^^^^^^^^^^^^^^^^^^^^^
[INFO] [stdout] 
[INFO] [stdout] error[E0433]: failed to resolve: use of undeclared crate or module `sha2`
[INFO] [stdout]  --> src/lib.rs:63:134
[INFO] [stdout]   |
[INFO] [stdout] 5 | ...::keygen::security_level::SecurityLevel128, sha2::Sha256>;
[INFO] [stdout]   |                                                ^^^^ use of undeclared crate or module `sha2`
[INFO] [stdout] 
[INFO] [stdout] error[E0433]: failed to resolve: use of undeclared crate or module `round_based`
[INFO] [stdout]  --> src/lib.rs:64:50
[INFO] [stdout]   |
[INFO] [stdout] 6 | let incoming = futures::stream::pending::<Result<round_based::Incoming<Msg>, std::convert::Infallible>>();
[INFO] [stdout]   |                                                  ^^^^^^^^^^^ use of undeclared crate or module `round_based`
[INFO] [stdout] 
[INFO] [stdout] error[E0433]: failed to resolve: use of undeclared crate or module `round_based`
[INFO] [stdout]  --> src/lib.rs:65:39
[INFO] [stdout]   |
[INFO] [stdout] 7 | let outgoing = futures::sink::drain::<round_based::Outgoing<Msg>>();
[INFO] [stdout]   |                                       ^^^^^^^^^^^ use of undeclared crate or module `round_based`
[INFO] [stdout] 
[INFO] [stdout] error: aborting due to 7 previous errors
[INFO] [stdout] 
[INFO] [stdout] Some errors have detailed explanations: E0412, E0433.
[INFO] [stdout] For more information about an error, try `rustc --explain E0412`.
[INFO] [stdout] Couldn't compile the test.
[INFO] [stdout] ---- src/lib.rs - (line 72) stdout ----
[INFO] [stdout] error[E0432]: unresolved import `givre::ciphersuite::Secp256k1`
[INFO] [stdout]   --> src/lib.rs:74:39
[INFO] [stdout]    |
[INFO] [stdout] 5  | use givre::ciphersuite::{Ciphersuite, Secp256k1};
[INFO] [stdout]    |                                       ^^^^^^^^^ no `Secp256k1` in `ciphersuite`
[INFO] [stdout]    |
[INFO] [stdout] note: found an item that was configured out
[INFO] [stdout]   --> /opt/rustwide/workdir/src/ciphersuite.rs:28:20
[INFO] [stdout]    |
[INFO] [stdout] 28 | pub use secp256k1::Secp256k1;
[INFO] [stdout]    |                    ^^^^^^^^^
[INFO] [stdout] note: the item is gated behind the `ciphersuite-secp256k1` feature
[INFO] [stdout]   --> /opt/rustwide/workdir/src/ciphersuite.rs:27:7
[INFO] [stdout]    |
[INFO] [stdout] 27 | #[cfg(feature = "ciphersuite-secp256k1")]
[INFO] [stdout]    |       ^^^^^^^^^^^^^^^^^^^^^^^^^^^^^^^^^
[INFO] [stdout] 
[INFO] [stdout] error[E0433]: failed to resolve: could not find `keygen` in `givre`
[INFO] [stdout]    --> src/lib.rs:76:37
[INFO] [stdout]     |
[INFO] [stdout] 7   | async fn doc() -> Result<(), givre::keygen::KeygenError> {
[INFO] [stdout]     |                                     ^^^^^^ could not find `keygen` in `givre`
[INFO] [stdout]     |
[INFO] [stdout] note: found an item that was configured out
[INFO] [stdout]    --> /opt/rustwide/workdir/src/lib.rs:235:9
[INFO] [stdout]     |
[INFO] [stdout] 235 | pub mod keygen {
[INFO] [stdout]     |         ^^^^^^
[INFO] [stdout] note: the item is gated behind the `cggmp21-keygen` feature
[INFO] [stdout]    --> /opt/rustwide/workdir/src/lib.rs:234:7
[INFO] [stdout]     |
[INFO] [stdout] 234 | #[cfg(feature = "cggmp21-keygen")]
[INFO] [stdout]     |       ^^^^^^^^^^^^^^^^^^^^^^^^^^
[INFO] [stdout] note: found an item that was configured out
[INFO] [stdout]    --> /opt/rustwide/workdir/src/lib.rs:242:25
[INFO] [stdout]     |
[INFO] [stdout] 242 | pub use cggmp21_keygen::keygen;
[INFO] [stdout]     |                         ^^^^^^
[INFO] [stdout] note: the item is gated behind the `cggmp21-keygen` feature
[INFO] [stdout]    --> /opt/rustwide/workdir/src/lib.rs:240:7
[INFO] [stdout]     |
[INFO] [stdout] 240 | #[cfg(feature = "cggmp21-keygen")]
[INFO] [stdout]     |       ^^^^^^^^^^^^^^^^^^^^^^^^^^
[INFO] [stdout] 
[INFO] [stdout] error[E0433]: failed to resolve: could not find `keygen` in `givre`
[INFO] [stdout]    --> src/lib.rs:77:19
[INFO] [stdout]     |
[INFO] [stdout] 8   | type Msg = givre::keygen::msg::threshold::Msg<<Secp256k1 as Ciphersuite>::Curve, givre::keygen::security_level::SecurityLevel128, sha2::S...
[INFO] [stdout]     |                   ^^^^^^ could not find `keygen` in `givre`
[INFO] [stdout]     |
[INFO] [stdout] note: found an item that was configured out
[INFO] [stdout]    --> /opt/rustwide/workdir/src/lib.rs:235:9
[INFO] [stdout]     |
[INFO] [stdout] 235 | pub mod keygen {
[INFO] [stdout]     |         ^^^^^^
[INFO] [stdout] note: the item is gated behind the `cggmp21-keygen` feature
[INFO] [stdout]    --> /opt/rustwide/workdir/src/lib.rs:234:7
[INFO] [stdout]     |
[INFO] [stdout] 234 | #[cfg(feature = "cggmp21-keygen")]
[INFO] [stdout]     |       ^^^^^^^^^^^^^^^^^^^^^^^^^^
[INFO] [stdout] note: found an item that was configured out
[INFO] [stdout]    --> /opt/rustwide/workdir/src/lib.rs:242:25
[INFO] [stdout]     |
[INFO] [stdout] 242 | pub use cggmp21_keygen::keygen;
[INFO] [stdout]     |                         ^^^^^^
[INFO] [stdout] note: the item is gated behind the `cggmp21-keygen` feature
[INFO] [stdout]    --> /opt/rustwide/workdir/src/lib.rs:240:7
[INFO] [stdout]     |
[INFO] [stdout] 240 | #[cfg(feature = "cggmp21-keygen")]
[INFO] [stdout]     |       ^^^^^^^^^^^^^^^^^^^^^^^^^^
[INFO] [stdout] 
[INFO] [stdout] error[E0433]: failed to resolve: could not find `keygen` in `givre`
[INFO] [stdout]    --> src/lib.rs:77:89
[INFO] [stdout]     |
[INFO] [stdout] 8   | type Msg = givre::keygen::msg::threshold::Msg<<Secp256k1 as Ciphersuite>::Curve, givre::keygen::security_level::SecurityLevel128, sha2::S...
[INFO] [stdout]     |                                                                                         ^^^^^^ could not find `keygen` in `givre`
[INFO] [stdout]     |
[INFO] [stdout] note: found an item that was configured out
[INFO] [stdout]    --> /opt/rustwide/workdir/src/lib.rs:235:9
[INFO] [stdout]     |
[INFO] [stdout] 235 | pub mod keygen {
[INFO] [stdout]     |         ^^^^^^
[INFO] [stdout] note: the item is gated behind the `cggmp21-keygen` feature
[INFO] [stdout]    --> /opt/rustwide/workdir/src/lib.rs:234:7
[INFO] [stdout]     |
[INFO] [stdout] 234 | #[cfg(feature = "cggmp21-keygen")]
[INFO] [stdout]     |       ^^^^^^^^^^^^^^^^^^^^^^^^^^
[INFO] [stdout] note: found an item that was configured out
[INFO] [stdout]    --> /opt/rustwide/workdir/src/lib.rs:242:25
[INFO] [stdout]     |
[INFO] [stdout] 242 | pub use cggmp21_keygen::keygen;
[INFO] [stdout]     |                         ^^^^^^
[INFO] [stdout] note: the item is gated behind the `cggmp21-keygen` feature
[INFO] [stdout]    --> /opt/rustwide/workdir/src/lib.rs:240:7
[INFO] [stdout]     |
[INFO] [stdout] 240 | #[cfg(feature = "cggmp21-keygen")]
[INFO] [stdout]     |       ^^^^^^^^^^^^^^^^^^^^^^^^^^
[INFO] [stdout] 
[INFO] [stdout] error[E0433]: failed to resolve: use of undeclared crate or module `round_based`
[INFO] [stdout]   --> src/lib.rs:81:13
[INFO] [stdout]    |
[INFO] [stdout] 12 | let party = round_based::MpcParty::connected(delivery);
[INFO] [stdout]    |             ^^^^^^^^^^^ use of undeclared crate or module `round_based`
[INFO] [stdout] 
[INFO] [stdout] error[E0433]: failed to resolve: could not find `keygen` in `givre`
[INFO] [stdout]    --> src/lib.rs:85:18
[INFO] [stdout]     |
[INFO] [stdout] 16  | let eid = givre::keygen::ExecutionId::new(b"execution id, unique per protocol execution");
[INFO] [stdout]     |                  ^^^^^^ could not find `keygen` in `givre`
[INFO] [stdout]     |
[INFO] [stdout] note: found an item that was configured out
[INFO] [stdout]    --> /opt/rustwide/workdir/src/lib.rs:235:9
[INFO] [stdout]     |
[INFO] [stdout] 235 | pub mod keygen {
[INFO] [stdout]     |         ^^^^^^
[INFO] [stdout] note: the item is gated behind the `cggmp21-keygen` feature
[INFO] [stdout]    --> /opt/rustwide/workdir/src/lib.rs:234:7
[INFO] [stdout]     |
[INFO] [stdout] 234 | #[cfg(feature = "cggmp21-keygen")]
[INFO] [stdout]     |       ^^^^^^^^^^^^^^^^^^^^^^^^^^
[INFO] [stdout] note: found an item that was configured out
[INFO] [stdout]    --> /opt/rustwide/workdir/src/lib.rs:242:25
[INFO] [stdout]     |
[INFO] [stdout] 242 | pub use cggmp21_keygen::keygen;
[INFO] [stdout]     |                         ^^^^^^
[INFO] [stdout] note: the item is gated behind the `cggmp21-keygen` feature
[INFO] [stdout]    --> /opt/rustwide/workdir/src/lib.rs:240:7
[INFO] [stdout]     |
[INFO] [stdout] 240 | #[cfg(feature = "cggmp21-keygen")]
[INFO] [stdout]     |       ^^^^^^^^^^^^^^^^^^^^^^^^^^
[INFO] [stdout] 
[INFO] [stdout] error[E0425]: cannot find function `keygen` in crate `givre`
[INFO] [stdout]    --> src/lib.rs:93:24
[INFO] [stdout]     |
[INFO] [stdout] 24  | let key_share = givre::keygen::<<Secp256k1 as Ciphersuite>::Curve>(eid, i, n)
[INFO] [stdout]     |                        ^^^^^^ not found in `givre`
[INFO] [stdout]     |
[INFO] [stdout] note: found an item that was configured out
[INFO] [stdout]    --> /opt/rustwide/workdir/src/lib.rs:235:9
[INFO] [stdout]     |
[INFO] [stdout] 235 | pub mod keygen {
[INFO] [stdout]     |         ^^^^^^
[INFO] [stdout] note: the item is gated behind the `cggmp21-keygen` feature
[INFO] [stdout]    --> /opt/rustwide/workdir/src/lib.rs:234:7
[INFO] [stdout]     |
[INFO] [stdout] 234 | #[cfg(feature = "cggmp21-keygen")]
[INFO] [stdout]     |       ^^^^^^^^^^^^^^^^^^^^^^^^^^
[INFO] [stdout] note: found an item that was configured out
[INFO] [stdout]    --> /opt/rustwide/workdir/src/lib.rs:242:25
[INFO] [stdout]     |
[INFO] [stdout] 242 | pub use cggmp21_keygen::keygen;
[INFO] [stdout]     |                         ^^^^^^
[INFO] [stdout] note: the item is gated behind the `cggmp21-keygen` feature
[INFO] [stdout]    --> /opt/rustwide/workdir/src/lib.rs:240:7
[INFO] [stdout]     |
[INFO] [stdout] 240 | #[cfg(feature = "cggmp21-keygen")]
[INFO] [stdout]     |       ^^^^^^^^^^^^^^^^^^^^^^^^^^
[INFO] [stdout] 
[INFO] [stdout] error[E0433]: failed to resolve: use of undeclared crate or module `sha2`
[INFO] [stdout]  --> src/lib.rs:77:131
[INFO] [stdout]   |
[INFO] [stdout] 8 | ...::keygen::security_level::SecurityLevel128, sha2::Sha256>;
[INFO] [stdout]   |                                                ^^^^ use of undeclared crate or module `sha2`
[INFO] [stdout] 
[INFO] [stdout] error[E0433]: failed to resolve: use of undeclared crate or module `round_based`
[INFO] [stdout]  --> src/lib.rs:78:50
[INFO] [stdout]   |
[INFO] [stdout] 9 | let incoming = futures::stream::pending::<Result<round_based::Incoming<Msg>, std::convert::Infallible>>();
[INFO] [stdout]   |                                                  ^^^^^^^^^^^ use of undeclared crate or module `round_based`
[INFO] [stdout] 
[INFO] [stdout] error[E0433]: failed to resolve: use of undeclared crate or module `round_based`
[INFO] [stdout]   --> src/lib.rs:79:39
[INFO] [stdout]    |
[INFO] [stdout] 10 | let outgoing = futures::sink::drain::<round_based::Outgoing<Msg>>();
[INFO] [stdout]    |                                       ^^^^^^^^^^^ use of undeclared crate or module `round_based`
[INFO] [stdout] 
[INFO] [stdout] error: aborting due to 10 previous errors
[INFO] [stdout] 
[INFO] [stdout] Some errors have detailed explanations: E0425, E0432, E0433.
[INFO] [stdout] For more information about an error, try `rustc --explain E0425`.
[INFO] [stdout] Couldn't compile the test.
[INFO] [stdout] 
[INFO] [stdout] failures:
[INFO] [stdout]     src/lib.rs - (line 118)
[INFO] [stdout]     src/lib.rs - (line 61)
[INFO] [stdout]     src/lib.rs - (line 72)
[INFO] [stdout] 
[INFO] [stdout] test result: FAILED. 0 passed; 3 failed; 1 ignored; 0 measured; 0 filtered out; finished in 0.25s
[INFO] [stdout] 
[INFO] [stderr] error: doctest failed, to rerun pass `--doc`
[INFO] running `Command { std: "docker" "inspect" "df6917e795378157269c43d480ac3f49f993915c925a5186b20ba59c77b59d25", kill_on_drop: false }`
[INFO] running `Command { std: "docker" "rm" "-f" "df6917e795378157269c43d480ac3f49f993915c925a5186b20ba59c77b59d25", kill_on_drop: false }`
[INFO] [stdout] df6917e795378157269c43d480ac3f49f993915c925a5186b20ba59c77b59d25
