[INFO] fetching crate giveup 0.1.0...
[INFO] testing giveup-0.1.0 against 1.83.0 for beta-1.84.0-4-retry
[INFO] extracting crate giveup 0.1.0 into /workspace/builds/worker-1-tc1/source
[INFO] validating manifest of crates.io crate giveup 0.1.0 on toolchain 1.83.0
[INFO] running `Command { std: CARGO_HOME="/workspace/cargo-home" RUSTUP_HOME="/workspace/rustup-home" "/workspace/cargo-home/bin/cargo" "+1.83.0" "metadata" "--manifest-path" "Cargo.toml" "--no-deps", kill_on_drop: false }`
[INFO] started tweaking crates.io crate giveup 0.1.0
[INFO] finished tweaking crates.io crate giveup 0.1.0
[INFO] tweaked toml for crates.io crate giveup 0.1.0 written to /workspace/builds/worker-1-tc1/source/Cargo.toml
[INFO] running `Command { std: CARGO_HOME="/workspace/cargo-home" RUSTUP_HOME="/workspace/rustup-home" "/workspace/cargo-home/bin/cargo" "+1.83.0" "generate-lockfile" "--manifest-path" "Cargo.toml", kill_on_drop: false }`
[INFO] [stderr]     Updating crates.io index
[INFO] [stderr]      Locking 11 packages to latest compatible versions
[INFO] running `Command { std: CARGO_HOME="/workspace/cargo-home" RUSTUP_HOME="/workspace/rustup-home" "/workspace/cargo-home/bin/cargo" "+1.83.0" "fetch" "--manifest-path" "Cargo.toml", kill_on_drop: false }`
[INFO] running `Command { std: "docker" "create" "-v" "/var/lib/crater-agent-workspace/builds/worker-1-tc1/target:/opt/rustwide/target:rw,Z" "-v" "/var/lib/crater-agent-workspace/builds/worker-1-tc1/source:/opt/rustwide/workdir:ro,Z" "-v" "/var/lib/crater-agent-workspace/cargo-home:/opt/rustwide/cargo-home:ro,Z" "-v" "/var/lib/crater-agent-workspace/rustup-home:/opt/rustwide/rustup-home:ro,Z" "-e" "SOURCE_DIR=/opt/rustwide/workdir" "-e" "CARGO_TARGET_DIR=/opt/rustwide/target" "-e" "CARGO_HOME=/opt/rustwide/cargo-home" "-e" "RUSTUP_HOME=/opt/rustwide/rustup-home" "-w" "/opt/rustwide/workdir" "-m" "1610612736" "--user" "0:0" "--network" "none" "ghcr.io/rust-lang/crates-build-env/linux@sha256:f3a9d4ad9d972b27faf3965f35b62e55ba32bbce8f20bc8fe909558a86702fde" "/opt/rustwide/cargo-home/bin/cargo" "+1.83.0" "metadata" "--no-deps" "--format-version=1", kill_on_drop: false }`
[INFO] [stdout] 33757cf7687387bfd2a51ea9691c08c8b0f5f41dc738093384c8b29ee9914547
[INFO] running `Command { std: "docker" "start" "-a" "33757cf7687387bfd2a51ea9691c08c8b0f5f41dc738093384c8b29ee9914547", kill_on_drop: false }`
[INFO] running `Command { std: "docker" "inspect" "33757cf7687387bfd2a51ea9691c08c8b0f5f41dc738093384c8b29ee9914547", kill_on_drop: false }`
[INFO] running `Command { std: "docker" "rm" "-f" "33757cf7687387bfd2a51ea9691c08c8b0f5f41dc738093384c8b29ee9914547", kill_on_drop: false }`
[INFO] [stdout] 33757cf7687387bfd2a51ea9691c08c8b0f5f41dc738093384c8b29ee9914547
[INFO] running `Command { std: "docker" "create" "-v" "/var/lib/crater-agent-workspace/builds/worker-1-tc1/target:/opt/rustwide/target:rw,Z" "-v" "/var/lib/crater-agent-workspace/builds/worker-1-tc1/source:/opt/rustwide/workdir:ro,Z" "-v" "/var/lib/crater-agent-workspace/cargo-home:/opt/rustwide/cargo-home:ro,Z" "-v" "/var/lib/crater-agent-workspace/rustup-home:/opt/rustwide/rustup-home:ro,Z" "-e" "SOURCE_DIR=/opt/rustwide/workdir" "-e" "CARGO_TARGET_DIR=/opt/rustwide/target" "-e" "CARGO_INCREMENTAL=0" "-e" "RUST_BACKTRACE=full" "-e" "RUSTFLAGS=--cap-lints=warn" "-e" "RUSTDOCFLAGS=--cap-lints=warn" "-e" "CARGO_HOME=/opt/rustwide/cargo-home" "-e" "RUSTUP_HOME=/opt/rustwide/rustup-home" "-w" "/opt/rustwide/workdir" "-m" "1610612736" "--user" "0:0" "--network" "none" "ghcr.io/rust-lang/crates-build-env/linux@sha256:f3a9d4ad9d972b27faf3965f35b62e55ba32bbce8f20bc8fe909558a86702fde" "/opt/rustwide/cargo-home/bin/cargo" "+1.83.0" "build" "--frozen" "--message-format=json", kill_on_drop: false }`
[INFO] [stdout] 459eb85f7f25a58947d0a3bcbeee56c463247a7df1b68efb49d47330404ce5e1
[INFO] running `Command { std: "docker" "start" "-a" "459eb85f7f25a58947d0a3bcbeee56c463247a7df1b68efb49d47330404ce5e1", kill_on_drop: false }`
[INFO] [stderr]    Compiling lazy_static v1.5.0
[INFO] [stderr]    Compiling colored v2.1.0
[INFO] [stderr]    Compiling giveup v0.1.0 (/opt/rustwide/workdir)
[INFO] [stderr]     Finished `dev` profile [unoptimized + debuginfo] target(s) in 0.58s
[INFO] running `Command { std: "docker" "inspect" "459eb85f7f25a58947d0a3bcbeee56c463247a7df1b68efb49d47330404ce5e1", kill_on_drop: false }`
[INFO] running `Command { std: "docker" "rm" "-f" "459eb85f7f25a58947d0a3bcbeee56c463247a7df1b68efb49d47330404ce5e1", kill_on_drop: false }`
[INFO] [stdout] 459eb85f7f25a58947d0a3bcbeee56c463247a7df1b68efb49d47330404ce5e1
[INFO] running `Command { std: "docker" "create" "-v" "/var/lib/crater-agent-workspace/builds/worker-1-tc1/target:/opt/rustwide/target:rw,Z" "-v" "/var/lib/crater-agent-workspace/builds/worker-1-tc1/source:/opt/rustwide/workdir:ro,Z" "-v" "/var/lib/crater-agent-workspace/cargo-home:/opt/rustwide/cargo-home:ro,Z" "-v" "/var/lib/crater-agent-workspace/rustup-home:/opt/rustwide/rustup-home:ro,Z" "-e" "SOURCE_DIR=/opt/rustwide/workdir" "-e" "CARGO_TARGET_DIR=/opt/rustwide/target" "-e" "CARGO_INCREMENTAL=0" "-e" "RUST_BACKTRACE=full" "-e" "RUSTFLAGS=--cap-lints=warn" "-e" "RUSTDOCFLAGS=--cap-lints=warn" "-e" "CARGO_HOME=/opt/rustwide/cargo-home" "-e" "RUSTUP_HOME=/opt/rustwide/rustup-home" "-w" "/opt/rustwide/workdir" "-m" "1610612736" "--user" "0:0" "--network" "none" "ghcr.io/rust-lang/crates-build-env/linux@sha256:f3a9d4ad9d972b27faf3965f35b62e55ba32bbce8f20bc8fe909558a86702fde" "/opt/rustwide/cargo-home/bin/cargo" "+1.83.0" "test" "--frozen" "--no-run" "--message-format=json", kill_on_drop: false }`
[INFO] [stdout] fc10fbb1c57780cb509e57a558cf79bf4636ecd98fb47c18c4f4be3315c8cad3
[INFO] running `Command { std: "docker" "start" "-a" "fc10fbb1c57780cb509e57a558cf79bf4636ecd98fb47c18c4f4be3315c8cad3", kill_on_drop: false }`
[INFO] [stderr]    Compiling giveup v0.1.0 (/opt/rustwide/workdir)
[INFO] [stderr]     Finished `test` profile [unoptimized + debuginfo] target(s) in 0.39s
[INFO] running `Command { std: "docker" "inspect" "fc10fbb1c57780cb509e57a558cf79bf4636ecd98fb47c18c4f4be3315c8cad3", kill_on_drop: false }`
[INFO] running `Command { std: "docker" "rm" "-f" "fc10fbb1c57780cb509e57a558cf79bf4636ecd98fb47c18c4f4be3315c8cad3", kill_on_drop: false }`
[INFO] [stdout] fc10fbb1c57780cb509e57a558cf79bf4636ecd98fb47c18c4f4be3315c8cad3
[INFO] running `Command { std: "docker" "create" "-v" "/var/lib/crater-agent-workspace/builds/worker-1-tc1/target:/opt/rustwide/target:rw,Z" "-v" "/var/lib/crater-agent-workspace/builds/worker-1-tc1/source:/opt/rustwide/workdir:ro,Z" "-v" "/var/lib/crater-agent-workspace/cargo-home:/opt/rustwide/cargo-home:ro,Z" "-v" "/var/lib/crater-agent-workspace/rustup-home:/opt/rustwide/rustup-home:ro,Z" "-e" "SOURCE_DIR=/opt/rustwide/workdir" "-e" "CARGO_TARGET_DIR=/opt/rustwide/target" "-e" "CARGO_INCREMENTAL=0" "-e" "RUST_BACKTRACE=full" "-e" "RUSTFLAGS=--cap-lints=warn" "-e" "RUSTDOCFLAGS=--cap-lints=warn" "-e" "CARGO_HOME=/opt/rustwide/cargo-home" "-e" "RUSTUP_HOME=/opt/rustwide/rustup-home" "-w" "/opt/rustwide/workdir" "-m" "1610612736" "--user" "0:0" "--network" "none" "ghcr.io/rust-lang/crates-build-env/linux@sha256:f3a9d4ad9d972b27faf3965f35b62e55ba32bbce8f20bc8fe909558a86702fde" "/opt/rustwide/cargo-home/bin/cargo" "+1.83.0" "test" "--frozen", kill_on_drop: false }`
[INFO] [stdout] 948483afc95ab4533bc50bfd642f2fa25b862a408ddb109ef1188fc1ff68d76e
[INFO] running `Command { std: "docker" "start" "-a" "948483afc95ab4533bc50bfd642f2fa25b862a408ddb109ef1188fc1ff68d76e", kill_on_drop: false }`
[INFO] [stderr]     Finished `test` profile [unoptimized + debuginfo] target(s) in 0.01s
[INFO] [stderr]      Running unittests src/lib.rs (/opt/rustwide/target/debug/deps/giveup-0789834a6442092c)
[INFO] [stdout] 
[INFO] [stdout] running 0 tests
[INFO] [stdout] 
[INFO] [stdout] test result: ok. 0 passed; 0 failed; 0 ignored; 0 measured; 0 filtered out; finished in 0.00s
[INFO] [stdout] 
[INFO] [stderr]    Doc-tests giveup
[INFO] [stdout] 
[INFO] [stdout] running 3 tests
[INFO] [stdout] test src/lib.rs - (line 30) ... FAILED
[INFO] [stdout] test src/lib.rs - (line 11) ... FAILED
[INFO] [stdout] test src/giveup.rs - giveup::Giveup::giveup (line 12) ... ok
[INFO] [stdout] 
[INFO] [stdout] failures:
[INFO] [stdout] 
[INFO] [stdout] ---- src/lib.rs - (line 30) stdout ----
[INFO] [stdout] error[E0433]: failed to resolve: use of undeclared type `Config`
[INFO] [stdout]  --> src/lib.rs:31:14
[INFO] [stdout]   |
[INFO] [stdout] 3 | let config = Config::read(/*config-path*/).unwrap_or_else(|err| {
[INFO] [stdout]   |              ^^^^^^ use of undeclared type `Config`
[INFO] [stdout] 
[INFO] [stdout] error: aborting due to 1 previous error
[INFO] [stdout] 
[INFO] [stdout] For more information about this error, try `rustc --explain E0433`.
[INFO] [stdout] Couldn't compile the test.
[INFO] [stdout] ---- src/lib.rs - (line 11) stdout ----
[INFO] [stdout] error: expected `;`, found `}`
[INFO] [stdout]   --> src/lib.rs:18:42
[INFO] [stdout]    |
[INFO] [stdout] 10 |     .giveup("Missing configuration file")
[INFO] [stdout]    |                                          ^ help: add `;` here
[INFO] [stdout] 11 | } _doctest_main_src_lib_rs_11_0() }
[INFO] [stdout]    | - unexpected token
[INFO] [stdout] 
[INFO] [stdout] error[E0433]: failed to resolve: use of undeclared type `Config`
[INFO] [stdout]  --> src/lib.rs:15:14
[INFO] [stdout]   |
[INFO] [stdout] 7 | let config = Config::read(/*config-path*/)
[INFO] [stdout]   |              ^^^^^^ use of undeclared type `Config`
[INFO] [stdout] 
[INFO] [stdout] error: aborting due to 2 previous errors
[INFO] [stdout] 
[INFO] [stdout] For more information about this error, try `rustc --explain E0433`.
[INFO] [stdout] Couldn't compile the test.
[INFO] [stdout] 
[INFO] [stdout] failures:
[INFO] [stdout]     src/lib.rs - (line 11)
[INFO] [stdout]     src/lib.rs - (line 30)
[INFO] [stdout] 
[INFO] [stdout] test result: FAILED. 1 passed; 2 failed; 0 ignored; 0 measured; 0 filtered out; finished in 0.29s
[INFO] [stdout] 
[INFO] [stderr] error: doctest failed, to rerun pass `--doc`
[INFO] running `Command { std: "docker" "inspect" "948483afc95ab4533bc50bfd642f2fa25b862a408ddb109ef1188fc1ff68d76e", kill_on_drop: false }`
[INFO] running `Command { std: "docker" "rm" "-f" "948483afc95ab4533bc50bfd642f2fa25b862a408ddb109ef1188fc1ff68d76e", kill_on_drop: false }`
[INFO] [stdout] 948483afc95ab4533bc50bfd642f2fa25b862a408ddb109ef1188fc1ff68d76e
