[INFO] fetching crate geomedea 0.2.1...
[INFO] testing geomedea-0.2.1 against 1.83.0 for beta-1.84.0-4-retry
[INFO] extracting crate geomedea 0.2.1 into /workspace/builds/worker-4-tc1/source
[INFO] validating manifest of crates.io crate geomedea 0.2.1 on toolchain 1.83.0
[INFO] running `Command { std: CARGO_HOME="/workspace/cargo-home" RUSTUP_HOME="/workspace/rustup-home" "/workspace/cargo-home/bin/cargo" "+1.83.0" "metadata" "--manifest-path" "Cargo.toml" "--no-deps", kill_on_drop: false }`
[INFO] started tweaking crates.io crate geomedea 0.2.1
[INFO] finished tweaking crates.io crate geomedea 0.2.1
[INFO] tweaked toml for crates.io crate geomedea 0.2.1 written to /workspace/builds/worker-4-tc1/source/Cargo.toml
[INFO] crate crates.io crate geomedea 0.2.1 already has a lockfile, it will not be regenerated
[INFO] running `Command { std: CARGO_HOME="/workspace/cargo-home" RUSTUP_HOME="/workspace/rustup-home" "/workspace/cargo-home/bin/cargo" "+1.83.0" "fetch" "--manifest-path" "Cargo.toml", kill_on_drop: false }`
[INFO] [stderr]     Blocking waiting for file lock on package cache
[INFO] [stderr]     Updating crates.io index
[INFO] [stderr]  Downloading crates ...
[INFO] [stderr]   Downloaded hyper-staticfile v0.9.5
[INFO] [stderr]   Downloaded async-speed-limit v0.4.1
[INFO] [stderr]   Downloaded yocalhost v0.4.1
[INFO] [stderr]   Downloaded streaming-http-range-client v0.1.1
[INFO] running `Command { std: "docker" "create" "-v" "/var/lib/crater-agent-workspace/builds/worker-4-tc1/target:/opt/rustwide/target:rw,Z" "-v" "/var/lib/crater-agent-workspace/builds/worker-4-tc1/source:/opt/rustwide/workdir:ro,Z" "-v" "/var/lib/crater-agent-workspace/cargo-home:/opt/rustwide/cargo-home:ro,Z" "-v" "/var/lib/crater-agent-workspace/rustup-home:/opt/rustwide/rustup-home:ro,Z" "-e" "SOURCE_DIR=/opt/rustwide/workdir" "-e" "CARGO_TARGET_DIR=/opt/rustwide/target" "-e" "CARGO_HOME=/opt/rustwide/cargo-home" "-e" "RUSTUP_HOME=/opt/rustwide/rustup-home" "-w" "/opt/rustwide/workdir" "-m" "1610612736" "--user" "0:0" "--network" "none" "ghcr.io/rust-lang/crates-build-env/linux@sha256:f3a9d4ad9d972b27faf3965f35b62e55ba32bbce8f20bc8fe909558a86702fde" "/opt/rustwide/cargo-home/bin/cargo" "+1.83.0" "metadata" "--no-deps" "--format-version=1", kill_on_drop: false }`
[INFO] [stdout] 7b76578eba8596b8bae76539c6db109cc9c480cf61996c8afd172f75228b35a1
[INFO] running `Command { std: "docker" "start" "-a" "7b76578eba8596b8bae76539c6db109cc9c480cf61996c8afd172f75228b35a1", kill_on_drop: false }`
[INFO] running `Command { std: "docker" "inspect" "7b76578eba8596b8bae76539c6db109cc9c480cf61996c8afd172f75228b35a1", kill_on_drop: false }`
[INFO] running `Command { std: "docker" "rm" "-f" "7b76578eba8596b8bae76539c6db109cc9c480cf61996c8afd172f75228b35a1", kill_on_drop: false }`
[INFO] [stdout] 7b76578eba8596b8bae76539c6db109cc9c480cf61996c8afd172f75228b35a1
[INFO] running `Command { std: "docker" "create" "-v" "/var/lib/crater-agent-workspace/builds/worker-4-tc1/target:/opt/rustwide/target:rw,Z" "-v" "/var/lib/crater-agent-workspace/builds/worker-4-tc1/source:/opt/rustwide/workdir:ro,Z" "-v" "/var/lib/crater-agent-workspace/cargo-home:/opt/rustwide/cargo-home:ro,Z" "-v" "/var/lib/crater-agent-workspace/rustup-home:/opt/rustwide/rustup-home:ro,Z" "-e" "SOURCE_DIR=/opt/rustwide/workdir" "-e" "CARGO_TARGET_DIR=/opt/rustwide/target" "-e" "CARGO_INCREMENTAL=0" "-e" "RUST_BACKTRACE=full" "-e" "RUSTFLAGS=--cap-lints=warn" "-e" "RUSTDOCFLAGS=--cap-lints=warn" "-e" "CARGO_HOME=/opt/rustwide/cargo-home" "-e" "RUSTUP_HOME=/opt/rustwide/rustup-home" "-w" "/opt/rustwide/workdir" "-m" "1610612736" "--user" "0:0" "--network" "none" "ghcr.io/rust-lang/crates-build-env/linux@sha256:f3a9d4ad9d972b27faf3965f35b62e55ba32bbce8f20bc8fe909558a86702fde" "/opt/rustwide/cargo-home/bin/cargo" "+1.83.0" "build" "--frozen" "--message-format=json", kill_on_drop: false }`
[INFO] [stdout] 03bfed1f23a73b0dfa20608780418312370f0c7166cf90e754e6958d487d08d7
[INFO] running `Command { std: "docker" "start" "-a" "03bfed1f23a73b0dfa20608780418312370f0c7166cf90e754e6958d487d08d7", kill_on_drop: false }`
[INFO] [stderr]    Compiling libc v0.2.152
[INFO] [stderr]    Compiling proc-macro2 v1.0.76
[INFO] [stderr]    Compiling unicode-ident v1.0.12
[INFO] [stderr]    Compiling pkg-config v0.3.28
[INFO] [stderr]    Compiling pin-project-lite v0.2.13
[INFO] [stderr]    Compiling bytes v1.5.0
[INFO] [stderr]    Compiling once_cell v1.19.0
[INFO] [stderr]    Compiling vcpkg v0.2.15
[INFO] [stderr]    Compiling futures-core v0.3.30
[INFO] [stderr]    Compiling autocfg v1.1.0
[INFO] [stderr]    Compiling cfg-if v1.0.0
[INFO] [stderr]    Compiling bitflags v2.4.1
[INFO] [stderr]    Compiling itoa v1.0.10
[INFO] [stderr]    Compiling fnv v1.0.7
[INFO] [stderr]    Compiling foreign-types-shared v0.1.1
[INFO] [stderr]    Compiling openssl v0.10.62
[INFO] [stderr]    Compiling pin-utils v0.1.0
[INFO] [stderr]    Compiling hashbrown v0.14.3
[INFO] [stderr]    Compiling foreign-types v0.3.2
[INFO] [stderr]    Compiling serde v1.0.195
[INFO] [stderr]    Compiling native-tls v0.2.11
[INFO] [stderr]    Compiling futures-task v0.3.30
[INFO] [stderr]    Compiling equivalent v1.0.1
[INFO] [stderr]    Compiling httparse v1.8.0
[INFO] [stderr]    Compiling futures-sink v0.3.30
[INFO] [stderr]    Compiling tinyvec_macros v0.1.1
[INFO] [stderr]    Compiling log v0.4.20
[INFO] [stderr]    Compiling tinyvec v1.6.0
[INFO] [stderr]    Compiling percent-encoding v2.3.1
[INFO] [stderr]    Compiling tracing-core v0.1.32
[INFO] [stderr]    Compiling try-lock v0.2.5
[INFO] [stderr]    Compiling openssl-probe v0.1.5
[INFO] [stderr]    Compiling form_urlencoded v1.2.1
[INFO] [stderr]    Compiling futures-channel v0.3.30
[INFO] [stderr]    Compiling httpdate v1.0.3
[INFO] [stderr]    Compiling slab v0.4.9
[INFO] [stderr]    Compiling want v0.3.1
[INFO] [stderr]    Compiling unicode-bidi v0.3.14
[INFO] [stderr]    Compiling http v0.2.11
[INFO] [stderr]    Compiling zstd-safe v7.0.0
[INFO] [stderr]    Compiling tower-service v0.3.2
[INFO] [stderr]    Compiling tracing v0.1.40
[INFO] [stderr]    Compiling zstd-safe v6.0.6
[INFO] [stderr]    Compiling rustix v0.38.28
[INFO] [stderr]    Compiling async-trait v0.1.77
[INFO] [stderr]    Compiling ryu v1.0.16
[INFO] [stderr]    Compiling encoding_rs v0.8.33
[INFO] [stderr]    Compiling quote v1.0.35
[INFO] [stderr]    Compiling mime v0.3.17
[INFO] [stderr]    Compiling jobserver v0.1.27
[INFO] [stderr]    Compiling socket2 v0.5.5
[INFO] [stderr]    Compiling mio v0.8.10
[INFO] [stderr]    Compiling unicode-normalization v0.1.22
[INFO] [stderr]    Compiling indexmap v2.1.0
[INFO] [stderr]    Compiling http-body v0.4.6
[INFO] [stderr]    Compiling linux-raw-sys v0.4.12
[INFO] [stderr]    Compiling ipnet v2.9.0
[INFO] [stderr]    Compiling syn v2.0.48
[INFO] [stderr]    Compiling cc v1.0.83
[INFO] [stderr]    Compiling base64 v0.21.6
[INFO] [stderr]    Compiling thiserror v1.0.56
[INFO] [stderr]    Compiling memchr v2.7.1
[INFO] [stderr]    Compiling fastrand v2.0.1
[INFO] [stderr]    Compiling memmap2 v0.9.3
[INFO] [stderr]    Compiling byteorder v1.5.0
[INFO] [stderr]    Compiling idna v0.5.0
[INFO] [stderr]    Compiling tokio v1.35.1
[INFO] [stderr]    Compiling openssl-sys v0.9.98
[INFO] [stderr]    Compiling zstd-sys v2.0.9+zstd.1.5.5
[INFO] [stderr]    Compiling url v2.5.0
[INFO] [stderr]    Compiling tempfile v3.9.0
[INFO] [stderr]    Compiling openssl-macros v0.1.1
[INFO] [stderr]    Compiling futures-macro v0.3.30
[INFO] [stderr]    Compiling serde_derive v1.0.195
[INFO] [stderr]    Compiling async-stream-impl v0.3.5
[INFO] [stderr]    Compiling thiserror-impl v1.0.56
[INFO] [stderr]    Compiling async-stream v0.3.5
[INFO] [stderr]    Compiling futures-util v0.3.30
[INFO] [stderr]    Compiling tokio-util v0.7.10
[INFO] [stderr]    Compiling zstd v0.13.0
[INFO] [stderr]    Compiling zstd v0.12.4
[INFO] [stderr]    Compiling async-compression v0.4.5
[INFO] [stderr]    Compiling h2 v0.3.22
[INFO] [stderr]    Compiling tokio-native-tls v0.3.1
[INFO] [stderr]    Compiling hyper v0.14.28
[INFO] [stderr]    Compiling serde_urlencoded v0.7.1
[INFO] [stderr]    Compiling bincode v1.3.3
[INFO] [stderr]    Compiling hyper-tls v0.5.0
[INFO] [stderr]    Compiling reqwest v0.11.23
[INFO] [stderr]    Compiling streaming-http-range-client v0.1.1
[INFO] [stderr]    Compiling geomedea v0.2.1 (/opt/rustwide/workdir)
[INFO] [stdout] warning: method `inner` is never used
[INFO] [stdout]   --> src/io/counting_writer.rs:23:12
[INFO] [stdout]    |
[INFO] [stdout] 10 | impl<W: Write> CountingWriter<W> {
[INFO] [stdout]    | -------------------------------- method in this implementation
[INFO] [stdout] ...
[INFO] [stdout] 23 |     pub fn inner(&self) -> &W {
[INFO] [stdout]    |            ^^^^^
[INFO] [stdout]    |
[INFO] [stdout]    = note: `#[warn(dead_code)]` on by default
[INFO] [stdout] 
[INFO] [stdout] 
[INFO] [stdout] warning: method `total_bytes_out` is never used
[INFO] [stdout]    --> src/writer.rs:137:8
[INFO] [stdout]     |
[INFO] [stdout] 134 | trait PageEncoder<W: Write>: Write + Sized {
[INFO] [stdout]     |       ----------- method in this trait
[INFO] [stdout] ...
[INFO] [stdout] 137 |     fn total_bytes_out(&self) -> u64;
[INFO] [stdout]     |        ^^^^^^^^^^^^^^^
[INFO] [stdout] 
[INFO] [stdout] 
[INFO] [stderr]     Finished `dev` profile [unoptimized + debuginfo] target(s) in 44.76s
[INFO] running `Command { std: "docker" "inspect" "03bfed1f23a73b0dfa20608780418312370f0c7166cf90e754e6958d487d08d7", kill_on_drop: false }`
[INFO] running `Command { std: "docker" "rm" "-f" "03bfed1f23a73b0dfa20608780418312370f0c7166cf90e754e6958d487d08d7", kill_on_drop: false }`
[INFO] [stdout] 03bfed1f23a73b0dfa20608780418312370f0c7166cf90e754e6958d487d08d7
[INFO] running `Command { std: "docker" "create" "-v" "/var/lib/crater-agent-workspace/builds/worker-4-tc1/target:/opt/rustwide/target:rw,Z" "-v" "/var/lib/crater-agent-workspace/builds/worker-4-tc1/source:/opt/rustwide/workdir:ro,Z" "-v" "/var/lib/crater-agent-workspace/cargo-home:/opt/rustwide/cargo-home:ro,Z" "-v" "/var/lib/crater-agent-workspace/rustup-home:/opt/rustwide/rustup-home:ro,Z" "-e" "SOURCE_DIR=/opt/rustwide/workdir" "-e" "CARGO_TARGET_DIR=/opt/rustwide/target" "-e" "CARGO_INCREMENTAL=0" "-e" "RUST_BACKTRACE=full" "-e" "RUSTFLAGS=--cap-lints=warn" "-e" "RUSTDOCFLAGS=--cap-lints=warn" "-e" "CARGO_HOME=/opt/rustwide/cargo-home" "-e" "RUSTUP_HOME=/opt/rustwide/rustup-home" "-w" "/opt/rustwide/workdir" "-m" "1610612736" "--user" "0:0" "--network" "none" "ghcr.io/rust-lang/crates-build-env/linux@sha256:f3a9d4ad9d972b27faf3965f35b62e55ba32bbce8f20bc8fe909558a86702fde" "/opt/rustwide/cargo-home/bin/cargo" "+1.83.0" "test" "--frozen" "--no-run" "--message-format=json", kill_on_drop: false }`
[INFO] [stdout] 0e29461a96cce12fd0acefa2b58c3b40d0e16bc4da4398cb0eb916f813712adf
[INFO] running `Command { std: "docker" "start" "-a" "0e29461a96cce12fd0acefa2b58c3b40d0e16bc4da4398cb0eb916f813712adf", kill_on_drop: false }`
[INFO] [stderr]    Compiling parking_lot_core v0.9.9
[INFO] [stderr]    Compiling smallvec v1.11.2
[INFO] [stderr]    Compiling scopeguard v1.2.0
[INFO] [stderr]    Compiling serde v1.0.195
[INFO] [stderr]    Compiling lock_api v0.4.11
[INFO] [stderr]    Compiling futures-io v0.3.30
[INFO] [stderr]    Compiling log v0.4.20
[INFO] [stderr]    Compiling signal-hook-registry v1.4.1
[INFO] [stderr]    Compiling num_cpus v1.16.0
[INFO] [stderr]    Compiling futures-channel v0.3.30
[INFO] [stderr]    Compiling tokio-macros v2.2.0
[INFO] [stderr]    Compiling libm v0.2.8
[INFO] [stderr]    Compiling num-traits v0.2.17
[INFO] [stderr]    Compiling version_check v0.9.4
[INFO] [stderr]    Compiling rustix v0.38.28
[INFO] [stderr]    Compiling crossbeam-utils v0.8.19
[INFO] [stderr]    Compiling serde_json v1.0.111
[INFO] [stderr]    Compiling utf8parse v0.2.1
[INFO] [stderr]    Compiling futures-util v0.3.30
[INFO] [stderr]    Compiling unicase v2.7.0
[INFO] [stderr]    Compiling native-tls v0.2.11
[INFO] [stderr]    Compiling anstyle-parse v0.2.3
[INFO] [stderr]    Compiling getrandom v0.2.11
[INFO] [stderr]    Compiling aho-corasick v1.1.2
[INFO] [stderr]    Compiling regex-syntax v0.8.2
[INFO] [stderr]    Compiling anstyle-query v1.0.2
[INFO] [stderr]    Compiling anstyle v1.0.4
[INFO] [stderr]    Compiling parking_lot v0.12.1
[INFO] [stderr]    Compiling colorchoice v1.0.0
[INFO] [stderr]    Compiling rand_core v0.6.4
[INFO] [stderr]    Compiling clap_lex v0.6.0
[INFO] [stderr]    Compiling ppv-lite86 v0.2.17
[INFO] [stderr]    Compiling strsim v0.10.0
[INFO] [stderr]    Compiling mime_guess v2.0.4
[INFO] [stderr]    Compiling anstream v0.6.5
[INFO] [stderr]    Compiling rayon-core v1.12.0
[INFO] [stderr]    Compiling heck v0.4.1
[INFO] [stderr]    Compiling crossbeam-epoch v0.9.18
[INFO] [stderr]    Compiling either v1.9.0
[INFO] [stderr]    Compiling clap_derive v4.4.7
[INFO] [stderr]    Compiling clap_builder v4.4.14
[INFO] [stderr]    Compiling rand_chacha v0.3.1
[INFO] [stderr]    Compiling tokio v1.35.1
[INFO] [stderr]    Compiling plotters-backend v0.3.5
[INFO] [stderr]    Compiling half v1.8.2
[INFO] [stderr]    Compiling ciborium-io v0.2.1
[INFO] [stderr]    Compiling plotters-svg v0.3.5
[INFO] [stderr]    Compiling itertools v0.10.5
[INFO] [stderr]    Compiling cast v0.3.0
[INFO] [stderr]    Compiling crossbeam-deque v0.8.5
[INFO] [stderr]    Compiling regex-automata v0.4.3
[INFO] [stderr]    Compiling rand v0.8.5
[INFO] [stderr]    Compiling ciborium-ll v0.2.1
[INFO] [stderr]    Compiling futures-timer v3.0.2
[INFO] [stderr]    Compiling geo-types v0.7.12
[INFO] [stderr]    Compiling humantime v2.1.0
[INFO] [stderr]    Compiling http-range v0.1.5
[INFO] [stderr]    Compiling termcolor v1.4.0
[INFO] [stderr]    Compiling same-file v1.0.6
[INFO] [stderr]    Compiling geozero v0.11.0
[INFO] [stderr]    Compiling utf8-width v0.1.7
[INFO] [stderr]    Compiling walkdir v2.4.0
[INFO] [stderr]    Compiling rayon v1.8.0
[INFO] [stderr]    Compiling wkt v0.10.3
[INFO] [stderr]    Compiling is-terminal v0.4.10
[INFO] [stderr]    Compiling tempfile v3.9.0
[INFO] [stderr]    Compiling plotters v0.3.5
[INFO] [stderr]    Compiling oorandom v11.1.3
[INFO] [stderr]    Compiling anes v0.1.6
[INFO] [stderr]    Compiling approx v0.5.1
[INFO] [stderr]    Compiling futures-executor v0.3.30
[INFO] [stderr]    Compiling criterion-plot v0.5.0
[INFO] [stderr]    Compiling futures v0.3.30
[INFO] [stderr]    Compiling serde_urlencoded v0.7.1
[INFO] [stderr]    Compiling ciborium v0.2.1
[INFO] [stderr]    Compiling bincode v1.3.3
[INFO] [stderr]    Compiling byte-unit v4.0.19
[INFO] [stderr]    Compiling clap v4.4.14
[INFO] [stderr]    Compiling regex v1.10.2
[INFO] [stderr]    Compiling env_logger v0.10.1
[INFO] [stderr]    Compiling geojson v0.24.1
[INFO] [stderr]    Compiling tinytemplate v1.2.1
[INFO] [stderr]    Compiling tokio-util v0.7.10
[INFO] [stderr]    Compiling tokio-native-tls v0.3.1
[INFO] [stderr]    Compiling async-compression v0.4.5
[INFO] [stderr]    Compiling async-speed-limit v0.4.1
[INFO] [stderr]    Compiling criterion v0.5.1
[INFO] [stderr]    Compiling h2 v0.3.22
[INFO] [stderr]    Compiling hyper v0.14.28
[INFO] [stderr]    Compiling hyper-tls v0.5.0
[INFO] [stderr]    Compiling hyper-staticfile v0.9.5
[INFO] [stderr]    Compiling reqwest v0.11.23
[INFO] [stderr]    Compiling yocalhost v0.4.1
[INFO] [stderr]    Compiling streaming-http-range-client v0.1.1
[INFO] [stderr]    Compiling geomedea v0.2.1 (/opt/rustwide/workdir)
[INFO] [stdout] warning: method `inner` is never used
[INFO] [stdout]   --> src/io/counting_writer.rs:23:12
[INFO] [stdout]    |
[INFO] [stdout] 10 | impl<W: Write> CountingWriter<W> {
[INFO] [stdout]    | -------------------------------- method in this implementation
[INFO] [stdout] ...
[INFO] [stdout] 23 |     pub fn inner(&self) -> &W {
[INFO] [stdout]    |            ^^^^^
[INFO] [stdout]    |
[INFO] [stdout]    = note: `#[warn(dead_code)]` on by default
[INFO] [stdout] 
[INFO] [stdout] 
[INFO] [stdout] warning: method `total_bytes_out` is never used
[INFO] [stdout]    --> src/writer.rs:137:8
[INFO] [stdout]     |
[INFO] [stdout] 134 | trait PageEncoder<W: Write>: Write + Sized {
[INFO] [stdout]     |       ----------- method in this trait
[INFO] [stdout] ...
[INFO] [stdout] 137 |     fn total_bytes_out(&self) -> u64;
[INFO] [stdout]     |        ^^^^^^^^^^^^^^^
[INFO] [stdout] 
[INFO] [stdout] 
[INFO] [stdout] warning: method `inner` is never used
[INFO] [stdout]   --> src/io/counting_writer.rs:23:12
[INFO] [stdout]    |
[INFO] [stdout] 10 | impl<W: Write> CountingWriter<W> {
[INFO] [stdout]    | -------------------------------- method in this implementation
[INFO] [stdout] ...
[INFO] [stdout] 23 |     pub fn inner(&self) -> &W {
[INFO] [stdout]    |            ^^^^^
[INFO] [stdout]    |
[INFO] [stdout]    = note: `#[warn(dead_code)]` on by default
[INFO] [stdout] 
[INFO] [stdout] 
[INFO] [stdout] warning: method `total_bytes_out` is never used
[INFO] [stdout]    --> src/writer.rs:137:8
[INFO] [stdout]     |
[INFO] [stdout] 134 | trait PageEncoder<W: Write>: Write + Sized {
[INFO] [stdout]     |       ----------- method in this trait
[INFO] [stdout] ...
[INFO] [stdout] 137 |     fn total_bytes_out(&self) -> u64;
[INFO] [stdout]     |        ^^^^^^^^^^^^^^^
[INFO] [stdout] 
[INFO] [stdout] 
[INFO] [stderr]     Finished `test` profile [unoptimized + debuginfo] target(s) in 42.61s
[INFO] running `Command { std: "docker" "inspect" "0e29461a96cce12fd0acefa2b58c3b40d0e16bc4da4398cb0eb916f813712adf", kill_on_drop: false }`
[INFO] running `Command { std: "docker" "rm" "-f" "0e29461a96cce12fd0acefa2b58c3b40d0e16bc4da4398cb0eb916f813712adf", kill_on_drop: false }`
[INFO] [stdout] 0e29461a96cce12fd0acefa2b58c3b40d0e16bc4da4398cb0eb916f813712adf
[INFO] running `Command { std: "docker" "create" "-v" "/var/lib/crater-agent-workspace/builds/worker-4-tc1/target:/opt/rustwide/target:rw,Z" "-v" "/var/lib/crater-agent-workspace/builds/worker-4-tc1/source:/opt/rustwide/workdir:ro,Z" "-v" "/var/lib/crater-agent-workspace/cargo-home:/opt/rustwide/cargo-home:ro,Z" "-v" "/var/lib/crater-agent-workspace/rustup-home:/opt/rustwide/rustup-home:ro,Z" "-e" "SOURCE_DIR=/opt/rustwide/workdir" "-e" "CARGO_TARGET_DIR=/opt/rustwide/target" "-e" "CARGO_INCREMENTAL=0" "-e" "RUST_BACKTRACE=full" "-e" "RUSTFLAGS=--cap-lints=warn" "-e" "RUSTDOCFLAGS=--cap-lints=warn" "-e" "CARGO_HOME=/opt/rustwide/cargo-home" "-e" "RUSTUP_HOME=/opt/rustwide/rustup-home" "-w" "/opt/rustwide/workdir" "-m" "1610612736" "--user" "0:0" "--network" "none" "ghcr.io/rust-lang/crates-build-env/linux@sha256:f3a9d4ad9d972b27faf3965f35b62e55ba32bbce8f20bc8fe909558a86702fde" "/opt/rustwide/cargo-home/bin/cargo" "+1.83.0" "test" "--frozen", kill_on_drop: false }`
[INFO] [stdout] 492cc2035920fa1f8867c3f517a96eca17972e814aa583efbdac9f55d80e0342
[INFO] running `Command { std: "docker" "start" "-a" "492cc2035920fa1f8867c3f517a96eca17972e814aa583efbdac9f55d80e0342", kill_on_drop: false }`
[INFO] [stderr] warning: method `inner` is never used
[INFO] [stderr]   --> src/io/counting_writer.rs:23:12
[INFO] [stderr]    |
[INFO] [stderr] 10 | impl<W: Write> CountingWriter<W> {
[INFO] [stderr]    | -------------------------------- method in this implementation
[INFO] [stderr] ...
[INFO] [stderr] 23 |     pub fn inner(&self) -> &W {
[INFO] [stderr]    |            ^^^^^
[INFO] [stderr]    |
[INFO] [stderr]    = note: `#[warn(dead_code)]` on by default
[INFO] [stderr] 
[INFO] [stderr] warning: method `total_bytes_out` is never used
[INFO] [stderr]    --> src/writer.rs:137:8
[INFO] [stderr]     |
[INFO] [stderr] 134 | trait PageEncoder<W: Write>: Write + Sized {
[INFO] [stderr]     |       ----------- method in this trait
[INFO] [stderr] ...
[INFO] [stderr] 137 |     fn total_bytes_out(&self) -> u64;
[INFO] [stderr]     |        ^^^^^^^^^^^^^^^
[INFO] [stderr] 
[INFO] [stderr] warning: `geomedea` (lib) generated 2 warnings
[INFO] [stderr] warning: `geomedea` (lib test) generated 2 warnings (2 duplicates)
[INFO] [stderr]     Finished `test` profile [unoptimized + debuginfo] target(s) in 0.30s
[INFO] [stdout] 
[INFO] [stdout] running 50 tests
[INFO] [stderr]      Running unittests src/lib.rs (/opt/rustwide/target/debug/deps/geomedea-4a5d075cc8eec4c0)
[INFO] [stdout] test geometry::tests::bounds_checking ... ok
[INFO] [stdout] test bounds::tests::negative ... ok
[INFO] [stdout] test bounds::tests::center ... ok
[INFO] [stdout] test geometry::tests::coordinate_scaling ... ok
[INFO] [stdout] test hilbert::tests::check_scaled_hilbert ... ok
[INFO] [stdout] test packed_r_tree::reader::tests::span_idl ... ignored
[INFO] [stdout] test packed_r_tree::tests::byte_ranges_by_level ... ok
[INFO] [stdout] test packed_r_tree::tests::children_range::single_node ... ok
[INFO] [stdout] test packed_r_tree::tests::children_range::three_levels ... ok
[INFO] [stdout] test packed_r_tree::tests::children_range::two_levels ... ok
[INFO] [stdout] test packed_r_tree::tests::is_leaf_node ... ok
[INFO] [stdout] test packed_r_tree::tests::children_range::empty ... ok
[INFO] [stdout] test packed_r_tree::tests::node_ranges_by_level ... ok
[INFO] [stdout] test packed_r_tree::writer::tests::write_empty ... ok
[INFO] [stdout] test packed_r_tree::tests::node_count ... ok
[INFO] [stdout] test http_reader::test::bbox_compressed ... ok
[INFO] [stdout] test inspector::tests::inspect ... ok
[INFO] [stdout] test http_reader::test::select_all_compressed ... ok
[INFO] [stdout] test http_reader::test::select_all_uncompressed ... ok
[INFO] [stdout] test packed_r_tree::writer::tests::write_single ... ok
[INFO] [stdout] test packed_r_tree::tests::level_for_node_idx ... ok
[INFO] [stdout] test packed_r_tree::tests::nodes_per_level ... ok
[INFO] [stdout] test test_data::tests::wkt_macro::line_string ... ok
[INFO] [stdout] test test_data::tests::wkt_macro::geometry_collection ... ok
[INFO] [stdout] test test_data::tests::wkt_macro::bounds ... ok
[INFO] [stdout] test test_data::tests::wkt_macro::multi_point ... ok
[INFO] [stdout] test test_data::tests::wkt_macro::multi_polygon ... ok
[INFO] [stdout] test test_data::tests::wkt_macro::optional_decimal ... ok
[INFO] [stdout] test test_data::tests::wkt_macro::point ... ok
[INFO] [stdout] test test_data::tests::wkt_macro::polygon ... ok
[INFO] [stdout] test http_reader::test::bbox_uncompressed ... ok
[INFO] [stdout] test test_data::tests::wkt_macro::multi_line_string ... ok
[INFO] [stdout] test tests::empty_compressed ... ok
[INFO] [stdout] test packed_r_tree::writer::tests::write_multiple_layers ... ok
[INFO] [stdout] test packed_r_tree::reader::tests::search ... ok
[INFO] [stdout] test reader::tests::bbox_with_uncompressed_multiple_pages ... ok
[INFO] [stdout] test reader::tests::select_all_with_uncompressed_multiple_pages ... ok
[INFO] [stdout] test tests::empty_uncompressed ... ok
[INFO] [stdout] test tests::roundtrip ... ok
[INFO] [stdout] test reader::tests::bbox_with_compressed_multiple_pages ... ok
[INFO] [stdout] test writer::tests::test_sizes::uncompressed_page_offsets ... ok
[INFO] [stdout] test writer::tests::test_sizes::compressed_page_offsets ... ok
[INFO] [stdout] test tests::serialize_header ... ok
[INFO] [stdout] test packed_r_tree::reader::http::tests::http_search ... ok
[INFO] [stdout] test reader::tests::bbox_with_uncompressed_single_page ... ok
[INFO] [stdout] test reader::tests::select_all_with_uncompressed_single_page ... ok
[INFO] [stdout] test reader::tests::select_all_with_compressed_multiple_pages ... ok
[INFO] [stdout] test reader::tests::bbox_with_compressed_single_page ... ok
[INFO] [stdout] test reader::tests::select_all_with_compressed_single_page ... ok
[INFO] [stdout] test http_reader::test::bbox_larger_file ... FAILED
[INFO] [stdout] 
[INFO] [stdout] failures:
[INFO] [stdout] 
[INFO] [stdout] ---- http_reader::test::bbox_larger_file stdout ----
[INFO] [stdout] Error setting up logging: SetLoggerError(())
[INFO] [stdout] thread 'http_reader::test::bbox_larger_file' panicked at src/http_reader.rs:672:86:
[INFO] [stdout] called `Result::unwrap()` on an `Err` value: Os { code: 2, kind: NotFound, message: "No such file or directory" }
[INFO] [stdout] stack backtrace:
[INFO] [stdout]    0:     0x5fd8c6d320da - std::backtrace_rs::backtrace::libunwind::trace::h5a5b8284f2d0c266
[INFO] [stdout]                                at /rustc/90b35a6239c3d8bdabc530a6a0816f7ff89a0aaf/library/std/src/../../backtrace/src/backtrace/libunwind.rs:116:5
[INFO] [stdout]    1:     0x5fd8c6d320da - std::backtrace_rs::backtrace::trace_unsynchronized::h76d4f1c9b0b875e3
[INFO] [stdout]                                at /rustc/90b35a6239c3d8bdabc530a6a0816f7ff89a0aaf/library/std/src/../../backtrace/src/backtrace/mod.rs:66:5
[INFO] [stdout]    2:     0x5fd8c6d320da - std::sys::backtrace::_print_fmt::hc4546b8364a537c6
[INFO] [stdout]                                at /rustc/90b35a6239c3d8bdabc530a6a0816f7ff89a0aaf/library/std/src/sys/backtrace.rs:66:9
[INFO] [stdout]    3:     0x5fd8c6d320da - <std::sys::backtrace::BacktraceLock::print::DisplayBacktrace as core::fmt::Display>::fmt::h5b6bd5631a6d1f6b
[INFO] [stdout]                                at /rustc/90b35a6239c3d8bdabc530a6a0816f7ff89a0aaf/library/std/src/sys/backtrace.rs:39:26
[INFO] [stdout]    4:     0x5fd8c6d58c53 - core::fmt::rt::Argument::fmt::h270f6602a2b96f62
[INFO] [stdout]                                at /rustc/90b35a6239c3d8bdabc530a6a0816f7ff89a0aaf/library/core/src/fmt/rt.rs:177:76
[INFO] [stdout]    5:     0x5fd8c6d58c53 - core::fmt::write::h7550c97b06c86515
[INFO] [stdout]                                at /rustc/90b35a6239c3d8bdabc530a6a0816f7ff89a0aaf/library/core/src/fmt/mod.rs:1186:21
[INFO] [stdout]    6:     0x5fd8c6d2ef73 - std::io::Write::write_fmt::h509ff860e5956e5e
[INFO] [stdout]                                at /rustc/90b35a6239c3d8bdabc530a6a0816f7ff89a0aaf/library/std/src/io/mod.rs:1839:15
[INFO] [stdout]    7:     0x5fd8c6d31f22 - std::sys::backtrace::BacktraceLock::print::h2395ccd2c84ba3aa
[INFO] [stdout]                                at /rustc/90b35a6239c3d8bdabc530a6a0816f7ff89a0aaf/library/std/src/sys/backtrace.rs:42:9
[INFO] [stdout]    8:     0x5fd8c6d3353a - std::panicking::default_hook::{{closure}}::he19d4c7230e07961
[INFO] [stdout]                                at /rustc/90b35a6239c3d8bdabc530a6a0816f7ff89a0aaf/library/std/src/panicking.rs:268:22
[INFO] [stdout]    9:     0x5fd8c6d33344 - std::panicking::default_hook::hf614597d3c67bbdb
[INFO] [stdout]                                at /rustc/90b35a6239c3d8bdabc530a6a0816f7ff89a0aaf/library/std/src/panicking.rs:292:9
[INFO] [stdout]   10:     0x5fd8c6a3f069 - <alloc::boxed::Box<F,A> as core::ops::function::Fn<Args>>::call::h39b51ce4599c23d1
[INFO] [stdout]                                at /rustc/90b35a6239c3d8bdabc530a6a0816f7ff89a0aaf/library/alloc/src/boxed.rs:2468:9
[INFO] [stdout]   11:     0x5fd8c6a3f069 - test::test_main::{{closure}}::he977ae839a582784
[INFO] [stdout]                                at /rustc/90b35a6239c3d8bdabc530a6a0816f7ff89a0aaf/library/test/src/lib.rs:133:21
[INFO] [stdout]   12:     0x5fd8c6d33bd8 - <alloc::boxed::Box<F,A> as core::ops::function::Fn<Args>>::call::h9455091b6b06f9fb
[INFO] [stdout]                                at /rustc/90b35a6239c3d8bdabc530a6a0816f7ff89a0aaf/library/alloc/src/boxed.rs:2468:9
[INFO] [stdout]   13:     0x5fd8c6d33bd8 - std::panicking::rust_panic_with_hook::h8942133a8b252070
[INFO] [stdout]                                at /rustc/90b35a6239c3d8bdabc530a6a0816f7ff89a0aaf/library/std/src/panicking.rs:809:13
[INFO] [stdout]   14:     0x5fd8c6d3399a - std::panicking::begin_panic_handler::{{closure}}::hb5f5963570096b29
[INFO] [stdout]                                at /rustc/90b35a6239c3d8bdabc530a6a0816f7ff89a0aaf/library/std/src/panicking.rs:674:13
[INFO] [stdout]   15:     0x5fd8c6d325b9 - std::sys::backtrace::__rust_end_short_backtrace::h6208cedc1922feda
[INFO] [stdout]                                at /rustc/90b35a6239c3d8bdabc530a6a0816f7ff89a0aaf/library/std/src/sys/backtrace.rs:170:18
[INFO] [stdout]   16:     0x5fd8c6d3362c - rust_begin_unwind
[INFO] [stdout]                                at /rustc/90b35a6239c3d8bdabc530a6a0816f7ff89a0aaf/library/std/src/panicking.rs:665:5
[INFO] [stdout]   17:     0x5fd8c668f310 - core::panicking::panic_fmt::h0c3082644d1bf418
[INFO] [stdout]                                at /rustc/90b35a6239c3d8bdabc530a6a0816f7ff89a0aaf/library/core/src/panicking.rs:74:14
[INFO] [stdout]   18:     0x5fd8c668f7f6 - core::result::unwrap_failed::hd20b4aa073bda1e2
[INFO] [stdout]                                at /rustc/90b35a6239c3d8bdabc530a6a0816f7ff89a0aaf/library/core/src/result.rs:1700:5
[INFO] [stdout]   19:     0x5fd8c673885e - core::result::Result<T,E>::unwrap::hbea3378d65593c17
[INFO] [stdout]                                at /rustc/90b35a6239c3d8bdabc530a6a0816f7ff89a0aaf/library/core/src/result.rs:1104:23
[INFO] [stdout]   20:     0x5fd8c673885e - geomedea::http_reader::test::bbox_larger_file::{{closure}}::h351313c0fd7b3769
[INFO] [stdout]                                at /opt/rustwide/workdir/src/http_reader.rs:672:21
[INFO] [stdout]   21:     0x5fd8c66b7832 - <core::pin::Pin<P> as core::future::future::Future>::poll::h33c0496d8d692c98
[INFO] [stdout]                                at /rustc/90b35a6239c3d8bdabc530a6a0816f7ff89a0aaf/library/core/src/future/future.rs:123:9
[INFO] [stdout]   22:     0x5fd8c66b78cd - <core::pin::Pin<P> as core::future::future::Future>::poll::h908a6b771bbb3250
[INFO] [stdout]                                at /rustc/90b35a6239c3d8bdabc530a6a0816f7ff89a0aaf/library/core/src/future/future.rs:123:9
[INFO] [stdout]   23:     0x5fd8c66dfaaf - tokio::runtime::scheduler::current_thread::CoreGuard::block_on::{{closure}}::{{closure}}::{{closure}}::h24102d1240e0d0e5
[INFO] [stdout]                                at /opt/rustwide/cargo-home/registry/src/index.crates.io-6f17d22bba15001f/tokio-1.35.1/src/runtime/scheduler/current_thread/mod.rs:665:57
[INFO] [stdout]   24:     0x5fd8c66df9e5 - tokio::runtime::coop::with_budget::h32ed343e2d842834
[INFO] [stdout]                                at /opt/rustwide/cargo-home/registry/src/index.crates.io-6f17d22bba15001f/tokio-1.35.1/src/runtime/coop.rs:107:5
[INFO] [stdout]   25:     0x5fd8c66df9e5 - tokio::runtime::coop::budget::h7b3058466bbb4b7a
[INFO] [stdout]                                at /opt/rustwide/cargo-home/registry/src/index.crates.io-6f17d22bba15001f/tokio-1.35.1/src/runtime/coop.rs:73:5
[INFO] [stdout]   26:     0x5fd8c66df9e5 - tokio::runtime::scheduler::current_thread::CoreGuard::block_on::{{closure}}::{{closure}}::h405428842a5190f8
[INFO] [stdout]                                at /opt/rustwide/cargo-home/registry/src/index.crates.io-6f17d22bba15001f/tokio-1.35.1/src/runtime/scheduler/current_thread/mod.rs:665:25
[INFO] [stdout]   27:     0x5fd8c66de4a0 - tokio::runtime::scheduler::current_thread::Context::enter::hc4ad18f7cf5ad76c
[INFO] [stdout]                                at /opt/rustwide/cargo-home/registry/src/index.crates.io-6f17d22bba15001f/tokio-1.35.1/src/runtime/scheduler/current_thread/mod.rs:410:19
[INFO] [stdout]   28:     0x5fd8c66df24e - tokio::runtime::scheduler::current_thread::CoreGuard::block_on::{{closure}}::h83d2b4e4d1d155ba
[INFO] [stdout]                                at /opt/rustwide/cargo-home/registry/src/index.crates.io-6f17d22bba15001f/tokio-1.35.1/src/runtime/scheduler/current_thread/mod.rs:664:36
[INFO] [stdout]   29:     0x5fd8c66defc4 - tokio::runtime::scheduler::current_thread::CoreGuard::enter::{{closure}}::h1d0515c3edd174bb
[INFO] [stdout]                                at /opt/rustwide/cargo-home/registry/src/index.crates.io-6f17d22bba15001f/tokio-1.35.1/src/runtime/scheduler/current_thread/mod.rs:743:68
[INFO] [stdout]   30:     0x5fd8c66dddcb - tokio::runtime::context::scoped::Scoped<T>::set::h869cc7b0a9ebd766
[INFO] [stdout]                                at /opt/rustwide/cargo-home/registry/src/index.crates.io-6f17d22bba15001f/tokio-1.35.1/src/runtime/context/scoped.rs:40:9
[INFO] [stdout]   31:     0x5fd8c66c9d79 - tokio::runtime::context::set_scheduler::{{closure}}::h899268cfe86ecf39
[INFO] [stdout]                                at /opt/rustwide/cargo-home/registry/src/index.crates.io-6f17d22bba15001f/tokio-1.35.1/src/runtime/context.rs:176:26
[INFO] [stdout]   32:     0x5fd8c66c628d - std::thread::local::LocalKey<T>::try_with::h626f9d54dac54704
[INFO] [stdout]                                at /rustc/90b35a6239c3d8bdabc530a6a0816f7ff89a0aaf/library/std/src/thread/local.rs:283:12
[INFO] [stdout]   33:     0x5fd8c66c5dfa - std::thread::local::LocalKey<T>::with::hce6a189044bc7bc1
[INFO] [stdout]                                at /rustc/90b35a6239c3d8bdabc530a6a0816f7ff89a0aaf/library/std/src/thread/local.rs:260:9
[INFO] [stdout]   34:     0x5fd8c66c9d2d - tokio::runtime::context::set_scheduler::hd8603fce068a13d9
[INFO] [stdout]                                at /opt/rustwide/cargo-home/registry/src/index.crates.io-6f17d22bba15001f/tokio-1.35.1/src/runtime/context.rs:176:9
[INFO] [stdout]   35:     0x5fd8c66ded70 - tokio::runtime::scheduler::current_thread::CoreGuard::enter::hd0c3903c73759b3b
[INFO] [stdout]                                at /opt/rustwide/cargo-home/registry/src/index.crates.io-6f17d22bba15001f/tokio-1.35.1/src/runtime/scheduler/current_thread/mod.rs:743:27
[INFO] [stdout]   36:     0x5fd8c66defe3 - tokio::runtime::scheduler::current_thread::CoreGuard::block_on::h8acbc542194b0971
[INFO] [stdout]                                at /opt/rustwide/cargo-home/registry/src/index.crates.io-6f17d22bba15001f/tokio-1.35.1/src/runtime/scheduler/current_thread/mod.rs:652:19
[INFO] [stdout]   37:     0x5fd8c66ddfdd - tokio::runtime::scheduler::current_thread::CurrentThread::block_on::{{closure}}::h8df844960436871f
[INFO] [stdout]                                at /opt/rustwide/cargo-home/registry/src/index.crates.io-6f17d22bba15001f/tokio-1.35.1/src/runtime/scheduler/current_thread/mod.rs:175:28
[INFO] [stdout]   38:     0x5fd8c674ce36 - tokio::runtime::context::runtime::enter_runtime::h0e8a5c59e32bfd98
[INFO] [stdout]                                at /opt/rustwide/cargo-home/registry/src/index.crates.io-6f17d22bba15001f/tokio-1.35.1/src/runtime/context/runtime.rs:65:16
[INFO] [stdout]   39:     0x5fd8c66ddef1 - tokio::runtime::scheduler::current_thread::CurrentThread::block_on::h7203362a187c26ef
[INFO] [stdout]                                at /opt/rustwide/cargo-home/registry/src/index.crates.io-6f17d22bba15001f/tokio-1.35.1/src/runtime/scheduler/current_thread/mod.rs:167:9
[INFO] [stdout]   40:     0x5fd8c671143d - tokio::runtime::runtime::Runtime::block_on::h00b402ba62871951
[INFO] [stdout]                                at /opt/rustwide/cargo-home/registry/src/index.crates.io-6f17d22bba15001f/tokio-1.35.1/src/runtime/runtime.rs:348:47
[INFO] [stdout]   41:     0x5fd8c6738635 - geomedea::http_reader::test::bbox_larger_file::h11b1f32369ecf241
[INFO] [stdout]                                at /opt/rustwide/workdir/src/http_reader.rs:678:9
[INFO] [stdout]   42:     0x5fd8c67384d7 - geomedea::http_reader::test::bbox_larger_file::{{closure}}::hd7e0fb709730f933
[INFO] [stdout]                                at /opt/rustwide/workdir/src/http_reader.rs:669:32
[INFO] [stdout]   43:     0x5fd8c673ae76 - core::ops::function::FnOnce::call_once::hcc3340c4e0319e8b
[INFO] [stdout]                                at /rustc/90b35a6239c3d8bdabc530a6a0816f7ff89a0aaf/library/core/src/ops/function.rs:250:5
[INFO] [stdout]   44:     0x5fd8c6a43a2b - core::ops::function::FnOnce::call_once::h109cf8051a59b34e
[INFO] [stdout]                                at /rustc/90b35a6239c3d8bdabc530a6a0816f7ff89a0aaf/library/core/src/ops/function.rs:250:5
[INFO] [stdout]   45:     0x5fd8c6a43a2b - test::__rust_begin_short_backtrace::hf4fff89d377446ba
[INFO] [stdout]                                at /rustc/90b35a6239c3d8bdabc530a6a0816f7ff89a0aaf/library/test/src/lib.rs:621:18
[INFO] [stdout]   46:     0x5fd8c6a43267 - test::run_test_in_process::{{closure}}::h0e39181dd7ee5a43
[INFO] [stdout]                                at /rustc/90b35a6239c3d8bdabc530a6a0816f7ff89a0aaf/library/test/src/lib.rs:644:60
[INFO] [stdout]   47:     0x5fd8c6a43267 - <core::panic::unwind_safe::AssertUnwindSafe<F> as core::ops::function::FnOnce<()>>::call_once::hc5a66a30f0bdfd1f
[INFO] [stdout]                                at /rustc/90b35a6239c3d8bdabc530a6a0816f7ff89a0aaf/library/core/src/panic/unwind_safe.rs:272:9
[INFO] [stdout]   48:     0x5fd8c6a43267 - std::panicking::try::do_call::h873b7cf639554a5e
[INFO] [stdout]                                at /rustc/90b35a6239c3d8bdabc530a6a0816f7ff89a0aaf/library/std/src/panicking.rs:557:40
[INFO] [stdout]   49:     0x5fd8c6a43267 - std::panicking::try::hdb19862fad9c8bd1
[INFO] [stdout]                                at /rustc/90b35a6239c3d8bdabc530a6a0816f7ff89a0aaf/library/std/src/panicking.rs:520:19
[INFO] [stdout]   50:     0x5fd8c6a43267 - std::panic::catch_unwind::h281fe732d236d260
[INFO] [stdout]                                at /rustc/90b35a6239c3d8bdabc530a6a0816f7ff89a0aaf/library/std/src/panic.rs:358:14
[INFO] [stdout]   51:     0x5fd8c6a43267 - test::run_test_in_process::h949b6df8457ed338
[INFO] [stdout]                                at /rustc/90b35a6239c3d8bdabc530a6a0816f7ff89a0aaf/library/test/src/lib.rs:644:27
[INFO] [stdout]   52:     0x5fd8c6a43267 - test::run_test::{{closure}}::h52c556a6d4740e10
[INFO] [stdout]                                at /rustc/90b35a6239c3d8bdabc530a6a0816f7ff89a0aaf/library/test/src/lib.rs:565:43
[INFO] [stdout]   53:     0x5fd8c6a08544 - test::run_test::{{closure}}::h4237f6381c45ccb9
[INFO] [stdout]                                at /rustc/90b35a6239c3d8bdabc530a6a0816f7ff89a0aaf/library/test/src/lib.rs:595:41
[INFO] [stdout]   54:     0x5fd8c6a08544 - std::sys::backtrace::__rust_begin_short_backtrace::h505c97a579eca628
[INFO] [stdout]                                at /rustc/90b35a6239c3d8bdabc530a6a0816f7ff89a0aaf/library/std/src/sys/backtrace.rs:154:18
[INFO] [stdout]   55:     0x5fd8c6a0bc0e - std::thread::Builder::spawn_unchecked_::{{closure}}::{{closure}}::h9e86b2e2bc107ea3
[INFO] [stdout]                                at /rustc/90b35a6239c3d8bdabc530a6a0816f7ff89a0aaf/library/std/src/thread/mod.rs:538:17
[INFO] [stdout]   56:     0x5fd8c6a0bc0e - <core::panic::unwind_safe::AssertUnwindSafe<F> as core::ops::function::FnOnce<()>>::call_once::h8b06ddb275ff4a25
[INFO] [stdout]                                at /rustc/90b35a6239c3d8bdabc530a6a0816f7ff89a0aaf/library/core/src/panic/unwind_safe.rs:272:9
[INFO] [stdout]   57:     0x5fd8c6a0bc0e - std::panicking::try::do_call::hb26ecd7cd9a9355d
[INFO] [stdout]                                at /rustc/90b35a6239c3d8bdabc530a6a0816f7ff89a0aaf/library/std/src/panicking.rs:557:40
[INFO] [stdout]   58:     0x5fd8c6a0bc0e - std::panicking::try::h8ddeca9d705f9069
[INFO] [stdout]                                at /rustc/90b35a6239c3d8bdabc530a6a0816f7ff89a0aaf/library/std/src/panicking.rs:520:19
[INFO] [stdout]   59:     0x5fd8c6a0bc0e - std::panic::catch_unwind::h49e1c33078844c46
[INFO] [stdout]                                at /rustc/90b35a6239c3d8bdabc530a6a0816f7ff89a0aaf/library/std/src/panic.rs:358:14
[INFO] [stdout]   60:     0x5fd8c6a0bc0e - std::thread::Builder::spawn_unchecked_::{{closure}}::h6073db6ff56ad35d
[INFO] [stdout]                                at /rustc/90b35a6239c3d8bdabc530a6a0816f7ff89a0aaf/library/std/src/thread/mod.rs:537:30
[INFO] [stdout]   61:     0x5fd8c6a0bc0e - core::ops::function::FnOnce::call_once{{vtable.shim}}::h2c5a5f3779c774f1
[INFO] [stdout]                                at /rustc/90b35a6239c3d8bdabc530a6a0816f7ff89a0aaf/library/core/src/ops/function.rs:250:5
[INFO] [stdout]   62:     0x5fd8c6d37c9b - <alloc::boxed::Box<F,A> as core::ops::function::FnOnce<Args>>::call_once::hf75717d9f28faebf
[INFO] [stdout]                                at /rustc/90b35a6239c3d8bdabc530a6a0816f7ff89a0aaf/library/alloc/src/boxed.rs:2454:9
[INFO] [stdout]   63:     0x5fd8c6d37c9b - <alloc::boxed::Box<F,A> as core::ops::function::FnOnce<Args>>::call_once::h7bd883a5f3c5f3c1
[INFO] [stdout]                                at /rustc/90b35a6239c3d8bdabc530a6a0816f7ff89a0aaf/library/alloc/src/boxed.rs:2454:9
[INFO] [stdout]   64:     0x5fd8c6d37c9b - std::sys::pal::unix::thread::Thread::new::thread_start::hcc78f3943333fa94
[INFO] [stdout]                                at /rustc/90b35a6239c3d8bdabc530a6a0816f7ff89a0aaf/library/std/src/sys/pal/unix/thread.rs:105:17
[INFO] [stdout]   65:     0x7992c3d6bac3 - <unknown>
[INFO] [stdout]   66:     0x7992c3dfca04 - clone
[INFO] [stdout]   67:                0x0 - <unknown>
[INFO] [stdout] 
[INFO] [stdout] 
[INFO] [stdout] failures:
[INFO] [stdout]     http_reader::test::bbox_larger_file
[INFO] [stdout] 
[INFO] [stdout] test result: FAILED. 48 passed; 1 failed; 1 ignored; 0 measured; 0 filtered out; finished in 0.13s
[INFO] [stdout] 
[INFO] [stderr] error: test failed, to rerun pass `--lib`
[INFO] running `Command { std: "docker" "inspect" "492cc2035920fa1f8867c3f517a96eca17972e814aa583efbdac9f55d80e0342", kill_on_drop: false }`
[INFO] running `Command { std: "docker" "rm" "-f" "492cc2035920fa1f8867c3f517a96eca17972e814aa583efbdac9f55d80e0342", kill_on_drop: false }`
[INFO] [stdout] 492cc2035920fa1f8867c3f517a96eca17972e814aa583efbdac9f55d80e0342
