[INFO] fetching crate genesys-dice-roller 0.2.3...
[INFO] testing genesys-dice-roller-0.2.3 against beta-2024-12-08 for beta-1.84.0-4-retry
[INFO] extracting crate genesys-dice-roller 0.2.3 into /workspace/builds/worker-4-tc2/source
[INFO] validating manifest of crates.io crate genesys-dice-roller 0.2.3 on toolchain beta-2024-12-08
[INFO] running `Command { std: CARGO_HOME="/workspace/cargo-home" RUSTUP_HOME="/workspace/rustup-home" "/workspace/cargo-home/bin/cargo" "+beta-2024-12-08" "metadata" "--manifest-path" "Cargo.toml" "--no-deps", kill_on_drop: false }`
[INFO] started tweaking crates.io crate genesys-dice-roller 0.2.3
[INFO] finished tweaking crates.io crate genesys-dice-roller 0.2.3
[INFO] tweaked toml for crates.io crate genesys-dice-roller 0.2.3 written to /workspace/builds/worker-4-tc2/source/Cargo.toml
[INFO] running `Command { std: CARGO_HOME="/workspace/cargo-home" RUSTUP_HOME="/workspace/rustup-home" "/workspace/cargo-home/bin/cargo" "+beta-2024-12-08" "generate-lockfile" "--manifest-path" "Cargo.toml", kill_on_drop: false }`
[INFO] [stderr]     Updating crates.io index
[INFO] [stderr]      Locking 22 packages to latest compatible versions
[INFO] [stderr]       Adding thiserror v1.0.69 (available: v2.0.7)
[INFO] running `Command { std: CARGO_HOME="/workspace/cargo-home" RUSTUP_HOME="/workspace/rustup-home" "/workspace/cargo-home/bin/cargo" "+beta-2024-12-08" "fetch" "--manifest-path" "Cargo.toml", kill_on_drop: false }`
[INFO] running `Command { std: "docker" "create" "-v" "/var/lib/crater-agent-workspace/builds/worker-4-tc2/target:/opt/rustwide/target:rw,Z" "-v" "/var/lib/crater-agent-workspace/builds/worker-4-tc2/source:/opt/rustwide/workdir:ro,Z" "-v" "/var/lib/crater-agent-workspace/cargo-home:/opt/rustwide/cargo-home:ro,Z" "-v" "/var/lib/crater-agent-workspace/rustup-home:/opt/rustwide/rustup-home:ro,Z" "-e" "SOURCE_DIR=/opt/rustwide/workdir" "-e" "CARGO_TARGET_DIR=/opt/rustwide/target" "-e" "CARGO_HOME=/opt/rustwide/cargo-home" "-e" "RUSTUP_HOME=/opt/rustwide/rustup-home" "-w" "/opt/rustwide/workdir" "-m" "1610612736" "--user" "0:0" "--network" "none" "ghcr.io/rust-lang/crates-build-env/linux@sha256:f3a9d4ad9d972b27faf3965f35b62e55ba32bbce8f20bc8fe909558a86702fde" "/opt/rustwide/cargo-home/bin/cargo" "+beta-2024-12-08" "metadata" "--no-deps" "--format-version=1", kill_on_drop: false }`
[INFO] [stdout] cc651b8a0a0e6b759946e8925ff9b6aed56e24a995aea7c8b2652197cf4bdd51
[INFO] running `Command { std: "docker" "start" "-a" "cc651b8a0a0e6b759946e8925ff9b6aed56e24a995aea7c8b2652197cf4bdd51", kill_on_drop: false }`
[INFO] running `Command { std: "docker" "inspect" "cc651b8a0a0e6b759946e8925ff9b6aed56e24a995aea7c8b2652197cf4bdd51", kill_on_drop: false }`
[INFO] running `Command { std: "docker" "rm" "-f" "cc651b8a0a0e6b759946e8925ff9b6aed56e24a995aea7c8b2652197cf4bdd51", kill_on_drop: false }`
[INFO] [stdout] cc651b8a0a0e6b759946e8925ff9b6aed56e24a995aea7c8b2652197cf4bdd51
[INFO] running `Command { std: "docker" "create" "-v" "/var/lib/crater-agent-workspace/builds/worker-4-tc2/target:/opt/rustwide/target:rw,Z" "-v" "/var/lib/crater-agent-workspace/builds/worker-4-tc2/source:/opt/rustwide/workdir:ro,Z" "-v" "/var/lib/crater-agent-workspace/cargo-home:/opt/rustwide/cargo-home:ro,Z" "-v" "/var/lib/crater-agent-workspace/rustup-home:/opt/rustwide/rustup-home:ro,Z" "-e" "SOURCE_DIR=/opt/rustwide/workdir" "-e" "CARGO_TARGET_DIR=/opt/rustwide/target" "-e" "CARGO_INCREMENTAL=0" "-e" "RUST_BACKTRACE=full" "-e" "RUSTFLAGS=--cap-lints=warn" "-e" "RUSTDOCFLAGS=--cap-lints=warn" "-e" "CARGO_HOME=/opt/rustwide/cargo-home" "-e" "RUSTUP_HOME=/opt/rustwide/rustup-home" "-w" "/opt/rustwide/workdir" "-m" "1610612736" "--user" "0:0" "--network" "none" "ghcr.io/rust-lang/crates-build-env/linux@sha256:f3a9d4ad9d972b27faf3965f35b62e55ba32bbce8f20bc8fe909558a86702fde" "/opt/rustwide/cargo-home/bin/cargo" "+beta-2024-12-08" "build" "--frozen" "--message-format=json", kill_on_drop: false }`
[INFO] [stdout] 930032897b2cfe5eb076cc534969655e3b03f94b4f2aa8045b5927ebd20f1e5d
[INFO] running `Command { std: "docker" "start" "-a" "930032897b2cfe5eb076cc534969655e3b03f94b4f2aa8045b5927ebd20f1e5d", kill_on_drop: false }`
[INFO] [stderr]    Compiling proc-macro2 v1.0.92
[INFO] [stderr]    Compiling unicode-ident v1.0.14
[INFO] [stderr]    Compiling libc v0.2.168
[INFO] [stderr]    Compiling cfg-if v1.0.0
[INFO] [stderr]    Compiling byteorder v1.5.0
[INFO] [stderr]    Compiling thiserror v1.0.69
[INFO] [stderr]    Compiling minimal-lexical v0.2.1
[INFO] [stderr]    Compiling memchr v2.7.4
[INFO] [stderr]    Compiling nom v7.1.3
[INFO] [stderr]    Compiling quote v1.0.37
[INFO] [stderr]    Compiling syn v2.0.90
[INFO] [stderr]    Compiling getrandom v0.2.15
[INFO] [stderr]    Compiling rand_core v0.6.4
[INFO] [stderr]    Compiling rand_pcg v0.3.1
[INFO] [stderr]    Compiling zerocopy-derive v0.7.35
[INFO] [stderr]    Compiling thiserror-impl v1.0.69
[INFO] [stderr]    Compiling zerocopy v0.7.35
[INFO] [stderr]    Compiling genesys-dice-command-parser v0.1.1
[INFO] [stderr]    Compiling ppv-lite86 v0.2.20
[INFO] [stderr]    Compiling rand_chacha v0.3.1
[INFO] [stderr]    Compiling rand v0.8.5
[INFO] [stderr]    Compiling genesys-dice-roller v0.2.3 (/opt/rustwide/workdir)
[INFO] [stderr]     Finished `dev` profile [unoptimized + debuginfo] target(s) in 11.13s
[INFO] running `Command { std: "docker" "inspect" "930032897b2cfe5eb076cc534969655e3b03f94b4f2aa8045b5927ebd20f1e5d", kill_on_drop: false }`
[INFO] running `Command { std: "docker" "rm" "-f" "930032897b2cfe5eb076cc534969655e3b03f94b4f2aa8045b5927ebd20f1e5d", kill_on_drop: false }`
[INFO] [stdout] 930032897b2cfe5eb076cc534969655e3b03f94b4f2aa8045b5927ebd20f1e5d
[INFO] running `Command { std: "docker" "create" "-v" "/var/lib/crater-agent-workspace/builds/worker-4-tc2/target:/opt/rustwide/target:rw,Z" "-v" "/var/lib/crater-agent-workspace/builds/worker-4-tc2/source:/opt/rustwide/workdir:ro,Z" "-v" "/var/lib/crater-agent-workspace/cargo-home:/opt/rustwide/cargo-home:ro,Z" "-v" "/var/lib/crater-agent-workspace/rustup-home:/opt/rustwide/rustup-home:ro,Z" "-e" "SOURCE_DIR=/opt/rustwide/workdir" "-e" "CARGO_TARGET_DIR=/opt/rustwide/target" "-e" "CARGO_INCREMENTAL=0" "-e" "RUST_BACKTRACE=full" "-e" "RUSTFLAGS=--cap-lints=warn" "-e" "RUSTDOCFLAGS=--cap-lints=warn" "-e" "CARGO_HOME=/opt/rustwide/cargo-home" "-e" "RUSTUP_HOME=/opt/rustwide/rustup-home" "-w" "/opt/rustwide/workdir" "-m" "1610612736" "--user" "0:0" "--network" "none" "ghcr.io/rust-lang/crates-build-env/linux@sha256:f3a9d4ad9d972b27faf3965f35b62e55ba32bbce8f20bc8fe909558a86702fde" "/opt/rustwide/cargo-home/bin/cargo" "+beta-2024-12-08" "test" "--frozen" "--no-run" "--message-format=json", kill_on_drop: false }`
[INFO] [stdout] 846c09d8a390a9b87730b4a519ea78b743e39c39d9332b4dd32b6732811e1c1a
[INFO] running `Command { std: "docker" "start" "-a" "846c09d8a390a9b87730b4a519ea78b743e39c39d9332b4dd32b6732811e1c1a", kill_on_drop: false }`
[INFO] [stderr]    Compiling genesys-dice-roller v0.2.3 (/opt/rustwide/workdir)
[INFO] [stdout] warning: unused import: `super::*`
[INFO] [stdout]   --> src/dice_set.rs:64:9
[INFO] [stdout]    |
[INFO] [stdout] 64 |     use super::*;
[INFO] [stdout]    |         ^^^^^^^^
[INFO] [stdout]    |
[INFO] [stdout]    = note: `#[warn(unused_imports)]` on by default
[INFO] [stdout] 
[INFO] [stdout] 
[INFO] [stdout] warning: unused import: `Dice`
[INFO] [stdout]   --> src/dice_set.rs:66:23
[INFO] [stdout]    |
[INFO] [stdout] 66 |     use crate::dice::{Dice};
[INFO] [stdout]    |                       ^^^^
[INFO] [stdout] 
[INFO] [stdout] 
[INFO] [stdout] warning: unused import: `rand::SeedableRng`
[INFO] [stdout]   --> src/dice_set.rs:68:9
[INFO] [stdout]    |
[INFO] [stdout] 68 |     use rand::SeedableRng;
[INFO] [stdout]    |         ^^^^^^^^^^^^^^^^^
[INFO] [stdout] 
[INFO] [stdout] 
[INFO] [stdout] warning: unused import: `super::*`
[INFO] [stdout]    --> src/roll.rs:106:9
[INFO] [stdout]     |
[INFO] [stdout] 106 |     use super::*;
[INFO] [stdout]     |         ^^^^^^^^
[INFO] [stdout] 
[INFO] [stdout] 
[INFO] [stdout] warning: unused imports: `dice_result::RollResult` and `die_face::DieFace`
[INFO] [stdout]    --> src/roll.rs:108:17
[INFO] [stdout]     |
[INFO] [stdout] 108 |     use crate::{dice_result::RollResult, die_face::DieFace};
[INFO] [stdout]     |                 ^^^^^^^^^^^^^^^^^^^^^^^  ^^^^^^^^^^^^^^^^^
[INFO] [stdout] 
[INFO] [stdout] 
[INFO] [stdout] warning: unused import: `rand::SeedableRng`
[INFO] [stdout]    --> src/roll.rs:109:9
[INFO] [stdout]     |
[INFO] [stdout] 109 |     use rand::SeedableRng;
[INFO] [stdout]     |         ^^^^^^^^^^^^^^^^^
[INFO] [stdout] 
[INFO] [stdout] 
[INFO] [stdout] warning: constant `SEED` is never used
[INFO] [stdout]   --> src/dice_set.rs:70:11
[INFO] [stdout]    |
[INFO] [stdout] 70 |     const SEED: u64 = 42;
[INFO] [stdout]    |           ^^^^
[INFO] [stdout]    |
[INFO] [stdout]    = note: `#[warn(dead_code)]` on by default
[INFO] [stdout] 
[INFO] [stdout] 
[INFO] [stdout] warning: constant `SEED` is never used
[INFO] [stdout]    --> src/roll.rs:111:11
[INFO] [stdout]     |
[INFO] [stdout] 111 |     const SEED: u64 = 42;
[INFO] [stdout]     |           ^^^^
[INFO] [stdout] 
[INFO] [stdout] 
[INFO] [stderr]     Finished `test` profile [unoptimized + debuginfo] target(s) in 0.74s
[INFO] running `Command { std: "docker" "inspect" "846c09d8a390a9b87730b4a519ea78b743e39c39d9332b4dd32b6732811e1c1a", kill_on_drop: false }`
[INFO] running `Command { std: "docker" "rm" "-f" "846c09d8a390a9b87730b4a519ea78b743e39c39d9332b4dd32b6732811e1c1a", kill_on_drop: false }`
[INFO] [stdout] 846c09d8a390a9b87730b4a519ea78b743e39c39d9332b4dd32b6732811e1c1a
[INFO] running `Command { std: "docker" "create" "-v" "/var/lib/crater-agent-workspace/builds/worker-4-tc2/target:/opt/rustwide/target:rw,Z" "-v" "/var/lib/crater-agent-workspace/builds/worker-4-tc2/source:/opt/rustwide/workdir:ro,Z" "-v" "/var/lib/crater-agent-workspace/cargo-home:/opt/rustwide/cargo-home:ro,Z" "-v" "/var/lib/crater-agent-workspace/rustup-home:/opt/rustwide/rustup-home:ro,Z" "-e" "SOURCE_DIR=/opt/rustwide/workdir" "-e" "CARGO_TARGET_DIR=/opt/rustwide/target" "-e" "CARGO_INCREMENTAL=0" "-e" "RUST_BACKTRACE=full" "-e" "RUSTFLAGS=--cap-lints=warn" "-e" "RUSTDOCFLAGS=--cap-lints=warn" "-e" "CARGO_HOME=/opt/rustwide/cargo-home" "-e" "RUSTUP_HOME=/opt/rustwide/rustup-home" "-w" "/opt/rustwide/workdir" "-m" "1610612736" "--user" "0:0" "--network" "none" "ghcr.io/rust-lang/crates-build-env/linux@sha256:f3a9d4ad9d972b27faf3965f35b62e55ba32bbce8f20bc8fe909558a86702fde" "/opt/rustwide/cargo-home/bin/cargo" "+beta-2024-12-08" "test" "--frozen", kill_on_drop: false }`
[INFO] [stdout] 6d1ad884b92f5e927905963b0a6e644d706186bdfdfe0dcc10b1ecbbc17021f2
[INFO] running `Command { std: "docker" "start" "-a" "6d1ad884b92f5e927905963b0a6e644d706186bdfdfe0dcc10b1ecbbc17021f2", kill_on_drop: false }`
[INFO] [stderr] warning: unused import: `super::*`
[INFO] [stderr]   --> src/dice_set.rs:64:9
[INFO] [stderr]    |
[INFO] [stderr] 64 |     use super::*;
[INFO] [stderr]    |         ^^^^^^^^
[INFO] [stderr]    |
[INFO] [stderr]    = note: `#[warn(unused_imports)]` on by default
[INFO] [stderr] 
[INFO] [stderr] warning: unused import: `Dice`
[INFO] [stderr]   --> src/dice_set.rs:66:23
[INFO] [stderr]    |
[INFO] [stderr] 66 |     use crate::dice::{Dice};
[INFO] [stderr]    |                       ^^^^
[INFO] [stderr] 
[INFO] [stderr] warning: unused import: `rand::SeedableRng`
[INFO] [stderr]   --> src/dice_set.rs:68:9
[INFO] [stderr]    |
[INFO] [stderr] 68 |     use rand::SeedableRng;
[INFO] [stderr]    |         ^^^^^^^^^^^^^^^^^
[INFO] [stderr] 
[INFO] [stderr] warning: unused import: `super::*`
[INFO] [stderr]    --> src/roll.rs:106:9
[INFO] [stderr]     |
[INFO] [stderr] 106 |     use super::*;
[INFO] [stderr]     |         ^^^^^^^^
[INFO] [stderr] 
[INFO] [stderr] warning: unused imports: `dice_result::RollResult` and `die_face::DieFace`
[INFO] [stderr]    --> src/roll.rs:108:17
[INFO] [stderr]     |
[INFO] [stderr] 108 |     use crate::{dice_result::RollResult, die_face::DieFace};
[INFO] [stderr]     |                 ^^^^^^^^^^^^^^^^^^^^^^^  ^^^^^^^^^^^^^^^^^
[INFO] [stderr] 
[INFO] [stderr] warning: unused import: `rand::SeedableRng`
[INFO] [stderr]    --> src/roll.rs:109:9
[INFO] [stderr]     |
[INFO] [stderr] 109 |     use rand::SeedableRng;
[INFO] [stderr]     |         ^^^^^^^^^^^^^^^^^
[INFO] [stderr] 
[INFO] [stderr] warning: constant `SEED` is never used
[INFO] [stderr]   --> src/dice_set.rs:70:11
[INFO] [stderr]    |
[INFO] [stderr] 70 |     const SEED: u64 = 42;
[INFO] [stderr]    |           ^^^^
[INFO] [stderr]    |
[INFO] [stderr]    = note: `#[warn(dead_code)]` on by default
[INFO] [stderr] 
[INFO] [stderr] warning: constant `SEED` is never used
[INFO] [stderr]    --> src/roll.rs:111:11
[INFO] [stderr]     |
[INFO] [stderr] 111 |     const SEED: u64 = 42;
[INFO] [stderr]     |           ^^^^
[INFO] [stderr] 
[INFO] [stderr] warning: `genesys-dice-roller` (lib test) generated 8 warnings (run `cargo fix --lib -p genesys-dice-roller --tests` to apply 6 suggestions)
[INFO] [stderr]     Finished `test` profile [unoptimized + debuginfo] target(s) in 0.04s
[INFO] [stderr]      Running unittests src/lib.rs (/opt/rustwide/target/debug/deps/genesys_dice_roller-bf89e8955b7d5844)
[INFO] [stdout] 
[INFO] [stdout] running 3 tests
[INFO] [stdout] test dice::tests::produces_predictable_results_challenge_equals_double_success ... ok
[INFO] [stdout] test dice::tests::produces_predictable_results_boost_equals_blank ... ok
[INFO] [stdout] test dice::tests::roll_dice_within_range_check_occurences ... ok
[INFO] [stdout] 
[INFO] [stdout] test result: ok. 3 passed; 0 failed; 0 ignored; 0 measured; 0 filtered out; finished in 0.20s
[INFO] [stdout] 
[INFO] [stderr]    Doc-tests genesys_dice_roller
[INFO] [stderr] warning: lint `missing_doc_code_examples` has been renamed to `rustdoc::missing_doc_code_examples`
[INFO] [stderr]  --> src/lib.rs:3:9
[INFO] [stderr]   |
[INFO] [stderr] 3 | #![warn(missing_doc_code_examples)]
[INFO] [stderr]   |         ^^^^^^^^^^^^^^^^^^^^^^^^^ help: use the new name: `rustdoc::missing_doc_code_examples`
[INFO] [stderr]   |
[INFO] [stderr]   = note: `#[warn(renamed_and_removed_lints)]` on by default
[INFO] [stderr] 
[INFO] [stderr] warning: unknown lint: `rustdoc::missing_doc_code_examples`
[INFO] [stderr]  --> src/lib.rs:3:1
[INFO] [stderr]   |
[INFO] [stderr] 3 | #![warn(missing_doc_code_examples)]
[INFO] [stderr]   | ^^^^^^^^^^^^^^^^^^^^^^^^^^^^^^^^^^^
[INFO] [stderr]   |
[INFO] [stderr]   = note: the `rustdoc::missing_doc_code_examples` lint is unstable
[INFO] [stderr]   = note: see issue #101730 <https://github.com/rust-lang/rust/issues/101730> for more information
[INFO] [stderr]   = note: `#[warn(unknown_lints)]` on by default
[INFO] [stderr] 
[INFO] [stdout] 
[INFO] [stderr] warning: 2 warnings emitted
[INFO] [stdout] running 9 tests
[INFO] [stderr] 
[INFO] [stdout] test src/roll.rs - roll::Roll::from_str (line 67) ... FAILED
[INFO] [stdout] test src/dice.rs - dice::Dice::roll_dice (line 52) ... FAILED
[INFO] [stdout] test src/roll.rs - roll::Roll::roll_from_rng (line 42) ... FAILED
[INFO] [stdout] test src/dice.rs - dice::Dice::new (line 27) ... FAILED
[INFO] [stdout] test src/roll.rs - roll::Roll::roll (line 24) ... FAILED
[INFO] [stdout] test src/dice_set.rs - dice_set::DiceSet::roll_dice_set_from_rng (line 40) ... FAILED
[INFO] [stdout] test src/dice.rs - dice::Dice::roll_dice_from_rng (line 69) ... FAILED
[INFO] [stdout] test src/roll.rs - roll::Roll::from_str (line 77) ... FAILED
[INFO] [stdout] test src/dice_set.rs - dice_set::DiceSet::roll_dice_set (line 23) ... FAILED
[INFO] [stdout] 
[INFO] [stdout] failures:
[INFO] [stdout] 
[INFO] [stdout] ---- src/roll.rs - roll::Roll::from_str (line 67) stdout ----
[INFO] [stdout] error[E0433]: failed to resolve: use of undeclared crate or module `dnd_dice_roller`
[INFO] [stdout]  --> src/roll.rs:68:5
[INFO] [stdout]   |
[INFO] [stdout] 3 | use dnd_dice_roller::roll::Roll;
[INFO] [stdout]   |     ^^^^^^^^^^^^^^^ use of undeclared crate or module `dnd_dice_roller`
[INFO] [stdout] 
[INFO] [stdout] error[E0433]: failed to resolve: use of undeclared crate or module `dnd_dice_roller`
[INFO] [stdout]  --> src/roll.rs:70:5
[INFO] [stdout]   |
[INFO] [stdout] 5 | use dnd_dice_roller::error::DiceError;
[INFO] [stdout]   |     ^^^^^^^^^^^^^^^ use of undeclared crate or module `dnd_dice_roller`
[INFO] [stdout] 
[INFO] [stdout] error: aborting due to 2 previous errors
[INFO] [stdout] 
[INFO] [stdout] For more information about this error, try `rustc --explain E0433`.
[INFO] [stdout] Couldn't compile the test.
[INFO] [stdout] ---- src/dice.rs - dice::Dice::roll_dice (line 52) stdout ----
[INFO] [stdout] error[E0433]: failed to resolve: use of undeclared crate or module `dnd_dice_roller`
[INFO] [stdout]  --> src/dice.rs:53:5
[INFO] [stdout]   |
[INFO] [stdout] 3 | use dnd_dice_roller::dice::{Dice, RollType, Operation};
[INFO] [stdout]   |     ^^^^^^^^^^^^^^^ use of undeclared crate or module `dnd_dice_roller`
[INFO] [stdout] 
[INFO] [stdout] error[E0433]: failed to resolve: use of undeclared crate or module `dnd_dice_roller`
[INFO] [stdout]  --> src/dice.rs:54:5
[INFO] [stdout]   |
[INFO] [stdout] 4 | use dnd_dice_roller::error::DiceError;
[INFO] [stdout]   |     ^^^^^^^^^^^^^^^ use of undeclared crate or module `dnd_dice_roller`
[INFO] [stdout] 
[INFO] [stdout] error: aborting due to 2 previous errors
[INFO] [stdout] 
[INFO] [stdout] For more information about this error, try `rustc --explain E0433`.
[INFO] [stdout] Couldn't compile the test.
[INFO] [stdout] ---- src/roll.rs - roll::Roll::roll_from_rng (line 42) stdout ----
[INFO] [stdout] error[E0433]: failed to resolve: use of undeclared crate or module `dnd_dice_roller`
[INFO] [stdout]  --> src/roll.rs:45:5
[INFO] [stdout]   |
[INFO] [stdout] 5 | use dnd_dice_roller::roll::Roll;
[INFO] [stdout]   |     ^^^^^^^^^^^^^^^ use of undeclared crate or module `dnd_dice_roller`
[INFO] [stdout] 
[INFO] [stdout] error[E0433]: failed to resolve: use of undeclared crate or module `dnd_dice_roller`
[INFO] [stdout]  --> src/roll.rs:46:5
[INFO] [stdout]   |
[INFO] [stdout] 6 | use dnd_dice_roller::error::DiceError;
[INFO] [stdout]   |     ^^^^^^^^^^^^^^^ use of undeclared crate or module `dnd_dice_roller`
[INFO] [stdout] 
[INFO] [stdout] error: aborting due to 2 previous errors
[INFO] [stdout] 
[INFO] [stdout] For more information about this error, try `rustc --explain E0433`.
[INFO] [stdout] Couldn't compile the test.
[INFO] [stdout] ---- src/dice.rs - dice::Dice::new (line 27) stdout ----
[INFO] [stdout] error[E0433]: failed to resolve: use of undeclared crate or module `dnd_dice_roller`
[INFO] [stdout]  --> src/dice.rs:28:5
[INFO] [stdout]   |
[INFO] [stdout] 3 | use dnd_dice_roller::dice::{Dice, RollType, Operation};
[INFO] [stdout]   |     ^^^^^^^^^^^^^^^ use of undeclared crate or module `dnd_dice_roller`
[INFO] [stdout] 
[INFO] [stdout] error: aborting due to 1 previous error
[INFO] [stdout] 
[INFO] [stdout] For more information about this error, try `rustc --explain E0433`.
[INFO] [stdout] Couldn't compile the test.
[INFO] [stdout] ---- src/roll.rs - roll::Roll::roll (line 24) stdout ----
[INFO] [stdout] error[E0433]: failed to resolve: use of undeclared crate or module `dnd_dice_roller`
[INFO] [stdout]  --> src/roll.rs:26:5
[INFO] [stdout]   |
[INFO] [stdout] 4 | use dnd_dice_roller::roll::Roll;
[INFO] [stdout]   |     ^^^^^^^^^^^^^^^ use of undeclared crate or module `dnd_dice_roller`
[INFO] [stdout] 
[INFO] [stdout] error[E0433]: failed to resolve: use of undeclared crate or module `dnd_dice_roller`
[INFO] [stdout]  --> src/roll.rs:27:5
[INFO] [stdout]   |
[INFO] [stdout] 5 | use dnd_dice_roller::error::DiceError;
[INFO] [stdout]   |     ^^^^^^^^^^^^^^^ use of undeclared crate or module `dnd_dice_roller`
[INFO] [stdout] 
[INFO] [stdout] error: aborting due to 2 previous errors
[INFO] [stdout] 
[INFO] [stdout] For more information about this error, try `rustc --explain E0433`.
[INFO] [stdout] Couldn't compile the test.
[INFO] [stdout] ---- src/dice_set.rs - dice_set::DiceSet::roll_dice_set_from_rng (line 40) stdout ----
[INFO] [stdout] error[E0433]: failed to resolve: use of undeclared crate or module `dnd_dice_roller`
[INFO] [stdout]  --> src/dice_set.rs:42:5
[INFO] [stdout]   |
[INFO] [stdout] 4 | use dnd_dice_roller::dice::{Dice, RollType, Operation};
[INFO] [stdout]   |     ^^^^^^^^^^^^^^^ use of undeclared crate or module `dnd_dice_roller`
[INFO] [stdout] 
[INFO] [stdout] error[E0433]: failed to resolve: use of undeclared crate or module `dnd_dice_roller`
[INFO] [stdout]  --> src/dice_set.rs:43:5
[INFO] [stdout]   |
[INFO] [stdout] 5 | use dnd_dice_roller::dice_set::DiceSet;
[INFO] [stdout]   |     ^^^^^^^^^^^^^^^ use of undeclared crate or module `dnd_dice_roller`
[INFO] [stdout] 
[INFO] [stdout] error: aborting due to 2 previous errors
[INFO] [stdout] 
[INFO] [stdout] For more information about this error, try `rustc --explain E0433`.
[INFO] [stdout] Couldn't compile the test.
[INFO] [stdout] ---- src/dice.rs - dice::Dice::roll_dice_from_rng (line 69) stdout ----
[INFO] [stdout] error[E0433]: failed to resolve: use of undeclared crate or module `dnd_dice_roller`
[INFO] [stdout]  --> src/dice.rs:71:5
[INFO] [stdout]   |
[INFO] [stdout] 4 | use dnd_dice_roller::dice::{Dice, RollType, Operation};
[INFO] [stdout]   |     ^^^^^^^^^^^^^^^ use of undeclared crate or module `dnd_dice_roller`
[INFO] [stdout] 
[INFO] [stdout] error: aborting due to 1 previous error
[INFO] [stdout] 
[INFO] [stdout] For more information about this error, try `rustc --explain E0433`.
[INFO] [stdout] Couldn't compile the test.
[INFO] [stdout] ---- src/roll.rs - roll::Roll::from_str (line 77) stdout ----
[INFO] [stdout] error[E0433]: failed to resolve: use of undeclared crate or module `dnd_dice_roller`
[INFO] [stdout]  --> src/roll.rs:80:5
[INFO] [stdout]   |
[INFO] [stdout] 5 | use dnd_dice_roller::roll::Roll;
[INFO] [stdout]   |     ^^^^^^^^^^^^^^^ use of undeclared crate or module `dnd_dice_roller`
[INFO] [stdout] 
[INFO] [stdout] error[E0433]: failed to resolve: use of undeclared crate or module `dnd_dice_roller`
[INFO] [stdout]  --> src/roll.rs:81:5
[INFO] [stdout]   |
[INFO] [stdout] 6 | use dnd_dice_roller::error::DiceError;
[INFO] [stdout]   |     ^^^^^^^^^^^^^^^ use of undeclared crate or module `dnd_dice_roller`
[INFO] [stdout] 
[INFO] [stdout] error: aborting due to 2 previous errors
[INFO] [stdout] 
[INFO] [stdout] For more information about this error, try `rustc --explain E0433`.
[INFO] [stdout] Couldn't compile the test.
[INFO] [stdout] ---- src/dice_set.rs - dice_set::DiceSet::roll_dice_set (line 23) stdout ----
[INFO] [stdout] error[E0433]: failed to resolve: use of undeclared crate or module `dnd_dice_roller`
[INFO] [stdout]  --> src/dice_set.rs:24:5
[INFO] [stdout]   |
[INFO] [stdout] 3 | use dnd_dice_roller::dice::{Dice, RollType, Operation};
[INFO] [stdout]   |     ^^^^^^^^^^^^^^^ use of undeclared crate or module `dnd_dice_roller`
[INFO] [stdout] 
[INFO] [stdout] error[E0433]: failed to resolve: use of undeclared crate or module `dnd_dice_roller`
[INFO] [stdout]  --> src/dice_set.rs:25:5
[INFO] [stdout]   |
[INFO] [stdout] 4 | use dnd_dice_roller::dice_set::DiceSet;
[INFO] [stdout]   |     ^^^^^^^^^^^^^^^ use of undeclared crate or module `dnd_dice_roller`
[INFO] [stdout] 
[INFO] [stdout] error: aborting due to 2 previous errors
[INFO] [stdout] 
[INFO] [stdout] For more information about this error, try `rustc --explain E0433`.
[INFO] [stdout] Couldn't compile the test.
[INFO] [stdout] 
[INFO] [stdout] failures:
[INFO] [stdout]     src/dice.rs - dice::Dice::new (line 27)
[INFO] [stdout]     src/dice.rs - dice::Dice::roll_dice (line 52)
[INFO] [stdout]     src/dice.rs - dice::Dice::roll_dice_from_rng (line 69)
[INFO] [stdout]     src/dice_set.rs - dice_set::DiceSet::roll_dice_set (line 23)
[INFO] [stdout]     src/dice_set.rs - dice_set::DiceSet::roll_dice_set_from_rng (line 40)
[INFO] [stdout]     src/roll.rs - roll::Roll::from_str (line 67)
[INFO] [stdout]     src/roll.rs - roll::Roll::from_str (line 77)
[INFO] [stdout]     src/roll.rs - roll::Roll::roll (line 24)
[INFO] [stdout]     src/roll.rs - roll::Roll::roll_from_rng (line 42)
[INFO] [stdout] 
[INFO] [stdout] test result: FAILED. 0 passed; 9 failed; 0 ignored; 0 measured; 0 filtered out; finished in 0.16s
[INFO] [stdout] 
[INFO] [stderr] error: doctest failed, to rerun pass `--doc`
[INFO] running `Command { std: "docker" "inspect" "6d1ad884b92f5e927905963b0a6e644d706186bdfdfe0dcc10b1ecbbc17021f2", kill_on_drop: false }`
[INFO] running `Command { std: "docker" "rm" "-f" "6d1ad884b92f5e927905963b0a6e644d706186bdfdfe0dcc10b1ecbbc17021f2", kill_on_drop: false }`
[INFO] [stdout] 6d1ad884b92f5e927905963b0a6e644d706186bdfdfe0dcc10b1ecbbc17021f2
