[INFO] fetching crate generic-lexer 0.5.0...
[INFO] testing generic-lexer-0.5.0 against 1.83.0 for beta-1.84.0-4-retry
[INFO] extracting crate generic-lexer 0.5.0 into /workspace/builds/worker-2-tc1/source
[INFO] validating manifest of crates.io crate generic-lexer 0.5.0 on toolchain 1.83.0
[INFO] running `Command { std: CARGO_HOME="/workspace/cargo-home" RUSTUP_HOME="/workspace/rustup-home" "/workspace/cargo-home/bin/cargo" "+1.83.0" "metadata" "--manifest-path" "Cargo.toml" "--no-deps", kill_on_drop: false }`
[INFO] started tweaking crates.io crate generic-lexer 0.5.0
[INFO] finished tweaking crates.io crate generic-lexer 0.5.0
[INFO] tweaked toml for crates.io crate generic-lexer 0.5.0 written to /workspace/builds/worker-2-tc1/source/Cargo.toml
[INFO] crate crates.io crate generic-lexer 0.5.0 already has a lockfile, it will not be regenerated
[INFO] running `Command { std: CARGO_HOME="/workspace/cargo-home" RUSTUP_HOME="/workspace/rustup-home" "/workspace/cargo-home/bin/cargo" "+1.83.0" "fetch" "--manifest-path" "Cargo.toml", kill_on_drop: false }`
[INFO] running `Command { std: "docker" "create" "-v" "/var/lib/crater-agent-workspace/builds/worker-2-tc1/target:/opt/rustwide/target:rw,Z" "-v" "/var/lib/crater-agent-workspace/builds/worker-2-tc1/source:/opt/rustwide/workdir:ro,Z" "-v" "/var/lib/crater-agent-workspace/cargo-home:/opt/rustwide/cargo-home:ro,Z" "-v" "/var/lib/crater-agent-workspace/rustup-home:/opt/rustwide/rustup-home:ro,Z" "-e" "SOURCE_DIR=/opt/rustwide/workdir" "-e" "CARGO_TARGET_DIR=/opt/rustwide/target" "-e" "CARGO_HOME=/opt/rustwide/cargo-home" "-e" "RUSTUP_HOME=/opt/rustwide/rustup-home" "-w" "/opt/rustwide/workdir" "-m" "1610612736" "--user" "0:0" "--network" "none" "ghcr.io/rust-lang/crates-build-env/linux@sha256:f3a9d4ad9d972b27faf3965f35b62e55ba32bbce8f20bc8fe909558a86702fde" "/opt/rustwide/cargo-home/bin/cargo" "+1.83.0" "metadata" "--no-deps" "--format-version=1", kill_on_drop: false }`
[INFO] [stdout] c15a790e2afb581a83d16db3eca8661b7af6eb7485e8e14afeabad00dd3ae0fa
[INFO] running `Command { std: "docker" "start" "-a" "c15a790e2afb581a83d16db3eca8661b7af6eb7485e8e14afeabad00dd3ae0fa", kill_on_drop: false }`
[INFO] running `Command { std: "docker" "inspect" "c15a790e2afb581a83d16db3eca8661b7af6eb7485e8e14afeabad00dd3ae0fa", kill_on_drop: false }`
[INFO] running `Command { std: "docker" "rm" "-f" "c15a790e2afb581a83d16db3eca8661b7af6eb7485e8e14afeabad00dd3ae0fa", kill_on_drop: false }`
[INFO] [stdout] c15a790e2afb581a83d16db3eca8661b7af6eb7485e8e14afeabad00dd3ae0fa
[INFO] running `Command { std: "docker" "create" "-v" "/var/lib/crater-agent-workspace/builds/worker-2-tc1/target:/opt/rustwide/target:rw,Z" "-v" "/var/lib/crater-agent-workspace/builds/worker-2-tc1/source:/opt/rustwide/workdir:ro,Z" "-v" "/var/lib/crater-agent-workspace/cargo-home:/opt/rustwide/cargo-home:ro,Z" "-v" "/var/lib/crater-agent-workspace/rustup-home:/opt/rustwide/rustup-home:ro,Z" "-e" "SOURCE_DIR=/opt/rustwide/workdir" "-e" "CARGO_TARGET_DIR=/opt/rustwide/target" "-e" "CARGO_INCREMENTAL=0" "-e" "RUST_BACKTRACE=full" "-e" "RUSTFLAGS=--cap-lints=warn" "-e" "RUSTDOCFLAGS=--cap-lints=warn" "-e" "CARGO_HOME=/opt/rustwide/cargo-home" "-e" "RUSTUP_HOME=/opt/rustwide/rustup-home" "-w" "/opt/rustwide/workdir" "-m" "1610612736" "--user" "0:0" "--network" "none" "ghcr.io/rust-lang/crates-build-env/linux@sha256:f3a9d4ad9d972b27faf3965f35b62e55ba32bbce8f20bc8fe909558a86702fde" "/opt/rustwide/cargo-home/bin/cargo" "+1.83.0" "build" "--frozen" "--message-format=json", kill_on_drop: false }`
[INFO] [stdout] 77079d0e7cb24a8719a2c949231dd9d09e849efc05735e350920da91305e437f
[INFO] running `Command { std: "docker" "start" "-a" "77079d0e7cb24a8719a2c949231dd9d09e849efc05735e350920da91305e437f", kill_on_drop: false }`
[INFO] [stderr]    Compiling generic-lexer v0.5.0 (/opt/rustwide/workdir)
[INFO] [stderr]     Finished `dev` profile [unoptimized + debuginfo] target(s) in 0.27s
[INFO] running `Command { std: "docker" "inspect" "77079d0e7cb24a8719a2c949231dd9d09e849efc05735e350920da91305e437f", kill_on_drop: false }`
[INFO] running `Command { std: "docker" "rm" "-f" "77079d0e7cb24a8719a2c949231dd9d09e849efc05735e350920da91305e437f", kill_on_drop: false }`
[INFO] [stdout] 77079d0e7cb24a8719a2c949231dd9d09e849efc05735e350920da91305e437f
[INFO] running `Command { std: "docker" "create" "-v" "/var/lib/crater-agent-workspace/builds/worker-2-tc1/target:/opt/rustwide/target:rw,Z" "-v" "/var/lib/crater-agent-workspace/builds/worker-2-tc1/source:/opt/rustwide/workdir:ro,Z" "-v" "/var/lib/crater-agent-workspace/cargo-home:/opt/rustwide/cargo-home:ro,Z" "-v" "/var/lib/crater-agent-workspace/rustup-home:/opt/rustwide/rustup-home:ro,Z" "-e" "SOURCE_DIR=/opt/rustwide/workdir" "-e" "CARGO_TARGET_DIR=/opt/rustwide/target" "-e" "CARGO_INCREMENTAL=0" "-e" "RUST_BACKTRACE=full" "-e" "RUSTFLAGS=--cap-lints=warn" "-e" "RUSTDOCFLAGS=--cap-lints=warn" "-e" "CARGO_HOME=/opt/rustwide/cargo-home" "-e" "RUSTUP_HOME=/opt/rustwide/rustup-home" "-w" "/opt/rustwide/workdir" "-m" "1610612736" "--user" "0:0" "--network" "none" "ghcr.io/rust-lang/crates-build-env/linux@sha256:f3a9d4ad9d972b27faf3965f35b62e55ba32bbce8f20bc8fe909558a86702fde" "/opt/rustwide/cargo-home/bin/cargo" "+1.83.0" "test" "--frozen" "--no-run" "--message-format=json", kill_on_drop: false }`
[INFO] [stdout] fa182cdede30947637f12cb877105d780e34261c67179f881d98c43cb60744ca
[INFO] running `Command { std: "docker" "start" "-a" "fa182cdede30947637f12cb877105d780e34261c67179f881d98c43cb60744ca", kill_on_drop: false }`
[INFO] [stderr]    Compiling generic-lexer v0.5.0 (/opt/rustwide/workdir)
[INFO] [stderr]     Finished `test` profile [unoptimized + debuginfo] target(s) in 0.81s
[INFO] running `Command { std: "docker" "inspect" "fa182cdede30947637f12cb877105d780e34261c67179f881d98c43cb60744ca", kill_on_drop: false }`
[INFO] running `Command { std: "docker" "rm" "-f" "fa182cdede30947637f12cb877105d780e34261c67179f881d98c43cb60744ca", kill_on_drop: false }`
[INFO] [stdout] fa182cdede30947637f12cb877105d780e34261c67179f881d98c43cb60744ca
[INFO] running `Command { std: "docker" "create" "-v" "/var/lib/crater-agent-workspace/builds/worker-2-tc1/target:/opt/rustwide/target:rw,Z" "-v" "/var/lib/crater-agent-workspace/builds/worker-2-tc1/source:/opt/rustwide/workdir:ro,Z" "-v" "/var/lib/crater-agent-workspace/cargo-home:/opt/rustwide/cargo-home:ro,Z" "-v" "/var/lib/crater-agent-workspace/rustup-home:/opt/rustwide/rustup-home:ro,Z" "-e" "SOURCE_DIR=/opt/rustwide/workdir" "-e" "CARGO_TARGET_DIR=/opt/rustwide/target" "-e" "CARGO_INCREMENTAL=0" "-e" "RUST_BACKTRACE=full" "-e" "RUSTFLAGS=--cap-lints=warn" "-e" "RUSTDOCFLAGS=--cap-lints=warn" "-e" "CARGO_HOME=/opt/rustwide/cargo-home" "-e" "RUSTUP_HOME=/opt/rustwide/rustup-home" "-w" "/opt/rustwide/workdir" "-m" "1610612736" "--user" "0:0" "--network" "none" "ghcr.io/rust-lang/crates-build-env/linux@sha256:f3a9d4ad9d972b27faf3965f35b62e55ba32bbce8f20bc8fe909558a86702fde" "/opt/rustwide/cargo-home/bin/cargo" "+1.83.0" "test" "--frozen", kill_on_drop: false }`
[INFO] [stdout] 13120269e6bca797c327655216b2150d45a1582951b6d121edac1d972dfdaa06
[INFO] running `Command { std: "docker" "start" "-a" "13120269e6bca797c327655216b2150d45a1582951b6d121edac1d972dfdaa06", kill_on_drop: false }`
[INFO] [stderr]     Finished `test` profile [unoptimized + debuginfo] target(s) in 0.02s
[INFO] [stderr]      Running unittests src/lib.rs (/opt/rustwide/target/debug/deps/generic_lexer-06e1315cc830c0f3)
[INFO] [stdout] 
[INFO] [stdout] running 0 tests
[INFO] [stdout] 
[INFO] [stdout] test result: ok. 0 passed; 0 failed; 0 ignored; 0 measured; 0 filtered out; finished in 0.00s
[INFO] [stdout] 
[INFO] [stderr]    Doc-tests generic_lexer
[INFO] [stdout] 
[INFO] [stdout] running 1 test
[INFO] [stdout] test src/input.rs - input::BufferedInput<'a>::accept_or (line 82) ... FAILED
[INFO] [stdout] 
[INFO] [stdout] failures:
[INFO] [stdout] 
[INFO] [stdout] ---- src/input.rs - input::BufferedInput<'a>::accept_or (line 82) stdout ----
[INFO] [stdout] error[E0425]: cannot find value `c` in this scope
[INFO] [stdout]  --> src/input.rs:83:7
[INFO] [stdout]   |
[INFO] [stdout] 3 | match c {
[INFO] [stdout]   |       ^ not found in this scope
[INFO] [stdout] 
[INFO] [stdout] error[E0425]: cannot find value `input` in this scope
[INFO] [stdout]  --> src/input.rs:84:12
[INFO] [stdout]   |
[INFO] [stdout] 4 |     '=' => input.accept_or(|&c| c == '=', TokenKind::DoubleEquals, TokenKind::Equals),
[INFO] [stdout]   |            ^^^^^ not found in this scope
[INFO] [stdout] 
[INFO] [stdout] error[E0433]: failed to resolve: use of undeclared type `TokenKind`
[INFO] [stdout]  --> src/input.rs:84:43
[INFO] [stdout]   |
[INFO] [stdout] 4 |     '=' => input.accept_or(|&c| c == '=', TokenKind::DoubleEquals, TokenKind::Equals),
[INFO] [stdout]   |                                           ^^^^^^^^^ use of undeclared type `TokenKind`
[INFO] [stdout] 
[INFO] [stdout] error[E0433]: failed to resolve: use of undeclared type `TokenKind`
[INFO] [stdout]  --> src/input.rs:84:68
[INFO] [stdout]   |
[INFO] [stdout] 4 |     '=' => input.accept_or(|&c| c == '=', TokenKind::DoubleEquals, TokenKind::Equals),
[INFO] [stdout]   |                                                                    ^^^^^^^^^ use of undeclared type `TokenKind`
[INFO] [stdout] 
[INFO] [stdout] error: aborting due to 4 previous errors
[INFO] [stdout] 
[INFO] [stdout] Some errors have detailed explanations: E0425, E0433.
[INFO] [stdout] For more information about an error, try `rustc --explain E0425`.
[INFO] [stdout] Couldn't compile the test.
[INFO] [stdout] 
[INFO] [stdout] failures:
[INFO] [stdout]     src/input.rs - input::BufferedInput<'a>::accept_or (line 82)
[INFO] [stdout] 
[INFO] [stdout] test result: FAILED. 0 passed; 1 failed; 0 ignored; 0 measured; 0 filtered out; finished in 0.12s
[INFO] [stdout] 
[INFO] [stderr] error: doctest failed, to rerun pass `--doc`
[INFO] running `Command { std: "docker" "inspect" "13120269e6bca797c327655216b2150d45a1582951b6d121edac1d972dfdaa06", kill_on_drop: false }`
[INFO] running `Command { std: "docker" "rm" "-f" "13120269e6bca797c327655216b2150d45a1582951b6d121edac1d972dfdaa06", kill_on_drop: false }`
[INFO] [stdout] 13120269e6bca797c327655216b2150d45a1582951b6d121edac1d972dfdaa06
