[INFO] fetching crate gdbg 0.1.2...
[INFO] testing gdbg-0.1.2 against 1.83.0 for beta-1.84.0-4-retry
[INFO] extracting crate gdbg 0.1.2 into /workspace/builds/worker-4-tc1/source
[INFO] validating manifest of crates.io crate gdbg 0.1.2 on toolchain 1.83.0
[INFO] running `Command { std: CARGO_HOME="/workspace/cargo-home" RUSTUP_HOME="/workspace/rustup-home" "/workspace/cargo-home/bin/cargo" "+1.83.0" "metadata" "--manifest-path" "Cargo.toml" "--no-deps", kill_on_drop: false }`
[INFO] started tweaking crates.io crate gdbg 0.1.2
[INFO] finished tweaking crates.io crate gdbg 0.1.2
[INFO] tweaked toml for crates.io crate gdbg 0.1.2 written to /workspace/builds/worker-4-tc1/source/Cargo.toml
[INFO] crate crates.io crate gdbg 0.1.2 already has a lockfile, it will not be regenerated
[INFO] running `Command { std: CARGO_HOME="/workspace/cargo-home" RUSTUP_HOME="/workspace/rustup-home" "/workspace/cargo-home/bin/cargo" "+1.83.0" "fetch" "--manifest-path" "Cargo.toml", kill_on_drop: false }`
[INFO] running `Command { std: "docker" "create" "-v" "/var/lib/crater-agent-workspace/builds/worker-4-tc1/target:/opt/rustwide/target:rw,Z" "-v" "/var/lib/crater-agent-workspace/builds/worker-4-tc1/source:/opt/rustwide/workdir:ro,Z" "-v" "/var/lib/crater-agent-workspace/cargo-home:/opt/rustwide/cargo-home:ro,Z" "-v" "/var/lib/crater-agent-workspace/rustup-home:/opt/rustwide/rustup-home:ro,Z" "-e" "SOURCE_DIR=/opt/rustwide/workdir" "-e" "CARGO_TARGET_DIR=/opt/rustwide/target" "-e" "CARGO_HOME=/opt/rustwide/cargo-home" "-e" "RUSTUP_HOME=/opt/rustwide/rustup-home" "-w" "/opt/rustwide/workdir" "-m" "1610612736" "--user" "0:0" "--network" "none" "ghcr.io/rust-lang/crates-build-env/linux@sha256:f3a9d4ad9d972b27faf3965f35b62e55ba32bbce8f20bc8fe909558a86702fde" "/opt/rustwide/cargo-home/bin/cargo" "+1.83.0" "metadata" "--no-deps" "--format-version=1", kill_on_drop: false }`
[INFO] [stdout] 95ce0f1cec6b91e4c656bf3fd7a6026cef4a8c5d0820ebe499293e5da648672c
[INFO] running `Command { std: "docker" "start" "-a" "95ce0f1cec6b91e4c656bf3fd7a6026cef4a8c5d0820ebe499293e5da648672c", kill_on_drop: false }`
[INFO] running `Command { std: "docker" "inspect" "95ce0f1cec6b91e4c656bf3fd7a6026cef4a8c5d0820ebe499293e5da648672c", kill_on_drop: false }`
[INFO] running `Command { std: "docker" "rm" "-f" "95ce0f1cec6b91e4c656bf3fd7a6026cef4a8c5d0820ebe499293e5da648672c", kill_on_drop: false }`
[INFO] [stdout] 95ce0f1cec6b91e4c656bf3fd7a6026cef4a8c5d0820ebe499293e5da648672c
[INFO] running `Command { std: "docker" "create" "-v" "/var/lib/crater-agent-workspace/builds/worker-4-tc1/target:/opt/rustwide/target:rw,Z" "-v" "/var/lib/crater-agent-workspace/builds/worker-4-tc1/source:/opt/rustwide/workdir:ro,Z" "-v" "/var/lib/crater-agent-workspace/cargo-home:/opt/rustwide/cargo-home:ro,Z" "-v" "/var/lib/crater-agent-workspace/rustup-home:/opt/rustwide/rustup-home:ro,Z" "-e" "SOURCE_DIR=/opt/rustwide/workdir" "-e" "CARGO_TARGET_DIR=/opt/rustwide/target" "-e" "CARGO_INCREMENTAL=0" "-e" "RUST_BACKTRACE=full" "-e" "RUSTFLAGS=--cap-lints=warn" "-e" "RUSTDOCFLAGS=--cap-lints=warn" "-e" "CARGO_HOME=/opt/rustwide/cargo-home" "-e" "RUSTUP_HOME=/opt/rustwide/rustup-home" "-w" "/opt/rustwide/workdir" "-m" "1610612736" "--user" "0:0" "--network" "none" "ghcr.io/rust-lang/crates-build-env/linux@sha256:f3a9d4ad9d972b27faf3965f35b62e55ba32bbce8f20bc8fe909558a86702fde" "/opt/rustwide/cargo-home/bin/cargo" "+1.83.0" "build" "--frozen" "--message-format=json", kill_on_drop: false }`
[INFO] [stdout] 2fa5b447050923a21cefbb55e3f5acf61e7142fa71be7a430493e4c1a3295a40
[INFO] running `Command { std: "docker" "start" "-a" "2fa5b447050923a21cefbb55e3f5acf61e7142fa71be7a430493e4c1a3295a40", kill_on_drop: false }`
[INFO] [stderr]    Compiling gdbg v0.1.2 (/opt/rustwide/workdir)
[INFO] [stderr]     Finished `dev` profile [unoptimized + debuginfo] target(s) in 0.19s
[INFO] running `Command { std: "docker" "inspect" "2fa5b447050923a21cefbb55e3f5acf61e7142fa71be7a430493e4c1a3295a40", kill_on_drop: false }`
[INFO] running `Command { std: "docker" "rm" "-f" "2fa5b447050923a21cefbb55e3f5acf61e7142fa71be7a430493e4c1a3295a40", kill_on_drop: false }`
[INFO] [stdout] 2fa5b447050923a21cefbb55e3f5acf61e7142fa71be7a430493e4c1a3295a40
[INFO] running `Command { std: "docker" "create" "-v" "/var/lib/crater-agent-workspace/builds/worker-4-tc1/target:/opt/rustwide/target:rw,Z" "-v" "/var/lib/crater-agent-workspace/builds/worker-4-tc1/source:/opt/rustwide/workdir:ro,Z" "-v" "/var/lib/crater-agent-workspace/cargo-home:/opt/rustwide/cargo-home:ro,Z" "-v" "/var/lib/crater-agent-workspace/rustup-home:/opt/rustwide/rustup-home:ro,Z" "-e" "SOURCE_DIR=/opt/rustwide/workdir" "-e" "CARGO_TARGET_DIR=/opt/rustwide/target" "-e" "CARGO_INCREMENTAL=0" "-e" "RUST_BACKTRACE=full" "-e" "RUSTFLAGS=--cap-lints=warn" "-e" "RUSTDOCFLAGS=--cap-lints=warn" "-e" "CARGO_HOME=/opt/rustwide/cargo-home" "-e" "RUSTUP_HOME=/opt/rustwide/rustup-home" "-w" "/opt/rustwide/workdir" "-m" "1610612736" "--user" "0:0" "--network" "none" "ghcr.io/rust-lang/crates-build-env/linux@sha256:f3a9d4ad9d972b27faf3965f35b62e55ba32bbce8f20bc8fe909558a86702fde" "/opt/rustwide/cargo-home/bin/cargo" "+1.83.0" "test" "--frozen" "--no-run" "--message-format=json", kill_on_drop: false }`
[INFO] [stdout] 184bed06c3f4caa4f0dce05edaeb27bd5b7e67201238c3bc2e1d1f01c9f4c10b
[INFO] running `Command { std: "docker" "start" "-a" "184bed06c3f4caa4f0dce05edaeb27bd5b7e67201238c3bc2e1d1f01c9f4c10b", kill_on_drop: false }`
[INFO] [stderr]    Compiling gdbg v0.1.2 (/opt/rustwide/workdir)
[INFO] [stderr]     Finished `test` profile [unoptimized + debuginfo] target(s) in 0.42s
[INFO] running `Command { std: "docker" "inspect" "184bed06c3f4caa4f0dce05edaeb27bd5b7e67201238c3bc2e1d1f01c9f4c10b", kill_on_drop: false }`
[INFO] running `Command { std: "docker" "rm" "-f" "184bed06c3f4caa4f0dce05edaeb27bd5b7e67201238c3bc2e1d1f01c9f4c10b", kill_on_drop: false }`
[INFO] [stdout] 184bed06c3f4caa4f0dce05edaeb27bd5b7e67201238c3bc2e1d1f01c9f4c10b
[INFO] running `Command { std: "docker" "create" "-v" "/var/lib/crater-agent-workspace/builds/worker-4-tc1/target:/opt/rustwide/target:rw,Z" "-v" "/var/lib/crater-agent-workspace/builds/worker-4-tc1/source:/opt/rustwide/workdir:ro,Z" "-v" "/var/lib/crater-agent-workspace/cargo-home:/opt/rustwide/cargo-home:ro,Z" "-v" "/var/lib/crater-agent-workspace/rustup-home:/opt/rustwide/rustup-home:ro,Z" "-e" "SOURCE_DIR=/opt/rustwide/workdir" "-e" "CARGO_TARGET_DIR=/opt/rustwide/target" "-e" "CARGO_INCREMENTAL=0" "-e" "RUST_BACKTRACE=full" "-e" "RUSTFLAGS=--cap-lints=warn" "-e" "RUSTDOCFLAGS=--cap-lints=warn" "-e" "CARGO_HOME=/opt/rustwide/cargo-home" "-e" "RUSTUP_HOME=/opt/rustwide/rustup-home" "-w" "/opt/rustwide/workdir" "-m" "1610612736" "--user" "0:0" "--network" "none" "ghcr.io/rust-lang/crates-build-env/linux@sha256:f3a9d4ad9d972b27faf3965f35b62e55ba32bbce8f20bc8fe909558a86702fde" "/opt/rustwide/cargo-home/bin/cargo" "+1.83.0" "test" "--frozen", kill_on_drop: false }`
[INFO] [stdout] fa21ec3986a1816260de99b1245842c17cc003827737958fd342a65667761189
[INFO] running `Command { std: "docker" "start" "-a" "fa21ec3986a1816260de99b1245842c17cc003827737958fd342a65667761189", kill_on_drop: false }`
[INFO] [stderr]     Finished `test` profile [unoptimized + debuginfo] target(s) in 0.01s
[INFO] [stderr]      Running unittests lib.rs (/opt/rustwide/target/debug/deps/gdbg-8d14e19d3b187147)
[INFO] [stdout] 
[INFO] [stdout] running 0 tests
[INFO] [stdout] 
[INFO] [stdout] test result: ok. 0 passed; 0 failed; 0 ignored; 0 measured; 0 filtered out; finished in 0.00s
[INFO] [stdout] 
[INFO] [stderr]    Doc-tests gdbg
[INFO] [stdout] 
[INFO] [stdout] running 6 tests
[INFO] [stdout] test README.md - (line 93) ... FAILED
[INFO] [stdout] test README.md - (line 57) ... FAILED
[INFO] [stdout] test README.md - (line 70) ... FAILED
[INFO] [stdout] test README.md - (line 22) ... FAILED
[INFO] [stdout] test README.md - (line 78) ... FAILED
[INFO] [stdout] test README.md - (line 14) ... FAILED
[INFO] [stdout] 
[INFO] [stdout] failures:
[INFO] [stdout] 
[INFO] [stdout] ---- README.md - (line 93) stdout ----
[INFO] [stdout] error: expected one of `(`, `,`, `.`, `::`, `;`, `?`, `]`, or an operator, found `:`
[INFO] [stdout]  --> README.md:95:30
[INFO] [stdout]   |
[INFO] [stdout] 5 | [examples/example-lib/main.rs:20] add(2, 2) = 4                                // gdbg::dbg
[INFO] [stdout]   |                              ^ expected one of 8 possible tokens
[INFO] [stdout]   |
[INFO] [stdout] help: maybe write a path separator here
[INFO] [stdout]   |
[INFO] [stdout] 5 | [examples/example-lib/main.rs::20] add(2, 2) = 4                                // gdbg::dbg
[INFO] [stdout]   |                              ~~
[INFO] [stdout] 
[INFO] [stdout] error: aborting due to 1 previous error
[INFO] [stdout] 
[INFO] [stdout] Couldn't compile the test.
[INFO] [stdout] ---- README.md - (line 57) stdout ----
[INFO] [stdout] error: unexpected token: `...`
[INFO] [stdout]  --> README.md:59:1
[INFO] [stdout]   |
[INFO] [stdout] 5 | ...
[INFO] [stdout]   | ^^^
[INFO] [stdout]   |
[INFO] [stdout] help: use `..` for an exclusive range
[INFO] [stdout]   |
[INFO] [stdout] 5 | ..
[INFO] [stdout]   |
[INFO] [stdout] help: or `..=` for an inclusive range
[INFO] [stdout]   |
[INFO] [stdout] 5 | ..=
[INFO] [stdout]   |
[INFO] [stdout] 
[INFO] [stdout] error: expected one of `!`, `.`, `::`, `;`, `?`, `{`, `}`, or an operator, found `1`
[INFO] [stdout]  --> README.md:60:9
[INFO] [stdout]   |
[INFO] [stdout] 6 | running 1 test
[INFO] [stdout]   |         ^ expected one of 8 possible tokens
[INFO] [stdout] 
[INFO] [stdout] error: aborting due to 2 previous errors
[INFO] [stdout] 
[INFO] [stdout] Couldn't compile the test.
[INFO] [stdout] ---- README.md - (line 70) stdout ----
[INFO] [stdout] error: expected `;`, found `gdbg`
[INFO] [stdout]  --> README.md:72:15
[INFO] [stdout]   |
[INFO] [stdout] 5 | [dependeicies]
[INFO] [stdout]   |               ^ help: add `;` here
[INFO] [stdout] 6 | gdbg = { version = "0.1", features = ["std"] }
[INFO] [stdout]   | ---- unexpected token
[INFO] [stdout] 
[INFO] [stdout] error: expected one of `.`, `;`, `?`, `}`, or an operator, found `,`
[INFO] [stdout]  --> README.md:73:25
[INFO] [stdout]   |
[INFO] [stdout] 6 | gdbg = { version = "0.1", features = ["std"] }
[INFO] [stdout]   |                         ^ expected one of `.`, `;`, `?`, `}`, or an operator
[INFO] [stdout] 
[INFO] [stdout] error[E0423]: expected value, found crate `gdbg`
[INFO] [stdout]  --> README.md:73:1
[INFO] [stdout]   |
[INFO] [stdout] 6 | gdbg = { version = "0.1", features = ["std"] }
[INFO] [stdout]   | ^^^^
[INFO] [stdout]   |
[INFO] [stdout] help: you might have meant to introduce a new binding
[INFO] [stdout]   |
[INFO] [stdout] 6 | let gdbg = { version = "0.1", features = ["std"] }
[INFO] [stdout]   | +++
[INFO] [stdout] 
[INFO] [stdout] error: aborting due to 3 previous errors
[INFO] [stdout] 
[INFO] [stdout] For more information about this error, try `rustc --explain E0423`.
[INFO] [stdout] Couldn't compile the test.
[INFO] [stdout] ---- README.md - (line 22) stdout ----
[INFO] [stdout] error[E0433]: failed to resolve: use of undeclared crate or module `gstd`
[INFO] [stdout]  --> README.md:27:5
[INFO] [stdout]   |
[INFO] [stdout] 7 | use gstd::prelude::String;
[INFO] [stdout]   |     ^^^^ use of undeclared crate or module `gstd`
[INFO] [stdout] 
[INFO] [stdout] error[E0433]: failed to resolve: use of undeclared crate or module `gstd`
[INFO] [stdout]   --> README.md:31:5
[INFO] [stdout]    |
[INFO] [stdout] 11 |     dbg!(gstd::msg::source());
[INFO] [stdout]    |     ^^^^^^^^^^^^^^^^^^^^^^^^^ use of undeclared crate or module `gstd`
[INFO] [stdout]    |
[INFO] [stdout]    = note: this error originates in the macro `dbg` (in Nightly builds, run with -Z macro-backtrace for more info)
[INFO] [stdout] 
[INFO] [stdout] error[E0432]: unresolved import `gstd`
[INFO] [stdout]   --> README.md:31:5
[INFO] [stdout]    |
[INFO] [stdout] 11 |     dbg!(gstd::msg::source());
[INFO] [stdout]    |     ^^^^^^^^^^^^^^^^^^^^^^^^^ use of undeclared crate or module `gstd`
[INFO] [stdout]    |
[INFO] [stdout]    = note: this error originates in the macro `dbg` (in Nightly builds, run with -Z macro-backtrace for more info)
[INFO] [stdout] 
[INFO] [stdout] error[E0433]: failed to resolve: use of undeclared crate or module `gstd`
[INFO] [stdout]   --> README.md:32:19
[INFO] [stdout]    |
[INFO] [stdout] 12 |       let payload = dbg!(String::from_utf8(
[INFO] [stdout]    |  ___________________^
[INFO] [stdout] 13 | |         dbg!(gstd::msg::load_bytes()).expect("Failed to load a message")
[INFO] [stdout] 14 | |     ))
[INFO] [stdout]    | |______^ use of undeclared crate or module `gstd`
[INFO] [stdout]    |
[INFO] [stdout]    = note: this error originates in the macro `dbg` (in Nightly builds, run with -Z macro-backtrace for more info)
[INFO] [stdout] 
[INFO] [stdout] error[E0432]: unresolved import `gstd`
[INFO] [stdout]   --> README.md:32:19
[INFO] [stdout]    |
[INFO] [stdout] 12 |       let payload = dbg!(String::from_utf8(
[INFO] [stdout]    |  ___________________^
[INFO] [stdout] 13 | |         dbg!(gstd::msg::load_bytes()).expect("Failed to load a message")
[INFO] [stdout] 14 | |     ))
[INFO] [stdout]    | |______^ use of undeclared crate or module `gstd`
[INFO] [stdout]    |
[INFO] [stdout]    = note: this error originates in the macro `dbg` (in Nightly builds, run with -Z macro-backtrace for more info)
[INFO] [stdout] 
[INFO] [stdout] error[E0433]: failed to resolve: use of undeclared crate or module `gstd`
[INFO] [stdout]   --> README.md:33:9
[INFO] [stdout]    |
[INFO] [stdout] 13 |         dbg!(gstd::msg::load_bytes()).expect("Failed to load a message")
[INFO] [stdout]    |         ^^^^^^^^^^^^^^^^^^^^^^^^^^^^^ use of undeclared crate or module `gstd`
[INFO] [stdout]    |
[INFO] [stdout]    = note: this error originates in the macro `dbg` (in Nightly builds, run with -Z macro-backtrace for more info)
[INFO] [stdout] 
[INFO] [stdout] error[E0432]: unresolved import `gstd`
[INFO] [stdout]   --> README.md:33:9
[INFO] [stdout]    |
[INFO] [stdout] 13 |         dbg!(gstd::msg::load_bytes()).expect("Failed to load a message")
[INFO] [stdout]    |         ^^^^^^^^^^^^^^^^^^^^^^^^^^^^^ use of undeclared crate or module `gstd`
[INFO] [stdout]    |
[INFO] [stdout]    = note: this error originates in the macro `dbg` (in Nightly builds, run with -Z macro-backtrace for more info)
[INFO] [stdout] 
[INFO] [stdout] error[E0433]: failed to resolve: use of undeclared crate or module `gstd`
[INFO] [stdout]   --> README.md:36:5
[INFO] [stdout]    |
[INFO] [stdout] 16 |     dbg!(&payload);
[INFO] [stdout]    |     ^^^^^^^^^^^^^^ use of undeclared crate or module `gstd`
[INFO] [stdout]    |
[INFO] [stdout]    = note: this error originates in the macro `dbg` (in Nightly builds, run with -Z macro-backtrace for more info)
[INFO] [stdout] 
[INFO] [stdout] error[E0432]: unresolved import `gstd`
[INFO] [stdout]   --> README.md:36:5
[INFO] [stdout]    |
[INFO] [stdout] 16 |     dbg!(&payload);
[INFO] [stdout]    |     ^^^^^^^^^^^^^^ use of undeclared crate or module `gstd`
[INFO] [stdout]    |
[INFO] [stdout]    = note: this error originates in the macro `dbg` (in Nightly builds, run with -Z macro-backtrace for more info)
[INFO] [stdout] 
[INFO] [stdout] error[E0433]: failed to resolve: use of undeclared crate or module `gstd`
[INFO] [stdout]   --> README.md:31:5
[INFO] [stdout]    |
[INFO] [stdout] 11 |     dbg!(gstd::msg::source());
[INFO] [stdout]    |     ^^^^^^^^^^^^^^^^^^^^^^^^^ use of undeclared crate or module `gstd`
[INFO] [stdout]    |
[INFO] [stdout]    = note: this error originates in the macro `dbg` (in Nightly builds, run with -Z macro-backtrace for more info)
[INFO] [stdout] 
[INFO] [stdout] error[E0433]: failed to resolve: use of undeclared crate or module `gstd`
[INFO] [stdout]   --> README.md:33:9
[INFO] [stdout]    |
[INFO] [stdout] 13 |         dbg!(gstd::msg::load_bytes()).expect("Failed to load a message")
[INFO] [stdout]    |         ^^^^^^^^^^^^^^^^^^^^^^^^^^^^^ use of undeclared crate or module `gstd`
[INFO] [stdout]    |
[INFO] [stdout]    = note: this error originates in the macro `dbg` (in Nightly builds, run with -Z macro-backtrace for more info)
[INFO] [stdout] 
[INFO] [stdout] error[E0433]: failed to resolve: use of undeclared crate or module `gstd`
[INFO] [stdout]   --> README.md:32:19
[INFO] [stdout]    |
[INFO] [stdout] 12 |       let payload = dbg!(String::from_utf8(
[INFO] [stdout]    |  ___________________^
[INFO] [stdout] 13 | |         dbg!(gstd::msg::load_bytes()).expect("Failed to load a message")
[INFO] [stdout] 14 | |     ))
[INFO] [stdout]    | |______^ use of undeclared crate or module `gstd`
[INFO] [stdout]    |
[INFO] [stdout]    = note: this error originates in the macro `dbg` (in Nightly builds, run with -Z macro-backtrace for more info)
[INFO] [stdout] 
[INFO] [stdout] error[E0433]: failed to resolve: use of undeclared crate or module `gstd`
[INFO] [stdout]   --> README.md:36:5
[INFO] [stdout]    |
[INFO] [stdout] 16 |     dbg!(&payload);
[INFO] [stdout]    |     ^^^^^^^^^^^^^^ use of undeclared crate or module `gstd`
[INFO] [stdout]    |
[INFO] [stdout]    = note: this error originates in the macro `dbg` (in Nightly builds, run with -Z macro-backtrace for more info)
[INFO] [stdout] 
[INFO] [stdout] error[E0433]: failed to resolve: use of undeclared crate or module `gstd`
[INFO] [stdout]   --> README.md:31:10
[INFO] [stdout]    |
[INFO] [stdout] 11 |     dbg!(gstd::msg::source());
[INFO] [stdout]    |          ^^^^ use of undeclared crate or module `gstd`
[INFO] [stdout] 
[INFO] [stdout] error[E0433]: failed to resolve: use of undeclared crate or module `gstd`
[INFO] [stdout]   --> README.md:33:14
[INFO] [stdout]    |
[INFO] [stdout] 13 |         dbg!(gstd::msg::load_bytes()).expect("Failed to load a message")
[INFO] [stdout]    |              ^^^^ use of undeclared crate or module `gstd`
[INFO] [stdout] 
[INFO] [stdout] error: `#[panic_handler]` function required, but not found
[INFO] [stdout] 
[INFO] [stdout] error: unwinding panics are not supported without std
[INFO] [stdout]   |
[INFO] [stdout]   = help: using nightly cargo, use -Zbuild-std with panic="abort" to avoid unwinding
[INFO] [stdout]   = note: since the core library is usually precompiled with panic="unwind", rebuilding your crate with panic="abort" may not be enough to fix the problem
[INFO] [stdout] 
[INFO] [stdout] error[E0601]: `main` function not found in crate `rust_out`
[INFO] [stdout]   --> README.md:53:2
[INFO] [stdout]    |
[INFO] [stdout] 33 | }
[INFO] [stdout]    |  ^ consider adding a `main` function to `README.md`
[INFO] [stdout] 
[INFO] [stdout] error: aborting due to 18 previous errors
[INFO] [stdout] 
[INFO] [stdout] Some errors have detailed explanations: E0432, E0433, E0601.
[INFO] [stdout] For more information about an error, try `rustc --explain E0432`.
[INFO] [stdout] Couldn't compile the test.
[INFO] [stdout] ---- README.md - (line 78) stdout ----
[INFO] [stdout] error[E0433]: failed to resolve: use of undeclared crate or module `gstd`
[INFO] [stdout]  --> README.md:81:5
[INFO] [stdout]   |
[INFO] [stdout] 5 |     gdbg::dbg!(add(2, 2));
[INFO] [stdout]   |     ^^^^^^^^^^^^^^^^^^^^^ use of undeclared crate or module `gstd`
[INFO] [stdout]   |
[INFO] [stdout]   = note: this error originates in the macro `gdbg::dbg` (in Nightly builds, run with -Z macro-backtrace for more info)
[INFO] [stdout] help: there is a crate or module with a similar name
[INFO] [stdout]  --> /opt/rustwide/workdir/lib.rs:19:17
[INFO] [stdout]   |
[INFO] [stdout] 19|             use std::{debug, prelude::{file, line, stringify}};
[INFO] [stdout]   |                 ~~~
[INFO] [stdout] 
[INFO] [stdout] error[E0432]: unresolved import `gstd`
[INFO] [stdout]  --> README.md:81:5
[INFO] [stdout]   |
[INFO] [stdout] 5 |     gdbg::dbg!(add(2, 2));
[INFO] [stdout]   |     ^^^^^^^^^^^^^^^^^^^^^ use of undeclared crate or module `gstd`
[INFO] [stdout]   |
[INFO] [stdout]   = note: this error originates in the macro `gdbg::dbg` (in Nightly builds, run with -Z macro-backtrace for more info)
[INFO] [stdout] help: there is a crate or module with a similar name
[INFO] [stdout]  --> /opt/rustwide/workdir/lib.rs:19:17
[INFO] [stdout]   |
[INFO] [stdout] 19|             use std::{debug, prelude::{file, line, stringify}};
[INFO] [stdout]   |                 ~~~
[INFO] [stdout] 
[INFO] [stdout] error[E0433]: failed to resolve: use of undeclared crate or module `gstd`
[INFO] [stdout]   --> README.md:86:5
[INFO] [stdout]    |
[INFO] [stdout] 10 |     gdbg::dbg!(Point { x: 2, y: 2 });
[INFO] [stdout]    |     ^^^^^^^^^^^^^^^^^^^^^^^^^^^^^^^^ use of undeclared crate or module `gstd`
[INFO] [stdout]    |
[INFO] [stdout]    = note: this error originates in the macro `gdbg::dbg` (in Nightly builds, run with -Z macro-backtrace for more info)
[INFO] [stdout] help: there is a crate or module with a similar name
[INFO] [stdout]   --> /opt/rustwide/workdir/lib.rs:19:17
[INFO] [stdout]    |
[INFO] [stdout] 19 |             use std::{debug, prelude::{file, line, stringify}};
[INFO] [stdout]    |                 ~~~
[INFO] [stdout] 
[INFO] [stdout] error[E0432]: unresolved import `gstd`
[INFO] [stdout]   --> README.md:86:5
[INFO] [stdout]    |
[INFO] [stdout] 10 |     gdbg::dbg!(Point { x: 2, y: 2 });
[INFO] [stdout]    |     ^^^^^^^^^^^^^^^^^^^^^^^^^^^^^^^^ use of undeclared crate or module `gstd`
[INFO] [stdout]    |
[INFO] [stdout]    = note: this error originates in the macro `gdbg::dbg` (in Nightly builds, run with -Z macro-backtrace for more info)
[INFO] [stdout] help: there is a crate or module with a similar name
[INFO] [stdout]   --> /opt/rustwide/workdir/lib.rs:19:17
[INFO] [stdout]    |
[INFO] [stdout] 19 |             use std::{debug, prelude::{file, line, stringify}};
[INFO] [stdout]    |                 ~~~
[INFO] [stdout] 
[INFO] [stdout] error[E0433]: failed to resolve: use of undeclared crate or module `gstd`
[INFO] [stdout]  --> README.md:81:5
[INFO] [stdout]   |
[INFO] [stdout] 5 |     gdbg::dbg!(add(2, 2));
[INFO] [stdout]   |     ^^^^^^^^^^^^^^^^^^^^^ use of undeclared crate or module `gstd`
[INFO] [stdout]   |
[INFO] [stdout]   = note: this error originates in the macro `gdbg::dbg` (in Nightly builds, run with -Z macro-backtrace for more info)
[INFO] [stdout] 
[INFO] [stdout] error[E0433]: failed to resolve: use of undeclared crate or module `gstd`
[INFO] [stdout]   --> README.md:86:5
[INFO] [stdout]    |
[INFO] [stdout] 10 |     gdbg::dbg!(Point { x: 2, y: 2 });
[INFO] [stdout]    |     ^^^^^^^^^^^^^^^^^^^^^^^^^^^^^^^^ use of undeclared crate or module `gstd`
[INFO] [stdout]    |
[INFO] [stdout]    = note: this error originates in the macro `gdbg::dbg` (in Nightly builds, run with -Z macro-backtrace for more info)
[INFO] [stdout] 
[INFO] [stdout] error[E0422]: cannot find struct, variant or union type `Point` in this scope
[INFO] [stdout]   --> README.md:86:16
[INFO] [stdout]    |
[INFO] [stdout] 10 |     gdbg::dbg!(Point { x: 2, y: 2 });
[INFO] [stdout]    |                ^^^^^ not found in this scope
[INFO] [stdout] 
[INFO] [stdout] error[E0422]: cannot find struct, variant or union type `Point` in this scope
[INFO] [stdout]   --> README.md:88:15
[INFO] [stdout]    |
[INFO] [stdout] 12 |     std::dbg!(Point { x: 2, y: 2 });
[INFO] [stdout]    |               ^^^^^ not found in this scope
[INFO] [stdout] 
[INFO] [stdout] error[E0425]: cannot find function `add` in this scope
[INFO] [stdout]  --> README.md:81:16
[INFO] [stdout]   |
[INFO] [stdout] 5 |     gdbg::dbg!(add(2, 2));
[INFO] [stdout]   |                ^^^ not found in this scope
[INFO] [stdout]   |
[INFO] [stdout] help: use the `.` operator to call the method `Add::add` on `{integer}`
[INFO] [stdout]   |
[INFO] [stdout] 5 -     gdbg::dbg!(add(2, 2));
[INFO] [stdout] 5 +     gdbg::dbg!(2.add(2));
[INFO] [stdout]   |
[INFO] [stdout] 
[INFO] [stdout] error[E0425]: cannot find function `add` in this scope
[INFO] [stdout]  --> README.md:83:15
[INFO] [stdout]   |
[INFO] [stdout] 7 |     std::dbg!(add(2, 2));
[INFO] [stdout]   |               ^^^ not found in this scope
[INFO] [stdout]   |
[INFO] [stdout] help: use the `.` operator to call the method `Add::add` on `{integer}`
[INFO] [stdout]   |
[INFO] [stdout] 7 -     std::dbg!(add(2, 2));
[INFO] [stdout] 7 +     std::dbg!(2.add(2));
[INFO] [stdout]   |
[INFO] [stdout] 
[INFO] [stdout] error: aborting due to 10 previous errors
[INFO] [stdout] 
[INFO] [stdout] Some errors have detailed explanations: E0422, E0425, E0432, E0433.
[INFO] [stdout] For more information about an error, try `rustc --explain E0422`.
[INFO] [stdout] Couldn't compile the test.
[INFO] [stdout] ---- README.md - (line 14) stdout ----
[INFO] [stdout] error: expected `;`, found `gstd`
[INFO] [stdout]  --> README.md:16:15
[INFO] [stdout]   |
[INFO] [stdout] 5 | [dependeicies]
[INFO] [stdout]   |               ^ help: add `;` here
[INFO] [stdout] 6 | gstd = { version = "1", features = ["debug"] }
[INFO] [stdout]   | ---- unexpected token
[INFO] [stdout] 
[INFO] [stdout] error: expected one of `.`, `;`, `?`, `}`, or an operator, found `,`
[INFO] [stdout]  --> README.md:17:23
[INFO] [stdout]   |
[INFO] [stdout] 6 | gstd = { version = "1", features = ["debug"] }
[INFO] [stdout]   |                       ^ expected one of `.`, `;`, `?`, `}`, or an operator
[INFO] [stdout] 
[INFO] [stdout] error: expected `;`, found `gdbg`
[INFO] [stdout]  --> README.md:17:47
[INFO] [stdout]   |
[INFO] [stdout] 6 | gstd = { version = "1", features = ["debug"] }
[INFO] [stdout]   |                                               ^ help: add `;` here
[INFO] [stdout] 7 | gdbg = { version = "0.1" }
[INFO] [stdout]   | ---- unexpected token
[INFO] [stdout] 
[INFO] [stdout] error[E0423]: expected value, found crate `gdbg`
[INFO] [stdout]  --> README.md:18:1
[INFO] [stdout]   |
[INFO] [stdout] 7 | gdbg = { version = "0.1" }
[INFO] [stdout]   | ^^^^
[INFO] [stdout]   |
[INFO] [stdout] help: you might have meant to introduce a new binding
[INFO] [stdout]   |
[INFO] [stdout] 7 | let gdbg = { version = "0.1" }
[INFO] [stdout]   | +++
[INFO] [stdout] 
[INFO] [stdout] error[E0425]: cannot find value `version` in this scope
[INFO] [stdout]  --> README.md:18:10
[INFO] [stdout]   |
[INFO] [stdout] 7 | gdbg = { version = "0.1" }
[INFO] [stdout]   |          ^^^^^^^ not found in this scope
[INFO] [stdout] 
[INFO] [stdout] error: aborting due to 5 previous errors
[INFO] [stdout] 
[INFO] [stdout] Some errors have detailed explanations: E0423, E0425.
[INFO] [stdout] For more information about an error, try `rustc --explain E0423`.
[INFO] [stdout] Couldn't compile the test.
[INFO] [stdout] 
[INFO] [stdout] failures:
[INFO] [stdout]     README.md - (line 14)
[INFO] [stdout]     README.md - (line 22)
[INFO] [stdout]     README.md - (line 57)
[INFO] [stdout]     README.md - (line 70)
[INFO] [stdout]     README.md - (line 78)
[INFO] [stdout]     README.md - (line 93)
[INFO] [stdout] 
[INFO] [stdout] test result: FAILED. 0 passed; 6 failed; 0 ignored; 0 measured; 0 filtered out; finished in 0.07s
[INFO] [stdout] 
[INFO] [stderr] error: doctest failed, to rerun pass `--doc`
[INFO] running `Command { std: "docker" "inspect" "fa21ec3986a1816260de99b1245842c17cc003827737958fd342a65667761189", kill_on_drop: false }`
[INFO] running `Command { std: "docker" "rm" "-f" "fa21ec3986a1816260de99b1245842c17cc003827737958fd342a65667761189", kill_on_drop: false }`
[INFO] [stdout] fa21ec3986a1816260de99b1245842c17cc003827737958fd342a65667761189
