[INFO] fetching crate gc_api 0.5.0...
[INFO] testing gc_api-0.5.0 against 1.83.0 for beta-1.84.0-4-retry
[INFO] extracting crate gc_api 0.5.0 into /workspace/builds/worker-7-tc1/source
[INFO] validating manifest of crates.io crate gc_api 0.5.0 on toolchain 1.83.0
[INFO] running `Command { std: CARGO_HOME="/workspace/cargo-home" RUSTUP_HOME="/workspace/rustup-home" "/workspace/cargo-home/bin/cargo" "+1.83.0" "metadata" "--manifest-path" "Cargo.toml" "--no-deps", kill_on_drop: false }`
[INFO] started tweaking crates.io crate gc_api 0.5.0
[INFO] finished tweaking crates.io crate gc_api 0.5.0
[INFO] tweaked toml for crates.io crate gc_api 0.5.0 written to /workspace/builds/worker-7-tc1/source/Cargo.toml
[INFO] running `Command { std: CARGO_HOME="/workspace/cargo-home" RUSTUP_HOME="/workspace/rustup-home" "/workspace/cargo-home/bin/cargo" "+1.83.0" "generate-lockfile" "--manifest-path" "Cargo.toml", kill_on_drop: false }`
[INFO] [stderr]     Updating crates.io index
[INFO] [stderr]      Locking 5 packages to latest compatible versions
[INFO] running `Command { std: CARGO_HOME="/workspace/cargo-home" RUSTUP_HOME="/workspace/rustup-home" "/workspace/cargo-home/bin/cargo" "+1.83.0" "fetch" "--manifest-path" "Cargo.toml", kill_on_drop: false }`
[INFO] running `Command { std: "docker" "create" "-v" "/var/lib/crater-agent-workspace/builds/worker-7-tc1/target:/opt/rustwide/target:rw,Z" "-v" "/var/lib/crater-agent-workspace/builds/worker-7-tc1/source:/opt/rustwide/workdir:ro,Z" "-v" "/var/lib/crater-agent-workspace/cargo-home:/opt/rustwide/cargo-home:ro,Z" "-v" "/var/lib/crater-agent-workspace/rustup-home:/opt/rustwide/rustup-home:ro,Z" "-e" "SOURCE_DIR=/opt/rustwide/workdir" "-e" "CARGO_TARGET_DIR=/opt/rustwide/target" "-e" "CARGO_HOME=/opt/rustwide/cargo-home" "-e" "RUSTUP_HOME=/opt/rustwide/rustup-home" "-w" "/opt/rustwide/workdir" "-m" "1610612736" "--user" "0:0" "--network" "none" "ghcr.io/rust-lang/crates-build-env/linux@sha256:f3a9d4ad9d972b27faf3965f35b62e55ba32bbce8f20bc8fe909558a86702fde" "/opt/rustwide/cargo-home/bin/cargo" "+1.83.0" "metadata" "--no-deps" "--format-version=1", kill_on_drop: false }`
[INFO] [stdout] d4a84f5b31ccc3160a7f0afc9146e67dad5146309ab0ca238ef991c9c7eb9c74
[INFO] running `Command { std: "docker" "start" "-a" "d4a84f5b31ccc3160a7f0afc9146e67dad5146309ab0ca238ef991c9c7eb9c74", kill_on_drop: false }`
[INFO] running `Command { std: "docker" "inspect" "d4a84f5b31ccc3160a7f0afc9146e67dad5146309ab0ca238ef991c9c7eb9c74", kill_on_drop: false }`
[INFO] running `Command { std: "docker" "rm" "-f" "d4a84f5b31ccc3160a7f0afc9146e67dad5146309ab0ca238ef991c9c7eb9c74", kill_on_drop: false }`
[INFO] [stdout] d4a84f5b31ccc3160a7f0afc9146e67dad5146309ab0ca238ef991c9c7eb9c74
[INFO] running `Command { std: "docker" "create" "-v" "/var/lib/crater-agent-workspace/builds/worker-7-tc1/target:/opt/rustwide/target:rw,Z" "-v" "/var/lib/crater-agent-workspace/builds/worker-7-tc1/source:/opt/rustwide/workdir:ro,Z" "-v" "/var/lib/crater-agent-workspace/cargo-home:/opt/rustwide/cargo-home:ro,Z" "-v" "/var/lib/crater-agent-workspace/rustup-home:/opt/rustwide/rustup-home:ro,Z" "-e" "SOURCE_DIR=/opt/rustwide/workdir" "-e" "CARGO_TARGET_DIR=/opt/rustwide/target" "-e" "CARGO_INCREMENTAL=0" "-e" "RUST_BACKTRACE=full" "-e" "RUSTFLAGS=--cap-lints=warn" "-e" "RUSTDOCFLAGS=--cap-lints=warn" "-e" "CARGO_HOME=/opt/rustwide/cargo-home" "-e" "RUSTUP_HOME=/opt/rustwide/rustup-home" "-w" "/opt/rustwide/workdir" "-m" "1610612736" "--user" "0:0" "--network" "none" "ghcr.io/rust-lang/crates-build-env/linux@sha256:f3a9d4ad9d972b27faf3965f35b62e55ba32bbce8f20bc8fe909558a86702fde" "/opt/rustwide/cargo-home/bin/cargo" "+1.83.0" "build" "--frozen" "--message-format=json", kill_on_drop: false }`
[INFO] [stdout] fc94d40f293ca871179448d6f64a360ee90effc84f09fb95360bed2b699c6b1b
[INFO] running `Command { std: "docker" "start" "-a" "fc94d40f293ca871179448d6f64a360ee90effc84f09fb95360bed2b699c6b1b", kill_on_drop: false }`
[INFO] [stderr]    Compiling smallvec v1.13.2
[INFO] [stderr]    Compiling gc_api v0.5.0 (/opt/rustwide/workdir)
[INFO] [stderr]     Finished `dev` profile [unoptimized + debuginfo] target(s) in 0.65s
[INFO] running `Command { std: "docker" "inspect" "fc94d40f293ca871179448d6f64a360ee90effc84f09fb95360bed2b699c6b1b", kill_on_drop: false }`
[INFO] running `Command { std: "docker" "rm" "-f" "fc94d40f293ca871179448d6f64a360ee90effc84f09fb95360bed2b699c6b1b", kill_on_drop: false }`
[INFO] [stdout] fc94d40f293ca871179448d6f64a360ee90effc84f09fb95360bed2b699c6b1b
[INFO] running `Command { std: "docker" "create" "-v" "/var/lib/crater-agent-workspace/builds/worker-7-tc1/target:/opt/rustwide/target:rw,Z" "-v" "/var/lib/crater-agent-workspace/builds/worker-7-tc1/source:/opt/rustwide/workdir:ro,Z" "-v" "/var/lib/crater-agent-workspace/cargo-home:/opt/rustwide/cargo-home:ro,Z" "-v" "/var/lib/crater-agent-workspace/rustup-home:/opt/rustwide/rustup-home:ro,Z" "-e" "SOURCE_DIR=/opt/rustwide/workdir" "-e" "CARGO_TARGET_DIR=/opt/rustwide/target" "-e" "CARGO_INCREMENTAL=0" "-e" "RUST_BACKTRACE=full" "-e" "RUSTFLAGS=--cap-lints=warn" "-e" "RUSTDOCFLAGS=--cap-lints=warn" "-e" "CARGO_HOME=/opt/rustwide/cargo-home" "-e" "RUSTUP_HOME=/opt/rustwide/rustup-home" "-w" "/opt/rustwide/workdir" "-m" "1610612736" "--user" "0:0" "--network" "none" "ghcr.io/rust-lang/crates-build-env/linux@sha256:f3a9d4ad9d972b27faf3965f35b62e55ba32bbce8f20bc8fe909558a86702fde" "/opt/rustwide/cargo-home/bin/cargo" "+1.83.0" "test" "--frozen" "--no-run" "--message-format=json", kill_on_drop: false }`
[INFO] [stdout] 648aa4dc1e715eb6e2304ddd1562d28c2a6e4c8bec4d47ab98550ce98ccd37b4
[INFO] running `Command { std: "docker" "start" "-a" "648aa4dc1e715eb6e2304ddd1562d28c2a6e4c8bec4d47ab98550ce98ccd37b4", kill_on_drop: false }`
[INFO] [stderr]    Compiling gc_api v0.5.0 (/opt/rustwide/workdir)
[INFO] [stderr]     Finished `test` profile [unoptimized + debuginfo] target(s) in 0.50s
[INFO] running `Command { std: "docker" "inspect" "648aa4dc1e715eb6e2304ddd1562d28c2a6e4c8bec4d47ab98550ce98ccd37b4", kill_on_drop: false }`
[INFO] running `Command { std: "docker" "rm" "-f" "648aa4dc1e715eb6e2304ddd1562d28c2a6e4c8bec4d47ab98550ce98ccd37b4", kill_on_drop: false }`
[INFO] [stdout] 648aa4dc1e715eb6e2304ddd1562d28c2a6e4c8bec4d47ab98550ce98ccd37b4
[INFO] running `Command { std: "docker" "create" "-v" "/var/lib/crater-agent-workspace/builds/worker-7-tc1/target:/opt/rustwide/target:rw,Z" "-v" "/var/lib/crater-agent-workspace/builds/worker-7-tc1/source:/opt/rustwide/workdir:ro,Z" "-v" "/var/lib/crater-agent-workspace/cargo-home:/opt/rustwide/cargo-home:ro,Z" "-v" "/var/lib/crater-agent-workspace/rustup-home:/opt/rustwide/rustup-home:ro,Z" "-e" "SOURCE_DIR=/opt/rustwide/workdir" "-e" "CARGO_TARGET_DIR=/opt/rustwide/target" "-e" "CARGO_INCREMENTAL=0" "-e" "RUST_BACKTRACE=full" "-e" "RUSTFLAGS=--cap-lints=warn" "-e" "RUSTDOCFLAGS=--cap-lints=warn" "-e" "CARGO_HOME=/opt/rustwide/cargo-home" "-e" "RUSTUP_HOME=/opt/rustwide/rustup-home" "-w" "/opt/rustwide/workdir" "-m" "1610612736" "--user" "0:0" "--network" "none" "ghcr.io/rust-lang/crates-build-env/linux@sha256:f3a9d4ad9d972b27faf3965f35b62e55ba32bbce8f20bc8fe909558a86702fde" "/opt/rustwide/cargo-home/bin/cargo" "+1.83.0" "test" "--frozen", kill_on_drop: false }`
[INFO] [stdout] 761003545b27672d9922db34e95418527fa3eaffa37fba13c3d28989ab50d8d9
[INFO] running `Command { std: "docker" "start" "-a" "761003545b27672d9922db34e95418527fa3eaffa37fba13c3d28989ab50d8d9", kill_on_drop: false }`
[INFO] [stderr]     Finished `test` profile [unoptimized + debuginfo] target(s) in 0.01s
[INFO] [stdout] 
[INFO] [stdout] running 0 tests
[INFO] [stderr]      Running unittests src/lib.rs (/opt/rustwide/target/debug/deps/gc_api-d28cbf7b92b86f2f)
[INFO] [stdout] 
[INFO] [stderr]    Doc-tests gc_api
[INFO] [stdout] test result: ok. 0 passed; 0 failed; 0 ignored; 0 measured; 0 filtered out; finished in 0.00s
[INFO] [stdout] 
[INFO] [stdout] 
[INFO] [stdout] running 1 test
[INFO] [stdout] test src/lib.rs - Gc (line 33) ... FAILED
[INFO] [stdout] 
[INFO] [stdout] failures:
[INFO] [stdout] 
[INFO] [stdout] ---- src/lib.rs - Gc (line 33) stdout ----
[INFO] [stdout] error[E0412]: cannot find type `SomeAllocator` in this scope
[INFO] [stdout]  --> src/lib.rs:36:23
[INFO] [stdout]   |
[INFO] [stdout] 6 | let mut item: Gc<i32, SomeAllocator> = allocator.alloc(3);
[INFO] [stdout]   |                       ^^^^^^^^^^^^^ not found in this scope
[INFO] [stdout]   |
[INFO] [stdout] help: you might be missing a type parameter
[INFO] [stdout]   |
[INFO] [stdout] 4 | fn main() { #[allow(non_snake_case)] fn _doctest_main_src_lib_rs_33_0<SomeAllocator>() {
[INFO] [stdout]   |                                                                      +++++++++++++++
[INFO] [stdout] 
[INFO] [stdout] error[E0425]: cannot find value `allocator` in this scope
[INFO] [stdout]  --> src/lib.rs:36:40
[INFO] [stdout]   |
[INFO] [stdout] 6 | let mut item: Gc<i32, SomeAllocator> = allocator.alloc(3);
[INFO] [stdout]   |                                        ^^^^^^^^^ not found in this scope
[INFO] [stdout] 
[INFO] [stdout] error[E0425]: cannot find value `allocator` in this scope
[INFO] [stdout]   --> src/lib.rs:46:35
[INFO] [stdout]    |
[INFO] [stdout] 16 | let with_alloc: &i32 = item.with(&allocator);
[INFO] [stdout]    |                                   ^^^^^^^^^ not found in this scope
[INFO] [stdout] 
[INFO] [stdout] error: aborting due to 3 previous errors
[INFO] [stdout] 
[INFO] [stdout] Some errors have detailed explanations: E0412, E0425.
[INFO] [stdout] For more information about an error, try `rustc --explain E0412`.
[INFO] [stdout] Couldn't compile the test.
[INFO] [stdout] 
[INFO] [stdout] failures:
[INFO] [stdout]     src/lib.rs - Gc (line 33)
[INFO] [stdout] 
[INFO] [stdout] test result: FAILED. 0 passed; 1 failed; 0 ignored; 0 measured; 0 filtered out; finished in 0.09s
[INFO] [stdout] 
[INFO] [stderr] error: doctest failed, to rerun pass `--doc`
[INFO] running `Command { std: "docker" "inspect" "761003545b27672d9922db34e95418527fa3eaffa37fba13c3d28989ab50d8d9", kill_on_drop: false }`
[INFO] running `Command { std: "docker" "rm" "-f" "761003545b27672d9922db34e95418527fa3eaffa37fba13c3d28989ab50d8d9", kill_on_drop: false }`
[INFO] [stdout] 761003545b27672d9922db34e95418527fa3eaffa37fba13c3d28989ab50d8d9
