[INFO] fetching crate gc_adpcm 0.2.0...
[INFO] testing gc_adpcm-0.2.0 against 1.83.0 for beta-1.84.0-4-retry
[INFO] extracting crate gc_adpcm 0.2.0 into /workspace/builds/worker-5-tc1/source
[INFO] validating manifest of crates.io crate gc_adpcm 0.2.0 on toolchain 1.83.0
[INFO] running `Command { std: CARGO_HOME="/workspace/cargo-home" RUSTUP_HOME="/workspace/rustup-home" "/workspace/cargo-home/bin/cargo" "+1.83.0" "metadata" "--manifest-path" "Cargo.toml" "--no-deps", kill_on_drop: false }`
[INFO] started tweaking crates.io crate gc_adpcm 0.2.0
[INFO] finished tweaking crates.io crate gc_adpcm 0.2.0
[INFO] tweaked toml for crates.io crate gc_adpcm 0.2.0 written to /workspace/builds/worker-5-tc1/source/Cargo.toml
[INFO] running `Command { std: CARGO_HOME="/workspace/cargo-home" RUSTUP_HOME="/workspace/rustup-home" "/workspace/cargo-home/bin/cargo" "+1.83.0" "generate-lockfile" "--manifest-path" "Cargo.toml", kill_on_drop: false }`
[INFO] running `Command { std: CARGO_HOME="/workspace/cargo-home" RUSTUP_HOME="/workspace/rustup-home" "/workspace/cargo-home/bin/cargo" "+1.83.0" "fetch" "--manifest-path" "Cargo.toml", kill_on_drop: false }`
[INFO] running `Command { std: "docker" "create" "-v" "/var/lib/crater-agent-workspace/builds/worker-5-tc1/target:/opt/rustwide/target:rw,Z" "-v" "/var/lib/crater-agent-workspace/builds/worker-5-tc1/source:/opt/rustwide/workdir:ro,Z" "-v" "/var/lib/crater-agent-workspace/cargo-home:/opt/rustwide/cargo-home:ro,Z" "-v" "/var/lib/crater-agent-workspace/rustup-home:/opt/rustwide/rustup-home:ro,Z" "-e" "SOURCE_DIR=/opt/rustwide/workdir" "-e" "CARGO_TARGET_DIR=/opt/rustwide/target" "-e" "CARGO_HOME=/opt/rustwide/cargo-home" "-e" "RUSTUP_HOME=/opt/rustwide/rustup-home" "-w" "/opt/rustwide/workdir" "-m" "1610612736" "--user" "0:0" "--network" "none" "ghcr.io/rust-lang/crates-build-env/linux@sha256:f3a9d4ad9d972b27faf3965f35b62e55ba32bbce8f20bc8fe909558a86702fde" "/opt/rustwide/cargo-home/bin/cargo" "+1.83.0" "metadata" "--no-deps" "--format-version=1", kill_on_drop: false }`
[INFO] [stdout] 3525bd844e3092624a6b301bbb88cf96adffc75193dd7c40727edbd88c2aacb4
[INFO] running `Command { std: "docker" "start" "-a" "3525bd844e3092624a6b301bbb88cf96adffc75193dd7c40727edbd88c2aacb4", kill_on_drop: false }`
[INFO] running `Command { std: "docker" "inspect" "3525bd844e3092624a6b301bbb88cf96adffc75193dd7c40727edbd88c2aacb4", kill_on_drop: false }`
[INFO] running `Command { std: "docker" "rm" "-f" "3525bd844e3092624a6b301bbb88cf96adffc75193dd7c40727edbd88c2aacb4", kill_on_drop: false }`
[INFO] [stdout] 3525bd844e3092624a6b301bbb88cf96adffc75193dd7c40727edbd88c2aacb4
[INFO] running `Command { std: "docker" "create" "-v" "/var/lib/crater-agent-workspace/builds/worker-5-tc1/target:/opt/rustwide/target:rw,Z" "-v" "/var/lib/crater-agent-workspace/builds/worker-5-tc1/source:/opt/rustwide/workdir:ro,Z" "-v" "/var/lib/crater-agent-workspace/cargo-home:/opt/rustwide/cargo-home:ro,Z" "-v" "/var/lib/crater-agent-workspace/rustup-home:/opt/rustwide/rustup-home:ro,Z" "-e" "SOURCE_DIR=/opt/rustwide/workdir" "-e" "CARGO_TARGET_DIR=/opt/rustwide/target" "-e" "CARGO_INCREMENTAL=0" "-e" "RUST_BACKTRACE=full" "-e" "RUSTFLAGS=--cap-lints=warn" "-e" "RUSTDOCFLAGS=--cap-lints=warn" "-e" "CARGO_HOME=/opt/rustwide/cargo-home" "-e" "RUSTUP_HOME=/opt/rustwide/rustup-home" "-w" "/opt/rustwide/workdir" "-m" "1610612736" "--user" "0:0" "--network" "none" "ghcr.io/rust-lang/crates-build-env/linux@sha256:f3a9d4ad9d972b27faf3965f35b62e55ba32bbce8f20bc8fe909558a86702fde" "/opt/rustwide/cargo-home/bin/cargo" "+1.83.0" "build" "--frozen" "--message-format=json", kill_on_drop: false }`
[INFO] [stdout] 2a1c1cae2cbc30481a1721d908ea7b4d3c729e0f9d06beddae828b1c359b6e29
[INFO] running `Command { std: "docker" "start" "-a" "2a1c1cae2cbc30481a1721d908ea7b4d3c729e0f9d06beddae828b1c359b6e29", kill_on_drop: false }`
[INFO] [stderr]    Compiling gc_adpcm v0.2.0 (/opt/rustwide/workdir)
[INFO] [stderr]     Finished `dev` profile [unoptimized + debuginfo] target(s) in 0.16s
[INFO] running `Command { std: "docker" "inspect" "2a1c1cae2cbc30481a1721d908ea7b4d3c729e0f9d06beddae828b1c359b6e29", kill_on_drop: false }`
[INFO] running `Command { std: "docker" "rm" "-f" "2a1c1cae2cbc30481a1721d908ea7b4d3c729e0f9d06beddae828b1c359b6e29", kill_on_drop: false }`
[INFO] [stdout] 2a1c1cae2cbc30481a1721d908ea7b4d3c729e0f9d06beddae828b1c359b6e29
[INFO] running `Command { std: "docker" "create" "-v" "/var/lib/crater-agent-workspace/builds/worker-5-tc1/target:/opt/rustwide/target:rw,Z" "-v" "/var/lib/crater-agent-workspace/builds/worker-5-tc1/source:/opt/rustwide/workdir:ro,Z" "-v" "/var/lib/crater-agent-workspace/cargo-home:/opt/rustwide/cargo-home:ro,Z" "-v" "/var/lib/crater-agent-workspace/rustup-home:/opt/rustwide/rustup-home:ro,Z" "-e" "SOURCE_DIR=/opt/rustwide/workdir" "-e" "CARGO_TARGET_DIR=/opt/rustwide/target" "-e" "CARGO_INCREMENTAL=0" "-e" "RUST_BACKTRACE=full" "-e" "RUSTFLAGS=--cap-lints=warn" "-e" "RUSTDOCFLAGS=--cap-lints=warn" "-e" "CARGO_HOME=/opt/rustwide/cargo-home" "-e" "RUSTUP_HOME=/opt/rustwide/rustup-home" "-w" "/opt/rustwide/workdir" "-m" "1610612736" "--user" "0:0" "--network" "none" "ghcr.io/rust-lang/crates-build-env/linux@sha256:f3a9d4ad9d972b27faf3965f35b62e55ba32bbce8f20bc8fe909558a86702fde" "/opt/rustwide/cargo-home/bin/cargo" "+1.83.0" "test" "--frozen" "--no-run" "--message-format=json", kill_on_drop: false }`
[INFO] [stdout] 70ef3086ce391430ab93cf937a1c0947900b59f89634454039af778a05c4aa55
[INFO] running `Command { std: "docker" "start" "-a" "70ef3086ce391430ab93cf937a1c0947900b59f89634454039af778a05c4aa55", kill_on_drop: false }`
[INFO] [stderr]    Compiling gc_adpcm v0.2.0 (/opt/rustwide/workdir)
[INFO] [stderr]     Finished `test` profile [unoptimized + debuginfo] target(s) in 0.43s
[INFO] running `Command { std: "docker" "inspect" "70ef3086ce391430ab93cf937a1c0947900b59f89634454039af778a05c4aa55", kill_on_drop: false }`
[INFO] running `Command { std: "docker" "rm" "-f" "70ef3086ce391430ab93cf937a1c0947900b59f89634454039af778a05c4aa55", kill_on_drop: false }`
[INFO] [stdout] 70ef3086ce391430ab93cf937a1c0947900b59f89634454039af778a05c4aa55
[INFO] running `Command { std: "docker" "create" "-v" "/var/lib/crater-agent-workspace/builds/worker-5-tc1/target:/opt/rustwide/target:rw,Z" "-v" "/var/lib/crater-agent-workspace/builds/worker-5-tc1/source:/opt/rustwide/workdir:ro,Z" "-v" "/var/lib/crater-agent-workspace/cargo-home:/opt/rustwide/cargo-home:ro,Z" "-v" "/var/lib/crater-agent-workspace/rustup-home:/opt/rustwide/rustup-home:ro,Z" "-e" "SOURCE_DIR=/opt/rustwide/workdir" "-e" "CARGO_TARGET_DIR=/opt/rustwide/target" "-e" "CARGO_INCREMENTAL=0" "-e" "RUST_BACKTRACE=full" "-e" "RUSTFLAGS=--cap-lints=warn" "-e" "RUSTDOCFLAGS=--cap-lints=warn" "-e" "CARGO_HOME=/opt/rustwide/cargo-home" "-e" "RUSTUP_HOME=/opt/rustwide/rustup-home" "-w" "/opt/rustwide/workdir" "-m" "1610612736" "--user" "0:0" "--network" "none" "ghcr.io/rust-lang/crates-build-env/linux@sha256:f3a9d4ad9d972b27faf3965f35b62e55ba32bbce8f20bc8fe909558a86702fde" "/opt/rustwide/cargo-home/bin/cargo" "+1.83.0" "test" "--frozen", kill_on_drop: false }`
[INFO] [stdout] 381980a24c3db465821760434c11e76f79e2c9f12214599549391b292c8ed6a1
[INFO] running `Command { std: "docker" "start" "-a" "381980a24c3db465821760434c11e76f79e2c9f12214599549391b292c8ed6a1", kill_on_drop: false }`
[INFO] [stderr]     Finished `test` profile [unoptimized + debuginfo] target(s) in 0.01s
[INFO] [stderr]      Running unittests src/lib.rs (/opt/rustwide/target/debug/deps/gc_adpcm-382be99176ba8530)
[INFO] [stdout] 
[INFO] [stdout] running 0 tests
[INFO] [stdout] 
[INFO] [stdout] test result: ok. 0 passed; 0 failed; 0 ignored; 0 measured; 0 filtered out; finished in 0.00s
[INFO] [stdout] 
[INFO] [stderr]    Doc-tests gc_adpcm
[INFO] [stdout] 
[INFO] [stdout] running 2 tests
[INFO] [stdout] test README.md - (line 11) ... FAILED
[INFO] [stdout] test README.md - (line 57) ... FAILED
[INFO] [stdout] 
[INFO] [stdout] failures:
[INFO] [stdout] 
[INFO] [stdout] ---- README.md - (line 11) stdout ----
[INFO] [stdout] error[E0432]: unresolved import `gc_adpcm::DspState`
[INFO] [stdout]  --> README.md:13:25
[INFO] [stdout]   |
[INFO] [stdout] 5 | use gc_adpcm::{Decoder, DspState};
[INFO] [stdout]   |                         ^^^^^^^^ no `DspState` in the root
[INFO] [stdout] 
[INFO] [stdout] error[E0277]: the `?` operator can only be used in a function that returns `Result` or `Option` (or another type that implements `FromResidual`)
[INFO] [stdout]   --> README.md:22:28
[INFO] [stdout]    |
[INFO] [stdout] 7  | fn mono() {
[INFO] [stdout]    | --------- this function should return `Result` or `Option` to accept `?`
[INFO] [stdout] ...
[INFO] [stdout] 14 |         let sample = sample?;
[INFO] [stdout]    |                            ^ cannot use the `?` operator in a function that returns `()`
[INFO] [stdout]    |
[INFO] [stdout]    = help: the trait `FromResidual<Result<Infallible, std::io::Error>>` is not implemented for `()`
[INFO] [stdout] help: consider adding return type
[INFO] [stdout]    |
[INFO] [stdout] 7  | fn mono() -> Result<(), Box<dyn std::error::Error>> {
[INFO] [stdout]    |           +++++++++++++++++++++++++++++++++++++++++
[INFO] [stdout] 
[INFO] [stdout] error[E0277]: the `?` operator can only be used in a function that returns `Result` or `Option` (or another type that implements `FromResidual`)
[INFO] [stdout]   --> README.md:37:28
[INFO] [stdout]    |
[INFO] [stdout] 19 | fn stereo() {
[INFO] [stdout]    | ----------- this function should return `Result` or `Option` to accept `?`
[INFO] [stdout] ...
[INFO] [stdout] 29 |         let sample = sample?;
[INFO] [stdout]    |                            ^ cannot use the `?` operator in a function that returns `()`
[INFO] [stdout]    |
[INFO] [stdout]    = help: the trait `FromResidual<Result<Infallible, std::io::Error>>` is not implemented for `()`
[INFO] [stdout] help: consider adding return type
[INFO] [stdout]    |
[INFO] [stdout] 19 | fn stereo() -> Result<(), Box<dyn std::error::Error>> {
[INFO] [stdout]    |             +++++++++++++++++++++++++++++++++++++++++
[INFO] [stdout] 
[INFO] [stdout] error[E0599]: no function or associated item named `stereo_interleaved` found for struct `Decoder` in the current scope
[INFO] [stdout]    --> README.md:48:28
[INFO] [stdout]     |
[INFO] [stdout] 40  |     let decoder = Decoder::stereo_interleaved(reader, left_dsp_header, right_dsp_header, total_frames);
[INFO] [stdout]     |                            ^^^^^^^^^^^^^^^^^^ function or associated item not found in `Decoder<_, _>`
[INFO] [stdout]     |
[INFO] [stdout] note: if you're trying to build a new `Decoder<_, _>` consider using one of the following associated functions:
[INFO] [stdout]       Decoder::<R, Mono>::mono
[INFO] [stdout]       Decoder::<R, Mono>::mono_samples
[INFO] [stdout]       Decoder::<R, Stereo>::stereo
[INFO] [stdout]       Decoder::<R, Stereo>::stereo_samples
[INFO] [stdout]       and 2 others
[INFO] [stdout]    --> /opt/rustwide/workdir/src/decoder.rs:57:5
[INFO] [stdout]     |
[INFO] [stdout] 57  |       pub fn mono(reader: R, state: Dsp, frames: u32) -> Self {
[INFO] [stdout]     |       ^^^^^^^^^^^^^^^^^^^^^^^^^^^^^^^^^^^^^^^^^^^^^^^^^^^^^^^
[INFO] [stdout] ...
[INFO] [stdout] 72  |       pub fn mono_samples(reader: R, state: Dsp, samples: u32) -> Self {
[INFO] [stdout]     |       ^^^^^^^^^^^^^^^^^^^^^^^^^^^^^^^^^^^^^^^^^^^^^^^^^^^^^^^^^^^^^^^^
[INFO] [stdout] ...
[INFO] [stdout] 89  | /     pub fn stereo(
[INFO] [stdout] 90  | |         left_reader: R,
[INFO] [stdout] 91  | |         left_state: Dsp,
[INFO] [stdout] 92  | |         right_reader: R,
[INFO] [stdout] 93  | |         right_state: Dsp,
[INFO] [stdout] 94  | |         channel_frames: u32,
[INFO] [stdout] 95  | |     ) -> Self {
[INFO] [stdout]     | |_____________^
[INFO] [stdout] ...
[INFO] [stdout] 110 | /     pub fn stereo_samples(
[INFO] [stdout] 111 | |         left_reader: R,
[INFO] [stdout] 112 | |         left_state: Dsp,
[INFO] [stdout] 113 | |         right_reader: R,
[INFO] [stdout] 114 | |         right_state: Dsp,
[INFO] [stdout] 115 | |         channel_samples: u32,
[INFO] [stdout] 116 | |     ) -> Self {
[INFO] [stdout]     | |_____________^
[INFO] [stdout] 
[INFO] [stdout] error[E0277]: the `?` operator can only be used in a function that returns `Result` or `Option` (or another type that implements `FromResidual`)
[INFO] [stdout]   --> README.md:51:28
[INFO] [stdout]    |
[INFO] [stdout] 34 | fn stereo_interleaved() {
[INFO] [stdout]    | ----------------------- this function should return `Result` or `Option` to accept `?`
[INFO] [stdout] ...
[INFO] [stdout] 43 |         let sample = sample?;
[INFO] [stdout]    |                            ^ cannot use the `?` operator in a function that returns `()`
[INFO] [stdout]    |
[INFO] [stdout]    = help: the trait `FromResidual<_>` is not implemented for `()`
[INFO] [stdout] 
[INFO] [stdout] error: aborting due to 5 previous errors
[INFO] [stdout] 
[INFO] [stdout] Some errors have detailed explanations: E0277, E0432, E0599.
[INFO] [stdout] For more information about an error, try `rustc --explain E0277`.
[INFO] [stdout] Couldn't compile the test.
[INFO] [stdout] ---- README.md - (line 57) stdout ----
[INFO] [stdout] error[E0432]: unresolved import `gc_adpcm::DspState`
[INFO] [stdout]  --> README.md:59:5
[INFO] [stdout]   |
[INFO] [stdout] 5 | use gc_adpcm::DspState;
[INFO] [stdout]   |     ^^^^^^^^^^^^^^^^^^ no `DspState` in the root
[INFO] [stdout] 
[INFO] [stdout] error: aborting due to 1 previous error
[INFO] [stdout] 
[INFO] [stdout] For more information about this error, try `rustc --explain E0432`.
[INFO] [stdout] Couldn't compile the test.
[INFO] [stdout] 
[INFO] [stdout] failures:
[INFO] [stdout]     README.md - (line 11)
[INFO] [stdout]     README.md - (line 57)
[INFO] [stdout] 
[INFO] [stdout] test result: FAILED. 0 passed; 2 failed; 0 ignored; 0 measured; 0 filtered out; finished in 0.08s
[INFO] [stdout] 
[INFO] [stderr] error: doctest failed, to rerun pass `--doc`
[INFO] running `Command { std: "docker" "inspect" "381980a24c3db465821760434c11e76f79e2c9f12214599549391b292c8ed6a1", kill_on_drop: false }`
[INFO] running `Command { std: "docker" "rm" "-f" "381980a24c3db465821760434c11e76f79e2c9f12214599549391b292c8ed6a1", kill_on_drop: false }`
[INFO] [stdout] 381980a24c3db465821760434c11e76f79e2c9f12214599549391b292c8ed6a1
