[INFO] fetching crate gc-adapter 0.1.2...
[INFO] testing gc-adapter-0.1.2 against 1.83.0 for beta-1.84.0-4-retry
[INFO] extracting crate gc-adapter 0.1.2 into /workspace/builds/worker-4-tc1/source
[INFO] validating manifest of crates.io crate gc-adapter 0.1.2 on toolchain 1.83.0
[INFO] running `Command { std: CARGO_HOME="/workspace/cargo-home" RUSTUP_HOME="/workspace/rustup-home" "/workspace/cargo-home/bin/cargo" "+1.83.0" "metadata" "--manifest-path" "Cargo.toml" "--no-deps", kill_on_drop: false }`
[INFO] started tweaking crates.io crate gc-adapter 0.1.2
[INFO] finished tweaking crates.io crate gc-adapter 0.1.2
[INFO] tweaked toml for crates.io crate gc-adapter 0.1.2 written to /workspace/builds/worker-4-tc1/source/Cargo.toml
[INFO] running `Command { std: CARGO_HOME="/workspace/cargo-home" RUSTUP_HOME="/workspace/rustup-home" "/workspace/cargo-home/bin/cargo" "+1.83.0" "generate-lockfile" "--manifest-path" "Cargo.toml", kill_on_drop: false }`
[INFO] [stderr]     Blocking waiting for file lock on package cache
[INFO] [stderr]     Updating crates.io index
[INFO] [stderr]     Blocking waiting for file lock on package cache
[INFO] [stderr]      Locking 41 packages to latest compatible versions
[INFO] [stderr]       Adding binread v1.4.1 (available: v2.2.0)
[INFO] [stderr]       Adding rusb v0.6.5 (available: v0.9.4)
[INFO] running `Command { std: CARGO_HOME="/workspace/cargo-home" RUSTUP_HOME="/workspace/rustup-home" "/workspace/cargo-home/bin/cargo" "+1.83.0" "fetch" "--manifest-path" "Cargo.toml", kill_on_drop: false }`
[INFO] running `Command { std: "docker" "create" "-v" "/var/lib/crater-agent-workspace/builds/worker-4-tc1/target:/opt/rustwide/target:rw,Z" "-v" "/var/lib/crater-agent-workspace/builds/worker-4-tc1/source:/opt/rustwide/workdir:ro,Z" "-v" "/var/lib/crater-agent-workspace/cargo-home:/opt/rustwide/cargo-home:ro,Z" "-v" "/var/lib/crater-agent-workspace/rustup-home:/opt/rustwide/rustup-home:ro,Z" "-e" "SOURCE_DIR=/opt/rustwide/workdir" "-e" "CARGO_TARGET_DIR=/opt/rustwide/target" "-e" "CARGO_HOME=/opt/rustwide/cargo-home" "-e" "RUSTUP_HOME=/opt/rustwide/rustup-home" "-w" "/opt/rustwide/workdir" "-m" "1610612736" "--user" "0:0" "--network" "none" "ghcr.io/rust-lang/crates-build-env/linux@sha256:f3a9d4ad9d972b27faf3965f35b62e55ba32bbce8f20bc8fe909558a86702fde" "/opt/rustwide/cargo-home/bin/cargo" "+1.83.0" "metadata" "--no-deps" "--format-version=1", kill_on_drop: false }`
[INFO] [stdout] fa95138ce6ebe8c63466897d7c48689718db30ea3649d061936ef1bde1463cfd
[INFO] running `Command { std: "docker" "start" "-a" "fa95138ce6ebe8c63466897d7c48689718db30ea3649d061936ef1bde1463cfd", kill_on_drop: false }`
[INFO] running `Command { std: "docker" "inspect" "fa95138ce6ebe8c63466897d7c48689718db30ea3649d061936ef1bde1463cfd", kill_on_drop: false }`
[INFO] running `Command { std: "docker" "rm" "-f" "fa95138ce6ebe8c63466897d7c48689718db30ea3649d061936ef1bde1463cfd", kill_on_drop: false }`
[INFO] [stdout] fa95138ce6ebe8c63466897d7c48689718db30ea3649d061936ef1bde1463cfd
[INFO] running `Command { std: "docker" "create" "-v" "/var/lib/crater-agent-workspace/builds/worker-4-tc1/target:/opt/rustwide/target:rw,Z" "-v" "/var/lib/crater-agent-workspace/builds/worker-4-tc1/source:/opt/rustwide/workdir:ro,Z" "-v" "/var/lib/crater-agent-workspace/cargo-home:/opt/rustwide/cargo-home:ro,Z" "-v" "/var/lib/crater-agent-workspace/rustup-home:/opt/rustwide/rustup-home:ro,Z" "-e" "SOURCE_DIR=/opt/rustwide/workdir" "-e" "CARGO_TARGET_DIR=/opt/rustwide/target" "-e" "CARGO_INCREMENTAL=0" "-e" "RUST_BACKTRACE=full" "-e" "RUSTFLAGS=--cap-lints=warn" "-e" "RUSTDOCFLAGS=--cap-lints=warn" "-e" "CARGO_HOME=/opt/rustwide/cargo-home" "-e" "RUSTUP_HOME=/opt/rustwide/rustup-home" "-w" "/opt/rustwide/workdir" "-m" "1610612736" "--user" "0:0" "--network" "none" "ghcr.io/rust-lang/crates-build-env/linux@sha256:f3a9d4ad9d972b27faf3965f35b62e55ba32bbce8f20bc8fe909558a86702fde" "/opt/rustwide/cargo-home/bin/cargo" "+1.83.0" "build" "--frozen" "--message-format=json", kill_on_drop: false }`
[INFO] [stdout] b7362393b1a15dca0249c8d68754cb3615b9b37bd0706dd8593280e4f3c57491
[INFO] running `Command { std: "docker" "start" "-a" "b7362393b1a15dca0249c8d68754cb3615b9b37bd0706dd8593280e4f3c57491", kill_on_drop: false }`
[INFO] [stderr]    Compiling proc-macro2 v1.0.92
[INFO] [stderr]    Compiling unicode-ident v1.0.14
[INFO] [stderr]    Compiling syn v1.0.109
[INFO] [stderr]    Compiling quote v1.0.37
[INFO] [stderr]    Compiling modular-bitfield-impl v0.11.2
[INFO] [stderr]    Compiling binread_derive v1.4.3
[INFO] [stderr]    Compiling modular-bitfield v0.11.2
[INFO] [stderr]    Compiling binread v1.4.1
[INFO] [stderr]    Compiling gc-adapter v0.1.2 (/opt/rustwide/workdir)
[INFO] [stdout] warning: method `padding` is never used
[INFO] [stdout]   --> src/parsing.rs:32:5
[INFO] [stdout]    |
[INFO] [stdout] 22 | /// Status of controller for the given port
[INFO] [stdout]    | ------------------------------------------- method in this implementation
[INFO] [stdout] ...
[INFO] [stdout] 32 |     padding: B2
[INFO] [stdout]    |     ^^^^^^^
[INFO] [stdout]    |
[INFO] [stdout]    = note: `#[warn(dead_code)]` on by default
[INFO] [stdout] 
[INFO] [stdout] 
[INFO] [stderr]     Finished `dev` profile [unoptimized + debuginfo] target(s) in 10.38s
[INFO] running `Command { std: "docker" "inspect" "b7362393b1a15dca0249c8d68754cb3615b9b37bd0706dd8593280e4f3c57491", kill_on_drop: false }`
[INFO] running `Command { std: "docker" "rm" "-f" "b7362393b1a15dca0249c8d68754cb3615b9b37bd0706dd8593280e4f3c57491", kill_on_drop: false }`
[INFO] [stdout] b7362393b1a15dca0249c8d68754cb3615b9b37bd0706dd8593280e4f3c57491
[INFO] running `Command { std: "docker" "create" "-v" "/var/lib/crater-agent-workspace/builds/worker-4-tc1/target:/opt/rustwide/target:rw,Z" "-v" "/var/lib/crater-agent-workspace/builds/worker-4-tc1/source:/opt/rustwide/workdir:ro,Z" "-v" "/var/lib/crater-agent-workspace/cargo-home:/opt/rustwide/cargo-home:ro,Z" "-v" "/var/lib/crater-agent-workspace/rustup-home:/opt/rustwide/rustup-home:ro,Z" "-e" "SOURCE_DIR=/opt/rustwide/workdir" "-e" "CARGO_TARGET_DIR=/opt/rustwide/target" "-e" "CARGO_INCREMENTAL=0" "-e" "RUST_BACKTRACE=full" "-e" "RUSTFLAGS=--cap-lints=warn" "-e" "RUSTDOCFLAGS=--cap-lints=warn" "-e" "CARGO_HOME=/opt/rustwide/cargo-home" "-e" "RUSTUP_HOME=/opt/rustwide/rustup-home" "-w" "/opt/rustwide/workdir" "-m" "1610612736" "--user" "0:0" "--network" "none" "ghcr.io/rust-lang/crates-build-env/linux@sha256:f3a9d4ad9d972b27faf3965f35b62e55ba32bbce8f20bc8fe909558a86702fde" "/opt/rustwide/cargo-home/bin/cargo" "+1.83.0" "test" "--frozen" "--no-run" "--message-format=json", kill_on_drop: false }`
[INFO] [stdout] bcbfa31ed3a97c65b5e97d2d51fd9ddeb9b03403c79b49adc3838fb03db7d70b
[INFO] running `Command { std: "docker" "start" "-a" "bcbfa31ed3a97c65b5e97d2d51fd9ddeb9b03403c79b49adc3838fb03db7d70b", kill_on_drop: false }`
[INFO] [stdout] warning: method `padding` is never used
[INFO] [stdout]   --> src/parsing.rs:32:5
[INFO] [stdout]    |
[INFO] [stdout] 22 | /// Status of controller for the given port
[INFO] [stdout]    | ------------------------------------------- method in this implementation
[INFO] [stdout] ...
[INFO] [stdout] 32 |     padding: B2
[INFO] [stdout]    |     ^^^^^^^
[INFO] [stdout]    |
[INFO] [stdout]    = note: `#[warn(dead_code)]` on by default
[INFO] [stdout] 
[INFO] [stdout] 
[INFO] [stderr]    Compiling gc-adapter v0.1.2 (/opt/rustwide/workdir)
[INFO] [stdout] warning: unused import: `super::*`
[INFO] [stdout]   --> src/axis.rs:81:9
[INFO] [stdout]    |
[INFO] [stdout] 81 |     use super::*;
[INFO] [stdout]    |         ^^^^^^^^
[INFO] [stdout]    |
[INFO] [stdout]    = note: `#[warn(unused_imports)]` on by default
[INFO] [stdout] 
[INFO] [stdout] 
[INFO] [stdout] warning: unused import: `super::*`
[INFO] [stdout]    --> src/lib.rs:121:9
[INFO] [stdout]     |
[INFO] [stdout] 121 |     use super::*;
[INFO] [stdout]     |         ^^^^^^^^
[INFO] [stdout] 
[INFO] [stdout] 
[INFO] [stdout] warning: method `padding` is never used
[INFO] [stdout]   --> src/parsing.rs:32:5
[INFO] [stdout]    |
[INFO] [stdout] 22 | /// Status of controller for the given port
[INFO] [stdout]    | ------------------------------------------- method in this implementation
[INFO] [stdout] ...
[INFO] [stdout] 32 |     padding: B2
[INFO] [stdout]    |     ^^^^^^^
[INFO] [stdout]    |
[INFO] [stdout]    = note: `#[warn(dead_code)]` on by default
[INFO] [stdout] 
[INFO] [stdout] 
[INFO] [stderr]     Finished `test` profile [unoptimized + debuginfo] target(s) in 0.62s
[INFO] running `Command { std: "docker" "inspect" "bcbfa31ed3a97c65b5e97d2d51fd9ddeb9b03403c79b49adc3838fb03db7d70b", kill_on_drop: false }`
[INFO] running `Command { std: "docker" "rm" "-f" "bcbfa31ed3a97c65b5e97d2d51fd9ddeb9b03403c79b49adc3838fb03db7d70b", kill_on_drop: false }`
[INFO] [stdout] bcbfa31ed3a97c65b5e97d2d51fd9ddeb9b03403c79b49adc3838fb03db7d70b
[INFO] running `Command { std: "docker" "create" "-v" "/var/lib/crater-agent-workspace/builds/worker-4-tc1/target:/opt/rustwide/target:rw,Z" "-v" "/var/lib/crater-agent-workspace/builds/worker-4-tc1/source:/opt/rustwide/workdir:ro,Z" "-v" "/var/lib/crater-agent-workspace/cargo-home:/opt/rustwide/cargo-home:ro,Z" "-v" "/var/lib/crater-agent-workspace/rustup-home:/opt/rustwide/rustup-home:ro,Z" "-e" "SOURCE_DIR=/opt/rustwide/workdir" "-e" "CARGO_TARGET_DIR=/opt/rustwide/target" "-e" "CARGO_INCREMENTAL=0" "-e" "RUST_BACKTRACE=full" "-e" "RUSTFLAGS=--cap-lints=warn" "-e" "RUSTDOCFLAGS=--cap-lints=warn" "-e" "CARGO_HOME=/opt/rustwide/cargo-home" "-e" "RUSTUP_HOME=/opt/rustwide/rustup-home" "-w" "/opt/rustwide/workdir" "-m" "1610612736" "--user" "0:0" "--network" "none" "ghcr.io/rust-lang/crates-build-env/linux@sha256:f3a9d4ad9d972b27faf3965f35b62e55ba32bbce8f20bc8fe909558a86702fde" "/opt/rustwide/cargo-home/bin/cargo" "+1.83.0" "test" "--frozen", kill_on_drop: false }`
[INFO] [stdout] 0b832a8e1ca6582d867a32014ebb788b2a230ef9e2cec6a4a2581fc8b7ae0242
[INFO] running `Command { std: "docker" "start" "-a" "0b832a8e1ca6582d867a32014ebb788b2a230ef9e2cec6a4a2581fc8b7ae0242", kill_on_drop: false }`
[INFO] [stderr] warning: method `padding` is never used
[INFO] [stderr]   --> src/parsing.rs:32:5
[INFO] [stderr]    |
[INFO] [stderr] 22 | /// Status of controller for the given port
[INFO] [stderr]    | ------------------------------------------- method in this implementation
[INFO] [stderr] ...
[INFO] [stderr] 32 |     padding: B2
[INFO] [stderr]    |     ^^^^^^^
[INFO] [stderr]    |
[INFO] [stderr]    = note: `#[warn(dead_code)]` on by default
[INFO] [stderr] 
[INFO] [stderr] warning: `gc-adapter` (lib) generated 1 warning
[INFO] [stderr] warning: unused import: `super::*`
[INFO] [stderr]   --> src/axis.rs:81:9
[INFO] [stderr]    |
[INFO] [stderr] 81 |     use super::*;
[INFO] [stderr]    |         ^^^^^^^^
[INFO] [stderr]    |
[INFO] [stderr]    = note: `#[warn(unused_imports)]` on by default
[INFO] [stderr] 
[INFO] [stderr] warning: unused import: `super::*`
[INFO] [stderr]    --> src/lib.rs:121:9
[INFO] [stderr]     |
[INFO] [stderr] 121 |     use super::*;
[INFO] [stderr]     |         ^^^^^^^^
[INFO] [stderr] 
[INFO] [stderr] warning: `gc-adapter` (lib test) generated 3 warnings (1 duplicate) (run `cargo fix --lib -p gc-adapter --tests` to apply 2 suggestions)
[INFO] [stderr]     Finished `test` profile [unoptimized + debuginfo] target(s) in 0.04s
[INFO] [stderr]      Running unittests src/lib.rs (/opt/rustwide/target/debug/deps/gc_adapter-82c97cb8cf653629)
[INFO] [stdout] 
[INFO] [stdout] running 0 tests
[INFO] [stdout] 
[INFO] [stdout] test result: ok. 0 passed; 0 failed; 0 ignored; 0 measured; 0 filtered out; finished in 0.00s
[INFO] [stdout] 
[INFO] [stderr]    Doc-tests gc_adapter
[INFO] [stdout] 
[INFO] [stdout] running 1 test
[INFO] [stdout] test src/lib.rs - (line 11) ... FAILED
[INFO] [stdout] 
[INFO] [stdout] failures:
[INFO] [stdout] 
[INFO] [stdout] ---- src/lib.rs - (line 11) stdout ----
[INFO] [stdout] error[E0599]: no function or associated item named `from_usb` found for struct `GcAdapter` in the current scope
[INFO] [stdout]   --> src/lib.rs:16:30
[INFO] [stdout]    |
[INFO] [stdout] 8  | let mut adapter = GcAdapter::from_usb().unwrap();
[INFO] [stdout]    |                              ^^^^^^^^ function or associated item not found in `GcAdapter<_>`
[INFO] [stdout]    |
[INFO] [stdout] note: if you're trying to build a new `GcAdapter<_>`, consider using `GcAdapter::<T>::new` which returns `GcAdapter<_>`
[INFO] [stdout]   --> /opt/rustwide/workdir/src/lib.rs:98:5
[INFO] [stdout]    |
[INFO] [stdout] 98 |     pub fn new(usb: T) -> Self {
[INFO] [stdout]    |     ^^^^^^^^^^^^^^^^^^^^^^^^^^
[INFO] [stdout] help: there is an associated function `from` with a similar name
[INFO] [stdout]   --> /rustc/90b35a6239c3d8bdabc530a6a0816f7ff89a0aaf/library/core/src/convert/mod.rs:585:5
[INFO] [stdout] 
[INFO] [stdout] error: aborting due to 1 previous error
[INFO] [stdout] 
[INFO] [stdout] For more information about this error, try `rustc --explain E0599`.
[INFO] [stdout] Couldn't compile the test.
[INFO] [stdout] 
[INFO] [stdout] failures:
[INFO] [stdout]     src/lib.rs - (line 11)
[INFO] [stdout] 
[INFO] [stdout] test result: FAILED. 0 passed; 1 failed; 0 ignored; 0 measured; 0 filtered out; finished in 0.12s
[INFO] [stdout] 
[INFO] [stderr] error: doctest failed, to rerun pass `--doc`
[INFO] running `Command { std: "docker" "inspect" "0b832a8e1ca6582d867a32014ebb788b2a230ef9e2cec6a4a2581fc8b7ae0242", kill_on_drop: false }`
[INFO] running `Command { std: "docker" "rm" "-f" "0b832a8e1ca6582d867a32014ebb788b2a230ef9e2cec6a4a2581fc8b7ae0242", kill_on_drop: false }`
[INFO] [stdout] 0b832a8e1ca6582d867a32014ebb788b2a230ef9e2cec6a4a2581fc8b7ae0242
