[INFO] fetching crate gazelle_api 0.3.2...
[INFO] testing gazelle_api-0.3.2 against 1.83.0 for beta-1.84.0-4-retry
[INFO] extracting crate gazelle_api 0.3.2 into /workspace/builds/worker-5-tc1/source
[INFO] validating manifest of crates.io crate gazelle_api 0.3.2 on toolchain 1.83.0
[INFO] running `Command { std: CARGO_HOME="/workspace/cargo-home" RUSTUP_HOME="/workspace/rustup-home" "/workspace/cargo-home/bin/cargo" "+1.83.0" "metadata" "--manifest-path" "Cargo.toml" "--no-deps", kill_on_drop: false }`
[INFO] started tweaking crates.io crate gazelle_api 0.3.2
[INFO] finished tweaking crates.io crate gazelle_api 0.3.2
[INFO] tweaked toml for crates.io crate gazelle_api 0.3.2 written to /workspace/builds/worker-5-tc1/source/Cargo.toml
[INFO] running `Command { std: CARGO_HOME="/workspace/cargo-home" RUSTUP_HOME="/workspace/rustup-home" "/workspace/cargo-home/bin/cargo" "+1.83.0" "generate-lockfile" "--manifest-path" "Cargo.toml", kill_on_drop: false }`
[INFO] [stderr]     Updating crates.io index
[INFO] [stderr]      Locking 198 packages to latest compatible versions
[INFO] running `Command { std: CARGO_HOME="/workspace/cargo-home" RUSTUP_HOME="/workspace/rustup-home" "/workspace/cargo-home/bin/cargo" "+1.83.0" "fetch" "--manifest-path" "Cargo.toml", kill_on_drop: false }`
[INFO] [stderr]  Downloading crates ...
[INFO] [stderr]   Downloaded rogue_logging v0.2.1
[INFO] running `Command { std: "docker" "create" "-v" "/var/lib/crater-agent-workspace/builds/worker-5-tc1/target:/opt/rustwide/target:rw,Z" "-v" "/var/lib/crater-agent-workspace/builds/worker-5-tc1/source:/opt/rustwide/workdir:ro,Z" "-v" "/var/lib/crater-agent-workspace/cargo-home:/opt/rustwide/cargo-home:ro,Z" "-v" "/var/lib/crater-agent-workspace/rustup-home:/opt/rustwide/rustup-home:ro,Z" "-e" "SOURCE_DIR=/opt/rustwide/workdir" "-e" "CARGO_TARGET_DIR=/opt/rustwide/target" "-e" "CARGO_HOME=/opt/rustwide/cargo-home" "-e" "RUSTUP_HOME=/opt/rustwide/rustup-home" "-w" "/opt/rustwide/workdir" "-m" "1610612736" "--user" "0:0" "--network" "none" "ghcr.io/rust-lang/crates-build-env/linux@sha256:f3a9d4ad9d972b27faf3965f35b62e55ba32bbce8f20bc8fe909558a86702fde" "/opt/rustwide/cargo-home/bin/cargo" "+1.83.0" "metadata" "--no-deps" "--format-version=1", kill_on_drop: false }`
[INFO] [stdout] fc47e88bd36510ed0e0b589bba6be856691cf58680b1237c06a151d3150f583a
[INFO] running `Command { std: "docker" "start" "-a" "fc47e88bd36510ed0e0b589bba6be856691cf58680b1237c06a151d3150f583a", kill_on_drop: false }`
[INFO] running `Command { std: "docker" "inspect" "fc47e88bd36510ed0e0b589bba6be856691cf58680b1237c06a151d3150f583a", kill_on_drop: false }`
[INFO] running `Command { std: "docker" "rm" "-f" "fc47e88bd36510ed0e0b589bba6be856691cf58680b1237c06a151d3150f583a", kill_on_drop: false }`
[INFO] [stdout] fc47e88bd36510ed0e0b589bba6be856691cf58680b1237c06a151d3150f583a
[INFO] running `Command { std: "docker" "create" "-v" "/var/lib/crater-agent-workspace/builds/worker-5-tc1/target:/opt/rustwide/target:rw,Z" "-v" "/var/lib/crater-agent-workspace/builds/worker-5-tc1/source:/opt/rustwide/workdir:ro,Z" "-v" "/var/lib/crater-agent-workspace/cargo-home:/opt/rustwide/cargo-home:ro,Z" "-v" "/var/lib/crater-agent-workspace/rustup-home:/opt/rustwide/rustup-home:ro,Z" "-e" "SOURCE_DIR=/opt/rustwide/workdir" "-e" "CARGO_TARGET_DIR=/opt/rustwide/target" "-e" "CARGO_INCREMENTAL=0" "-e" "RUST_BACKTRACE=full" "-e" "RUSTFLAGS=--cap-lints=warn" "-e" "RUSTDOCFLAGS=--cap-lints=warn" "-e" "CARGO_HOME=/opt/rustwide/cargo-home" "-e" "RUSTUP_HOME=/opt/rustwide/rustup-home" "-w" "/opt/rustwide/workdir" "-m" "1610612736" "--user" "0:0" "--network" "none" "ghcr.io/rust-lang/crates-build-env/linux@sha256:f3a9d4ad9d972b27faf3965f35b62e55ba32bbce8f20bc8fe909558a86702fde" "/opt/rustwide/cargo-home/bin/cargo" "+1.83.0" "build" "--frozen" "--message-format=json", kill_on_drop: false }`
[INFO] [stdout] 5d1b05b7f7aaa8b74d99369eb65a1f16c1fac099e85f63339288fcf52e89a140
[INFO] running `Command { std: "docker" "start" "-a" "5d1b05b7f7aaa8b74d99369eb65a1f16c1fac099e85f63339288fcf52e89a140", kill_on_drop: false }`
[INFO] [stderr]    Compiling proc-macro2 v1.0.92
[INFO] [stderr]    Compiling unicode-ident v1.0.14
[INFO] [stderr]    Compiling libc v0.2.168
[INFO] [stderr]    Compiling autocfg v1.4.0
[INFO] [stderr]    Compiling cfg-if v1.0.0
[INFO] [stderr]    Compiling smallvec v1.13.2
[INFO] [stderr]    Compiling stable_deref_trait v1.2.0
[INFO] [stderr]    Compiling pin-project-lite v0.2.15
[INFO] [stderr]    Compiling parking_lot_core v0.9.10
[INFO] [stderr]    Compiling itoa v1.0.14
[INFO] [stderr]    Compiling bytes v1.9.0
[INFO] [stderr]    Compiling futures-core v0.3.31
[INFO] [stderr]    Compiling scopeguard v1.2.0
[INFO] [stderr]    Compiling shlex v1.3.0
[INFO] [stderr]    Compiling litemap v0.7.4
[INFO] [stderr]    Compiling writeable v0.5.5
[INFO] [stderr]    Compiling once_cell v1.20.2
[INFO] [stderr]    Compiling pin-utils v0.1.0
[INFO] [stderr]    Compiling fnv v1.0.7
[INFO] [stderr]    Compiling serde v1.0.216
[INFO] [stderr]    Compiling rustls-pki-types v1.10.1
[INFO] [stderr]    Compiling icu_locid_transform_data v1.5.0
[INFO] [stderr]    Compiling futures-task v0.3.31
[INFO] [stderr]    Compiling icu_properties_data v1.5.0
[INFO] [stderr]    Compiling httparse v1.9.5
[INFO] [stderr]    Compiling untrusted v0.9.0
[INFO] [stderr]    Compiling cc v1.2.4
[INFO] [stderr]    Compiling spin v0.9.8
[INFO] [stderr]    Compiling tracing-core v0.1.33
[INFO] [stderr]    Compiling try-lock v0.2.5
[INFO] [stderr]    Compiling memchr v2.7.4
[INFO] [stderr]    Compiling futures-util v0.3.31
[INFO] [stderr]    Compiling utf16_iter v1.0.5
[INFO] [stderr]    Compiling utf8parse v0.2.2
[INFO] [stderr]    Compiling icu_normalizer_data v1.5.0
[INFO] [stderr]    Compiling rustls v0.23.20
[INFO] [stderr]    Compiling ryu v1.0.18
[INFO] [stderr]    Compiling write16 v1.0.0
[INFO] [stderr]    Compiling utf8_iter v1.0.4
[INFO] [stderr]    Compiling anstyle-parse v0.2.6
[INFO] [stderr]    Compiling want v0.3.1
[INFO] [stderr]    Compiling futures-channel v0.3.31
[INFO] [stderr]    Compiling tower-service v0.3.3
[INFO] [stderr]    Compiling lock_api v0.4.12
[INFO] [stderr]    Compiling num-traits v0.2.19
[INFO] [stderr]    Compiling tracing v0.1.41
[INFO] [stderr]    Compiling zeroize v1.8.1
[INFO] [stderr]    Compiling unicase v2.8.0
[INFO] [stderr]    Compiling is_terminal_polyfill v1.70.1
[INFO] [stderr]    Compiling http v1.2.0
[INFO] [stderr]    Compiling percent-encoding v2.3.1
[INFO] [stderr]    Compiling anstyle-query v1.1.2
[INFO] [stderr]    Compiling colorchoice v1.0.3
[INFO] [stderr]    Compiling subtle v2.6.1
[INFO] [stderr]    Compiling anstyle v1.0.10
[INFO] [stderr]    Compiling form_urlencoded v1.2.1
[INFO] [stderr]    Compiling strsim v0.11.1
[INFO] [stderr]    Compiling mime_guess v2.0.5
[INFO] [stderr]    Compiling hashbrown v0.15.2
[INFO] [stderr]    Compiling clap_lex v0.7.4
[INFO] [stderr]    Compiling quote v1.0.37
[INFO] [stderr]    Compiling equivalent v1.0.1
[INFO] [stderr]    Compiling heck v0.5.0
[INFO] [stderr]    Compiling anstream v0.6.18
[INFO] [stderr]    Compiling serde_json v1.0.133
[INFO] [stderr]    Compiling futures-sink v0.3.31
[INFO] [stderr]    Compiling aho-corasick v1.1.3
[INFO] [stderr]    Compiling syn v2.0.90
[INFO] [stderr]    Compiling mio v1.0.3
[INFO] [stderr]    Compiling signal-hook-registry v1.4.2
[INFO] [stderr]    Compiling socket2 v0.5.8
[INFO] [stderr]    Compiling getrandom v0.2.15
[INFO] [stderr]    Compiling clap_builder v4.5.23
[INFO] [stderr]    Compiling webpki-roots v0.26.7
[INFO] [stderr]    Compiling sync_wrapper v1.0.2
[INFO] [stderr]    Compiling regex-syntax v0.8.5
[INFO] [stderr]    Compiling unsafe-libyaml v0.2.11
[INFO] [stderr]    Compiling log v0.4.22
[INFO] [stderr]    Compiling iana-time-zone v0.1.61
[INFO] [stderr]    Compiling parking_lot v0.12.3
[INFO] [stderr]    Compiling http-body v1.0.1
[INFO] [stderr]    Compiling mime v0.3.17
[INFO] [stderr]    Compiling lazy_static v1.5.0
[INFO] [stderr]    Compiling rustls-pemfile v2.2.0
[INFO] [stderr]    Compiling colored v2.1.0
[INFO] [stderr]    Compiling indexmap v2.7.0
[INFO] [stderr]    Compiling chrono v0.4.39
[INFO] [stderr]    Compiling tower-layer v0.3.3
[INFO] [stderr]    Compiling ipnet v2.10.1
[INFO] [stderr]    Compiling base64 v0.22.1
[INFO] [stderr]    Compiling ring v0.17.8
[INFO] [stderr]    Compiling http-body-util v0.1.2
[INFO] [stderr]    Compiling regex-automata v0.4.9
[INFO] [stderr]    Compiling synstructure v0.13.1
[INFO] [stderr]    Compiling zerovec-derive v0.10.3
[INFO] [stderr]    Compiling displaydoc v0.2.5
[INFO] [stderr]    Compiling tokio-macros v2.4.0
[INFO] [stderr]    Compiling icu_provider_macros v1.5.0
[INFO] [stderr]    Compiling serde_derive v1.0.216
[INFO] [stderr]    Compiling clap_derive v4.5.18
[INFO] [stderr]    Compiling zerofrom-derive v0.1.5
[INFO] [stderr]    Compiling yoke-derive v0.7.5
[INFO] [stderr]    Compiling regex v1.11.1
[INFO] [stderr]    Compiling tokio v1.42.0
[INFO] [stderr]    Compiling zerofrom v0.1.5
[INFO] [stderr]    Compiling clap v4.5.23
[INFO] [stderr]    Compiling yoke v0.7.5
[INFO] [stderr]    Compiling rustls-webpki v0.102.8
[INFO] [stderr]    Compiling zerovec v0.10.4
[INFO] [stderr]    Compiling tinystr v0.7.6
[INFO] [stderr]    Compiling icu_collections v1.5.0
[INFO] [stderr]    Compiling icu_locid v1.5.0
[INFO] [stderr]    Compiling icu_provider v1.5.0
[INFO] [stderr]    Compiling icu_locid_transform v1.5.0
[INFO] [stderr]    Compiling icu_properties v1.5.1
[INFO] [stderr]    Compiling serde_yaml v0.9.34+deprecated
[INFO] [stderr]    Compiling serde_urlencoded v0.7.1
[INFO] [stderr]    Compiling hyper v1.5.1
[INFO] [stderr]    Compiling tokio-util v0.7.13
[INFO] [stderr]    Compiling tokio-rustls v0.26.1
[INFO] [stderr]    Compiling icu_normalizer v1.5.0
[INFO] [stderr]    Compiling tower v0.5.2
[INFO] [stderr]    Compiling idna_adapter v1.2.0
[INFO] [stderr]    Compiling idna v1.0.3
[INFO] [stderr]    Compiling url v2.5.4
[INFO] [stderr]    Compiling hyper-util v0.1.10
[INFO] [stderr]    Compiling rogue_logging v0.2.1
[INFO] [stderr]    Compiling hyper-rustls v0.27.3
[INFO] [stderr]    Compiling reqwest v0.12.9
[INFO] [stderr]    Compiling gazelle_api v0.3.2 (/opt/rustwide/workdir)
[INFO] [stderr]     Finished `dev` profile [unoptimized + debuginfo] target(s) in 46.86s
[INFO] running `Command { std: "docker" "inspect" "5d1b05b7f7aaa8b74d99369eb65a1f16c1fac099e85f63339288fcf52e89a140", kill_on_drop: false }`
[INFO] running `Command { std: "docker" "rm" "-f" "5d1b05b7f7aaa8b74d99369eb65a1f16c1fac099e85f63339288fcf52e89a140", kill_on_drop: false }`
[INFO] [stdout] 5d1b05b7f7aaa8b74d99369eb65a1f16c1fac099e85f63339288fcf52e89a140
[INFO] running `Command { std: "docker" "create" "-v" "/var/lib/crater-agent-workspace/builds/worker-5-tc1/target:/opt/rustwide/target:rw,Z" "-v" "/var/lib/crater-agent-workspace/builds/worker-5-tc1/source:/opt/rustwide/workdir:ro,Z" "-v" "/var/lib/crater-agent-workspace/cargo-home:/opt/rustwide/cargo-home:ro,Z" "-v" "/var/lib/crater-agent-workspace/rustup-home:/opt/rustwide/rustup-home:ro,Z" "-e" "SOURCE_DIR=/opt/rustwide/workdir" "-e" "CARGO_TARGET_DIR=/opt/rustwide/target" "-e" "CARGO_INCREMENTAL=0" "-e" "RUST_BACKTRACE=full" "-e" "RUSTFLAGS=--cap-lints=warn" "-e" "RUSTDOCFLAGS=--cap-lints=warn" "-e" "CARGO_HOME=/opt/rustwide/cargo-home" "-e" "RUSTUP_HOME=/opt/rustwide/rustup-home" "-w" "/opt/rustwide/workdir" "-m" "1610612736" "--user" "0:0" "--network" "none" "ghcr.io/rust-lang/crates-build-env/linux@sha256:f3a9d4ad9d972b27faf3965f35b62e55ba32bbce8f20bc8fe909558a86702fde" "/opt/rustwide/cargo-home/bin/cargo" "+1.83.0" "test" "--frozen" "--no-run" "--message-format=json", kill_on_drop: false }`
[INFO] [stdout] a063ba0e44f8cbe1e37006ea4d80a3c7c6d4a33526e99d3af90e14084b20994b
[INFO] running `Command { std: "docker" "start" "-a" "a063ba0e44f8cbe1e37006ea4d80a3c7c6d4a33526e99d3af90e14084b20994b", kill_on_drop: false }`
[INFO] [stderr]    Compiling gazelle_api v0.3.2 (/opt/rustwide/workdir)
[INFO] [stderr]     Finished `test` profile [unoptimized + debuginfo] target(s) in 6.72s
[INFO] running `Command { std: "docker" "inspect" "a063ba0e44f8cbe1e37006ea4d80a3c7c6d4a33526e99d3af90e14084b20994b", kill_on_drop: false }`
[INFO] running `Command { std: "docker" "rm" "-f" "a063ba0e44f8cbe1e37006ea4d80a3c7c6d4a33526e99d3af90e14084b20994b", kill_on_drop: false }`
[INFO] [stdout] a063ba0e44f8cbe1e37006ea4d80a3c7c6d4a33526e99d3af90e14084b20994b
[INFO] running `Command { std: "docker" "create" "-v" "/var/lib/crater-agent-workspace/builds/worker-5-tc1/target:/opt/rustwide/target:rw,Z" "-v" "/var/lib/crater-agent-workspace/builds/worker-5-tc1/source:/opt/rustwide/workdir:ro,Z" "-v" "/var/lib/crater-agent-workspace/cargo-home:/opt/rustwide/cargo-home:ro,Z" "-v" "/var/lib/crater-agent-workspace/rustup-home:/opt/rustwide/rustup-home:ro,Z" "-e" "SOURCE_DIR=/opt/rustwide/workdir" "-e" "CARGO_TARGET_DIR=/opt/rustwide/target" "-e" "CARGO_INCREMENTAL=0" "-e" "RUST_BACKTRACE=full" "-e" "RUSTFLAGS=--cap-lints=warn" "-e" "RUSTDOCFLAGS=--cap-lints=warn" "-e" "CARGO_HOME=/opt/rustwide/cargo-home" "-e" "RUSTUP_HOME=/opt/rustwide/rustup-home" "-w" "/opt/rustwide/workdir" "-m" "1610612736" "--user" "0:0" "--network" "none" "ghcr.io/rust-lang/crates-build-env/linux@sha256:f3a9d4ad9d972b27faf3965f35b62e55ba32bbce8f20bc8fe909558a86702fde" "/opt/rustwide/cargo-home/bin/cargo" "+1.83.0" "test" "--frozen", kill_on_drop: false }`
[INFO] [stdout] 70bfd531522d381e151d2ded63319b69cee4b1fe3b13ff3c4b52fe98f8b77fcc
[INFO] running `Command { std: "docker" "start" "-a" "70bfd531522d381e151d2ded63319b69cee4b1fe3b13ff3c4b52fe98f8b77fcc", kill_on_drop: false }`
[INFO] [stderr]     Finished `test` profile [unoptimized + debuginfo] target(s) in 0.18s
[INFO] [stderr]      Running unittests src/lib.rs (/opt/rustwide/target/debug/deps/gazelle_api-b1f5ccf0398af7ad)
[INFO] [stdout] 
[INFO] [stdout] running 6 tests
[INFO] [stdout] test client_tests::get_torrent_invalid ... FAILED
[INFO] [stdout] test client_tests::get_user ... FAILED
[INFO] [stdout] test client_tests::get_torrent ... FAILED
[INFO] [stdout] test client_tests::get_torrent_group_invalid ... FAILED
[INFO] [stdout] test client_tests::get_torrent_group ... FAILED
[INFO] [stdout] test schema::tests::torrent_tests::torrent_get_flacs ... ok
[INFO] [stdout] 
[INFO] [stdout] failures:
[INFO] [stdout] 
[INFO] [stdout] ---- client_tests::get_torrent_invalid stdout ----
[INFO] [stdout] Error: [1mFailed[0m to create client
[INFO] [stdout] A file system error occurred
[INFO] [stdout] No such file or directory (os error 2)
[INFO] [stdout] 
[INFO] [stdout] ---- client_tests::get_user stdout ----
[INFO] [stdout] [38;2;112;112;112m2024-12-15 04:23:09.306 [0m[38;2;112;112;112mTRCE[0m [38;2;112;112;112m↩[0m [2m[1mFailed[0m[2m to initialize the logger: attempted to set a logger after the logging system was already initialized[0m
[INFO] [stdout] Error: [1mFailed[0m to create client
[INFO] [stdout] A file system error occurred
[INFO] [stdout] No such file or directory (os error 2)
[INFO] [stdout] 
[INFO] [stdout] ---- client_tests::get_torrent stdout ----
[INFO] [stdout] [38;2;112;112;112m2024-12-15 04:23:09.309 [0m[38;2;112;112;112mTRCE[0m [38;2;112;112;112m↩[0m [2m[1mFailed[0m[2m to initialize the logger: attempted to set a logger after the logging system was already initialized[0m
[INFO] [stdout] Error: [1mFailed[0m to create client
[INFO] [stdout] A file system error occurred
[INFO] [stdout] No such file or directory (os error 2)
[INFO] [stdout] 
[INFO] [stdout] ---- client_tests::get_torrent_group_invalid stdout ----
[INFO] [stdout] [38;2;112;112;112m2024-12-15 04:23:09.306 [0m[38;2;112;112;112mTRCE[0m [38;2;112;112;112m↩[0m [2m[1mFailed[0m[2m to initialize the logger: attempted to set a logger after the logging system was already initialized[0m
[INFO] [stdout] Error: [1mFailed[0m to create client
[INFO] [stdout] A file system error occurred
[INFO] [stdout] No such file or directory (os error 2)
[INFO] [stdout] 
[INFO] [stdout] ---- client_tests::get_torrent_group stdout ----
[INFO] [stdout] [38;2;112;112;112m2024-12-15 04:23:09.309 [0m[38;2;112;112;112mTRCE[0m [38;2;112;112;112m↩[0m [2m[1mFailed[0m[2m to initialize the logger: attempted to set a logger after the logging system was already initialized[0m
[INFO] [stdout] Error: [1mFailed[0m to create client
[INFO] [stdout] A file system error occurred
[INFO] [stdout] No such file or directory (os error 2)
[INFO] [stdout] 
[INFO] [stdout] 
[INFO] [stdout] failures:
[INFO] [stdout]     client_tests::get_torrent
[INFO] [stdout]     client_tests::get_torrent_group
[INFO] [stdout]     client_tests::get_torrent_group_invalid
[INFO] [stdout]     client_tests::get_torrent_invalid
[INFO] [stdout]     client_tests::get_user
[INFO] [stdout] 
[INFO] [stdout] test result: FAILED. 1 passed; 5 failed; 0 ignored; 0 measured; 0 filtered out; finished in 0.01s
[INFO] [stdout] 
[INFO] [stderr] error: test failed, to rerun pass `--lib`
[INFO] running `Command { std: "docker" "inspect" "70bfd531522d381e151d2ded63319b69cee4b1fe3b13ff3c4b52fe98f8b77fcc", kill_on_drop: false }`
[INFO] running `Command { std: "docker" "rm" "-f" "70bfd531522d381e151d2ded63319b69cee4b1fe3b13ff3c4b52fe98f8b77fcc", kill_on_drop: false }`
[INFO] [stdout] 70bfd531522d381e151d2ded63319b69cee4b1fe3b13ff3c4b52fe98f8b77fcc
