[INFO] fetching crate game_start_macro 0.1.0...
[INFO] testing game_start_macro-0.1.0 against 1.83.0 for beta-1.84.0-4-retry
[INFO] extracting crate game_start_macro 0.1.0 into /workspace/builds/worker-5-tc1/source
[INFO] validating manifest of crates.io crate game_start_macro 0.1.0 on toolchain 1.83.0
[INFO] running `Command { std: CARGO_HOME="/workspace/cargo-home" RUSTUP_HOME="/workspace/rustup-home" "/workspace/cargo-home/bin/cargo" "+1.83.0" "metadata" "--manifest-path" "Cargo.toml" "--no-deps", kill_on_drop: false }`
[INFO] started tweaking crates.io crate game_start_macro 0.1.0
[INFO] finished tweaking crates.io crate game_start_macro 0.1.0
[INFO] tweaked toml for crates.io crate game_start_macro 0.1.0 written to /workspace/builds/worker-5-tc1/source/Cargo.toml
[INFO] running `Command { std: CARGO_HOME="/workspace/cargo-home" RUSTUP_HOME="/workspace/rustup-home" "/workspace/cargo-home/bin/cargo" "+1.83.0" "generate-lockfile" "--manifest-path" "Cargo.toml", kill_on_drop: false }`
[INFO] [stderr]     Updating crates.io index
[INFO] [stderr]      Locking 4 packages to latest compatible versions
[INFO] [stderr]       Adding syn v1.0.109 (available: v2.0.90)
[INFO] running `Command { std: CARGO_HOME="/workspace/cargo-home" RUSTUP_HOME="/workspace/rustup-home" "/workspace/cargo-home/bin/cargo" "+1.83.0" "fetch" "--manifest-path" "Cargo.toml", kill_on_drop: false }`
[INFO] running `Command { std: "docker" "create" "-v" "/var/lib/crater-agent-workspace/builds/worker-5-tc1/target:/opt/rustwide/target:rw,Z" "-v" "/var/lib/crater-agent-workspace/builds/worker-5-tc1/source:/opt/rustwide/workdir:ro,Z" "-v" "/var/lib/crater-agent-workspace/cargo-home:/opt/rustwide/cargo-home:ro,Z" "-v" "/var/lib/crater-agent-workspace/rustup-home:/opt/rustwide/rustup-home:ro,Z" "-e" "SOURCE_DIR=/opt/rustwide/workdir" "-e" "CARGO_TARGET_DIR=/opt/rustwide/target" "-e" "CARGO_HOME=/opt/rustwide/cargo-home" "-e" "RUSTUP_HOME=/opt/rustwide/rustup-home" "-w" "/opt/rustwide/workdir" "-m" "1610612736" "--user" "0:0" "--network" "none" "ghcr.io/rust-lang/crates-build-env/linux@sha256:f3a9d4ad9d972b27faf3965f35b62e55ba32bbce8f20bc8fe909558a86702fde" "/opt/rustwide/cargo-home/bin/cargo" "+1.83.0" "metadata" "--no-deps" "--format-version=1", kill_on_drop: false }`
[INFO] [stdout] 7938e6c7bc39fdc0c5c9aff9ca94848c1546eb6fc690bdb8449136f590981842
[INFO] running `Command { std: "docker" "start" "-a" "7938e6c7bc39fdc0c5c9aff9ca94848c1546eb6fc690bdb8449136f590981842", kill_on_drop: false }`
[INFO] running `Command { std: "docker" "inspect" "7938e6c7bc39fdc0c5c9aff9ca94848c1546eb6fc690bdb8449136f590981842", kill_on_drop: false }`
[INFO] running `Command { std: "docker" "rm" "-f" "7938e6c7bc39fdc0c5c9aff9ca94848c1546eb6fc690bdb8449136f590981842", kill_on_drop: false }`
[INFO] [stdout] 7938e6c7bc39fdc0c5c9aff9ca94848c1546eb6fc690bdb8449136f590981842
[INFO] running `Command { std: "docker" "create" "-v" "/var/lib/crater-agent-workspace/builds/worker-5-tc1/target:/opt/rustwide/target:rw,Z" "-v" "/var/lib/crater-agent-workspace/builds/worker-5-tc1/source:/opt/rustwide/workdir:ro,Z" "-v" "/var/lib/crater-agent-workspace/cargo-home:/opt/rustwide/cargo-home:ro,Z" "-v" "/var/lib/crater-agent-workspace/rustup-home:/opt/rustwide/rustup-home:ro,Z" "-e" "SOURCE_DIR=/opt/rustwide/workdir" "-e" "CARGO_TARGET_DIR=/opt/rustwide/target" "-e" "CARGO_INCREMENTAL=0" "-e" "RUST_BACKTRACE=full" "-e" "RUSTFLAGS=--cap-lints=warn" "-e" "RUSTDOCFLAGS=--cap-lints=warn" "-e" "CARGO_HOME=/opt/rustwide/cargo-home" "-e" "RUSTUP_HOME=/opt/rustwide/rustup-home" "-w" "/opt/rustwide/workdir" "-m" "1610612736" "--user" "0:0" "--network" "none" "ghcr.io/rust-lang/crates-build-env/linux@sha256:f3a9d4ad9d972b27faf3965f35b62e55ba32bbce8f20bc8fe909558a86702fde" "/opt/rustwide/cargo-home/bin/cargo" "+1.83.0" "build" "--frozen" "--message-format=json", kill_on_drop: false }`
[INFO] [stdout] ad4527116d9d66557773ac6747f31111a3d058132f9d0c4c9f9186771f4bcfb3
[INFO] running `Command { std: "docker" "start" "-a" "ad4527116d9d66557773ac6747f31111a3d058132f9d0c4c9f9186771f4bcfb3", kill_on_drop: false }`
[INFO] [stderr]    Compiling proc-macro2 v1.0.92
[INFO] [stderr]    Compiling unicode-ident v1.0.14
[INFO] [stderr]    Compiling syn v1.0.109
[INFO] [stderr]    Compiling quote v1.0.37
[INFO] [stderr]    Compiling game_start_macro v0.1.0 (/opt/rustwide/workdir)
[INFO] [stderr]     Finished `dev` profile [unoptimized + debuginfo] target(s) in 6.41s
[INFO] running `Command { std: "docker" "inspect" "ad4527116d9d66557773ac6747f31111a3d058132f9d0c4c9f9186771f4bcfb3", kill_on_drop: false }`
[INFO] running `Command { std: "docker" "rm" "-f" "ad4527116d9d66557773ac6747f31111a3d058132f9d0c4c9f9186771f4bcfb3", kill_on_drop: false }`
[INFO] [stdout] ad4527116d9d66557773ac6747f31111a3d058132f9d0c4c9f9186771f4bcfb3
[INFO] running `Command { std: "docker" "create" "-v" "/var/lib/crater-agent-workspace/builds/worker-5-tc1/target:/opt/rustwide/target:rw,Z" "-v" "/var/lib/crater-agent-workspace/builds/worker-5-tc1/source:/opt/rustwide/workdir:ro,Z" "-v" "/var/lib/crater-agent-workspace/cargo-home:/opt/rustwide/cargo-home:ro,Z" "-v" "/var/lib/crater-agent-workspace/rustup-home:/opt/rustwide/rustup-home:ro,Z" "-e" "SOURCE_DIR=/opt/rustwide/workdir" "-e" "CARGO_TARGET_DIR=/opt/rustwide/target" "-e" "CARGO_INCREMENTAL=0" "-e" "RUST_BACKTRACE=full" "-e" "RUSTFLAGS=--cap-lints=warn" "-e" "RUSTDOCFLAGS=--cap-lints=warn" "-e" "CARGO_HOME=/opt/rustwide/cargo-home" "-e" "RUSTUP_HOME=/opt/rustwide/rustup-home" "-w" "/opt/rustwide/workdir" "-m" "1610612736" "--user" "0:0" "--network" "none" "ghcr.io/rust-lang/crates-build-env/linux@sha256:f3a9d4ad9d972b27faf3965f35b62e55ba32bbce8f20bc8fe909558a86702fde" "/opt/rustwide/cargo-home/bin/cargo" "+1.83.0" "test" "--frozen" "--no-run" "--message-format=json", kill_on_drop: false }`
[INFO] [stdout] 65af8831f5de00d0727ed22b0eab414498c641bbd9115ef82f14b40d3a3670a1
[INFO] running `Command { std: "docker" "start" "-a" "65af8831f5de00d0727ed22b0eab414498c641bbd9115ef82f14b40d3a3670a1", kill_on_drop: false }`
[INFO] [stderr]    Compiling game_start_macro v0.1.0 (/opt/rustwide/workdir)
[INFO] [stderr]     Finished `test` profile [unoptimized + debuginfo] target(s) in 0.77s
[INFO] running `Command { std: "docker" "inspect" "65af8831f5de00d0727ed22b0eab414498c641bbd9115ef82f14b40d3a3670a1", kill_on_drop: false }`
[INFO] running `Command { std: "docker" "rm" "-f" "65af8831f5de00d0727ed22b0eab414498c641bbd9115ef82f14b40d3a3670a1", kill_on_drop: false }`
[INFO] [stdout] 65af8831f5de00d0727ed22b0eab414498c641bbd9115ef82f14b40d3a3670a1
[INFO] running `Command { std: "docker" "create" "-v" "/var/lib/crater-agent-workspace/builds/worker-5-tc1/target:/opt/rustwide/target:rw,Z" "-v" "/var/lib/crater-agent-workspace/builds/worker-5-tc1/source:/opt/rustwide/workdir:ro,Z" "-v" "/var/lib/crater-agent-workspace/cargo-home:/opt/rustwide/cargo-home:ro,Z" "-v" "/var/lib/crater-agent-workspace/rustup-home:/opt/rustwide/rustup-home:ro,Z" "-e" "SOURCE_DIR=/opt/rustwide/workdir" "-e" "CARGO_TARGET_DIR=/opt/rustwide/target" "-e" "CARGO_INCREMENTAL=0" "-e" "RUST_BACKTRACE=full" "-e" "RUSTFLAGS=--cap-lints=warn" "-e" "RUSTDOCFLAGS=--cap-lints=warn" "-e" "CARGO_HOME=/opt/rustwide/cargo-home" "-e" "RUSTUP_HOME=/opt/rustwide/rustup-home" "-w" "/opt/rustwide/workdir" "-m" "1610612736" "--user" "0:0" "--network" "none" "ghcr.io/rust-lang/crates-build-env/linux@sha256:f3a9d4ad9d972b27faf3965f35b62e55ba32bbce8f20bc8fe909558a86702fde" "/opt/rustwide/cargo-home/bin/cargo" "+1.83.0" "test" "--frozen", kill_on_drop: false }`
[INFO] [stdout] 3d33d659ffc5473b8431a1c19d4c9349a0ff51a373ac4fcca9488ecb71cab55f
[INFO] running `Command { std: "docker" "start" "-a" "3d33d659ffc5473b8431a1c19d4c9349a0ff51a373ac4fcca9488ecb71cab55f", kill_on_drop: false }`
[INFO] [stderr]     Finished `test` profile [unoptimized + debuginfo] target(s) in 0.02s
[INFO] [stderr]      Running unittests src/lib.rs (/opt/rustwide/target/debug/deps/game_start_macro-d2740ff3063ac0fa)
[INFO] [stdout] 
[INFO] [stdout] running 0 tests
[INFO] [stdout] 
[INFO] [stdout] test result: ok. 0 passed; 0 failed; 0 ignored; 0 measured; 0 filtered out; finished in 0.00s
[INFO] [stdout] 
[INFO] [stderr]    Doc-tests game_start_macro
[INFO] [stdout] 
[INFO] [stdout] running 1 test
[INFO] [stdout] test src/lib.rs - start_game (line 9) ... FAILED
[INFO] [stdout] 
[INFO] [stdout] failures:
[INFO] [stdout] 
[INFO] [stdout] ---- src/lib.rs - start_game (line 9) stdout ----
[INFO] [stdout] error[E0433]: failed to resolve: use of undeclared crate or module `start_gaming`
[INFO] [stdout]  --> src/lib.rs:13:1
[INFO] [stdout]   |
[INFO] [stdout] 6 | #[start_game(Genshin)]
[INFO] [stdout]   | ^^^^^^^^^^^^^^^^^^^^^^ use of undeclared crate or module `start_gaming`
[INFO] [stdout]   |
[INFO] [stdout]   = note: this error originates in the attribute macro `start_game` (in Nightly builds, run with -Z macro-backtrace for more info)
[INFO] [stdout] 
[INFO] [stdout] error: aborting due to 1 previous error
[INFO] [stdout] 
[INFO] [stdout] For more information about this error, try `rustc --explain E0433`.
[INFO] [stdout] Couldn't compile the test.
[INFO] [stdout] 
[INFO] [stdout] failures:
[INFO] [stdout]     src/lib.rs - start_game (line 9)
[INFO] [stdout] 
[INFO] [stdout] test result: FAILED. 0 passed; 1 failed; 0 ignored; 0 measured; 0 filtered out; finished in 0.13s
[INFO] [stdout] 
[INFO] [stderr] error: doctest failed, to rerun pass `--doc`
[INFO] running `Command { std: "docker" "inspect" "3d33d659ffc5473b8431a1c19d4c9349a0ff51a373ac4fcca9488ecb71cab55f", kill_on_drop: false }`
[INFO] running `Command { std: "docker" "rm" "-f" "3d33d659ffc5473b8431a1c19d4c9349a0ff51a373ac4fcca9488ecb71cab55f", kill_on_drop: false }`
[INFO] [stdout] 3d33d659ffc5473b8431a1c19d4c9349a0ff51a373ac4fcca9488ecb71cab55f
