[INFO] fetching crate g-rs 2.0.2...
[INFO] testing g-rs-2.0.2 against beta-2024-12-08 for beta-1.84.0-4-retry
[INFO] extracting crate g-rs 2.0.2 into /workspace/builds/worker-5-tc2/source
[INFO] validating manifest of crates.io crate g-rs 2.0.2 on toolchain beta-2024-12-08
[INFO] running `Command { std: CARGO_HOME="/workspace/cargo-home" RUSTUP_HOME="/workspace/rustup-home" "/workspace/cargo-home/bin/cargo" "+beta-2024-12-08" "metadata" "--manifest-path" "Cargo.toml" "--no-deps", kill_on_drop: false }`
[INFO] started tweaking crates.io crate g-rs 2.0.2
[INFO] finished tweaking crates.io crate g-rs 2.0.2
[INFO] tweaked toml for crates.io crate g-rs 2.0.2 written to /workspace/builds/worker-5-tc2/source/Cargo.toml
[INFO] crate crates.io crate g-rs 2.0.2 already has a lockfile, it will not be regenerated
[INFO] running `Command { std: CARGO_HOME="/workspace/cargo-home" RUSTUP_HOME="/workspace/rustup-home" "/workspace/cargo-home/bin/cargo" "+beta-2024-12-08" "fetch" "--manifest-path" "Cargo.toml", kill_on_drop: false }`
[INFO] running `Command { std: "docker" "create" "-v" "/var/lib/crater-agent-workspace/builds/worker-5-tc2/target:/opt/rustwide/target:rw,Z" "-v" "/var/lib/crater-agent-workspace/builds/worker-5-tc2/source:/opt/rustwide/workdir:ro,Z" "-v" "/var/lib/crater-agent-workspace/cargo-home:/opt/rustwide/cargo-home:ro,Z" "-v" "/var/lib/crater-agent-workspace/rustup-home:/opt/rustwide/rustup-home:ro,Z" "-e" "SOURCE_DIR=/opt/rustwide/workdir" "-e" "CARGO_TARGET_DIR=/opt/rustwide/target" "-e" "CARGO_HOME=/opt/rustwide/cargo-home" "-e" "RUSTUP_HOME=/opt/rustwide/rustup-home" "-w" "/opt/rustwide/workdir" "-m" "1610612736" "--user" "0:0" "--network" "none" "ghcr.io/rust-lang/crates-build-env/linux@sha256:f3a9d4ad9d972b27faf3965f35b62e55ba32bbce8f20bc8fe909558a86702fde" "/opt/rustwide/cargo-home/bin/cargo" "+beta-2024-12-08" "metadata" "--no-deps" "--format-version=1", kill_on_drop: false }`
[INFO] [stdout] bc6d0fef2dd98e74429b706a3da368f14941da15b95371a0952b651f1ad7e242
[INFO] running `Command { std: "docker" "start" "-a" "bc6d0fef2dd98e74429b706a3da368f14941da15b95371a0952b651f1ad7e242", kill_on_drop: false }`
[INFO] running `Command { std: "docker" "inspect" "bc6d0fef2dd98e74429b706a3da368f14941da15b95371a0952b651f1ad7e242", kill_on_drop: false }`
[INFO] running `Command { std: "docker" "rm" "-f" "bc6d0fef2dd98e74429b706a3da368f14941da15b95371a0952b651f1ad7e242", kill_on_drop: false }`
[INFO] [stdout] bc6d0fef2dd98e74429b706a3da368f14941da15b95371a0952b651f1ad7e242
[INFO] running `Command { std: "docker" "create" "-v" "/var/lib/crater-agent-workspace/builds/worker-5-tc2/target:/opt/rustwide/target:rw,Z" "-v" "/var/lib/crater-agent-workspace/builds/worker-5-tc2/source:/opt/rustwide/workdir:ro,Z" "-v" "/var/lib/crater-agent-workspace/cargo-home:/opt/rustwide/cargo-home:ro,Z" "-v" "/var/lib/crater-agent-workspace/rustup-home:/opt/rustwide/rustup-home:ro,Z" "-e" "SOURCE_DIR=/opt/rustwide/workdir" "-e" "CARGO_TARGET_DIR=/opt/rustwide/target" "-e" "CARGO_INCREMENTAL=0" "-e" "RUST_BACKTRACE=full" "-e" "RUSTFLAGS=--cap-lints=warn" "-e" "RUSTDOCFLAGS=--cap-lints=warn" "-e" "CARGO_HOME=/opt/rustwide/cargo-home" "-e" "RUSTUP_HOME=/opt/rustwide/rustup-home" "-w" "/opt/rustwide/workdir" "-m" "1610612736" "--user" "0:0" "--network" "none" "ghcr.io/rust-lang/crates-build-env/linux@sha256:f3a9d4ad9d972b27faf3965f35b62e55ba32bbce8f20bc8fe909558a86702fde" "/opt/rustwide/cargo-home/bin/cargo" "+beta-2024-12-08" "build" "--frozen" "--message-format=json", kill_on_drop: false }`
[INFO] [stdout] 1093d840675d8a3eba39655322849de10c46f4a1ab06b11467aa702f8f494c4a
[INFO] running `Command { std: "docker" "start" "-a" "1093d840675d8a3eba39655322849de10c46f4a1ab06b11467aa702f8f494c4a", kill_on_drop: false }`
[INFO] [stderr]    Compiling libc v0.2.155
[INFO] [stderr]    Compiling proc-macro2 v1.0.86
[INFO] [stderr]    Compiling unicode-ident v1.0.12
[INFO] [stderr]    Compiling typenum v1.17.0
[INFO] [stderr]    Compiling version_check v0.9.5
[INFO] [stderr]    Compiling const-oid v0.9.6
[INFO] [stderr]    Compiling cfg-if v1.0.0
[INFO] [stderr]    Compiling subtle v2.6.1
[INFO] [stderr]    Compiling pkg-config v0.3.30
[INFO] [stderr]    Compiling vcpkg v0.2.15
[INFO] [stderr]    Compiling autocfg v1.3.0
[INFO] [stderr]    Compiling cpufeatures v0.2.12
[INFO] [stderr]    Compiling libm v0.2.8
[INFO] [stderr]    Compiling num-traits v0.2.19
[INFO] [stderr]    Compiling generic-array v0.14.7
[INFO] [stderr]    Compiling byteorder v1.5.0
[INFO] [stderr]    Compiling jobserver v0.1.32
[INFO] [stderr]    Compiling getrandom v0.2.15
[INFO] [stderr]    Compiling zeroize v1.8.1
[INFO] [stderr]    Compiling semver v1.0.23
[INFO] [stderr]    Compiling rand_core v0.6.4
[INFO] [stderr]    Compiling quote v1.0.36
[INFO] [stderr]    Compiling cc v1.1.7
[INFO] [stderr]    Compiling der v0.7.9
[INFO] [stderr]    Compiling serde v1.0.204
[INFO] [stderr]    Compiling syn v2.0.72
[INFO] [stderr]    Compiling spin v0.9.8
[INFO] [stderr]    Compiling rustc_version v0.4.0
[INFO] [stderr]    Compiling num-bigint-dig v0.8.4
[INFO] [stderr]    Compiling tinyvec_macros v0.1.1
[INFO] [stderr]    Compiling tinyvec v1.8.0
[INFO] [stderr]    Compiling curve25519-dalek v4.1.3
[INFO] [stderr]    Compiling lazy_static v1.5.0
[INFO] [stderr]    Compiling utf8parse v0.2.2
[INFO] [stderr]    Compiling smallvec v1.13.2
[INFO] [stderr]    Compiling base64ct v1.6.0
[INFO] [stderr]    Compiling serde_json v1.0.127
[INFO] [stderr]    Compiling pem-rfc7468 v0.7.0
[INFO] [stderr]    Compiling unicode-normalization v0.1.23
[INFO] [stderr]    Compiling anstyle-parse v0.2.5
[INFO] [stderr]    Compiling spki v0.7.3
[INFO] [stderr]    Compiling crypto-common v0.1.6
[INFO] [stderr]    Compiling block-buffer v0.10.4
[INFO] [stderr]    Compiling pkcs8 v0.10.2
[INFO] [stderr]    Compiling digest v0.10.7
[INFO] [stderr]    Compiling num-integer v0.1.46
[INFO] [stderr]    Compiling inout v0.1.3
[INFO] [stderr]    Compiling anstyle-query v1.1.1
[INFO] [stderr]    Compiling unicode-bidi v0.3.15
[INFO] [stderr]    Compiling is_terminal_polyfill v1.70.1
[INFO] [stderr]    Compiling sha2 v0.10.8
[INFO] [stderr]    Compiling signature v2.2.0
[INFO] [stderr]    Compiling libz-sys v1.1.18
[INFO] [stderr]    Compiling openssl-sys v0.9.103
[INFO] [stderr]    Compiling libssh2-sys v0.3.0
[INFO] [stderr]    Compiling num-iter v0.1.45
[INFO] [stderr]    Compiling libgit2-sys v0.17.0+1.8.1
[INFO] [stderr]    Compiling hmac v0.12.1
[INFO] [stderr]    Compiling percent-encoding v2.3.1
[INFO] [stderr]    Compiling ryu v1.0.18
[INFO] [stderr]    Compiling anstyle v1.0.8
[INFO] [stderr]    Compiling colorchoice v1.0.2
[INFO] [stderr]    Compiling itoa v1.0.11
[INFO] [stderr]    Compiling memchr v2.7.4
[INFO] [stderr]    Compiling form_urlencoded v1.2.1
[INFO] [stderr]    Compiling rfc6979 v0.4.0
[INFO] [stderr]    Compiling anstream v0.6.15
[INFO] [stderr]    Compiling ssh-encoding v0.2.0
[INFO] [stderr]    Compiling idna v0.5.0
[INFO] [stderr]    Compiling ed25519 v2.2.3
[INFO] [stderr]    Compiling cipher v0.4.4
[INFO] [stderr]    Compiling pkcs1 v0.7.5
[INFO] [stderr]    Compiling strsim v0.11.1
[INFO] [stderr]    Compiling thiserror v1.0.63
[INFO] [stderr]    Compiling clap_lex v0.7.2
[INFO] [stderr]    Compiling heck v0.5.0
[INFO] [stderr]    Compiling base16ct v0.2.0
[INFO] [stderr]    Compiling clap_builder v4.5.11
[INFO] [stderr]    Compiling sec1 v0.7.3
[INFO] [stderr]    Compiling url v2.5.2
[INFO] [stderr]    Compiling ssh-cipher v0.2.0
[INFO] [stderr]    Compiling sha1 v0.10.6
[INFO] [stderr]    Compiling bitflags v2.6.0
[INFO] [stderr]    Compiling log v0.4.22
[INFO] [stderr]    Compiling openssl-probe v0.1.5
[INFO] [stderr]    Compiling zerocopy-derive v0.6.6
[INFO] [stderr]    Compiling serde_derive v1.0.204
[INFO] [stderr]    Compiling curve25519-dalek-derive v0.1.1
[INFO] [stderr]    Compiling thiserror-impl v1.0.63
[INFO] [stderr]    Compiling zerocopy v0.6.6
[INFO] [stderr]    Compiling clap_derive v4.5.11
[INFO] [stderr]    Compiling ppv-lite86 v0.2.18
[INFO] [stderr]    Compiling rand_chacha v0.3.1
[INFO] [stderr]    Compiling ed25519-dalek v2.1.1
[INFO] [stderr]    Compiling rand v0.8.5
[INFO] [stderr]    Compiling clap v4.5.11
[INFO] [stderr]    Compiling dsa v0.6.3
[INFO] [stderr]    Compiling rsa v0.9.6
[INFO] [stderr]    Compiling ssh-key v0.6.6
[INFO] [stderr]    Compiling bincode v1.3.3
[INFO] [stderr]    Compiling g-rs v2.0.2 (/opt/rustwide/workdir)
[INFO] [stderr]    Compiling git2 v0.19.0
[INFO] [stderr]     Finished `dev` profile [unoptimized + debuginfo] target(s) in 1m 46s
[INFO] running `Command { std: "docker" "inspect" "1093d840675d8a3eba39655322849de10c46f4a1ab06b11467aa702f8f494c4a", kill_on_drop: false }`
[INFO] running `Command { std: "docker" "rm" "-f" "1093d840675d8a3eba39655322849de10c46f4a1ab06b11467aa702f8f494c4a", kill_on_drop: false }`
[INFO] [stdout] 1093d840675d8a3eba39655322849de10c46f4a1ab06b11467aa702f8f494c4a
[INFO] running `Command { std: "docker" "create" "-v" "/var/lib/crater-agent-workspace/builds/worker-5-tc2/target:/opt/rustwide/target:rw,Z" "-v" "/var/lib/crater-agent-workspace/builds/worker-5-tc2/source:/opt/rustwide/workdir:ro,Z" "-v" "/var/lib/crater-agent-workspace/cargo-home:/opt/rustwide/cargo-home:ro,Z" "-v" "/var/lib/crater-agent-workspace/rustup-home:/opt/rustwide/rustup-home:ro,Z" "-e" "SOURCE_DIR=/opt/rustwide/workdir" "-e" "CARGO_TARGET_DIR=/opt/rustwide/target" "-e" "CARGO_INCREMENTAL=0" "-e" "RUST_BACKTRACE=full" "-e" "RUSTFLAGS=--cap-lints=warn" "-e" "RUSTDOCFLAGS=--cap-lints=warn" "-e" "CARGO_HOME=/opt/rustwide/cargo-home" "-e" "RUSTUP_HOME=/opt/rustwide/rustup-home" "-w" "/opt/rustwide/workdir" "-m" "1610612736" "--user" "0:0" "--network" "none" "ghcr.io/rust-lang/crates-build-env/linux@sha256:f3a9d4ad9d972b27faf3965f35b62e55ba32bbce8f20bc8fe909558a86702fde" "/opt/rustwide/cargo-home/bin/cargo" "+beta-2024-12-08" "test" "--frozen" "--no-run" "--message-format=json", kill_on_drop: false }`
[INFO] [stdout] a1a0b23d80543703b6e7173e7b2ebc2e60b2e2aeef54f8af4a40fb391e8b438c
[INFO] running `Command { std: "docker" "start" "-a" "a1a0b23d80543703b6e7173e7b2ebc2e60b2e2aeef54f8af4a40fb391e8b438c", kill_on_drop: false }`
[INFO] [stderr]    Compiling num-traits v0.2.19
[INFO] [stderr]    Compiling memchr v2.7.4
[INFO] [stderr]    Compiling syn v2.0.72
[INFO] [stderr]    Compiling regex-syntax v0.8.4
[INFO] [stderr]    Compiling equivalent v1.0.1
[INFO] [stderr]    Compiling hashbrown v0.14.5
[INFO] [stderr]    Compiling slab v0.4.9
[INFO] [stderr]    Compiling bitflags v2.6.0
[INFO] [stderr]    Compiling rustix v0.38.34
[INFO] [stderr]    Compiling pin-project-lite v0.2.14
[INFO] [stderr]    Compiling serde_json v1.0.127
[INFO] [stderr]    Compiling itoa v1.0.11
[INFO] [stderr]    Compiling linux-raw-sys v0.4.14
[INFO] [stderr]    Compiling ryu v1.0.18
[INFO] [stderr]    Compiling futures-core v0.3.30
[INFO] [stderr]    Compiling rustc-serialize v0.3.25
[INFO] [stderr]    Compiling futures-sink v0.3.30
[INFO] [stderr]    Compiling aho-corasick v1.1.3
[INFO] [stderr]    Compiling indexmap v2.3.0
[INFO] [stderr]    Compiling futures-channel v0.3.30
[INFO] [stderr]    Compiling num-integer v0.1.46
[INFO] [stderr]    Compiling num-iter v0.1.45
[INFO] [stderr]    Compiling rand v0.4.6
[INFO] [stderr]    Compiling pin-utils v0.1.0
[INFO] [stderr]    Compiling toml_datetime v0.6.8
[INFO] [stderr]    Compiling anyhow v1.0.86
[INFO] [stderr]    Compiling winnow v0.5.40
[INFO] [stderr]    Compiling futures-io v0.3.30
[INFO] [stderr]    Compiling futures-task v0.3.30
[INFO] [stderr]    Compiling regex-automata v0.4.7
[INFO] [stderr]    Compiling num-bigint v0.1.44
[INFO] [stderr]    Compiling rstest_macros v0.22.0
[INFO] [stderr]    Compiling toml_edit v0.21.1
[INFO] [stderr]    Compiling fs-err v2.11.0
[INFO] [stderr]    Compiling predicates-core v1.0.8
[INFO] [stderr]    Compiling once_cell v1.19.0
[INFO] [stderr]    Compiling glob v0.3.1
[INFO] [stderr]    Compiling winnow v0.6.18
[INFO] [stderr]    Compiling camino v1.1.7
[INFO] [stderr]    Compiling mockall_derive v0.13.0
[INFO] [stderr]    Compiling num-rational v0.1.42
[INFO] [stderr]    Compiling xattr v1.3.1
[INFO] [stderr]    Compiling num-complex v0.1.43
[INFO] [stderr]    Compiling quick-xml v0.31.0
[INFO] [stderr]    Compiling filetime v0.2.23
[INFO] [stderr]    Compiling serde_derive v1.0.204
[INFO] [stderr]    Compiling zerocopy-derive v0.6.6
[INFO] [stderr]    Compiling futures-macro v0.3.30
[INFO] [stderr]    Compiling curve25519-dalek-derive v0.1.1
[INFO] [stderr]    Compiling futures-util v0.3.30
[INFO] [stderr]    Compiling proc-macro-crate v3.1.0
[INFO] [stderr]    Compiling zerocopy v0.6.6
[INFO] [stderr]    Compiling bstr v1.10.0
[INFO] [stderr]    Compiling regex v1.10.5
[INFO] [stderr]    Compiling ppv-lite86 v0.2.18
[INFO] [stderr]    Compiling curve25519-dalek v4.1.3
[INFO] [stderr]    Compiling rand_chacha v0.3.1
[INFO] [stderr]    Compiling shared_child v1.0.1
[INFO] [stderr]    Compiling os_pipe v1.2.1
[INFO] [stderr]    Compiling relative-path v1.9.3
[INFO] [stderr]    Compiling rand v0.8.5
[INFO] [stderr]    Compiling same-file v1.0.6
[INFO] [stderr]    Compiling rustc-demangle v0.1.24
[INFO] [stderr]    Compiling termtree v0.4.1
[INFO] [stderr]    Compiling bytes v1.7.1
[INFO] [stderr]    Compiling predicates-tree v1.0.11
[INFO] [stderr]    Compiling num-bigint-dig v0.8.4
[INFO] [stderr]    Compiling lcov2cobertura v1.0.5
[INFO] [stderr]    Compiling tokio v1.39.2
[INFO] [stderr]    Compiling clap_derive v4.5.11
[INFO] [stderr]    Compiling walkdir v2.5.0
[INFO] [stderr]    Compiling ed25519-dalek v2.1.1
[INFO] [stderr]    Compiling futures-executor v0.3.30
[INFO] [stderr]    Compiling rsa v0.9.6
[INFO] [stderr]    Compiling futures v0.3.30
[INFO] [stderr]    Compiling dsa v0.6.3
[INFO] [stderr]    Compiling duct v0.13.7
[INFO] [stderr]    Compiling opener v0.7.2
[INFO] [stderr]    Compiling serde v1.0.204
[INFO] [stderr]    Compiling tar v0.4.41
[INFO] [stderr]    Compiling num v0.1.42
[INFO] [stderr]    Compiling async-trait v0.1.81
[INFO] [stderr]    Compiling thiserror-impl v1.0.63
[INFO] [stderr]    Compiling predicates v3.1.2
[INFO] [stderr]    Compiling ruzstd v0.7.0
[INFO] [stderr]    Compiling futures-timer v3.0.3
[INFO] [stderr]    Compiling shell-escape v0.1.5
[INFO] [stderr]    Compiling downcast v0.11.0
[INFO] [stderr]    Compiling fastrand v2.1.0
[INFO] [stderr]    Compiling termcolor v1.4.1
[INFO] [stderr]    Compiling hex v0.4.3
[INFO] [stderr]    Compiling is_executable v1.0.1
[INFO] [stderr]    Compiling fragile v2.0.0
[INFO] [stderr]    Compiling lexopt v0.3.0
[INFO] [stderr]    Compiling thiserror v1.0.63
[INFO] [stderr]    Compiling git2 v0.19.0
[INFO] [stderr]    Compiling tempfile v3.11.0
[INFO] [stderr]    Compiling sha256 v1.5.0
[INFO] [stderr]    Compiling clap v4.5.11
[INFO] [stderr]    Compiling ssh-key v0.6.6
[INFO] [stderr]    Compiling spectral v0.6.0
[INFO] [stderr]    Compiling serde_spanned v0.6.7
[INFO] [stderr]    Compiling bincode v1.3.3
[INFO] [stderr]    Compiling toml_edit v0.22.20
[INFO] [stderr]    Compiling mockall v0.13.0
[INFO] [stderr]    Compiling rstest v0.22.0
[INFO] [stderr]    Compiling g-rs v2.0.2 (/opt/rustwide/workdir)
[INFO] [stderr]    Compiling cargo-config2 v0.1.26
[INFO] [stderr]    Compiling cargo-llvm-cov v0.6.11
[INFO] [stderr]     Finished `test` profile [unoptimized + debuginfo] target(s) in 2m 10s
[INFO] [stderr] warning: the following packages contain code that will be rejected by a future version of Rust: num-bigint v0.1.44, num-complex v0.1.43, num-rational v0.1.42
[INFO] [stderr] note: to see what the problems were, use the option `--future-incompat-report`, or run `cargo report future-incompatibilities --id 1`
[INFO] running `Command { std: "docker" "inspect" "a1a0b23d80543703b6e7173e7b2ebc2e60b2e2aeef54f8af4a40fb391e8b438c", kill_on_drop: false }`
[INFO] running `Command { std: "docker" "rm" "-f" "a1a0b23d80543703b6e7173e7b2ebc2e60b2e2aeef54f8af4a40fb391e8b438c", kill_on_drop: false }`
[INFO] [stdout] a1a0b23d80543703b6e7173e7b2ebc2e60b2e2aeef54f8af4a40fb391e8b438c
[INFO] running `Command { std: "docker" "create" "-v" "/var/lib/crater-agent-workspace/builds/worker-5-tc2/target:/opt/rustwide/target:rw,Z" "-v" "/var/lib/crater-agent-workspace/builds/worker-5-tc2/source:/opt/rustwide/workdir:ro,Z" "-v" "/var/lib/crater-agent-workspace/cargo-home:/opt/rustwide/cargo-home:ro,Z" "-v" "/var/lib/crater-agent-workspace/rustup-home:/opt/rustwide/rustup-home:ro,Z" "-e" "SOURCE_DIR=/opt/rustwide/workdir" "-e" "CARGO_TARGET_DIR=/opt/rustwide/target" "-e" "CARGO_INCREMENTAL=0" "-e" "RUST_BACKTRACE=full" "-e" "RUSTFLAGS=--cap-lints=warn" "-e" "RUSTDOCFLAGS=--cap-lints=warn" "-e" "CARGO_HOME=/opt/rustwide/cargo-home" "-e" "RUSTUP_HOME=/opt/rustwide/rustup-home" "-w" "/opt/rustwide/workdir" "-m" "1610612736" "--user" "0:0" "--network" "none" "ghcr.io/rust-lang/crates-build-env/linux@sha256:f3a9d4ad9d972b27faf3965f35b62e55ba32bbce8f20bc8fe909558a86702fde" "/opt/rustwide/cargo-home/bin/cargo" "+beta-2024-12-08" "test" "--frozen", kill_on_drop: false }`
[INFO] [stdout] a007a57b92083b18c441f2c62420c54d5ee0472bc0074b656d1692f69a70e221
[INFO] running `Command { std: "docker" "start" "-a" "a007a57b92083b18c441f2c62420c54d5ee0472bc0074b656d1692f69a70e221", kill_on_drop: false }`
[INFO] [stderr]     Finished `test` profile [unoptimized + debuginfo] target(s) in 0.74s
[INFO] [stderr] warning: the following packages contain code that will be rejected by a future version of Rust: num-bigint v0.1.44, num-complex v0.1.43, num-rational v0.1.42
[INFO] [stderr] note: to see what the problems were, use the option `--future-incompat-report`, or run `cargo report future-incompatibilities --id 1`
[INFO] [stderr]      Running unittests src/main.rs (/opt/rustwide/target/debug/deps/g-464e1719fad25646)
[INFO] [stdout] 
[INFO] [stdout] running 39 tests
[INFO] [stdout] test profile::test::edit::something::case_3_both ... ok
[INFO] [stdout] test profile::test::edit::nothing ... ok
[INFO] [stdout] test profile::test::edit::something::case_1_only_username ... ok
[INFO] [stdout] test profile::test::list::empty ... ok
[INFO] [stdout] test profile::test::edit::something::case_2_only_email ... ok
[INFO] [stdout] test profile::test::list::non_empty ... ok
[INFO] [stdout] test ssh::key::r#type::test::display::case_2_rsa_default_size ... ok
[INFO] [stdout] test profile::test::remove::remove_stuff::case_1_only_profile ... ok
[INFO] [stdout] test ssh::key::r#type::test::display::case_1_dsa ... ok
[INFO] [stdout] test ssh::key::r#type::test::display::case_3_rsa_custom_size ... ok
[INFO] [stdout] test ssh::key::r#type::test::parse::err::case_1_unknown_key_type ... ok
[INFO] [stdout] test ssh::key::r#type::test::parse::ok::case_2_rsa_default ... ok
[INFO] [stdout] test profile::test::remove::remove_stuff::case_3_only_keys ... ok
[INFO] [stdout] test ssh::key::r#type::test::parse::ok::case_1_dsa ... ok
[INFO] [stdout] test ssh::key::r#type::test::display::case_4_ed25519 ... ok
[INFO] [stdout] test profile::test::remove::remove_stuff::case_2_one_key ... ok
[INFO] [stdout] test ssh::key::r#type::test::random_art_header::case_3_rsa_custom_size ... ok
[INFO] [stdout] test ssh::key::r#type::test::parse::ok::case_4_ed25519 ... ok
[INFO] [stdout] test ssh::key::r#type::test::random_art_header::case_1_dsa ... ok
[INFO] [stdout] test ssh::key::r#type::test::parse::ok::case_3_rsa_valid_size ... ok
[INFO] [stdout] test ssh::key::r#type::test::random_art_header::case_2_rsa_default_size ... ok
[INFO] [stdout] test ssh::key::test::pair::err ... ok
[INFO] [stdout] test ssh::key::r#type::test::random_art_header::case_4_ed25519 ... ok
[INFO] [stdout] test ssh::key::test::pair::ok::case_4_ed25519 ... ok
[INFO] [stdout] test ssh::test::try_regenerate_pair::both_exist ... ok
[INFO] [stdout] test ssh::test::try_regenerate_pair::none_exist::case_1_force ... ok
[INFO] [stdout] test ssh::test::try_regenerate_pair::none_exist::case_2_no_force ... ok
[INFO] [stdout] test ssh::test::try_regenerate_pair::private_exists ... ok
[INFO] [stdout] test ssh::test::try_regenerate_pair::skip_on_force::case_1_none ... ok
[INFO] [stdout] test ssh::test::try_regenerate_pair::skip_on_force::case_2_both ... ok
[INFO] [stdout] test ssh::test::try_regenerate_pair::skip_on_force::case_3_private ... ok
[INFO] [stdout] test ssh::test::try_regenerate_pair::skip_on_force::case_4_public ... ok
[INFO] [stdout] test ssh::key::test::write_private ... FAILED
[INFO] [stdout] test git::test::configure_user::set_global_config_outside_repo ... ok
[INFO] [stdout] test git::test::configure_user::set_local_config_in_repo ... ok
[INFO] [stdout] test git::test::configure_user::set_global_config_in_repo ... ok
[INFO] [stdout] test ssh::key::test::pair::ok::case_1_dsa ... ok
[INFO] [stdout] test ssh::key::test::pair::ok::case_3_rsa_custom_size ... ok
[INFO] [stdout] test ssh::key::test::pair::ok::case_2_rsa_default_size has been running for over 60 seconds
[INFO] [stdout] test ssh::key::test::pair::ok::case_2_rsa_default_size ... ok
[INFO] [stdout] 
[INFO] [stdout] failures:
[INFO] [stdout] 
[INFO] [stdout] ---- ssh::key::test::write_private stdout ----
[INFO] [stdout] thread 'ssh::key::test::write_private' panicked at /opt/rustwide/cargo-home/registry/src/index.crates.io-6f17d22bba15001f/spectral-0.6.0/src/lib.rs:343:9:
[INFO] [stdout] 
[INFO] [stdout] 	[31mexpected: Path of <"/tmp/.tmpUYlJgT/.ssh/id_test"> to exist
[INFO] [stdout] 	 but was: a non-existent Path[0m
[INFO] [stdout] 
[INFO] [stdout] 	[1mat location: src/ssh/key/mod.rs:151[0m
[INFO] [stdout] 
[INFO] [stdout] stack backtrace:
[INFO] [stdout]    0:     0x5bad91afb93a - std::backtrace_rs::backtrace::libunwind::trace::h8810477743020387
[INFO] [stdout]                                at /rustc/202008a1b8de96d2e5b6bc02d379db03a877d34d/library/std/src/../../backtrace/src/backtrace/libunwind.rs:116:5
[INFO] [stdout]    1:     0x5bad91afb93a - std::backtrace_rs::backtrace::trace_unsynchronized::h3aa55355dd6c54a6
[INFO] [stdout]                                at /rustc/202008a1b8de96d2e5b6bc02d379db03a877d34d/library/std/src/../../backtrace/src/backtrace/mod.rs:66:5
[INFO] [stdout]    2:     0x5bad91afb93a - std::sys::backtrace::_print_fmt::h8588b0f62410823f
[INFO] [stdout]                                at /rustc/202008a1b8de96d2e5b6bc02d379db03a877d34d/library/std/src/sys/backtrace.rs:66:9
[INFO] [stdout]    3:     0x5bad91afb93a - <std::sys::backtrace::BacktraceLock::print::DisplayBacktrace as core::fmt::Display>::fmt::h98c26ac25ffe89bb
[INFO] [stdout]                                at /rustc/202008a1b8de96d2e5b6bc02d379db03a877d34d/library/std/src/sys/backtrace.rs:39:26
[INFO] [stdout]    4:     0x5bad91b23533 - core::fmt::rt::Argument::fmt::hf95377f4aebd453b
[INFO] [stdout]                                at /rustc/202008a1b8de96d2e5b6bc02d379db03a877d34d/library/core/src/fmt/rt.rs:177:76
[INFO] [stdout]    5:     0x5bad91b23533 - core::fmt::write::h0dd5f6e2238c7982
[INFO] [stdout]                                at /rustc/202008a1b8de96d2e5b6bc02d379db03a877d34d/library/core/src/fmt/mod.rs:1189:21
[INFO] [stdout]    6:     0x5bad91af88b3 - std::io::Write::write_fmt::h03bb0ca26e6faf8c
[INFO] [stdout]                                at /rustc/202008a1b8de96d2e5b6bc02d379db03a877d34d/library/std/src/io/mod.rs:1884:15
[INFO] [stdout]    7:     0x5bad91afb782 - std::sys::backtrace::BacktraceLock::print::h5c19c1c038ee186d
[INFO] [stdout]                                at /rustc/202008a1b8de96d2e5b6bc02d379db03a877d34d/library/std/src/sys/backtrace.rs:42:9
[INFO] [stdout]    8:     0x5bad91afcdbd - std::panicking::default_hook::{{closure}}::h77172f079a1fcb13
[INFO] [stdout]                                at /rustc/202008a1b8de96d2e5b6bc02d379db03a877d34d/library/std/src/panicking.rs:268:22
[INFO] [stdout]    9:     0x5bad91afcbc7 - std::panicking::default_hook::he5f8e3b203ccddba
[INFO] [stdout]                                at /rustc/202008a1b8de96d2e5b6bc02d379db03a877d34d/library/std/src/panicking.rs:292:9
[INFO] [stdout]   10:     0x5bad9192ef17 - <alloc::boxed::Box<F,A> as core::ops::function::Fn<Args>>::call::h7a3c7b4a1ae77f2f
[INFO] [stdout]                                at /rustc/202008a1b8de96d2e5b6bc02d379db03a877d34d/library/alloc/src/boxed.rs:1986:9
[INFO] [stdout]   11:     0x5bad9192ef17 - test::test_main::{{closure}}::hf0d3b69ae9b353d1
[INFO] [stdout]                                at /rustc/202008a1b8de96d2e5b6bc02d379db03a877d34d/library/test/src/lib.rs:134:21
[INFO] [stdout]   12:     0x5bad91afd468 - <alloc::boxed::Box<F,A> as core::ops::function::Fn<Args>>::call::h6332e82e7b189abd
[INFO] [stdout]                                at /rustc/202008a1b8de96d2e5b6bc02d379db03a877d34d/library/alloc/src/boxed.rs:1986:9
[INFO] [stdout]   13:     0x5bad91afd468 - std::panicking::rust_panic_with_hook::h53863d4e9018df39
[INFO] [stdout]                                at /rustc/202008a1b8de96d2e5b6bc02d379db03a877d34d/library/std/src/panicking.rs:809:13
[INFO] [stdout]   14:     0x5bad9194212b - std::panicking::begin_panic::{{closure}}::hbec0dc3a0afd757d
[INFO] [stdout]                                at /rustc/202008a1b8de96d2e5b6bc02d379db03a877d34d/library/std/src/panicking.rs:738:9
[INFO] [stdout]   15:     0x5bad91941fea - std::sys::backtrace::__rust_end_short_backtrace::h9ea43f3fb4437e3f
[INFO] [stdout]                                at /rustc/202008a1b8de96d2e5b6bc02d379db03a877d34d/library/std/src/sys/backtrace.rs:170:18
[INFO] [stdout]   16:     0x5bad919420c3 - std::panicking::begin_panic::h48bf3ae656777b08
[INFO] [stdout]                                at /rustc/202008a1b8de96d2e5b6bc02d379db03a877d34d/library/std/src/panicking.rs:737:5
[INFO] [stdout]   17:     0x5bad91943d19 - spectral::AssertionFailure<T>::fail::hcdabad6dcfac5288
[INFO] [stdout]                                at /opt/rustwide/cargo-home/registry/src/index.crates.io-6f17d22bba15001f/spectral-0.6.0/src/lib.rs:343:9
[INFO] [stdout]   18:     0x5bad91943267 - spectral::path::exists::h49c3bcea52271a91
[INFO] [stdout]                                at /opt/rustwide/cargo-home/registry/src/index.crates.io-6f17d22bba15001f/spectral-0.6.0/src/path.rs:111:9
[INFO] [stdout]   19:     0x5bad91943047 - <spectral::Spec<std::path::PathBuf> as spectral::path::PathAssertions>::exists::heb9117d2393374da
[INFO] [stdout]                                at /opt/rustwide/cargo-home/registry/src/index.crates.io-6f17d22bba15001f/spectral-0.6.0/src/path.rs:69:9
[INFO] [stdout]   20:     0x5bad918ea3ce - g::ssh::key::test::write_private::h00bd341768eadc38
[INFO] [stdout]                                at /opt/rustwide/workdir/src/ssh/key/mod.rs:151:9
[INFO] [stdout]   21:     0x5bad918e9b67 - g::ssh::key::test::write_private::{{closure}}::ha21b5c8ac7c8b5e6
[INFO] [stdout]                                at /opt/rustwide/workdir/src/ssh/key/mod.rs:143:23
[INFO] [stdout]   22:     0x5bad918d5ed6 - core::ops::function::FnOnce::call_once::hedd42acec243e76b
[INFO] [stdout]                                at /rustc/202008a1b8de96d2e5b6bc02d379db03a877d34d/library/core/src/ops/function.rs:250:5
[INFO] [stdout]   23:     0x5bad91933a3b - core::ops::function::FnOnce::call_once::h871bf86719ec9aa4
[INFO] [stdout]                                at /rustc/202008a1b8de96d2e5b6bc02d379db03a877d34d/library/core/src/ops/function.rs:250:5
[INFO] [stdout]   24:     0x5bad91933a3b - test::__rust_begin_short_backtrace::h2167df1e2b7d76fd
[INFO] [stdout]                                at /rustc/202008a1b8de96d2e5b6bc02d379db03a877d34d/library/test/src/lib.rs:632:18
[INFO] [stdout]   25:     0x5bad91933428 - test::run_test_in_process::{{closure}}::h15d92f75a3adfb79
[INFO] [stdout]                                at /rustc/202008a1b8de96d2e5b6bc02d379db03a877d34d/library/test/src/lib.rs:655:60
[INFO] [stdout]   26:     0x5bad91933428 - <core::panic::unwind_safe::AssertUnwindSafe<F> as core::ops::function::FnOnce<()>>::call_once::hb6c8955835a8dbbb
[INFO] [stdout]                                at /rustc/202008a1b8de96d2e5b6bc02d379db03a877d34d/library/core/src/panic/unwind_safe.rs:272:9
[INFO] [stdout]   27:     0x5bad91933428 - std::panicking::try::do_call::hc79d0fc888a0bd30
[INFO] [stdout]                                at /rustc/202008a1b8de96d2e5b6bc02d379db03a877d34d/library/std/src/panicking.rs:557:40
[INFO] [stdout]   28:     0x5bad91933428 - std::panicking::try::hb8a7878e3a8589d6
[INFO] [stdout]                                at /rustc/202008a1b8de96d2e5b6bc02d379db03a877d34d/library/std/src/panicking.rs:520:19
[INFO] [stdout]   29:     0x5bad91933428 - std::panic::catch_unwind::hb8e4600ff0ff5cfa
[INFO] [stdout]                                at /rustc/202008a1b8de96d2e5b6bc02d379db03a877d34d/library/std/src/panic.rs:358:14
[INFO] [stdout]   30:     0x5bad91933428 - test::run_test_in_process::hc2900b0b18688dd6
[INFO] [stdout]                                at /rustc/202008a1b8de96d2e5b6bc02d379db03a877d34d/library/test/src/lib.rs:655:27
[INFO] [stdout]   31:     0x5bad91933428 - test::run_test::{{closure}}::hac2a9cb07be3d48d
[INFO] [stdout]                                at /rustc/202008a1b8de96d2e5b6bc02d379db03a877d34d/library/test/src/lib.rs:576:43
[INFO] [stdout]   32:     0x5bad918f6eca - test::run_test::{{closure}}::h4a5b729e66a38cd8
[INFO] [stdout]                                at /rustc/202008a1b8de96d2e5b6bc02d379db03a877d34d/library/test/src/lib.rs:606:41
[INFO] [stdout]   33:     0x5bad918f6eca - std::sys::backtrace::__rust_begin_short_backtrace::h0496fb742492f573
[INFO] [stdout]                                at /rustc/202008a1b8de96d2e5b6bc02d379db03a877d34d/library/std/src/sys/backtrace.rs:154:18
[INFO] [stdout]   34:     0x5bad918fa844 - std::thread::Builder::spawn_unchecked_::{{closure}}::{{closure}}::hbb6d257c550a54bd
[INFO] [stdout]                                at /rustc/202008a1b8de96d2e5b6bc02d379db03a877d34d/library/std/src/thread/mod.rs:561:17
[INFO] [stdout]   35:     0x5bad918fa844 - <core::panic::unwind_safe::AssertUnwindSafe<F> as core::ops::function::FnOnce<()>>::call_once::h46696fe4a6832328
[INFO] [stdout]                                at /rustc/202008a1b8de96d2e5b6bc02d379db03a877d34d/library/core/src/panic/unwind_safe.rs:272:9
[INFO] [stdout]   36:     0x5bad918fa844 - std::panicking::try::do_call::h2625a51b667bfb64
[INFO] [stdout]                                at /rustc/202008a1b8de96d2e5b6bc02d379db03a877d34d/library/std/src/panicking.rs:557:40
[INFO] [stdout]   37:     0x5bad918fa844 - std::panicking::try::hb956a59a1973aa4c
[INFO] [stdout]                                at /rustc/202008a1b8de96d2e5b6bc02d379db03a877d34d/library/std/src/panicking.rs:520:19
[INFO] [stdout]   38:     0x5bad918fa844 - std::panic::catch_unwind::h64f3b9d1067ef6a0
[INFO] [stdout]                                at /rustc/202008a1b8de96d2e5b6bc02d379db03a877d34d/library/std/src/panic.rs:358:14
[INFO] [stdout]   39:     0x5bad918fa844 - std::thread::Builder::spawn_unchecked_::{{closure}}::h42b2841295b6c0b2
[INFO] [stdout]                                at /rustc/202008a1b8de96d2e5b6bc02d379db03a877d34d/library/std/src/thread/mod.rs:559:30
[INFO] [stdout]   40:     0x5bad918fa844 - core::ops::function::FnOnce::call_once{{vtable.shim}}::h6127de71b8124639
[INFO] [stdout]                                at /rustc/202008a1b8de96d2e5b6bc02d379db03a877d34d/library/core/src/ops/function.rs:250:5
[INFO] [stdout]   41:     0x5bad91b0250b - <alloc::boxed::Box<F,A> as core::ops::function::FnOnce<Args>>::call_once::h42f0ba71002a1b2c
[INFO] [stdout]                                at /rustc/202008a1b8de96d2e5b6bc02d379db03a877d34d/library/alloc/src/boxed.rs:1972:9
[INFO] [stdout]   42:     0x5bad91b0250b - <alloc::boxed::Box<F,A> as core::ops::function::FnOnce<Args>>::call_once::had9e47d7a3dcecb8
[INFO] [stdout]                                at /rustc/202008a1b8de96d2e5b6bc02d379db03a877d34d/library/alloc/src/boxed.rs:1972:9
[INFO] [stdout]   43:     0x5bad91b0250b - std::sys::pal::unix::thread::Thread::new::thread_start::h48cf765408f6f5f2
[INFO] [stdout]                                at /rustc/202008a1b8de96d2e5b6bc02d379db03a877d34d/library/std/src/sys/pal/unix/thread.rs:105:17
[INFO] [stdout]   44:     0x7373069f3ac3 - <unknown>
[INFO] [stdout]   45:     0x737306a84a04 - clone
[INFO] [stdout]   46:                0x0 - <unknown>
[INFO] [stdout] 
[INFO] [stdout] 
[INFO] [stdout] failures:
[INFO] [stdout]     ssh::key::test::write_private
[INFO] [stdout] 
[INFO] [stdout] test result: FAILED. 38 passed; 1 failed; 0 ignored; 0 measured; 0 filtered out; finished in 146.65s
[INFO] [stdout] 
[INFO] [stderr] error: test failed, to rerun pass `--bin g`
[INFO] running `Command { std: "docker" "inspect" "a007a57b92083b18c441f2c62420c54d5ee0472bc0074b656d1692f69a70e221", kill_on_drop: false }`
[INFO] running `Command { std: "docker" "rm" "-f" "a007a57b92083b18c441f2c62420c54d5ee0472bc0074b656d1692f69a70e221", kill_on_drop: false }`
[INFO] [stdout] a007a57b92083b18c441f2c62420c54d5ee0472bc0074b656d1692f69a70e221
