[INFO] fetching crate fypm 0.1.0...
[INFO] testing fypm-0.1.0 against 1.83.0 for beta-1.84.0-4-retry
[INFO] extracting crate fypm 0.1.0 into /workspace/builds/worker-1-tc1/source
[INFO] validating manifest of crates.io crate fypm 0.1.0 on toolchain 1.83.0
[INFO] running `Command { std: CARGO_HOME="/workspace/cargo-home" RUSTUP_HOME="/workspace/rustup-home" "/workspace/cargo-home/bin/cargo" "+1.83.0" "metadata" "--manifest-path" "Cargo.toml" "--no-deps", kill_on_drop: false }`
[INFO] started tweaking crates.io crate fypm 0.1.0
[INFO] finished tweaking crates.io crate fypm 0.1.0
[INFO] tweaked toml for crates.io crate fypm 0.1.0 written to /workspace/builds/worker-1-tc1/source/Cargo.toml
[INFO] crate crates.io crate fypm 0.1.0 already has a lockfile, it will not be regenerated
[INFO] running `Command { std: CARGO_HOME="/workspace/cargo-home" RUSTUP_HOME="/workspace/rustup-home" "/workspace/cargo-home/bin/cargo" "+1.83.0" "fetch" "--manifest-path" "Cargo.toml", kill_on_drop: false }`
[INFO] [stderr]     Updating crates.io index
[INFO] [stderr]  Downloading crates ...
[INFO] [stderr]   Downloaded tmux_interface v0.3.2
[INFO] running `Command { std: "docker" "create" "-v" "/var/lib/crater-agent-workspace/builds/worker-1-tc1/target:/opt/rustwide/target:rw,Z" "-v" "/var/lib/crater-agent-workspace/builds/worker-1-tc1/source:/opt/rustwide/workdir:ro,Z" "-v" "/var/lib/crater-agent-workspace/cargo-home:/opt/rustwide/cargo-home:ro,Z" "-v" "/var/lib/crater-agent-workspace/rustup-home:/opt/rustwide/rustup-home:ro,Z" "-e" "SOURCE_DIR=/opt/rustwide/workdir" "-e" "CARGO_TARGET_DIR=/opt/rustwide/target" "-e" "CARGO_HOME=/opt/rustwide/cargo-home" "-e" "RUSTUP_HOME=/opt/rustwide/rustup-home" "-w" "/opt/rustwide/workdir" "-m" "1610612736" "--user" "0:0" "--network" "none" "ghcr.io/rust-lang/crates-build-env/linux@sha256:f3a9d4ad9d972b27faf3965f35b62e55ba32bbce8f20bc8fe909558a86702fde" "/opt/rustwide/cargo-home/bin/cargo" "+1.83.0" "metadata" "--no-deps" "--format-version=1", kill_on_drop: false }`
[INFO] [stdout] 4c5ef155a993a2630396fe02f44ce7e07ce45619ab2d8c27c8dd006e797b75e6
[INFO] running `Command { std: "docker" "start" "-a" "4c5ef155a993a2630396fe02f44ce7e07ce45619ab2d8c27c8dd006e797b75e6", kill_on_drop: false }`
[INFO] running `Command { std: "docker" "inspect" "4c5ef155a993a2630396fe02f44ce7e07ce45619ab2d8c27c8dd006e797b75e6", kill_on_drop: false }`
[INFO] running `Command { std: "docker" "rm" "-f" "4c5ef155a993a2630396fe02f44ce7e07ce45619ab2d8c27c8dd006e797b75e6", kill_on_drop: false }`
[INFO] [stdout] 4c5ef155a993a2630396fe02f44ce7e07ce45619ab2d8c27c8dd006e797b75e6
[INFO] running `Command { std: "docker" "create" "-v" "/var/lib/crater-agent-workspace/builds/worker-1-tc1/target:/opt/rustwide/target:rw,Z" "-v" "/var/lib/crater-agent-workspace/builds/worker-1-tc1/source:/opt/rustwide/workdir:ro,Z" "-v" "/var/lib/crater-agent-workspace/cargo-home:/opt/rustwide/cargo-home:ro,Z" "-v" "/var/lib/crater-agent-workspace/rustup-home:/opt/rustwide/rustup-home:ro,Z" "-e" "SOURCE_DIR=/opt/rustwide/workdir" "-e" "CARGO_TARGET_DIR=/opt/rustwide/target" "-e" "CARGO_INCREMENTAL=0" "-e" "RUST_BACKTRACE=full" "-e" "RUSTFLAGS=--cap-lints=warn" "-e" "RUSTDOCFLAGS=--cap-lints=warn" "-e" "CARGO_HOME=/opt/rustwide/cargo-home" "-e" "RUSTUP_HOME=/opt/rustwide/rustup-home" "-w" "/opt/rustwide/workdir" "-m" "1610612736" "--user" "0:0" "--network" "none" "ghcr.io/rust-lang/crates-build-env/linux@sha256:f3a9d4ad9d972b27faf3965f35b62e55ba32bbce8f20bc8fe909558a86702fde" "/opt/rustwide/cargo-home/bin/cargo" "+1.83.0" "build" "--frozen" "--message-format=json", kill_on_drop: false }`
[INFO] [stdout] 5f1e53cff9361b6a1f7ba723c514db2e6ac854f1450cc3815d95705e34e60a3c
[INFO] running `Command { std: "docker" "start" "-a" "5f1e53cff9361b6a1f7ba723c514db2e6ac854f1450cc3815d95705e34e60a3c", kill_on_drop: false }`
[INFO] [stderr]    Compiling libc v0.2.153
[INFO] [stderr]    Compiling proc-macro2 v1.0.79
[INFO] [stderr]    Compiling unicode-ident v1.0.12
[INFO] [stderr]    Compiling cfg-if v1.0.0
[INFO] [stderr]    Compiling version_check v0.9.4
[INFO] [stderr]    Compiling autocfg v1.2.0
[INFO] [stderr]    Compiling zerocopy v0.7.34
[INFO] [stderr]    Compiling serde v1.0.197
[INFO] [stderr]    Compiling pkg-config v0.3.30
[INFO] [stderr]    Compiling once_cell v1.19.0
[INFO] [stderr]    Compiling bitflags v2.5.0
[INFO] [stderr]    Compiling rustix v0.38.32
[INFO] [stderr]    Compiling linux-raw-sys v0.4.13
[INFO] [stderr]    Compiling vcpkg v0.2.15
[INFO] [stderr]    Compiling utf8parse v0.2.1
[INFO] [stderr]    Compiling signal-hook v0.3.17
[INFO] [stderr]    Compiling parking_lot_core v0.9.10
[INFO] [stderr]    Compiling smallvec v1.13.2
[INFO] [stderr]    Compiling anstyle-parse v0.2.3
[INFO] [stderr]    Compiling memchr v2.7.2
[INFO] [stderr]    Compiling anstyle v1.0.6
[INFO] [stderr]    Compiling equivalent v1.0.1
[INFO] [stderr]    Compiling heck v0.5.0
[INFO] [stderr]    Compiling colorchoice v1.0.0
[INFO] [stderr]    Compiling scopeguard v1.2.0
[INFO] [stderr]    Compiling thiserror v1.0.58
[INFO] [stderr]    Compiling log v0.4.21
[INFO] [stderr]    Compiling lock_api v0.4.12
[INFO] [stderr]    Compiling ahash v0.8.11
[INFO] [stderr]    Compiling num-traits v0.2.18
[INFO] [stderr]    Compiling lazy_static v1.4.0
[INFO] [stderr]    Compiling anstyle-query v1.0.2
[INFO] [stderr]    Compiling rustversion v1.0.17
[INFO] [stderr]    Compiling anstream v0.6.13
[INFO] [stderr]    Compiling strsim v0.11.1
[INFO] [stderr]    Compiling winnow v0.6.5
[INFO] [stderr]    Compiling aho-corasick v1.1.3
[INFO] [stderr]    Compiling clap_lex v0.7.0
[INFO] [stderr]    Compiling fastrand v2.0.2
[INFO] [stderr]    Compiling unicode-width v0.1.11
[INFO] [stderr]    Compiling enigo v0.1.3
[INFO] [stderr]    Compiling quote v1.0.35
[INFO] [stderr]    Compiling hashbrown v0.14.3
[INFO] [stderr]    Compiling regex-syntax v0.8.3
[INFO] [stderr]    Compiling serde_json v1.0.115
[INFO] [stderr]    Compiling option-ext v0.2.0
[INFO] [stderr]    Compiling libsqlite3-sys v0.28.0
[INFO] [stderr]    Compiling syn v2.0.58
[INFO] [stderr]    Compiling clap_builder v4.5.2
[INFO] [stderr]    Compiling fallible-iterator v0.3.0
[INFO] [stderr]    Compiling itoa v1.0.11
[INFO] [stderr]    Compiling either v1.12.0
[INFO] [stderr]    Compiling fallible-streaming-iterator v0.1.9
[INFO] [stderr]    Compiling atomic v0.5.3
[INFO] [stderr]    Compiling signal-hook-registry v1.4.2
[INFO] [stderr]    Compiling mio v0.8.11
[INFO] [stderr]    Compiling console v0.15.8
[INFO] [stderr]    Compiling getrandom v0.2.12
[INFO] [stderr]    Compiling indexmap v2.2.6
[INFO] [stderr]    Compiling parking_lot v0.12.3
[INFO] [stderr]    Compiling hashlink v0.9.1
[INFO] [stderr]    Compiling dirs-sys v0.4.1
[INFO] [stderr]    Compiling shell-words v1.1.0
[INFO] [stderr]    Compiling signal-hook-mio v0.2.3
[INFO] [stderr]    Compiling iana-time-zone v0.1.60
[INFO] [stderr]    Compiling ryu v1.0.17
[INFO] [stderr]    Compiling zeroize v1.7.0
[INFO] [stderr]    Compiling crossterm v0.27.0
[INFO] [stderr]    Compiling rusqlite v0.31.0
[INFO] [stderr]    Compiling chrono v0.4.37
[INFO] [stderr]    Compiling dirs v5.0.1
[INFO] [stderr]    Compiling itertools v0.13.0
[INFO] [stderr]    Compiling uuid v1.8.0
[INFO] [stderr]    Compiling daemonize v0.5.0
[INFO] [stderr]    Compiling colored v2.1.0
[INFO] [stderr]    Compiling strfmt v0.2.4
[INFO] [stderr]    Compiling tmux_interface v0.3.2
[INFO] [stderr]    Compiling tempfile v3.10.1
[INFO] [stderr]    Compiling terminal_size v0.3.0
[INFO] [stderr]    Compiling regex-automata v0.4.6
[INFO] [stderr]    Compiling serde_derive v1.0.197
[INFO] [stderr]    Compiling thiserror-impl v1.0.58
[INFO] [stderr]    Compiling clap_derive v4.5.4
[INFO] [stderr]    Compiling strum_macros v0.26.4
[INFO] [stderr]    Compiling regex v1.10.4
[INFO] [stderr]    Compiling dialoguer v0.11.0
[INFO] [stderr]    Compiling clap v4.5.4
[INFO] [stderr]    Compiling toml_datetime v0.6.5
[INFO] [stderr]    Compiling serde_spanned v0.6.5
[INFO] [stderr]    Compiling toml_edit v0.22.9
[INFO] [stderr]    Compiling toml v0.8.12
[INFO] [stderr]    Compiling fypm v0.1.0 (/opt/rustwide/workdir)
[INFO] [stdout] warning: unused import: `MAIN_DB_FILE`
[INFO] [stdout]   --> src/handlers/database.rs:14:22
[INFO] [stdout]    |
[INFO] [stdout] 14 | use crate::{DB_PATH, MAIN_DB_FILE};
[INFO] [stdout]    |                      ^^^^^^^^^^^^
[INFO] [stdout]    |
[INFO] [stdout]    = note: `#[warn(unused_imports)]` on by default
[INFO] [stdout] 
[INFO] [stdout] 
[INFO] [stdout] warning: unused import: `std::io::BufRead`
[INFO] [stdout]  --> src/subcommands/worktime.rs:9:5
[INFO] [stdout]   |
[INFO] [stdout] 9 | use std::io::BufRead;
[INFO] [stdout]   |     ^^^^^^^^^^^^^^^^
[INFO] [stdout] 
[INFO] [stdout] 
[INFO] [stdout] warning: unused import: `std::io::BufReader`
[INFO] [stdout]   --> src/subcommands/worktime.rs:10:5
[INFO] [stdout]    |
[INFO] [stdout] 10 | use std::io::BufReader;
[INFO] [stdout]    |     ^^^^^^^^^^^^^^^^^^
[INFO] [stdout] 
[INFO] [stdout] 
[INFO] [stdout] warning: unused import: `crate::subcommands::task`
[INFO] [stdout]  --> src/tests/task.rs:1:5
[INFO] [stdout]   |
[INFO] [stdout] 1 | use crate::subcommands::task;
[INFO] [stdout]   |     ^^^^^^^^^^^^^^^^^^^^^^^^
[INFO] [stdout] 
[INFO] [stdout] 
[INFO] [stdout] warning: unused variable: `action`
[INFO] [stdout]   --> src/func/matchs.rs:23:28
[INFO] [stdout]    |
[INFO] [stdout] 23 |         Commands::Daemon { action, name } => todo!(),
[INFO] [stdout]    |                            ^^^^^^ help: try ignoring the field: `action: _`
[INFO] [stdout]    |
[INFO] [stdout]    = note: `#[warn(unused_variables)]` on by default
[INFO] [stdout] 
[INFO] [stdout] 
[INFO] [stdout] warning: unused variable: `name`
[INFO] [stdout]   --> src/func/matchs.rs:23:36
[INFO] [stdout]    |
[INFO] [stdout] 23 |         Commands::Daemon { action, name } => todo!(),
[INFO] [stdout]    |                                    ^^^^ help: try ignoring the field: `name: _`
[INFO] [stdout] 
[INFO] [stdout] 
[INFO] [stdout] warning: unused variable: `action`
[INFO] [stdout]   --> src/func/matchs.rs:68:30
[INFO] [stdout]    |
[INFO] [stdout] 68 |         Commands::Instance { action, actionargs } => todo!(),
[INFO] [stdout]    |                              ^^^^^^ help: try ignoring the field: `action: _`
[INFO] [stdout] 
[INFO] [stdout] 
[INFO] [stdout] warning: unused variable: `actionargs`
[INFO] [stdout]   --> src/func/matchs.rs:68:38
[INFO] [stdout]    |
[INFO] [stdout] 68 |         Commands::Instance { action, actionargs } => todo!(),
[INFO] [stdout]    |                                      ^^^^^^^^^^ help: try ignoring the field: `actionargs: _`
[INFO] [stdout] 
[INFO] [stdout] 
[INFO] [stdout] warning: variable does not need to be mutable
[INFO] [stdout]   --> src/handlers/aliases.rs:49:17
[INFO] [stdout]    |
[INFO] [stdout] 49 |             let mut valid_alias = false;
[INFO] [stdout]    |                 ----^^^^^^^^^^^
[INFO] [stdout]    |                 |
[INFO] [stdout]    |                 help: remove this `mut`
[INFO] [stdout]    |
[INFO] [stdout]    = note: `#[warn(unused_mut)]` on by default
[INFO] [stdout] 
[INFO] [stdout] 
[INFO] [stdout] warning: unused variable: `action`
[INFO] [stdout]   --> src/subcommands/daemon.rs:27:9
[INFO] [stdout]    |
[INFO] [stdout] 27 |     let action = match action.as_str() {
[INFO] [stdout]    |         ^^^^^^ help: if this is intentional, prefix it with an underscore: `_action`
[INFO] [stdout] 
[INFO] [stdout] 
[INFO] [stdout] warning: unused variable: `daemonize`
[INFO] [stdout]   --> src/subcommands/daemon.rs:15:21
[INFO] [stdout]    |
[INFO] [stdout] 15 |                 let daemonize = Daemonize::new()
[INFO] [stdout]    |                     ^^^^^^^^^ help: if this is intentional, prefix it with an underscore: `_daemonize`
[INFO] [stdout] 
[INFO] [stdout] 
[INFO] [stdout] warning: variable does not need to be mutable
[INFO] [stdout]   --> src/subcommands/init_day.rs:35:9
[INFO] [stdout]    |
[INFO] [stdout] 35 |     let mut file = File::open(file_path);
[INFO] [stdout]    |         ----^^^^
[INFO] [stdout]    |         |
[INFO] [stdout]    |         help: remove this `mut`
[INFO] [stdout] 
[INFO] [stdout] 
[INFO] [stdout] warning: unused variable: `get_out_of_bed_time`
[INFO] [stdout]   --> src/subcommands/init_day.rs:71:9
[INFO] [stdout]    |
[INFO] [stdout] 71 |     let get_out_of_bed_time = receive_answer();
[INFO] [stdout]    |         ^^^^^^^^^^^^^^^^^^^ help: if this is intentional, prefix it with an underscore: `_get_out_of_bed_time`
[INFO] [stdout] 
[INFO] [stdout] 
[INFO] [stdout] warning: unused variable: `current_minutes`
[INFO] [stdout]   --> src/subcommands/init_day.rs:73:9
[INFO] [stdout]    |
[INFO] [stdout] 73 |     let current_minutes = Local::now().timestamp() / 60;
[INFO] [stdout]    |         ^^^^^^^^^^^^^^^ help: if this is intentional, prefix it with an underscore: `_current_minutes`
[INFO] [stdout] 
[INFO] [stdout] 
[INFO] [stdout] warning: unused variable: `date_format`
[INFO] [stdout]   --> src/subcommands/instance.rs:16:13
[INFO] [stdout]    |
[INFO] [stdout] 16 |         let date_format = "%H:%M";
[INFO] [stdout]    |             ^^^^^^^^^^^ help: if this is intentional, prefix it with an underscore: `_date_format`
[INFO] [stdout] 
[INFO] [stdout] 
[INFO] [stdout] warning: unused variable: `instance`
[INFO] [stdout]   --> src/subcommands/instance.rs:45:13
[INFO] [stdout]    |
[INFO] [stdout] 45 |         let instance = Instance {
[INFO] [stdout]    |             ^^^^^^^^ help: if this is intentional, prefix it with an underscore: `_instance`
[INFO] [stdout] 
[INFO] [stdout] 
[INFO] [stdout] warning: unused variable: `actionargs`
[INFO] [stdout]   --> src/subcommands/instance.rs:59:35
[INFO] [stdout]    |
[INFO] [stdout] 59 | pub fn match_action(action: &str, actionargs: &Vec<String>) -> Result<(), Error> {
[INFO] [stdout]    |                                   ^^^^^^^^^^ help: if this is intentional, prefix it with an underscore: `_actionargs`
[INFO] [stdout] 
[INFO] [stdout] 
[INFO] [stdout] warning: function `match_exec_command` is never used
[INFO] [stdout]    --> src/func/matchs.rs:230:8
[INFO] [stdout]     |
[INFO] [stdout] 230 | pub fn match_exec_command(
[INFO] [stdout]     |        ^^^^^^^^^^^^^^^^^^
[INFO] [stdout]     |
[INFO] [stdout]     = note: `#[warn(dead_code)]` on by default
[INFO] [stdout] 
[INFO] [stdout] 
[INFO] [stdout] warning: associated functions `verify_by_name`, `create`, `remove`, `rename`, and `list` are never used
[INFO] [stdout]    --> src/handlers/database.rs:42:12
[INFO] [stdout]     |
[INFO] [stdout] 41  | impl DBHandler {
[INFO] [stdout]     | -------------- associated functions in this implementation
[INFO] [stdout] 42  |     pub fn verify_by_name(name: &String) -> Result<bool, Error> {
[INFO] [stdout]     |            ^^^^^^^^^^^^^^
[INFO] [stdout] ...
[INFO] [stdout] 61  |     pub fn create(name: &String, description: &String) -> Result<DataBowl, Error> {
[INFO] [stdout]     |            ^^^^^^
[INFO] [stdout] ...
[INFO] [stdout] 90  |     pub fn remove(name: &String) -> Result<(), Error> {
[INFO] [stdout]     |            ^^^^^^
[INFO] [stdout] ...
[INFO] [stdout] 104 |     pub fn rename(old_name: &String, new_name: &String) -> Result<(), Error> {
[INFO] [stdout]     |            ^^^^^^
[INFO] [stdout] ...
[INFO] [stdout] 130 |     pub fn list() -> Result<Vec<(String, String)>, Error> {
[INFO] [stdout]     |            ^^^^
[INFO] [stdout] 
[INFO] [stdout] 
[INFO] [stdout] warning: associated function `ensure_aliases_tasks` is never used
[INFO] [stdout]   --> src/handlers/aliases.rs:27:12
[INFO] [stdout]    |
[INFO] [stdout] 10 | impl AliasesHandler {
[INFO] [stdout]    | ------------------- associated function in this implementation
[INFO] [stdout] ...
[INFO] [stdout] 27 |     pub fn ensure_aliases_tasks() -> Result<(), FypmError> {
[INFO] [stdout]    |            ^^^^^^^^^^^^^^^^^^^^
[INFO] [stdout] 
[INFO] [stdout] 
[INFO] [stdout] warning: function `init_daemon` is never used
[INFO] [stdout]  --> src/subcommands/daemon.rs:4:8
[INFO] [stdout]   |
[INFO] [stdout] 4 | pub fn init_daemon(action: &String, name: &String) {
[INFO] [stdout]   |        ^^^^^^^^^^^
[INFO] [stdout] 
[INFO] [stdout] 
[INFO] [stdout] warning: associated functions `start` and `kill` are never used
[INFO] [stdout]   --> src/subcommands/daemon.rs:9:16
[INFO] [stdout]    |
[INFO] [stdout] 8  |     impl Actions {
[INFO] [stdout]    |     ------------ associated functions in this implementation
[INFO] [stdout] 9  |         pub fn start(tmp_file_name: &str, daemon_name: &str) {
[INFO] [stdout]    |                ^^^^^
[INFO] [stdout] ...
[INFO] [stdout] 22 |         pub fn kill() {
[INFO] [stdout]    |                ^^^^
[INFO] [stdout] 
[INFO] [stdout] 
[INFO] [stdout] warning: function `receive_answer` is never used
[INFO] [stdout]  --> src/subcommands/init_day.rs:7:4
[INFO] [stdout]   |
[INFO] [stdout] 7 | fn receive_answer() -> String {
[INFO] [stdout]   |    ^^^^^^^^^^^^^^
[INFO] [stdout] 
[INFO] [stdout] 
[INFO] [stdout] warning: function `get_sleep_task_uuid` is never used
[INFO] [stdout]   --> src/subcommands/init_day.rs:13:4
[INFO] [stdout]    |
[INFO] [stdout] 13 | fn get_sleep_task_uuid() -> Vec<u8> {
[INFO] [stdout]    |    ^^^^^^^^^^^^^^^^^^^
[INFO] [stdout] 
[INFO] [stdout] 
[INFO] [stdout] warning: function `get_sleep_awake_date` is never used
[INFO] [stdout]   --> src/subcommands/init_day.rs:26:4
[INFO] [stdout]    |
[INFO] [stdout] 26 | fn get_sleep_awake_date() -> String {
[INFO] [stdout]    |    ^^^^^^^^^^^^^^^^^^^^
[INFO] [stdout] 
[INFO] [stdout] 
[INFO] [stdout] warning: field `shutdown_date` is never read
[INFO] [stdout]   --> src/subcommands/init_day.rs:32:9
[INFO] [stdout]    |
[INFO] [stdout] 30 |     struct ShutdownCache {
[INFO] [stdout]    |            ------------- field in this struct
[INFO] [stdout] 31 |         #[serde(rename = "shutdownDate")]
[INFO] [stdout] 32 |         shutdown_date: String,
[INFO] [stdout]    |         ^^^^^^^^^^^^^
[INFO] [stdout] 
[INFO] [stdout] 
[INFO] [stdout] warning: function `init_day` is never used
[INFO] [stdout]   --> src/subcommands/init_day.rs:49:8
[INFO] [stdout]    |
[INFO] [stdout] 49 | pub fn init_day() {
[INFO] [stdout]    |        ^^^^^^^^
[INFO] [stdout] 
[INFO] [stdout] 
[INFO] [stdout] warning: struct `Instance` is never constructed
[INFO] [stdout]  --> src/subcommands/instance.rs:5:8
[INFO] [stdout]   |
[INFO] [stdout] 5 | struct Instance {
[INFO] [stdout]   |        ^^^^^^^^
[INFO] [stdout] 
[INFO] [stdout] 
[INFO] [stdout] warning: struct `InstanceHandler` is never constructed
[INFO] [stdout]   --> src/subcommands/instance.rs:11:12
[INFO] [stdout]    |
[INFO] [stdout] 11 | pub struct InstanceHandler;
[INFO] [stdout]    |            ^^^^^^^^^^^^^^^
[INFO] [stdout] 
[INFO] [stdout] 
[INFO] [stdout] warning: associated function `add` is never used
[INFO] [stdout]   --> src/subcommands/instance.rs:15:12
[INFO] [stdout]    |
[INFO] [stdout] 14 | impl InstanceHandler {
[INFO] [stdout]    | -------------------- associated function in this implementation
[INFO] [stdout] 15 |     pub fn add() -> Result<(), Error> {
[INFO] [stdout]    |            ^^^
[INFO] [stdout] 
[INFO] [stdout] 
[INFO] [stdout] warning: function `match_action` is never used
[INFO] [stdout]   --> src/subcommands/instance.rs:59:8
[INFO] [stdout]    |
[INFO] [stdout] 59 | pub fn match_action(action: &str, actionargs: &Vec<String>) -> Result<(), Error> {
[INFO] [stdout]    |        ^^^^^^^^^^^^
[INFO] [stdout] 
[INFO] [stdout] 
[INFO] [stdout] warning: variant `TaskTypeError` is never constructed
[INFO] [stdout]  --> src/utils/err.rs:9:5
[INFO] [stdout]   |
[INFO] [stdout] 4 | pub enum FypmErrorKind {
[INFO] [stdout]   |          ------------- variant in this enum
[INFO] [stdout] ...
[INFO] [stdout] 9 |     TaskTypeError,
[INFO] [stdout]   |     ^^^^^^^^^^^^^
[INFO] [stdout]   |
[INFO] [stdout]   = note: `FypmErrorKind` has a derived impl for the trait `Debug`, but this is intentionally ignored during dead code analysis
[INFO] [stdout] 
[INFO] [stdout] 
[INFO] [stdout] warning: field `message` is never read
[INFO] [stdout]   --> src/utils/err.rs:19:9
[INFO] [stdout]    |
[INFO] [stdout] 18 | pub struct FypmError {
[INFO] [stdout]    |            --------- field in this struct
[INFO] [stdout] 19 |     pub message: String,
[INFO] [stdout]    |         ^^^^^^^
[INFO] [stdout]    |
[INFO] [stdout]    = note: `FypmError` has a derived impl for the trait `Debug`, but this is intentionally ignored during dead code analysis
[INFO] [stdout] 
[INFO] [stdout] 
[INFO] [stdout] warning: enum `SomeErr` is never used
[INFO] [stdout]   --> src/utils/err.rs:23:10
[INFO] [stdout]    |
[INFO] [stdout] 23 | pub enum SomeErr {
[INFO] [stdout]    |          ^^^^^^^
[INFO] [stdout] 
[INFO] [stdout] 
[INFO] [stdout] warning: struct `Paths` is never constructed
[INFO] [stdout]  --> src/utils/paths.rs:1:12
[INFO] [stdout]   |
[INFO] [stdout] 1 | pub struct Paths {
[INFO] [stdout]   |            ^^^^^
[INFO] [stdout] 
[INFO] [stdout] 
[INFO] [stdout] warning: function `get_paths` is never used
[INFO] [stdout]  --> src/utils/paths.rs:5:8
[INFO] [stdout]   |
[INFO] [stdout] 5 | pub fn get_paths() -> Paths {
[INFO] [stdout]   |        ^^^^^^^^^
[INFO] [stdout] 
[INFO] [stdout] 
[INFO] [stdout] warning: function `toml` is never used
[INFO] [stdout]  --> src/utils/read.rs:5:8
[INFO] [stdout]   |
[INFO] [stdout] 5 | pub fn toml<T>(path: &str) -> Result<T, Error>
[INFO] [stdout]   |        ^^^^
[INFO] [stdout] 
[INFO] [stdout] 
[INFO] [stdout] warning: fields `entry` and `description` are never read
[INFO] [stdout]  --> src/utils/structs.rs:3:9
[INFO] [stdout]   |
[INFO] [stdout] 2 | pub struct TaskAnnotation {
[INFO] [stdout]   |            -------------- fields in this struct
[INFO] [stdout] 3 |     pub entry: String,
[INFO] [stdout]   |         ^^^^^
[INFO] [stdout] 4 |     pub description: String,
[INFO] [stdout]   |         ^^^^^^^^^^^
[INFO] [stdout]   |
[INFO] [stdout]   = note: `TaskAnnotation` has derived impls for the traits `Debug` and `Clone`, but these are intentionally ignored during dead code analysis
[INFO] [stdout] 
[INFO] [stdout] 
[INFO] [stdout] warning: fields `id`, `seq_prev`, `entry`, `modified`, `annotations`, and `urgency` are never read
[INFO] [stdout]   --> src/utils/structs.rs:8:9
[INFO] [stdout]    |
[INFO] [stdout] 7  | pub struct TaskWarriorExported {
[INFO] [stdout]    |            ------------------- fields in this struct
[INFO] [stdout] 8  |     pub id: u32,
[INFO] [stdout]    |         ^^
[INFO] [stdout] ...
[INFO] [stdout] 26 |     pub seq_prev: Option<String>,
[INFO] [stdout]    |         ^^^^^^^^
[INFO] [stdout] 27 |     pub description: String,
[INFO] [stdout] 28 |     pub entry: String,
[INFO] [stdout]    |         ^^^^^
[INFO] [stdout] 29 |     pub modified: String,
[INFO] [stdout]    |         ^^^^^^^^
[INFO] [stdout] ...
[INFO] [stdout] 33 |     pub annotations: Option<Vec<TaskAnnotation>>,
[INFO] [stdout]    |         ^^^^^^^^^^^
[INFO] [stdout] 34 |     pub tags: Option<Vec<String>>,
[INFO] [stdout] 35 |     pub urgency: f64,
[INFO] [stdout]    |         ^^^^^^^
[INFO] [stdout]    |
[INFO] [stdout]    = note: `TaskWarriorExported` has derived impls for the traits `Debug` and `Clone`, but these are intentionally ignored during dead code analysis
[INFO] [stdout] 
[INFO] [stdout] 
[INFO] [stdout] warning: fields `id` and `tags` are never read
[INFO] [stdout]   --> src/utils/structs.rs:39:9
[INFO] [stdout]    |
[INFO] [stdout] 38 | pub struct TimeWarriorExported {
[INFO] [stdout]    |            ------------------- fields in this struct
[INFO] [stdout] 39 |     pub id: i32,
[INFO] [stdout]    |         ^^
[INFO] [stdout] ...
[INFO] [stdout] 42 |     pub tags: Option<Vec<String>>,
[INFO] [stdout]    |         ^^^^
[INFO] [stdout]    |
[INFO] [stdout]    = note: `TimeWarriorExported` has a derived impl for the trait `Debug`, but this is intentionally ignored during dead code analysis
[INFO] [stdout] 
[INFO] [stdout] 
[INFO] [stdout] warning: function `toml` is never used
[INFO] [stdout]  --> src/utils/write.rs:5:8
[INFO] [stdout]   |
[INFO] [stdout] 5 | pub fn toml<T>(path: &str, data: &T) -> Result<(), Error>
[INFO] [stdout]   |        ^^^^
[INFO] [stdout] 
[INFO] [stdout] 
[INFO] [stderr]     Finished `dev` profile [unoptimized + debuginfo] target(s) in 35.54s
[INFO] running `Command { std: "docker" "inspect" "5f1e53cff9361b6a1f7ba723c514db2e6ac854f1450cc3815d95705e34e60a3c", kill_on_drop: false }`
[INFO] running `Command { std: "docker" "rm" "-f" "5f1e53cff9361b6a1f7ba723c514db2e6ac854f1450cc3815d95705e34e60a3c", kill_on_drop: false }`
[INFO] [stdout] 5f1e53cff9361b6a1f7ba723c514db2e6ac854f1450cc3815d95705e34e60a3c
[INFO] running `Command { std: "docker" "create" "-v" "/var/lib/crater-agent-workspace/builds/worker-1-tc1/target:/opt/rustwide/target:rw,Z" "-v" "/var/lib/crater-agent-workspace/builds/worker-1-tc1/source:/opt/rustwide/workdir:ro,Z" "-v" "/var/lib/crater-agent-workspace/cargo-home:/opt/rustwide/cargo-home:ro,Z" "-v" "/var/lib/crater-agent-workspace/rustup-home:/opt/rustwide/rustup-home:ro,Z" "-e" "SOURCE_DIR=/opt/rustwide/workdir" "-e" "CARGO_TARGET_DIR=/opt/rustwide/target" "-e" "CARGO_INCREMENTAL=0" "-e" "RUST_BACKTRACE=full" "-e" "RUSTFLAGS=--cap-lints=warn" "-e" "RUSTDOCFLAGS=--cap-lints=warn" "-e" "CARGO_HOME=/opt/rustwide/cargo-home" "-e" "RUSTUP_HOME=/opt/rustwide/rustup-home" "-w" "/opt/rustwide/workdir" "-m" "1610612736" "--user" "0:0" "--network" "none" "ghcr.io/rust-lang/crates-build-env/linux@sha256:f3a9d4ad9d972b27faf3965f35b62e55ba32bbce8f20bc8fe909558a86702fde" "/opt/rustwide/cargo-home/bin/cargo" "+1.83.0" "test" "--frozen" "--no-run" "--message-format=json", kill_on_drop: false }`
[INFO] [stdout] 3c91c19d76b5f574da3c22fd400c111f817f456c585ea19eee3749da5139c3c8
[INFO] running `Command { std: "docker" "start" "-a" "3c91c19d76b5f574da3c22fd400c111f817f456c585ea19eee3749da5139c3c8", kill_on_drop: false }`
[INFO] [stderr]    Compiling fypm v0.1.0 (/opt/rustwide/workdir)
[INFO] [stdout] warning: unused import: `MAIN_DB_FILE`
[INFO] [stdout]   --> src/handlers/database.rs:14:22
[INFO] [stdout]    |
[INFO] [stdout] 14 | use crate::{DB_PATH, MAIN_DB_FILE};
[INFO] [stdout]    |                      ^^^^^^^^^^^^
[INFO] [stdout]    |
[INFO] [stdout]    = note: `#[warn(unused_imports)]` on by default
[INFO] [stdout] 
[INFO] [stdout] 
[INFO] [stdout] warning: unused import: `std::io::BufRead`
[INFO] [stdout]  --> src/subcommands/worktime.rs:9:5
[INFO] [stdout]   |
[INFO] [stdout] 9 | use std::io::BufRead;
[INFO] [stdout]   |     ^^^^^^^^^^^^^^^^
[INFO] [stdout] 
[INFO] [stdout] 
[INFO] [stdout] warning: unused import: `std::io::BufReader`
[INFO] [stdout]   --> src/subcommands/worktime.rs:10:5
[INFO] [stdout]    |
[INFO] [stdout] 10 | use std::io::BufReader;
[INFO] [stdout]    |     ^^^^^^^^^^^^^^^^^^
[INFO] [stdout] 
[INFO] [stdout] 
[INFO] [stdout] warning: unused variable: `action`
[INFO] [stdout]   --> src/func/matchs.rs:23:28
[INFO] [stdout]    |
[INFO] [stdout] 23 |         Commands::Daemon { action, name } => todo!(),
[INFO] [stdout]    |                            ^^^^^^ help: try ignoring the field: `action: _`
[INFO] [stdout]    |
[INFO] [stdout]    = note: `#[warn(unused_variables)]` on by default
[INFO] [stdout] 
[INFO] [stdout] 
[INFO] [stdout] warning: unused variable: `name`
[INFO] [stdout]   --> src/func/matchs.rs:23:36
[INFO] [stdout]    |
[INFO] [stdout] 23 |         Commands::Daemon { action, name } => todo!(),
[INFO] [stdout]    |                                    ^^^^ help: try ignoring the field: `name: _`
[INFO] [stdout] 
[INFO] [stdout] 
[INFO] [stdout] warning: unused variable: `action`
[INFO] [stdout]   --> src/func/matchs.rs:68:30
[INFO] [stdout]    |
[INFO] [stdout] 68 |         Commands::Instance { action, actionargs } => todo!(),
[INFO] [stdout]    |                              ^^^^^^ help: try ignoring the field: `action: _`
[INFO] [stdout] 
[INFO] [stdout] 
[INFO] [stdout] warning: unused variable: `actionargs`
[INFO] [stdout]   --> src/func/matchs.rs:68:38
[INFO] [stdout]    |
[INFO] [stdout] 68 |         Commands::Instance { action, actionargs } => todo!(),
[INFO] [stdout]    |                                      ^^^^^^^^^^ help: try ignoring the field: `actionargs: _`
[INFO] [stdout] 
[INFO] [stdout] 
[INFO] [stdout] warning: variable does not need to be mutable
[INFO] [stdout]   --> src/handlers/aliases.rs:49:17
[INFO] [stdout]    |
[INFO] [stdout] 49 |             let mut valid_alias = false;
[INFO] [stdout]    |                 ----^^^^^^^^^^^
[INFO] [stdout]    |                 |
[INFO] [stdout]    |                 help: remove this `mut`
[INFO] [stdout]    |
[INFO] [stdout]    = note: `#[warn(unused_mut)]` on by default
[INFO] [stdout] 
[INFO] [stdout] 
[INFO] [stdout] warning: unused variable: `action`
[INFO] [stdout]   --> src/subcommands/daemon.rs:27:9
[INFO] [stdout]    |
[INFO] [stdout] 27 |     let action = match action.as_str() {
[INFO] [stdout]    |         ^^^^^^ help: if this is intentional, prefix it with an underscore: `_action`
[INFO] [stdout] 
[INFO] [stdout] 
[INFO] [stdout] warning: unused variable: `daemonize`
[INFO] [stdout]   --> src/subcommands/daemon.rs:15:21
[INFO] [stdout]    |
[INFO] [stdout] 15 |                 let daemonize = Daemonize::new()
[INFO] [stdout]    |                     ^^^^^^^^^ help: if this is intentional, prefix it with an underscore: `_daemonize`
[INFO] [stdout] 
[INFO] [stdout] 
[INFO] [stdout] warning: variable does not need to be mutable
[INFO] [stdout]   --> src/subcommands/init_day.rs:35:9
[INFO] [stdout]    |
[INFO] [stdout] 35 |     let mut file = File::open(file_path);
[INFO] [stdout]    |         ----^^^^
[INFO] [stdout]    |         |
[INFO] [stdout]    |         help: remove this `mut`
[INFO] [stdout] 
[INFO] [stdout] 
[INFO] [stdout] warning: unused variable: `get_out_of_bed_time`
[INFO] [stdout]   --> src/subcommands/init_day.rs:71:9
[INFO] [stdout]    |
[INFO] [stdout] 71 |     let get_out_of_bed_time = receive_answer();
[INFO] [stdout]    |         ^^^^^^^^^^^^^^^^^^^ help: if this is intentional, prefix it with an underscore: `_get_out_of_bed_time`
[INFO] [stdout] 
[INFO] [stdout] 
[INFO] [stdout] warning: unused variable: `current_minutes`
[INFO] [stdout]   --> src/subcommands/init_day.rs:73:9
[INFO] [stdout]    |
[INFO] [stdout] 73 |     let current_minutes = Local::now().timestamp() / 60;
[INFO] [stdout]    |         ^^^^^^^^^^^^^^^ help: if this is intentional, prefix it with an underscore: `_current_minutes`
[INFO] [stdout] 
[INFO] [stdout] 
[INFO] [stdout] warning: unused variable: `date_format`
[INFO] [stdout]   --> src/subcommands/instance.rs:16:13
[INFO] [stdout]    |
[INFO] [stdout] 16 |         let date_format = "%H:%M";
[INFO] [stdout]    |             ^^^^^^^^^^^ help: if this is intentional, prefix it with an underscore: `_date_format`
[INFO] [stdout] 
[INFO] [stdout] 
[INFO] [stdout] warning: unused variable: `instance`
[INFO] [stdout]   --> src/subcommands/instance.rs:45:13
[INFO] [stdout]    |
[INFO] [stdout] 45 |         let instance = Instance {
[INFO] [stdout]    |             ^^^^^^^^ help: if this is intentional, prefix it with an underscore: `_instance`
[INFO] [stdout] 
[INFO] [stdout] 
[INFO] [stdout] warning: unused variable: `actionargs`
[INFO] [stdout]   --> src/subcommands/instance.rs:59:35
[INFO] [stdout]    |
[INFO] [stdout] 59 | pub fn match_action(action: &str, actionargs: &Vec<String>) -> Result<(), Error> {
[INFO] [stdout]    |                                   ^^^^^^^^^^ help: if this is intentional, prefix it with an underscore: `_actionargs`
[INFO] [stdout] 
[INFO] [stdout] 
[INFO] [stdout] warning: function `match_exec_command` is never used
[INFO] [stdout]    --> src/func/matchs.rs:230:8
[INFO] [stdout]     |
[INFO] [stdout] 230 | pub fn match_exec_command(
[INFO] [stdout]     |        ^^^^^^^^^^^^^^^^^^
[INFO] [stdout]     |
[INFO] [stdout]     = note: `#[warn(dead_code)]` on by default
[INFO] [stdout] 
[INFO] [stdout] 
[INFO] [stdout] warning: associated functions `verify_by_name`, `create`, `remove`, `rename`, and `list` are never used
[INFO] [stdout]    --> src/handlers/database.rs:42:12
[INFO] [stdout]     |
[INFO] [stdout] 41  | impl DBHandler {
[INFO] [stdout]     | -------------- associated functions in this implementation
[INFO] [stdout] 42  |     pub fn verify_by_name(name: &String) -> Result<bool, Error> {
[INFO] [stdout]     |            ^^^^^^^^^^^^^^
[INFO] [stdout] ...
[INFO] [stdout] 61  |     pub fn create(name: &String, description: &String) -> Result<DataBowl, Error> {
[INFO] [stdout]     |            ^^^^^^
[INFO] [stdout] ...
[INFO] [stdout] 90  |     pub fn remove(name: &String) -> Result<(), Error> {
[INFO] [stdout]     |            ^^^^^^
[INFO] [stdout] ...
[INFO] [stdout] 104 |     pub fn rename(old_name: &String, new_name: &String) -> Result<(), Error> {
[INFO] [stdout]     |            ^^^^^^
[INFO] [stdout] ...
[INFO] [stdout] 130 |     pub fn list() -> Result<Vec<(String, String)>, Error> {
[INFO] [stdout]     |            ^^^^
[INFO] [stdout] 
[INFO] [stdout] 
[INFO] [stdout] warning: associated function `ensure_aliases_tasks` is never used
[INFO] [stdout]   --> src/handlers/aliases.rs:27:12
[INFO] [stdout]    |
[INFO] [stdout] 10 | impl AliasesHandler {
[INFO] [stdout]    | ------------------- associated function in this implementation
[INFO] [stdout] ...
[INFO] [stdout] 27 |     pub fn ensure_aliases_tasks() -> Result<(), FypmError> {
[INFO] [stdout]    |            ^^^^^^^^^^^^^^^^^^^^
[INFO] [stdout] 
[INFO] [stdout] 
[INFO] [stdout] warning: function `init_daemon` is never used
[INFO] [stdout]  --> src/subcommands/daemon.rs:4:8
[INFO] [stdout]   |
[INFO] [stdout] 4 | pub fn init_daemon(action: &String, name: &String) {
[INFO] [stdout]   |        ^^^^^^^^^^^
[INFO] [stdout] 
[INFO] [stdout] 
[INFO] [stdout] warning: associated functions `start` and `kill` are never used
[INFO] [stdout]   --> src/subcommands/daemon.rs:9:16
[INFO] [stdout]    |
[INFO] [stdout] 8  |     impl Actions {
[INFO] [stdout]    |     ------------ associated functions in this implementation
[INFO] [stdout] 9  |         pub fn start(tmp_file_name: &str, daemon_name: &str) {
[INFO] [stdout]    |                ^^^^^
[INFO] [stdout] ...
[INFO] [stdout] 22 |         pub fn kill() {
[INFO] [stdout]    |                ^^^^
[INFO] [stdout] 
[INFO] [stdout] 
[INFO] [stdout] warning: function `receive_answer` is never used
[INFO] [stdout]  --> src/subcommands/init_day.rs:7:4
[INFO] [stdout]   |
[INFO] [stdout] 7 | fn receive_answer() -> String {
[INFO] [stdout]   |    ^^^^^^^^^^^^^^
[INFO] [stdout] 
[INFO] [stdout] 
[INFO] [stdout] warning: function `get_sleep_task_uuid` is never used
[INFO] [stdout]   --> src/subcommands/init_day.rs:13:4
[INFO] [stdout]    |
[INFO] [stdout] 13 | fn get_sleep_task_uuid() -> Vec<u8> {
[INFO] [stdout]    |    ^^^^^^^^^^^^^^^^^^^
[INFO] [stdout] 
[INFO] [stdout] 
[INFO] [stdout] warning: function `get_sleep_awake_date` is never used
[INFO] [stdout]   --> src/subcommands/init_day.rs:26:4
[INFO] [stdout]    |
[INFO] [stdout] 26 | fn get_sleep_awake_date() -> String {
[INFO] [stdout]    |    ^^^^^^^^^^^^^^^^^^^^
[INFO] [stdout] 
[INFO] [stdout] 
[INFO] [stdout] warning: field `shutdown_date` is never read
[INFO] [stdout]   --> src/subcommands/init_day.rs:32:9
[INFO] [stdout]    |
[INFO] [stdout] 30 |     struct ShutdownCache {
[INFO] [stdout]    |            ------------- field in this struct
[INFO] [stdout] 31 |         #[serde(rename = "shutdownDate")]
[INFO] [stdout] 32 |         shutdown_date: String,
[INFO] [stdout]    |         ^^^^^^^^^^^^^
[INFO] [stdout] 
[INFO] [stdout] 
[INFO] [stdout] warning: function `init_day` is never used
[INFO] [stdout]   --> src/subcommands/init_day.rs:49:8
[INFO] [stdout]    |
[INFO] [stdout] 49 | pub fn init_day() {
[INFO] [stdout]    |        ^^^^^^^^
[INFO] [stdout] 
[INFO] [stdout] 
[INFO] [stdout] warning: struct `Instance` is never constructed
[INFO] [stdout]  --> src/subcommands/instance.rs:5:8
[INFO] [stdout]   |
[INFO] [stdout] 5 | struct Instance {
[INFO] [stdout]   |        ^^^^^^^^
[INFO] [stdout] 
[INFO] [stdout] 
[INFO] [stdout] warning: struct `InstanceHandler` is never constructed
[INFO] [stdout]   --> src/subcommands/instance.rs:11:12
[INFO] [stdout]    |
[INFO] [stdout] 11 | pub struct InstanceHandler;
[INFO] [stdout]    |            ^^^^^^^^^^^^^^^
[INFO] [stdout] 
[INFO] [stdout] 
[INFO] [stdout] warning: associated function `add` is never used
[INFO] [stdout]   --> src/subcommands/instance.rs:15:12
[INFO] [stdout]    |
[INFO] [stdout] 14 | impl InstanceHandler {
[INFO] [stdout]    | -------------------- associated function in this implementation
[INFO] [stdout] 15 |     pub fn add() -> Result<(), Error> {
[INFO] [stdout]    |            ^^^
[INFO] [stdout] 
[INFO] [stdout] 
[INFO] [stdout] warning: function `match_action` is never used
[INFO] [stdout]   --> src/subcommands/instance.rs:59:8
[INFO] [stdout]    |
[INFO] [stdout] 59 | pub fn match_action(action: &str, actionargs: &Vec<String>) -> Result<(), Error> {
[INFO] [stdout]    |        ^^^^^^^^^^^^
[INFO] [stdout] 
[INFO] [stdout] 
[INFO] [stdout] warning: variant `TaskTypeError` is never constructed
[INFO] [stdout]  --> src/utils/err.rs:9:5
[INFO] [stdout]   |
[INFO] [stdout] 4 | pub enum FypmErrorKind {
[INFO] [stdout]   |          ------------- variant in this enum
[INFO] [stdout] ...
[INFO] [stdout] 9 |     TaskTypeError,
[INFO] [stdout]   |     ^^^^^^^^^^^^^
[INFO] [stdout]   |
[INFO] [stdout]   = note: `FypmErrorKind` has a derived impl for the trait `Debug`, but this is intentionally ignored during dead code analysis
[INFO] [stdout] 
[INFO] [stdout] 
[INFO] [stdout] warning: field `message` is never read
[INFO] [stdout]   --> src/utils/err.rs:19:9
[INFO] [stdout]    |
[INFO] [stdout] 18 | pub struct FypmError {
[INFO] [stdout]    |            --------- field in this struct
[INFO] [stdout] 19 |     pub message: String,
[INFO] [stdout]    |         ^^^^^^^
[INFO] [stdout]    |
[INFO] [stdout]    = note: `FypmError` has a derived impl for the trait `Debug`, but this is intentionally ignored during dead code analysis
[INFO] [stdout] 
[INFO] [stdout] 
[INFO] [stdout] warning: enum `SomeErr` is never used
[INFO] [stdout]   --> src/utils/err.rs:23:10
[INFO] [stdout]    |
[INFO] [stdout] 23 | pub enum SomeErr {
[INFO] [stdout]    |          ^^^^^^^
[INFO] [stdout] 
[INFO] [stdout] 
[INFO] [stdout] warning: struct `Paths` is never constructed
[INFO] [stdout]  --> src/utils/paths.rs:1:12
[INFO] [stdout]   |
[INFO] [stdout] 1 | pub struct Paths {
[INFO] [stdout]   |            ^^^^^
[INFO] [stdout] 
[INFO] [stdout] 
[INFO] [stdout] warning: function `get_paths` is never used
[INFO] [stdout]  --> src/utils/paths.rs:5:8
[INFO] [stdout]   |
[INFO] [stdout] 5 | pub fn get_paths() -> Paths {
[INFO] [stdout]   |        ^^^^^^^^^
[INFO] [stdout] 
[INFO] [stdout] 
[INFO] [stdout] warning: function `toml` is never used
[INFO] [stdout]  --> src/utils/read.rs:5:8
[INFO] [stdout]   |
[INFO] [stdout] 5 | pub fn toml<T>(path: &str) -> Result<T, Error>
[INFO] [stdout]   |        ^^^^
[INFO] [stdout] 
[INFO] [stdout] 
[INFO] [stdout] warning: fields `entry` and `description` are never read
[INFO] [stdout]  --> src/utils/structs.rs:3:9
[INFO] [stdout]   |
[INFO] [stdout] 2 | pub struct TaskAnnotation {
[INFO] [stdout]   |            -------------- fields in this struct
[INFO] [stdout] 3 |     pub entry: String,
[INFO] [stdout]   |         ^^^^^
[INFO] [stdout] 4 |     pub description: String,
[INFO] [stdout]   |         ^^^^^^^^^^^
[INFO] [stdout]   |
[INFO] [stdout]   = note: `TaskAnnotation` has derived impls for the traits `Debug` and `Clone`, but these are intentionally ignored during dead code analysis
[INFO] [stdout] 
[INFO] [stdout] 
[INFO] [stdout] warning: fields `id`, `seq_prev`, `entry`, `modified`, `annotations`, and `urgency` are never read
[INFO] [stdout]   --> src/utils/structs.rs:8:9
[INFO] [stdout]    |
[INFO] [stdout] 7  | pub struct TaskWarriorExported {
[INFO] [stdout]    |            ------------------- fields in this struct
[INFO] [stdout] 8  |     pub id: u32,
[INFO] [stdout]    |         ^^
[INFO] [stdout] ...
[INFO] [stdout] 26 |     pub seq_prev: Option<String>,
[INFO] [stdout]    |         ^^^^^^^^
[INFO] [stdout] 27 |     pub description: String,
[INFO] [stdout] 28 |     pub entry: String,
[INFO] [stdout]    |         ^^^^^
[INFO] [stdout] 29 |     pub modified: String,
[INFO] [stdout]    |         ^^^^^^^^
[INFO] [stdout] ...
[INFO] [stdout] 33 |     pub annotations: Option<Vec<TaskAnnotation>>,
[INFO] [stdout]    |         ^^^^^^^^^^^
[INFO] [stdout] 34 |     pub tags: Option<Vec<String>>,
[INFO] [stdout] 35 |     pub urgency: f64,
[INFO] [stdout]    |         ^^^^^^^
[INFO] [stdout]    |
[INFO] [stdout]    = note: `TaskWarriorExported` has derived impls for the traits `Debug` and `Clone`, but these are intentionally ignored during dead code analysis
[INFO] [stdout] 
[INFO] [stdout] 
[INFO] [stdout] warning: fields `id` and `tags` are never read
[INFO] [stdout]   --> src/utils/structs.rs:39:9
[INFO] [stdout]    |
[INFO] [stdout] 38 | pub struct TimeWarriorExported {
[INFO] [stdout]    |            ------------------- fields in this struct
[INFO] [stdout] 39 |     pub id: i32,
[INFO] [stdout]    |         ^^
[INFO] [stdout] ...
[INFO] [stdout] 42 |     pub tags: Option<Vec<String>>,
[INFO] [stdout]    |         ^^^^
[INFO] [stdout]    |
[INFO] [stdout]    = note: `TimeWarriorExported` has a derived impl for the trait `Debug`, but this is intentionally ignored during dead code analysis
[INFO] [stdout] 
[INFO] [stdout] 
[INFO] [stdout] warning: function `toml` is never used
[INFO] [stdout]  --> src/utils/write.rs:5:8
[INFO] [stdout]   |
[INFO] [stdout] 5 | pub fn toml<T>(path: &str, data: &T) -> Result<(), Error>
[INFO] [stdout]   |        ^^^^
[INFO] [stdout] 
[INFO] [stdout] 
[INFO] [stderr]     Finished `test` profile [unoptimized + debuginfo] target(s) in 3.11s
[INFO] running `Command { std: "docker" "inspect" "3c91c19d76b5f574da3c22fd400c111f817f456c585ea19eee3749da5139c3c8", kill_on_drop: false }`
[INFO] running `Command { std: "docker" "rm" "-f" "3c91c19d76b5f574da3c22fd400c111f817f456c585ea19eee3749da5139c3c8", kill_on_drop: false }`
[INFO] [stdout] 3c91c19d76b5f574da3c22fd400c111f817f456c585ea19eee3749da5139c3c8
[INFO] running `Command { std: "docker" "create" "-v" "/var/lib/crater-agent-workspace/builds/worker-1-tc1/target:/opt/rustwide/target:rw,Z" "-v" "/var/lib/crater-agent-workspace/builds/worker-1-tc1/source:/opt/rustwide/workdir:ro,Z" "-v" "/var/lib/crater-agent-workspace/cargo-home:/opt/rustwide/cargo-home:ro,Z" "-v" "/var/lib/crater-agent-workspace/rustup-home:/opt/rustwide/rustup-home:ro,Z" "-e" "SOURCE_DIR=/opt/rustwide/workdir" "-e" "CARGO_TARGET_DIR=/opt/rustwide/target" "-e" "CARGO_INCREMENTAL=0" "-e" "RUST_BACKTRACE=full" "-e" "RUSTFLAGS=--cap-lints=warn" "-e" "RUSTDOCFLAGS=--cap-lints=warn" "-e" "CARGO_HOME=/opt/rustwide/cargo-home" "-e" "RUSTUP_HOME=/opt/rustwide/rustup-home" "-w" "/opt/rustwide/workdir" "-m" "1610612736" "--user" "0:0" "--network" "none" "ghcr.io/rust-lang/crates-build-env/linux@sha256:f3a9d4ad9d972b27faf3965f35b62e55ba32bbce8f20bc8fe909558a86702fde" "/opt/rustwide/cargo-home/bin/cargo" "+1.83.0" "test" "--frozen", kill_on_drop: false }`
[INFO] [stdout] ab3d2a91ba4d5dbecee3a3dc024bd9ccc9dad48fc61a8382f997f39fc840dfb7
[INFO] running `Command { std: "docker" "start" "-a" "ab3d2a91ba4d5dbecee3a3dc024bd9ccc9dad48fc61a8382f997f39fc840dfb7", kill_on_drop: false }`
[INFO] [stderr] warning: unused import: `MAIN_DB_FILE`
[INFO] [stderr]   --> src/handlers/database.rs:14:22
[INFO] [stderr]    |
[INFO] [stderr] 14 | use crate::{DB_PATH, MAIN_DB_FILE};
[INFO] [stderr]    |                      ^^^^^^^^^^^^
[INFO] [stderr]    |
[INFO] [stderr]    = note: `#[warn(unused_imports)]` on by default
[INFO] [stderr] 
[INFO] [stderr] warning: unused import: `std::io::BufRead`
[INFO] [stderr]  --> src/subcommands/worktime.rs:9:5
[INFO] [stderr]   |
[INFO] [stderr] 9 | use std::io::BufRead;
[INFO] [stderr]   |     ^^^^^^^^^^^^^^^^
[INFO] [stderr] 
[INFO] [stderr] warning: unused import: `std::io::BufReader`
[INFO] [stderr]   --> src/subcommands/worktime.rs:10:5
[INFO] [stderr]    |
[INFO] [stderr] 10 | use std::io::BufReader;
[INFO] [stderr]    |     ^^^^^^^^^^^^^^^^^^
[INFO] [stderr] 
[INFO] [stderr] warning: unused variable: `action`
[INFO] [stderr]   --> src/func/matchs.rs:23:28
[INFO] [stderr]    |
[INFO] [stderr] 23 |         Commands::Daemon { action, name } => todo!(),
[INFO] [stderr]    |                            ^^^^^^ help: try ignoring the field: `action: _`
[INFO] [stderr]    |
[INFO] [stderr]    = note: `#[warn(unused_variables)]` on by default
[INFO] [stderr] 
[INFO] [stderr] warning: unused variable: `name`
[INFO] [stderr]   --> src/func/matchs.rs:23:36
[INFO] [stderr]    |
[INFO] [stderr] 23 |         Commands::Daemon { action, name } => todo!(),
[INFO] [stderr]    |                                    ^^^^ help: try ignoring the field: `name: _`
[INFO] [stderr] 
[INFO] [stderr] warning: unused variable: `action`
[INFO] [stderr]   --> src/func/matchs.rs:68:30
[INFO] [stderr]    |
[INFO] [stderr] 68 |         Commands::Instance { action, actionargs } => todo!(),
[INFO] [stderr]    |                              ^^^^^^ help: try ignoring the field: `action: _`
[INFO] [stderr] 
[INFO] [stderr] warning: unused variable: `actionargs`
[INFO] [stderr]   --> src/func/matchs.rs:68:38
[INFO] [stderr]    |
[INFO] [stderr] 68 |         Commands::Instance { action, actionargs } => todo!(),
[INFO] [stderr]    |                                      ^^^^^^^^^^ help: try ignoring the field: `actionargs: _`
[INFO] [stderr] 
[INFO] [stderr] warning: variable does not need to be mutable
[INFO] [stderr]   --> src/handlers/aliases.rs:49:17
[INFO] [stderr]    |
[INFO] [stderr] 49 |             let mut valid_alias = false;
[INFO] [stderr]    |                 ----^^^^^^^^^^^
[INFO] [stderr]    |                 |
[INFO] [stderr]    |                 help: remove this `mut`
[INFO] [stderr]    |
[INFO] [stderr]    = note: `#[warn(unused_mut)]` on by default
[INFO] [stderr] 
[INFO] [stderr] warning: unused variable: `action`
[INFO] [stderr]   --> src/subcommands/daemon.rs:27:9
[INFO] [stderr]    |
[INFO] [stderr] 27 |     let action = match action.as_str() {
[INFO] [stderr]    |         ^^^^^^ help: if this is intentional, prefix it with an underscore: `_action`
[INFO] [stderr] 
[INFO] [stderr] warning: unused variable: `daemonize`
[INFO] [stderr]   --> src/subcommands/daemon.rs:15:21
[INFO] [stderr]    |
[INFO] [stderr] 15 |                 let daemonize = Daemonize::new()
[INFO] [stderr]    |                     ^^^^^^^^^ help: if this is intentional, prefix it with an underscore: `_daemonize`
[INFO] [stderr] 
[INFO] [stderr] warning: variable does not need to be mutable
[INFO] [stderr]   --> src/subcommands/init_day.rs:35:9
[INFO] [stderr]    |
[INFO] [stderr] 35 |     let mut file = File::open(file_path);
[INFO] [stderr]    |         ----^^^^
[INFO] [stderr]    |         |
[INFO] [stderr]    |         help: remove this `mut`
[INFO] [stderr] 
[INFO] [stderr] warning: unused variable: `get_out_of_bed_time`
[INFO] [stderr]   --> src/subcommands/init_day.rs:71:9
[INFO] [stderr]    |
[INFO] [stderr] 71 |     let get_out_of_bed_time = receive_answer();
[INFO] [stderr]    |         ^^^^^^^^^^^^^^^^^^^ help: if this is intentional, prefix it with an underscore: `_get_out_of_bed_time`
[INFO] [stderr] 
[INFO] [stderr] warning: unused variable: `current_minutes`
[INFO] [stderr]   --> src/subcommands/init_day.rs:73:9
[INFO] [stderr]    |
[INFO] [stderr] 73 |     let current_minutes = Local::now().timestamp() / 60;
[INFO] [stderr]    |         ^^^^^^^^^^^^^^^ help: if this is intentional, prefix it with an underscore: `_current_minutes`
[INFO] [stderr] 
[INFO] [stderr] warning: unused variable: `date_format`
[INFO] [stderr]   --> src/subcommands/instance.rs:16:13
[INFO] [stderr]    |
[INFO] [stderr] 16 |         let date_format = "%H:%M";
[INFO] [stderr]    |             ^^^^^^^^^^^ help: if this is intentional, prefix it with an underscore: `_date_format`
[INFO] [stderr] 
[INFO] [stderr] warning: unused variable: `instance`
[INFO] [stderr]   --> src/subcommands/instance.rs:45:13
[INFO] [stderr]    |
[INFO] [stderr] 45 |         let instance = Instance {
[INFO] [stderr]    |             ^^^^^^^^ help: if this is intentional, prefix it with an underscore: `_instance`
[INFO] [stderr] 
[INFO] [stderr] warning: unused variable: `actionargs`
[INFO] [stderr]   --> src/subcommands/instance.rs:59:35
[INFO] [stderr]    |
[INFO] [stderr] 59 | pub fn match_action(action: &str, actionargs: &Vec<String>) -> Result<(), Error> {
[INFO] [stderr]    |                                   ^^^^^^^^^^ help: if this is intentional, prefix it with an underscore: `_actionargs`
[INFO] [stderr] 
[INFO] [stderr] warning: function `match_exec_command` is never used
[INFO] [stderr]    --> src/func/matchs.rs:230:8
[INFO] [stderr]     |
[INFO] [stderr] 230 | pub fn match_exec_command(
[INFO] [stderr]     |        ^^^^^^^^^^^^^^^^^^
[INFO] [stderr]     |
[INFO] [stderr]     = note: `#[warn(dead_code)]` on by default
[INFO] [stderr] 
[INFO] [stderr] warning: associated functions `verify_by_name`, `create`, `remove`, `rename`, and `list` are never used
[INFO] [stderr]    --> src/handlers/database.rs:42:12
[INFO] [stderr]     |
[INFO] [stderr] 41  | impl DBHandler {
[INFO] [stderr]     | -------------- associated functions in this implementation
[INFO] [stderr] 42  |     pub fn verify_by_name(name: &String) -> Result<bool, Error> {
[INFO] [stderr]     |            ^^^^^^^^^^^^^^
[INFO] [stderr] ...
[INFO] [stderr] 61  |     pub fn create(name: &String, description: &String) -> Result<DataBowl, Error> {
[INFO] [stderr]     |            ^^^^^^
[INFO] [stderr] ...
[INFO] [stderr] 90  |     pub fn remove(name: &String) -> Result<(), Error> {
[INFO] [stderr]     |            ^^^^^^
[INFO] [stderr] ...
[INFO] [stderr] 104 |     pub fn rename(old_name: &String, new_name: &String) -> Result<(), Error> {
[INFO] [stderr]     |            ^^^^^^
[INFO] [stderr] ...
[INFO] [stderr] 130 |     pub fn list() -> Result<Vec<(String, String)>, Error> {
[INFO] [stderr]     |            ^^^^
[INFO] [stderr] 
[INFO] [stderr] warning: associated function `ensure_aliases_tasks` is never used
[INFO] [stderr]   --> src/handlers/aliases.rs:27:12
[INFO] [stderr]    |
[INFO] [stderr] 10 | impl AliasesHandler {
[INFO] [stderr]    | ------------------- associated function in this implementation
[INFO] [stderr] ...
[INFO] [stderr] 27 |     pub fn ensure_aliases_tasks() -> Result<(), FypmError> {
[INFO] [stderr]    |            ^^^^^^^^^^^^^^^^^^^^
[INFO] [stderr] 
[INFO] [stderr] warning: function `init_daemon` is never used
[INFO] [stderr]  --> src/subcommands/daemon.rs:4:8
[INFO] [stderr]   |
[INFO] [stderr] 4 | pub fn init_daemon(action: &String, name: &String) {
[INFO] [stderr]   |        ^^^^^^^^^^^
[INFO] [stderr] 
[INFO] [stderr] warning: associated functions `start` and `kill` are never used
[INFO] [stderr]   --> src/subcommands/daemon.rs:9:16
[INFO] [stderr]    |
[INFO] [stderr] 8  |     impl Actions {
[INFO] [stderr]    |     ------------ associated functions in this implementation
[INFO] [stderr] 9  |         pub fn start(tmp_file_name: &str, daemon_name: &str) {
[INFO] [stderr]    |                ^^^^^
[INFO] [stderr] ...
[INFO] [stderr] 22 |         pub fn kill() {
[INFO] [stderr]    |                ^^^^
[INFO] [stderr] 
[INFO] [stderr] warning: function `receive_answer` is never used
[INFO] [stderr]  --> src/subcommands/init_day.rs:7:4
[INFO] [stderr]   |
[INFO] [stderr] 7 | fn receive_answer() -> String {
[INFO] [stderr]   |    ^^^^^^^^^^^^^^
[INFO] [stderr] 
[INFO] [stderr] warning: function `get_sleep_task_uuid` is never used
[INFO] [stderr]   --> src/subcommands/init_day.rs:13:4
[INFO] [stderr]    |
[INFO] [stderr] 13 | fn get_sleep_task_uuid() -> Vec<u8> {
[INFO] [stderr]    |    ^^^^^^^^^^^^^^^^^^^
[INFO] [stderr] 
[INFO] [stderr] warning: function `get_sleep_awake_date` is never used
[INFO] [stderr]   --> src/subcommands/init_day.rs:26:4
[INFO] [stderr]    |
[INFO] [stderr] 26 | fn get_sleep_awake_date() -> String {
[INFO] [stderr]    |    ^^^^^^^^^^^^^^^^^^^^
[INFO] [stderr] 
[INFO] [stderr] warning: field `shutdown_date` is never read
[INFO] [stderr]   --> src/subcommands/init_day.rs:32:9
[INFO] [stderr]    |
[INFO] [stderr] 30 |     struct ShutdownCache {
[INFO] [stderr]    |            ------------- field in this struct
[INFO] [stderr] 31 |         #[serde(rename = "shutdownDate")]
[INFO] [stderr] 32 |         shutdown_date: String,
[INFO] [stderr]    |         ^^^^^^^^^^^^^
[INFO] [stderr] 
[INFO] [stderr] warning: function `init_day` is never used
[INFO] [stderr]   --> src/subcommands/init_day.rs:49:8
[INFO] [stderr]    |
[INFO] [stderr] 49 | pub fn init_day() {
[INFO] [stderr]    |        ^^^^^^^^
[INFO] [stderr] 
[INFO] [stderr] warning: struct `Instance` is never constructed
[INFO] [stderr]  --> src/subcommands/instance.rs:5:8
[INFO] [stderr]   |
[INFO] [stderr] 5 | struct Instance {
[INFO] [stderr]   |        ^^^^^^^^
[INFO] [stderr] 
[INFO] [stderr] warning: struct `InstanceHandler` is never constructed
[INFO] [stderr]   --> src/subcommands/instance.rs:11:12
[INFO] [stderr]    |
[INFO] [stderr] 11 | pub struct InstanceHandler;
[INFO] [stderr]    |            ^^^^^^^^^^^^^^^
[INFO] [stderr] 
[INFO] [stderr] warning: associated function `add` is never used
[INFO] [stderr]   --> src/subcommands/instance.rs:15:12
[INFO] [stderr]    |
[INFO] [stderr] 14 | impl InstanceHandler {
[INFO] [stderr]    | -------------------- associated function in this implementation
[INFO] [stderr] 15 |     pub fn add() -> Result<(), Error> {
[INFO] [stderr]    |            ^^^
[INFO] [stderr] 
[INFO] [stderr] warning: function `match_action` is never used
[INFO] [stderr]   --> src/subcommands/instance.rs:59:8
[INFO] [stderr]    |
[INFO] [stderr] 59 | pub fn match_action(action: &str, actionargs: &Vec<String>) -> Result<(), Error> {
[INFO] [stderr]    |        ^^^^^^^^^^^^
[INFO] [stderr] 
[INFO] [stderr] warning: variant `TaskTypeError` is never constructed
[INFO] [stderr]  --> src/utils/err.rs:9:5
[INFO] [stderr]   |
[INFO] [stderr] 4 | pub enum FypmErrorKind {
[INFO] [stderr]   |          ------------- variant in this enum
[INFO] [stderr] ...
[INFO] [stderr] 9 |     TaskTypeError,
[INFO] [stderr]   |     ^^^^^^^^^^^^^
[INFO] [stderr]   |
[INFO] [stderr]   = note: `FypmErrorKind` has a derived impl for the trait `Debug`, but this is intentionally ignored during dead code analysis
[INFO] [stderr] 
[INFO] [stderr] warning: field `message` is never read
[INFO] [stderr]   --> src/utils/err.rs:19:9
[INFO] [stderr]    |
[INFO] [stderr] 18 | pub struct FypmError {
[INFO] [stderr]    |            --------- field in this struct
[INFO] [stderr] 19 |     pub message: String,
[INFO] [stderr]    |         ^^^^^^^
[INFO] [stderr]    |
[INFO] [stderr]    = note: `FypmError` has a derived impl for the trait `Debug`, but this is intentionally ignored during dead code analysis
[INFO] [stderr] 
[INFO] [stderr] warning: enum `SomeErr` is never used
[INFO] [stderr]   --> src/utils/err.rs:23:10
[INFO] [stderr]    |
[INFO] [stderr] 23 | pub enum SomeErr {
[INFO] [stderr]    |          ^^^^^^^
[INFO] [stderr] 
[INFO] [stderr] warning: struct `Paths` is never constructed
[INFO] [stderr]  --> src/utils/paths.rs:1:12
[INFO] [stderr]   |
[INFO] [stderr] 1 | pub struct Paths {
[INFO] [stderr]   |            ^^^^^
[INFO] [stderr] 
[INFO] [stderr] warning: function `get_paths` is never used
[INFO] [stderr]  --> src/utils/paths.rs:5:8
[INFO] [stderr]   |
[INFO] [stderr] 5 | pub fn get_paths() -> Paths {
[INFO] [stderr]   |        ^^^^^^^^^
[INFO] [stderr] 
[INFO] [stderr] warning: function `toml` is never used
[INFO] [stderr]  --> src/utils/read.rs:5:8
[INFO] [stderr]   |
[INFO] [stderr] 5 | pub fn toml<T>(path: &str) -> Result<T, Error>
[INFO] [stderr]   |        ^^^^
[INFO] [stderr] 
[INFO] [stderr] warning: fields `entry` and `description` are never read
[INFO] [stderr]  --> src/utils/structs.rs:3:9
[INFO] [stderr]   |
[INFO] [stderr] 2 | pub struct TaskAnnotation {
[INFO] [stderr]   |            -------------- fields in this struct
[INFO] [stderr] 3 |     pub entry: String,
[INFO] [stderr]   |         ^^^^^
[INFO] [stderr] 4 |     pub description: String,
[INFO] [stderr]   |         ^^^^^^^^^^^
[INFO] [stderr]   |
[INFO] [stderr]   = note: `TaskAnnotation` has derived impls for the traits `Debug` and `Clone`, but these are intentionally ignored during dead code analysis
[INFO] [stderr] 
[INFO] [stderr] warning: fields `id`, `seq_prev`, `entry`, `modified`, `annotations`, and `urgency` are never read
[INFO] [stderr]   --> src/utils/structs.rs:8:9
[INFO] [stderr]    |
[INFO] [stderr] 7  | pub struct TaskWarriorExported {
[INFO] [stderr]    |            ------------------- fields in this struct
[INFO] [stderr] 8  |     pub id: u32,
[INFO] [stderr]    |         ^^
[INFO] [stderr] ...
[INFO] [stderr] 26 |     pub seq_prev: Option<String>,
[INFO] [stderr]    |         ^^^^^^^^
[INFO] [stderr] 27 |     pub description: String,
[INFO] [stderr] 28 |     pub entry: String,
[INFO] [stderr]    |         ^^^^^
[INFO] [stderr] 29 |     pub modified: String,
[INFO] [stderr]    |         ^^^^^^^^
[INFO] [stderr] ...
[INFO] [stderr] 33 |     pub annotations: Option<Vec<TaskAnnotation>>,
[INFO] [stderr]    |         ^^^^^^^^^^^
[INFO] [stderr] 34 |     pub tags: Option<Vec<String>>,
[INFO] [stderr] 35 |     pub urgency: f64,
[INFO] [stderr]    |         ^^^^^^^
[INFO] [stderr]    |
[INFO] [stderr]    = note: `TaskWarriorExported` has derived impls for the traits `Debug` and `Clone`, but these are intentionally ignored during dead code analysis
[INFO] [stderr] 
[INFO] [stderr] warning: fields `id` and `tags` are never read
[INFO] [stderr]   --> src/utils/structs.rs:39:9
[INFO] [stderr]    |
[INFO] [stderr] 38 | pub struct TimeWarriorExported {
[INFO] [stderr]    |            ------------------- fields in this struct
[INFO] [stderr] 39 |     pub id: i32,
[INFO] [stderr]    |         ^^
[INFO] [stderr] ...
[INFO] [stderr] 42 |     pub tags: Option<Vec<String>>,
[INFO] [stderr]    |         ^^^^
[INFO] [stderr]    |
[INFO] [stderr]    = note: `TimeWarriorExported` has a derived impl for the trait `Debug`, but this is intentionally ignored during dead code analysis
[INFO] [stderr] 
[INFO] [stderr] warning: function `toml` is never used
[INFO] [stderr]  --> src/utils/write.rs:5:8
[INFO] [stderr]   |
[INFO] [stderr] 5 | pub fn toml<T>(path: &str, data: &T) -> Result<(), Error>
[INFO] [stderr]   |        ^^^^
[INFO] [stderr] 
[INFO] [stderr] warning: `fypm` (bin "fypm" test) generated 40 warnings (run `cargo fix --bin "fypm" --tests` to apply 5 suggestions)
[INFO] [stderr]     Finished `test` profile [unoptimized + debuginfo] target(s) in 0.14s
[INFO] [stderr]      Running unittests src/main.rs (/opt/rustwide/target/debug/deps/fypm-3901f81541022870)
[INFO] [stdout] 
[INFO] [stdout] running 2 tests
[INFO] [stdout] test tests::action::verify_if_wt_is_allday ... ok
[INFO] [stdout] test tests::task::test_done ... FAILED
[INFO] [stdout] 
[INFO] [stdout] failures:
[INFO] [stdout] 
[INFO] [stdout] ---- tests::task::test_done stdout ----
[INFO] [stdout] thread 'tests::task::test_done' panicked at src/tests/task.rs:10:10:
[INFO] [stdout] called `Result::unwrap()` on an `Err` value: Os { code: 2, kind: NotFound, message: "No such file or directory" }
[INFO] [stdout] stack backtrace:
[INFO] [stdout]    0:     0x593bd5ae69da - std::backtrace_rs::backtrace::libunwind::trace::h5a5b8284f2d0c266
[INFO] [stdout]                                at /rustc/90b35a6239c3d8bdabc530a6a0816f7ff89a0aaf/library/std/src/../../backtrace/src/backtrace/libunwind.rs:116:5
[INFO] [stdout]    1:     0x593bd5ae69da - std::backtrace_rs::backtrace::trace_unsynchronized::h76d4f1c9b0b875e3
[INFO] [stdout]                                at /rustc/90b35a6239c3d8bdabc530a6a0816f7ff89a0aaf/library/std/src/../../backtrace/src/backtrace/mod.rs:66:5
[INFO] [stdout]    2:     0x593bd5ae69da - std::sys::backtrace::_print_fmt::hc4546b8364a537c6
[INFO] [stdout]                                at /rustc/90b35a6239c3d8bdabc530a6a0816f7ff89a0aaf/library/std/src/sys/backtrace.rs:66:9
[INFO] [stdout]    3:     0x593bd5ae69da - <std::sys::backtrace::BacktraceLock::print::DisplayBacktrace as core::fmt::Display>::fmt::h5b6bd5631a6d1f6b
[INFO] [stdout]                                at /rustc/90b35a6239c3d8bdabc530a6a0816f7ff89a0aaf/library/std/src/sys/backtrace.rs:39:26
[INFO] [stdout]    4:     0x593bd5b0c343 - core::fmt::rt::Argument::fmt::h270f6602a2b96f62
[INFO] [stdout]                                at /rustc/90b35a6239c3d8bdabc530a6a0816f7ff89a0aaf/library/core/src/fmt/rt.rs:177:76
[INFO] [stdout]    5:     0x593bd5b0c343 - core::fmt::write::h7550c97b06c86515
[INFO] [stdout]                                at /rustc/90b35a6239c3d8bdabc530a6a0816f7ff89a0aaf/library/core/src/fmt/mod.rs:1186:21
[INFO] [stdout]    6:     0x593bd5ae3ba3 - std::io::Write::write_fmt::h509ff860e5956e5e
[INFO] [stdout]                                at /rustc/90b35a6239c3d8bdabc530a6a0816f7ff89a0aaf/library/std/src/io/mod.rs:1839:15
[INFO] [stdout]    7:     0x593bd5ae6822 - std::sys::backtrace::BacktraceLock::print::h2395ccd2c84ba3aa
[INFO] [stdout]                                at /rustc/90b35a6239c3d8bdabc530a6a0816f7ff89a0aaf/library/std/src/sys/backtrace.rs:42:9
[INFO] [stdout]    8:     0x593bd5ae7e3a - std::panicking::default_hook::{{closure}}::he19d4c7230e07961
[INFO] [stdout]                                at /rustc/90b35a6239c3d8bdabc530a6a0816f7ff89a0aaf/library/std/src/panicking.rs:268:22
[INFO] [stdout]    9:     0x593bd5ae7c44 - std::panicking::default_hook::hf614597d3c67bbdb
[INFO] [stdout]                                at /rustc/90b35a6239c3d8bdabc530a6a0816f7ff89a0aaf/library/std/src/panicking.rs:292:9
[INFO] [stdout]   10:     0x593bd5a91719 - <alloc::boxed::Box<F,A> as core::ops::function::Fn<Args>>::call::h39b51ce4599c23d1
[INFO] [stdout]                                at /rustc/90b35a6239c3d8bdabc530a6a0816f7ff89a0aaf/library/alloc/src/boxed.rs:2468:9
[INFO] [stdout]   11:     0x593bd5a91719 - test::test_main::{{closure}}::he977ae839a582784
[INFO] [stdout]                                at /rustc/90b35a6239c3d8bdabc530a6a0816f7ff89a0aaf/library/test/src/lib.rs:133:21
[INFO] [stdout]   12:     0x593bd5ae84d8 - <alloc::boxed::Box<F,A> as core::ops::function::Fn<Args>>::call::h9455091b6b06f9fb
[INFO] [stdout]                                at /rustc/90b35a6239c3d8bdabc530a6a0816f7ff89a0aaf/library/alloc/src/boxed.rs:2468:9
[INFO] [stdout]   13:     0x593bd5ae84d8 - std::panicking::rust_panic_with_hook::h8942133a8b252070
[INFO] [stdout]                                at /rustc/90b35a6239c3d8bdabc530a6a0816f7ff89a0aaf/library/std/src/panicking.rs:809:13
[INFO] [stdout]   14:     0x593bd5ae829a - std::panicking::begin_panic_handler::{{closure}}::hb5f5963570096b29
[INFO] [stdout]                                at /rustc/90b35a6239c3d8bdabc530a6a0816f7ff89a0aaf/library/std/src/panicking.rs:674:13
[INFO] [stdout]   15:     0x593bd5ae6eb9 - std::sys::backtrace::__rust_end_short_backtrace::h6208cedc1922feda
[INFO] [stdout]                                at /rustc/90b35a6239c3d8bdabc530a6a0816f7ff89a0aaf/library/std/src/sys/backtrace.rs:170:18
[INFO] [stdout]   16:     0x593bd5ae7f2c - rust_begin_unwind
[INFO] [stdout]                                at /rustc/90b35a6239c3d8bdabc530a6a0816f7ff89a0aaf/library/std/src/panicking.rs:665:5
[INFO] [stdout]   17:     0x593bd5a1ea60 - core::panicking::panic_fmt::h0c3082644d1bf418
[INFO] [stdout]                                at /rustc/90b35a6239c3d8bdabc530a6a0816f7ff89a0aaf/library/core/src/panicking.rs:74:14
[INFO] [stdout]   18:     0x593bd5a1eee6 - core::result::unwrap_failed::hd20b4aa073bda1e2
[INFO] [stdout]                                at /rustc/90b35a6239c3d8bdabc530a6a0816f7ff89a0aaf/library/core/src/result.rs:1700:5
[INFO] [stdout]   19:     0x593bd5a2df1e - core::result::Result<T,E>::unwrap::h85221192b8b751f4
[INFO] [stdout]                                at /rustc/90b35a6239c3d8bdabc530a6a0816f7ff89a0aaf/library/core/src/result.rs:1104:23
[INFO] [stdout]   20:     0x593bd5a2df1e - fypm::tests::task::mock_tasks::he1068976cdbb5805
[INFO] [stdout]                                at /opt/rustwide/workdir/src/tests/task.rs:7:5
[INFO] [stdout]   21:     0x593bd5a2ec69 - fypm::tests::task::test_done::h052635bc39a6d19d
[INFO] [stdout]                                at /opt/rustwide/workdir/src/tests/task.rs:25:5
[INFO] [stdout]   22:     0x593bd5a2ec47 - fypm::tests::task::test_done::{{closure}}::hf1d419bd6f4d7eda
[INFO] [stdout]                                at /opt/rustwide/workdir/src/tests/task.rs:24:19
[INFO] [stdout]   23:     0x593bd5a26546 - core::ops::function::FnOnce::call_once::hcb44e487342d58fe
[INFO] [stdout]                                at /rustc/90b35a6239c3d8bdabc530a6a0816f7ff89a0aaf/library/core/src/ops/function.rs:250:5
[INFO] [stdout]   24:     0x593bd5a960db - core::ops::function::FnOnce::call_once::h109cf8051a59b34e
[INFO] [stdout]                                at /rustc/90b35a6239c3d8bdabc530a6a0816f7ff89a0aaf/library/core/src/ops/function.rs:250:5
[INFO] [stdout]   25:     0x593bd5a960db - test::__rust_begin_short_backtrace::hf4fff89d377446ba
[INFO] [stdout]                                at /rustc/90b35a6239c3d8bdabc530a6a0816f7ff89a0aaf/library/test/src/lib.rs:621:18
[INFO] [stdout]   26:     0x593bd5a95917 - test::run_test_in_process::{{closure}}::h0e39181dd7ee5a43
[INFO] [stdout]                                at /rustc/90b35a6239c3d8bdabc530a6a0816f7ff89a0aaf/library/test/src/lib.rs:644:60
[INFO] [stdout]   27:     0x593bd5a95917 - <core::panic::unwind_safe::AssertUnwindSafe<F> as core::ops::function::FnOnce<()>>::call_once::hc5a66a30f0bdfd1f
[INFO] [stdout]                                at /rustc/90b35a6239c3d8bdabc530a6a0816f7ff89a0aaf/library/core/src/panic/unwind_safe.rs:272:9
[INFO] [stdout]   28:     0x593bd5a95917 - std::panicking::try::do_call::h873b7cf639554a5e
[INFO] [stdout]                                at /rustc/90b35a6239c3d8bdabc530a6a0816f7ff89a0aaf/library/std/src/panicking.rs:557:40
[INFO] [stdout]   29:     0x593bd5a95917 - std::panicking::try::hdb19862fad9c8bd1
[INFO] [stdout]                                at /rustc/90b35a6239c3d8bdabc530a6a0816f7ff89a0aaf/library/std/src/panicking.rs:520:19
[INFO] [stdout]   30:     0x593bd5a95917 - std::panic::catch_unwind::h281fe732d236d260
[INFO] [stdout]                                at /rustc/90b35a6239c3d8bdabc530a6a0816f7ff89a0aaf/library/std/src/panic.rs:358:14
[INFO] [stdout]   31:     0x593bd5a95917 - test::run_test_in_process::h949b6df8457ed338
[INFO] [stdout]                                at /rustc/90b35a6239c3d8bdabc530a6a0816f7ff89a0aaf/library/test/src/lib.rs:644:27
[INFO] [stdout]   32:     0x593bd5a95917 - test::run_test::{{closure}}::h52c556a6d4740e10
[INFO] [stdout]                                at /rustc/90b35a6239c3d8bdabc530a6a0816f7ff89a0aaf/library/test/src/lib.rs:565:43
[INFO] [stdout]   33:     0x593bd5a5abf4 - test::run_test::{{closure}}::h4237f6381c45ccb9
[INFO] [stdout]                                at /rustc/90b35a6239c3d8bdabc530a6a0816f7ff89a0aaf/library/test/src/lib.rs:595:41
[INFO] [stdout]   34:     0x593bd5a5abf4 - std::sys::backtrace::__rust_begin_short_backtrace::h505c97a579eca628
[INFO] [stdout]                                at /rustc/90b35a6239c3d8bdabc530a6a0816f7ff89a0aaf/library/std/src/sys/backtrace.rs:154:18
[INFO] [stdout]   35:     0x593bd5a5e2be - std::thread::Builder::spawn_unchecked_::{{closure}}::{{closure}}::h9e86b2e2bc107ea3
[INFO] [stdout]                                at /rustc/90b35a6239c3d8bdabc530a6a0816f7ff89a0aaf/library/std/src/thread/mod.rs:538:17
[INFO] [stdout]   36:     0x593bd5a5e2be - <core::panic::unwind_safe::AssertUnwindSafe<F> as core::ops::function::FnOnce<()>>::call_once::h8b06ddb275ff4a25
[INFO] [stdout]                                at /rustc/90b35a6239c3d8bdabc530a6a0816f7ff89a0aaf/library/core/src/panic/unwind_safe.rs:272:9
[INFO] [stdout]   37:     0x593bd5a5e2be - std::panicking::try::do_call::hb26ecd7cd9a9355d
[INFO] [stdout]                                at /rustc/90b35a6239c3d8bdabc530a6a0816f7ff89a0aaf/library/std/src/panicking.rs:557:40
[INFO] [stdout]   38:     0x593bd5a5e2be - std::panicking::try::h8ddeca9d705f9069
[INFO] [stdout]                                at /rustc/90b35a6239c3d8bdabc530a6a0816f7ff89a0aaf/library/std/src/panicking.rs:520:19
[INFO] [stdout]   39:     0x593bd5a5e2be - std::panic::catch_unwind::h49e1c33078844c46
[INFO] [stdout]                                at /rustc/90b35a6239c3d8bdabc530a6a0816f7ff89a0aaf/library/std/src/panic.rs:358:14
[INFO] [stdout]   40:     0x593bd5a5e2be - std::thread::Builder::spawn_unchecked_::{{closure}}::h6073db6ff56ad35d
[INFO] [stdout]                                at /rustc/90b35a6239c3d8bdabc530a6a0816f7ff89a0aaf/library/std/src/thread/mod.rs:537:30
[INFO] [stdout]   41:     0x593bd5a5e2be - core::ops::function::FnOnce::call_once{{vtable.shim}}::h2c5a5f3779c774f1
[INFO] [stdout]                                at /rustc/90b35a6239c3d8bdabc530a6a0816f7ff89a0aaf/library/core/src/ops/function.rs:250:5
[INFO] [stdout]   42:     0x593bd5aec31b - <alloc::boxed::Box<F,A> as core::ops::function::FnOnce<Args>>::call_once::hf75717d9f28faebf
[INFO] [stdout]                                at /rustc/90b35a6239c3d8bdabc530a6a0816f7ff89a0aaf/library/alloc/src/boxed.rs:2454:9
[INFO] [stdout]   43:     0x593bd5aec31b - <alloc::boxed::Box<F,A> as core::ops::function::FnOnce<Args>>::call_once::h7bd883a5f3c5f3c1
[INFO] [stdout]                                at /rustc/90b35a6239c3d8bdabc530a6a0816f7ff89a0aaf/library/alloc/src/boxed.rs:2454:9
[INFO] [stdout]   44:     0x593bd5aec31b - std::sys::pal::unix::thread::Thread::new::thread_start::hcc78f3943333fa94
[INFO] [stdout]                                at /rustc/90b35a6239c3d8bdabc530a6a0816f7ff89a0aaf/library/std/src/sys/pal/unix/thread.rs:105:17
[INFO] [stdout]   45:     0x7ac1571aaac3 - <unknown>
[INFO] [stdout]   46:     0x7ac15723ba04 - clone
[INFO] [stdout]   47:                0x0 - <unknown>
[INFO] [stdout] 
[INFO] [stdout] 
[INFO] [stdout] failures:
[INFO] [stdout]     tests::task::test_done
[INFO] [stdout] 
[INFO] [stdout] test result: FAILED. 1 passed; 1 failed; 0 ignored; 0 measured; 0 filtered out; finished in 0.07s
[INFO] [stdout] 
[INFO] [stderr] error: test failed, to rerun pass `--bin fypm`
[INFO] running `Command { std: "docker" "inspect" "ab3d2a91ba4d5dbecee3a3dc024bd9ccc9dad48fc61a8382f997f39fc840dfb7", kill_on_drop: false }`
[INFO] running `Command { std: "docker" "rm" "-f" "ab3d2a91ba4d5dbecee3a3dc024bd9ccc9dad48fc61a8382f997f39fc840dfb7", kill_on_drop: false }`
[INFO] [stdout] ab3d2a91ba4d5dbecee3a3dc024bd9ccc9dad48fc61a8382f997f39fc840dfb7
