[INFO] fetching crate function_group 0.2.4...
[INFO] testing function_group-0.2.4 against 1.83.0 for beta-1.84.0-4-retry
[INFO] extracting crate function_group 0.2.4 into /workspace/builds/worker-3-tc1/source
[INFO] validating manifest of crates.io crate function_group 0.2.4 on toolchain 1.83.0
[INFO] running `Command { std: CARGO_HOME="/workspace/cargo-home" RUSTUP_HOME="/workspace/rustup-home" "/workspace/cargo-home/bin/cargo" "+1.83.0" "metadata" "--manifest-path" "Cargo.toml" "--no-deps", kill_on_drop: false }`
[INFO] started tweaking crates.io crate function_group 0.2.4
[INFO] finished tweaking crates.io crate function_group 0.2.4
[INFO] tweaked toml for crates.io crate function_group 0.2.4 written to /workspace/builds/worker-3-tc1/source/Cargo.toml
[INFO] running `Command { std: CARGO_HOME="/workspace/cargo-home" RUSTUP_HOME="/workspace/rustup-home" "/workspace/cargo-home/bin/cargo" "+1.83.0" "generate-lockfile" "--manifest-path" "Cargo.toml", kill_on_drop: false }`
[INFO] [stderr]     Updating crates.io index
[INFO] [stderr]      Locking 4 packages to latest compatible versions
[INFO] [stderr]       Adding quote v0.6.13 (available: v1.0.37)
[INFO] [stderr]       Adding syn v0.15.44 (available: v2.0.90)
[INFO] running `Command { std: CARGO_HOME="/workspace/cargo-home" RUSTUP_HOME="/workspace/rustup-home" "/workspace/cargo-home/bin/cargo" "+1.83.0" "fetch" "--manifest-path" "Cargo.toml", kill_on_drop: false }`
[INFO] running `Command { std: "docker" "create" "-v" "/var/lib/crater-agent-workspace/builds/worker-3-tc1/target:/opt/rustwide/target:rw,Z" "-v" "/var/lib/crater-agent-workspace/builds/worker-3-tc1/source:/opt/rustwide/workdir:ro,Z" "-v" "/var/lib/crater-agent-workspace/cargo-home:/opt/rustwide/cargo-home:ro,Z" "-v" "/var/lib/crater-agent-workspace/rustup-home:/opt/rustwide/rustup-home:ro,Z" "-e" "SOURCE_DIR=/opt/rustwide/workdir" "-e" "CARGO_TARGET_DIR=/opt/rustwide/target" "-e" "CARGO_HOME=/opt/rustwide/cargo-home" "-e" "RUSTUP_HOME=/opt/rustwide/rustup-home" "-w" "/opt/rustwide/workdir" "-m" "1610612736" "--user" "0:0" "--network" "none" "ghcr.io/rust-lang/crates-build-env/linux@sha256:f3a9d4ad9d972b27faf3965f35b62e55ba32bbce8f20bc8fe909558a86702fde" "/opt/rustwide/cargo-home/bin/cargo" "+1.83.0" "metadata" "--no-deps" "--format-version=1", kill_on_drop: false }`
[INFO] [stdout] 2ecabbe9e45db1b399bd64aee7ae779b23bad0407531da52795d815e11901759
[INFO] running `Command { std: "docker" "start" "-a" "2ecabbe9e45db1b399bd64aee7ae779b23bad0407531da52795d815e11901759", kill_on_drop: false }`
[INFO] running `Command { std: "docker" "inspect" "2ecabbe9e45db1b399bd64aee7ae779b23bad0407531da52795d815e11901759", kill_on_drop: false }`
[INFO] running `Command { std: "docker" "rm" "-f" "2ecabbe9e45db1b399bd64aee7ae779b23bad0407531da52795d815e11901759", kill_on_drop: false }`
[INFO] [stdout] 2ecabbe9e45db1b399bd64aee7ae779b23bad0407531da52795d815e11901759
[INFO] running `Command { std: "docker" "create" "-v" "/var/lib/crater-agent-workspace/builds/worker-3-tc1/target:/opt/rustwide/target:rw,Z" "-v" "/var/lib/crater-agent-workspace/builds/worker-3-tc1/source:/opt/rustwide/workdir:ro,Z" "-v" "/var/lib/crater-agent-workspace/cargo-home:/opt/rustwide/cargo-home:ro,Z" "-v" "/var/lib/crater-agent-workspace/rustup-home:/opt/rustwide/rustup-home:ro,Z" "-e" "SOURCE_DIR=/opt/rustwide/workdir" "-e" "CARGO_TARGET_DIR=/opt/rustwide/target" "-e" "CARGO_INCREMENTAL=0" "-e" "RUST_BACKTRACE=full" "-e" "RUSTFLAGS=--cap-lints=warn" "-e" "RUSTDOCFLAGS=--cap-lints=warn" "-e" "CARGO_HOME=/opt/rustwide/cargo-home" "-e" "RUSTUP_HOME=/opt/rustwide/rustup-home" "-w" "/opt/rustwide/workdir" "-m" "1610612736" "--user" "0:0" "--network" "none" "ghcr.io/rust-lang/crates-build-env/linux@sha256:f3a9d4ad9d972b27faf3965f35b62e55ba32bbce8f20bc8fe909558a86702fde" "/opt/rustwide/cargo-home/bin/cargo" "+1.83.0" "build" "--frozen" "--message-format=json", kill_on_drop: false }`
[INFO] [stdout] 6cef579fd12f8ef07c3753aaeec5e75a1f9e406241c0b5102a5fb9a5da0feb90
[INFO] running `Command { std: "docker" "start" "-a" "6cef579fd12f8ef07c3753aaeec5e75a1f9e406241c0b5102a5fb9a5da0feb90", kill_on_drop: false }`
[INFO] [stderr]    Compiling proc-macro2 v0.4.30
[INFO] [stderr]    Compiling unicode-xid v0.1.0
[INFO] [stderr]    Compiling syn v0.15.44
[INFO] [stderr]    Compiling quote v0.6.13
[INFO] [stderr]    Compiling function_group v0.2.4 (/opt/rustwide/workdir)
[INFO] [stderr]     Finished `dev` profile [unoptimized + debuginfo] target(s) in 5.20s
[INFO] running `Command { std: "docker" "inspect" "6cef579fd12f8ef07c3753aaeec5e75a1f9e406241c0b5102a5fb9a5da0feb90", kill_on_drop: false }`
[INFO] running `Command { std: "docker" "rm" "-f" "6cef579fd12f8ef07c3753aaeec5e75a1f9e406241c0b5102a5fb9a5da0feb90", kill_on_drop: false }`
[INFO] [stdout] 6cef579fd12f8ef07c3753aaeec5e75a1f9e406241c0b5102a5fb9a5da0feb90
[INFO] running `Command { std: "docker" "create" "-v" "/var/lib/crater-agent-workspace/builds/worker-3-tc1/target:/opt/rustwide/target:rw,Z" "-v" "/var/lib/crater-agent-workspace/builds/worker-3-tc1/source:/opt/rustwide/workdir:ro,Z" "-v" "/var/lib/crater-agent-workspace/cargo-home:/opt/rustwide/cargo-home:ro,Z" "-v" "/var/lib/crater-agent-workspace/rustup-home:/opt/rustwide/rustup-home:ro,Z" "-e" "SOURCE_DIR=/opt/rustwide/workdir" "-e" "CARGO_TARGET_DIR=/opt/rustwide/target" "-e" "CARGO_INCREMENTAL=0" "-e" "RUST_BACKTRACE=full" "-e" "RUSTFLAGS=--cap-lints=warn" "-e" "RUSTDOCFLAGS=--cap-lints=warn" "-e" "CARGO_HOME=/opt/rustwide/cargo-home" "-e" "RUSTUP_HOME=/opt/rustwide/rustup-home" "-w" "/opt/rustwide/workdir" "-m" "1610612736" "--user" "0:0" "--network" "none" "ghcr.io/rust-lang/crates-build-env/linux@sha256:f3a9d4ad9d972b27faf3965f35b62e55ba32bbce8f20bc8fe909558a86702fde" "/opt/rustwide/cargo-home/bin/cargo" "+1.83.0" "test" "--frozen" "--no-run" "--message-format=json", kill_on_drop: false }`
[INFO] [stdout] bc65f20cc11273276f6a61ec239d6b5c427db549fbccec36686507c4bbbd8ea3
[INFO] running `Command { std: "docker" "start" "-a" "bc65f20cc11273276f6a61ec239d6b5c427db549fbccec36686507c4bbbd8ea3", kill_on_drop: false }`
[INFO] [stderr]    Compiling function_group v0.2.4 (/opt/rustwide/workdir)
[INFO] [stderr]     Finished `test` profile [unoptimized + debuginfo] target(s) in 0.87s
[INFO] running `Command { std: "docker" "inspect" "bc65f20cc11273276f6a61ec239d6b5c427db549fbccec36686507c4bbbd8ea3", kill_on_drop: false }`
[INFO] running `Command { std: "docker" "rm" "-f" "bc65f20cc11273276f6a61ec239d6b5c427db549fbccec36686507c4bbbd8ea3", kill_on_drop: false }`
[INFO] [stdout] bc65f20cc11273276f6a61ec239d6b5c427db549fbccec36686507c4bbbd8ea3
[INFO] running `Command { std: "docker" "create" "-v" "/var/lib/crater-agent-workspace/builds/worker-3-tc1/target:/opt/rustwide/target:rw,Z" "-v" "/var/lib/crater-agent-workspace/builds/worker-3-tc1/source:/opt/rustwide/workdir:ro,Z" "-v" "/var/lib/crater-agent-workspace/cargo-home:/opt/rustwide/cargo-home:ro,Z" "-v" "/var/lib/crater-agent-workspace/rustup-home:/opt/rustwide/rustup-home:ro,Z" "-e" "SOURCE_DIR=/opt/rustwide/workdir" "-e" "CARGO_TARGET_DIR=/opt/rustwide/target" "-e" "CARGO_INCREMENTAL=0" "-e" "RUST_BACKTRACE=full" "-e" "RUSTFLAGS=--cap-lints=warn" "-e" "RUSTDOCFLAGS=--cap-lints=warn" "-e" "CARGO_HOME=/opt/rustwide/cargo-home" "-e" "RUSTUP_HOME=/opt/rustwide/rustup-home" "-w" "/opt/rustwide/workdir" "-m" "1610612736" "--user" "0:0" "--network" "none" "ghcr.io/rust-lang/crates-build-env/linux@sha256:f3a9d4ad9d972b27faf3965f35b62e55ba32bbce8f20bc8fe909558a86702fde" "/opt/rustwide/cargo-home/bin/cargo" "+1.83.0" "test" "--frozen", kill_on_drop: false }`
[INFO] [stdout] 139cda223600fcc151e121d40ca642fd1e909e12c8fe2897b691a015738cf8a5
[INFO] running `Command { std: "docker" "start" "-a" "139cda223600fcc151e121d40ca642fd1e909e12c8fe2897b691a015738cf8a5", kill_on_drop: false }`
[INFO] [stderr]     Finished `test` profile [unoptimized + debuginfo] target(s) in 0.03s
[INFO] [stderr]      Running unittests src/lib.rs (/opt/rustwide/target/debug/deps/function_group-62480e020ff96eda)
[INFO] [stdout] 
[INFO] [stderr]    Doc-tests function_group
[INFO] [stdout] running 0 tests
[INFO] [stdout] 
[INFO] [stdout] test result: ok. 0 passed; 0 failed; 0 ignored; 0 measured; 0 filtered out; finished in 0.00s
[INFO] [stdout] 
[INFO] [stdout] 
[INFO] [stdout] running 5 tests
[INFO] [stdout] test src/lib.rs - function_group (line 228) ... FAILED
[INFO] [stdout] test src/lib.rs - (line 6) ... FAILED
[INFO] [stdout] test src/lib.rs - function_group (line 209) ... FAILED
[INFO] [stdout] test src/lib.rs - function_group (line 192) ... FAILED
[INFO] [stdout] test src/lib.rs - (line 23) ... FAILED
[INFO] [stdout] 
[INFO] [stdout] failures:
[INFO] [stdout] 
[INFO] [stdout] ---- src/lib.rs - function_group (line 228) stdout ----
[INFO] [stdout] error: cannot find macro `function_group` in this scope
[INFO] [stdout]  --> src/lib.rs:231:1
[INFO] [stdout]   |
[INFO] [stdout] 6 | function_group! {
[INFO] [stdout]   | ^^^^^^^^^^^^^^
[INFO] [stdout]   |
[INFO] [stdout] note: `function_group` is imported here, but it is a crate, not a macro
[INFO] [stdout]  --> src/lib.rs:228:1
[INFO] [stdout]   |
[INFO] [stdout] 3 | extern crate r#function_group;
[INFO] [stdout]   | ^^^^^^^^^^^^^^^^^^^^^^^^^^^^^^
[INFO] [stdout] help: consider importing this macro
[INFO] [stdout]   |
[INFO] [stdout] 2 + use function_group::function_group;
[INFO] [stdout]   |
[INFO] [stdout] 
[INFO] [stdout] error[E0599]: no method named `add_to_struct` found for struct `TestStruct` in the current scope
[INFO] [stdout]   --> src/lib.rs:243:3
[INFO] [stdout]    |
[INFO] [stdout] 5  | struct TestStruct(usize);
[INFO] [stdout]    | ----------------- method `add_to_struct` not found for this struct
[INFO] [stdout] ...
[INFO] [stdout] 18 | x.add_to_struct((1,2));
[INFO] [stdout]    |   ^^^^^^^^^^^^^ method not found in `TestStruct`
[INFO] [stdout] 
[INFO] [stdout] error: aborting due to 2 previous errors
[INFO] [stdout] 
[INFO] [stdout] For more information about this error, try `rustc --explain E0599`.
[INFO] [stdout] Couldn't compile the test.
[INFO] [stdout] ---- src/lib.rs - (line 6) stdout ----
[INFO] [stdout] error: cannot find macro `function_group` in this scope
[INFO] [stdout]  --> src/lib.rs:8:1
[INFO] [stdout]   |
[INFO] [stdout] 5 | function_group! {
[INFO] [stdout]   | ^^^^^^^^^^^^^^
[INFO] [stdout]   |
[INFO] [stdout] note: `function_group` is imported here, but it is a crate, not a macro
[INFO] [stdout]  --> src/lib.rs:6:1
[INFO] [stdout]   |
[INFO] [stdout] 3 | extern crate r#function_group;
[INFO] [stdout]   | ^^^^^^^^^^^^^^^^^^^^^^^^^^^^^^
[INFO] [stdout] help: consider importing this macro
[INFO] [stdout]   |
[INFO] [stdout] 2 + use function_group::function_group;
[INFO] [stdout]   |
[INFO] [stdout] 
[INFO] [stdout] error: aborting due to 1 previous error
[INFO] [stdout] 
[INFO] [stdout] Couldn't compile the test.
[INFO] [stdout] ---- src/lib.rs - function_group (line 209) stdout ----
[INFO] [stdout] error: cannot find macro `function_group` in this scope
[INFO] [stdout]  --> src/lib.rs:211:1
[INFO] [stdout]   |
[INFO] [stdout] 5 | function_group! {
[INFO] [stdout]   | ^^^^^^^^^^^^^^
[INFO] [stdout]   |
[INFO] [stdout] note: `function_group` is imported here, but it is a crate, not a macro
[INFO] [stdout]  --> src/lib.rs:209:1
[INFO] [stdout]   |
[INFO] [stdout] 3 | extern crate r#function_group;
[INFO] [stdout]   | ^^^^^^^^^^^^^^^^^^^^^^^^^^^^^^
[INFO] [stdout] help: consider importing this macro
[INFO] [stdout]   |
[INFO] [stdout] 2 + use function_group::function_group;
[INFO] [stdout]   |
[INFO] [stdout] 
[INFO] [stdout] error[E0425]: cannot find function `add_to` in this scope
[INFO] [stdout]   --> src/lib.rs:223:1
[INFO] [stdout]    |
[INFO] [stdout] 17 | add_to((&mut x, 5));
[INFO] [stdout]    | ^^^^^^ not found in this scope
[INFO] [stdout] 
[INFO] [stdout] error[E0425]: cannot find function `add_to` in this scope
[INFO] [stdout]   --> src/lib.rs:224:1
[INFO] [stdout]    |
[INFO] [stdout] 18 | add_to((&mut x, 5, 5));
[INFO] [stdout]    | ^^^^^^ not found in this scope
[INFO] [stdout] 
[INFO] [stdout] error: aborting due to 3 previous errors
[INFO] [stdout] 
[INFO] [stdout] For more information about this error, try `rustc --explain E0425`.
[INFO] [stdout] Couldn't compile the test.
[INFO] [stdout] ---- src/lib.rs - function_group (line 192) stdout ----
[INFO] [stdout] error: cannot find macro `function_group` in this scope
[INFO] [stdout]  --> src/lib.rs:194:1
[INFO] [stdout]   |
[INFO] [stdout] 5 | function_group! {
[INFO] [stdout]   | ^^^^^^^^^^^^^^
[INFO] [stdout]   |
[INFO] [stdout] note: `function_group` is imported here, but it is a crate, not a macro
[INFO] [stdout]  --> src/lib.rs:192:1
[INFO] [stdout]   |
[INFO] [stdout] 3 | extern crate r#function_group;
[INFO] [stdout]   | ^^^^^^^^^^^^^^^^^^^^^^^^^^^^^^
[INFO] [stdout] help: consider importing this macro
[INFO] [stdout]   |
[INFO] [stdout] 2 + use function_group::function_group;
[INFO] [stdout]   |
[INFO] [stdout] 
[INFO] [stdout] error[E0425]: cannot find function `add` in this scope
[INFO] [stdout]   --> src/lib.rs:205:9
[INFO] [stdout]    |
[INFO] [stdout] 16 | assert!(add((5, 5)) == 10);
[INFO] [stdout]    |         ^^^ not found in this scope
[INFO] [stdout] 
[INFO] [stdout] error[E0425]: cannot find function `add` in this scope
[INFO] [stdout]   --> src/lib.rs:206:9
[INFO] [stdout]    |
[INFO] [stdout] 17 | assert!(add((5, 5, 5)) == 15);
[INFO] [stdout]    |         ^^^ not found in this scope
[INFO] [stdout] 
[INFO] [stdout] error: aborting due to 3 previous errors
[INFO] [stdout] 
[INFO] [stdout] For more information about this error, try `rustc --explain E0425`.
[INFO] [stdout] Couldn't compile the test.
[INFO] [stdout] ---- src/lib.rs - (line 23) stdout ----
[INFO] [stdout] error: cannot find macro `function_group` in this scope
[INFO] [stdout]  --> src/lib.rs:25:1
[INFO] [stdout]   |
[INFO] [stdout] 5 | function_group! {
[INFO] [stdout]   | ^^^^^^^^^^^^^^
[INFO] [stdout]   |
[INFO] [stdout] note: `function_group` is imported here, but it is a crate, not a macro
[INFO] [stdout]  --> src/lib.rs:23:1
[INFO] [stdout]   |
[INFO] [stdout] 3 | extern crate r#function_group;
[INFO] [stdout]   | ^^^^^^^^^^^^^^^^^^^^^^^^^^^^^^
[INFO] [stdout] help: consider importing this macro
[INFO] [stdout]   |
[INFO] [stdout] 2 + use function_group::function_group;
[INFO] [stdout]   |
[INFO] [stdout] 
[INFO] [stdout] error: aborting due to 1 previous error
[INFO] [stdout] 
[INFO] [stdout] Couldn't compile the test.
[INFO] [stdout] 
[INFO] [stdout] failures:
[INFO] [stdout]     src/lib.rs - (line 23)
[INFO] [stdout]     src/lib.rs - (line 6)
[INFO] [stdout]     src/lib.rs - function_group (line 192)
[INFO] [stdout]     src/lib.rs - function_group (line 209)
[INFO] [stdout]     src/lib.rs - function_group (line 228)
[INFO] [stdout] 
[INFO] [stdout] test result: FAILED. 0 passed; 5 failed; 0 ignored; 0 measured; 0 filtered out; finished in 0.19s
[INFO] [stdout] 
[INFO] [stderr] error: doctest failed, to rerun pass `--doc`
[INFO] running `Command { std: "docker" "inspect" "139cda223600fcc151e121d40ca642fd1e909e12c8fe2897b691a015738cf8a5", kill_on_drop: false }`
[INFO] running `Command { std: "docker" "rm" "-f" "139cda223600fcc151e121d40ca642fd1e909e12c8fe2897b691a015738cf8a5", kill_on_drop: false }`
[INFO] [stdout] 139cda223600fcc151e121d40ca642fd1e909e12c8fe2897b691a015738cf8a5
