[INFO] fetching crate fullerror 1.0.0...
[INFO] testing fullerror-1.0.0 against 1.83.0 for beta-1.84.0-4-retry
[INFO] extracting crate fullerror 1.0.0 into /workspace/builds/worker-0-tc1/source
[INFO] validating manifest of crates.io crate fullerror 1.0.0 on toolchain 1.83.0
[INFO] running `Command { std: CARGO_HOME="/workspace/cargo-home" RUSTUP_HOME="/workspace/rustup-home" "/workspace/cargo-home/bin/cargo" "+1.83.0" "metadata" "--manifest-path" "Cargo.toml" "--no-deps", kill_on_drop: false }`
[INFO] started tweaking crates.io crate fullerror 1.0.0
[INFO] finished tweaking crates.io crate fullerror 1.0.0
[INFO] tweaked toml for crates.io crate fullerror 1.0.0 written to /workspace/builds/worker-0-tc1/source/Cargo.toml
[INFO] running `Command { std: CARGO_HOME="/workspace/cargo-home" RUSTUP_HOME="/workspace/rustup-home" "/workspace/cargo-home/bin/cargo" "+1.83.0" "generate-lockfile" "--manifest-path" "Cargo.toml", kill_on_drop: false }`
[INFO] [stderr]     Blocking waiting for file lock on package cache
[INFO] [stderr]     Updating crates.io index
[INFO] [stderr]     Blocking waiting for file lock on package cache
[INFO] [stderr]      Locking 6 packages to latest compatible versions
[INFO] [stderr]       Adding thiserror v1.0.69 (available: v2.0.7)
[INFO] running `Command { std: CARGO_HOME="/workspace/cargo-home" RUSTUP_HOME="/workspace/rustup-home" "/workspace/cargo-home/bin/cargo" "+1.83.0" "fetch" "--manifest-path" "Cargo.toml", kill_on_drop: false }`
[INFO] [stderr]     Blocking waiting for file lock on package cache
[INFO] running `Command { std: "docker" "create" "-v" "/var/lib/crater-agent-workspace/builds/worker-0-tc1/target:/opt/rustwide/target:rw,Z" "-v" "/var/lib/crater-agent-workspace/builds/worker-0-tc1/source:/opt/rustwide/workdir:ro,Z" "-v" "/var/lib/crater-agent-workspace/cargo-home:/opt/rustwide/cargo-home:ro,Z" "-v" "/var/lib/crater-agent-workspace/rustup-home:/opt/rustwide/rustup-home:ro,Z" "-e" "SOURCE_DIR=/opt/rustwide/workdir" "-e" "CARGO_TARGET_DIR=/opt/rustwide/target" "-e" "CARGO_HOME=/opt/rustwide/cargo-home" "-e" "RUSTUP_HOME=/opt/rustwide/rustup-home" "-w" "/opt/rustwide/workdir" "-m" "1610612736" "--user" "0:0" "--network" "none" "ghcr.io/rust-lang/crates-build-env/linux@sha256:f3a9d4ad9d972b27faf3965f35b62e55ba32bbce8f20bc8fe909558a86702fde" "/opt/rustwide/cargo-home/bin/cargo" "+1.83.0" "metadata" "--no-deps" "--format-version=1", kill_on_drop: false }`
[INFO] [stdout] 9b2b12864ccbd5ed5085a63dba4133173bb60afa66b16944659d111afb23e984
[INFO] running `Command { std: "docker" "start" "-a" "9b2b12864ccbd5ed5085a63dba4133173bb60afa66b16944659d111afb23e984", kill_on_drop: false }`
[INFO] running `Command { std: "docker" "inspect" "9b2b12864ccbd5ed5085a63dba4133173bb60afa66b16944659d111afb23e984", kill_on_drop: false }`
[INFO] running `Command { std: "docker" "rm" "-f" "9b2b12864ccbd5ed5085a63dba4133173bb60afa66b16944659d111afb23e984", kill_on_drop: false }`
[INFO] [stdout] 9b2b12864ccbd5ed5085a63dba4133173bb60afa66b16944659d111afb23e984
[INFO] running `Command { std: "docker" "create" "-v" "/var/lib/crater-agent-workspace/builds/worker-0-tc1/target:/opt/rustwide/target:rw,Z" "-v" "/var/lib/crater-agent-workspace/builds/worker-0-tc1/source:/opt/rustwide/workdir:ro,Z" "-v" "/var/lib/crater-agent-workspace/cargo-home:/opt/rustwide/cargo-home:ro,Z" "-v" "/var/lib/crater-agent-workspace/rustup-home:/opt/rustwide/rustup-home:ro,Z" "-e" "SOURCE_DIR=/opt/rustwide/workdir" "-e" "CARGO_TARGET_DIR=/opt/rustwide/target" "-e" "CARGO_INCREMENTAL=0" "-e" "RUST_BACKTRACE=full" "-e" "RUSTFLAGS=--cap-lints=warn" "-e" "RUSTDOCFLAGS=--cap-lints=warn" "-e" "CARGO_HOME=/opt/rustwide/cargo-home" "-e" "RUSTUP_HOME=/opt/rustwide/rustup-home" "-w" "/opt/rustwide/workdir" "-m" "1610612736" "--user" "0:0" "--network" "none" "ghcr.io/rust-lang/crates-build-env/linux@sha256:f3a9d4ad9d972b27faf3965f35b62e55ba32bbce8f20bc8fe909558a86702fde" "/opt/rustwide/cargo-home/bin/cargo" "+1.83.0" "build" "--frozen" "--message-format=json", kill_on_drop: false }`
[INFO] [stdout] 847aeda59a7bc13a727665ae3f9419c818e0a87ab1850031b864677d03a6d57e
[INFO] running `Command { std: "docker" "start" "-a" "847aeda59a7bc13a727665ae3f9419c818e0a87ab1850031b864677d03a6d57e", kill_on_drop: false }`
[INFO] [stderr]    Compiling fullerror v1.0.0 (/opt/rustwide/workdir)
[INFO] [stderr]     Finished `dev` profile [unoptimized + debuginfo] target(s) in 0.19s
[INFO] running `Command { std: "docker" "inspect" "847aeda59a7bc13a727665ae3f9419c818e0a87ab1850031b864677d03a6d57e", kill_on_drop: false }`
[INFO] running `Command { std: "docker" "rm" "-f" "847aeda59a7bc13a727665ae3f9419c818e0a87ab1850031b864677d03a6d57e", kill_on_drop: false }`
[INFO] [stdout] 847aeda59a7bc13a727665ae3f9419c818e0a87ab1850031b864677d03a6d57e
[INFO] running `Command { std: "docker" "create" "-v" "/var/lib/crater-agent-workspace/builds/worker-0-tc1/target:/opt/rustwide/target:rw,Z" "-v" "/var/lib/crater-agent-workspace/builds/worker-0-tc1/source:/opt/rustwide/workdir:ro,Z" "-v" "/var/lib/crater-agent-workspace/cargo-home:/opt/rustwide/cargo-home:ro,Z" "-v" "/var/lib/crater-agent-workspace/rustup-home:/opt/rustwide/rustup-home:ro,Z" "-e" "SOURCE_DIR=/opt/rustwide/workdir" "-e" "CARGO_TARGET_DIR=/opt/rustwide/target" "-e" "CARGO_INCREMENTAL=0" "-e" "RUST_BACKTRACE=full" "-e" "RUSTFLAGS=--cap-lints=warn" "-e" "RUSTDOCFLAGS=--cap-lints=warn" "-e" "CARGO_HOME=/opt/rustwide/cargo-home" "-e" "RUSTUP_HOME=/opt/rustwide/rustup-home" "-w" "/opt/rustwide/workdir" "-m" "1610612736" "--user" "0:0" "--network" "none" "ghcr.io/rust-lang/crates-build-env/linux@sha256:f3a9d4ad9d972b27faf3965f35b62e55ba32bbce8f20bc8fe909558a86702fde" "/opt/rustwide/cargo-home/bin/cargo" "+1.83.0" "test" "--frozen" "--no-run" "--message-format=json", kill_on_drop: false }`
[INFO] [stdout] 5ea4cff25b1eeef6a89f26db53900a2a5449f8ae3e8691e22c5f3afd1baa9f1d
[INFO] running `Command { std: "docker" "start" "-a" "5ea4cff25b1eeef6a89f26db53900a2a5449f8ae3e8691e22c5f3afd1baa9f1d", kill_on_drop: false }`
[INFO] [stderr]    Compiling proc-macro2 v1.0.92
[INFO] [stderr]    Compiling unicode-ident v1.0.14
[INFO] [stderr]    Compiling thiserror v1.0.69
[INFO] [stderr]    Compiling quote v1.0.37
[INFO] [stderr]    Compiling syn v2.0.90
[INFO] [stderr]    Compiling thiserror-impl v1.0.69
[INFO] [stderr]    Compiling fullerror v1.0.0 (/opt/rustwide/workdir)
[INFO] [stdout] warning: variant `ErrVarB` is never constructed
[INFO] [stdout]   --> src/lib.rs:80:13
[INFO] [stdout]    |
[INFO] [stdout] 76 |         enum ErrA {
[INFO] [stdout]    |              ---- variant in this enum
[INFO] [stdout] ...
[INFO] [stdout] 80 |             ErrVarB,
[INFO] [stdout]    |             ^^^^^^^
[INFO] [stdout]    |
[INFO] [stdout]    = note: `ErrA` has a derived impl for the trait `Debug`, but this is intentionally ignored during dead code analysis
[INFO] [stdout]    = note: `#[warn(dead_code)]` on by default
[INFO] [stdout] 
[INFO] [stdout] 
[INFO] [stdout] warning: variant `ErrVarA` is never constructed
[INFO] [stdout]   --> src/lib.rs:88:13
[INFO] [stdout]    |
[INFO] [stdout] 84 |         enum ErrB {
[INFO] [stdout]    |              ---- variant in this enum
[INFO] [stdout] ...
[INFO] [stdout] 88 |             ErrVarA,
[INFO] [stdout]    |             ^^^^^^^
[INFO] [stdout]    |
[INFO] [stdout]    = note: `ErrB` has a derived impl for the trait `Debug`, but this is intentionally ignored during dead code analysis
[INFO] [stdout] 
[INFO] [stdout] 
[INFO] [stderr]     Finished `test` profile [unoptimized + debuginfo] target(s) in 6.54s
[INFO] running `Command { std: "docker" "inspect" "5ea4cff25b1eeef6a89f26db53900a2a5449f8ae3e8691e22c5f3afd1baa9f1d", kill_on_drop: false }`
[INFO] running `Command { std: "docker" "rm" "-f" "5ea4cff25b1eeef6a89f26db53900a2a5449f8ae3e8691e22c5f3afd1baa9f1d", kill_on_drop: false }`
[INFO] [stdout] 5ea4cff25b1eeef6a89f26db53900a2a5449f8ae3e8691e22c5f3afd1baa9f1d
[INFO] running `Command { std: "docker" "create" "-v" "/var/lib/crater-agent-workspace/builds/worker-0-tc1/target:/opt/rustwide/target:rw,Z" "-v" "/var/lib/crater-agent-workspace/builds/worker-0-tc1/source:/opt/rustwide/workdir:ro,Z" "-v" "/var/lib/crater-agent-workspace/cargo-home:/opt/rustwide/cargo-home:ro,Z" "-v" "/var/lib/crater-agent-workspace/rustup-home:/opt/rustwide/rustup-home:ro,Z" "-e" "SOURCE_DIR=/opt/rustwide/workdir" "-e" "CARGO_TARGET_DIR=/opt/rustwide/target" "-e" "CARGO_INCREMENTAL=0" "-e" "RUST_BACKTRACE=full" "-e" "RUSTFLAGS=--cap-lints=warn" "-e" "RUSTDOCFLAGS=--cap-lints=warn" "-e" "CARGO_HOME=/opt/rustwide/cargo-home" "-e" "RUSTUP_HOME=/opt/rustwide/rustup-home" "-w" "/opt/rustwide/workdir" "-m" "1610612736" "--user" "0:0" "--network" "none" "ghcr.io/rust-lang/crates-build-env/linux@sha256:f3a9d4ad9d972b27faf3965f35b62e55ba32bbce8f20bc8fe909558a86702fde" "/opt/rustwide/cargo-home/bin/cargo" "+1.83.0" "test" "--frozen", kill_on_drop: false }`
[INFO] [stdout] 7738f0ebb6bcdb4a0e96e668eaf8fa0b41124e89e985a80eb1134e7a570c1470
[INFO] running `Command { std: "docker" "start" "-a" "7738f0ebb6bcdb4a0e96e668eaf8fa0b41124e89e985a80eb1134e7a570c1470", kill_on_drop: false }`
[INFO] [stderr] warning: variant `ErrVarB` is never constructed
[INFO] [stderr]   --> src/lib.rs:80:13
[INFO] [stderr]    |
[INFO] [stderr] 76 |         enum ErrA {
[INFO] [stderr]    |              ---- variant in this enum
[INFO] [stderr] ...
[INFO] [stderr] 80 |             ErrVarB,
[INFO] [stderr]    |             ^^^^^^^
[INFO] [stderr]    |
[INFO] [stderr]    = note: `ErrA` has a derived impl for the trait `Debug`, but this is intentionally ignored during dead code analysis
[INFO] [stderr]    = note: `#[warn(dead_code)]` on by default
[INFO] [stderr] 
[INFO] [stderr] warning: variant `ErrVarA` is never constructed
[INFO] [stderr]   --> src/lib.rs:88:13
[INFO] [stderr]    |
[INFO] [stderr] 84 |         enum ErrB {
[INFO] [stderr]    |              ---- variant in this enum
[INFO] [stderr] ...
[INFO] [stderr] 88 |             ErrVarA,
[INFO] [stderr]    |             ^^^^^^^
[INFO] [stderr]    |
[INFO] [stderr]    = note: `ErrB` has a derived impl for the trait `Debug`, but this is intentionally ignored during dead code analysis
[INFO] [stderr] 
[INFO] [stderr] warning: `fullerror` (lib test) generated 2 warnings
[INFO] [stderr]     Finished `test` profile [unoptimized + debuginfo] target(s) in 0.02s
[INFO] [stderr]      Running unittests src/lib.rs (/opt/rustwide/target/debug/deps/fullerror-f2231c3ab31c2a49)
[INFO] [stdout] 
[INFO] [stdout] running 1 test
[INFO] [stdout] test tests::it_works ... ok
[INFO] [stdout] 
[INFO] [stdout] test result: ok. 1 passed; 0 failed; 0 ignored; 0 measured; 0 filtered out; finished in 0.00s
[INFO] [stdout] 
[INFO] [stderr]    Doc-tests fullerror
[INFO] [stdout] 
[INFO] [stdout] running 1 test
[INFO] [stdout] test src/../README.md - (line 3) ... FAILED
[INFO] [stdout] 
[INFO] [stdout] failures:
[INFO] [stdout] 
[INFO] [stdout] ---- src/../README.md - (line 3) stdout ----
[INFO] [stdout] error[E0107]: missing generics for struct `FullError`
[INFO] [stdout]   --> src/../README.md:5:36
[INFO] [stdout]    |
[INFO] [stdout] 4  | fn main() -> Result<(), fullerror::FullError> {} //all you need
[INFO] [stdout]    |                                    ^^^^^^^^^ expected 1 generic argument
[INFO] [stdout]    |
[INFO] [stdout] note: struct defined here, with 1 generic parameter: `E`
[INFO] [stdout]   --> /opt/rustwide/workdir/src/lib.rs:23:12
[INFO] [stdout]    |
[INFO] [stdout] 23 | pub struct FullError<E>(E);
[INFO] [stdout]    |            ^^^^^^^^^ -
[INFO] [stdout] help: add missing generic argument
[INFO] [stdout]    |
[INFO] [stdout] 4  | fn main() -> Result<(), fullerror::FullError<E>> {} //all you need
[INFO] [stdout]    |                                             +++
[INFO] [stdout] 
[INFO] [stdout] error: aborting due to 1 previous error
[INFO] [stdout] 
[INFO] [stdout] For more information about this error, try `rustc --explain E0107`.
[INFO] [stdout] Couldn't compile the test.
[INFO] [stdout] 
[INFO] [stdout] failures:
[INFO] [stdout]     src/../README.md - (line 3)
[INFO] [stdout] 
[INFO] [stdout] test result: FAILED. 0 passed; 1 failed; 0 ignored; 0 measured; 0 filtered out; finished in 0.08s
[INFO] [stdout] 
[INFO] [stderr] error: doctest failed, to rerun pass `--doc`
[INFO] running `Command { std: "docker" "inspect" "7738f0ebb6bcdb4a0e96e668eaf8fa0b41124e89e985a80eb1134e7a570c1470", kill_on_drop: false }`
[INFO] running `Command { std: "docker" "rm" "-f" "7738f0ebb6bcdb4a0e96e668eaf8fa0b41124e89e985a80eb1134e7a570c1470", kill_on_drop: false }`
[INFO] [stdout] 7738f0ebb6bcdb4a0e96e668eaf8fa0b41124e89e985a80eb1134e7a570c1470
