[INFO] fetching crate ft60x_rs 0.1.0...
[INFO] testing ft60x_rs-0.1.0 against beta-2024-12-08 for beta-1.84.0-4-retry
[INFO] extracting crate ft60x_rs 0.1.0 into /workspace/builds/worker-1-tc2/source
[INFO] validating manifest of crates.io crate ft60x_rs 0.1.0 on toolchain beta-2024-12-08
[INFO] running `Command { std: CARGO_HOME="/workspace/cargo-home" RUSTUP_HOME="/workspace/rustup-home" "/workspace/cargo-home/bin/cargo" "+beta-2024-12-08" "metadata" "--manifest-path" "Cargo.toml" "--no-deps", kill_on_drop: false }`
[INFO] started tweaking crates.io crate ft60x_rs 0.1.0
[INFO] finished tweaking crates.io crate ft60x_rs 0.1.0
[INFO] tweaked toml for crates.io crate ft60x_rs 0.1.0 written to /workspace/builds/worker-1-tc2/source/Cargo.toml
[INFO] running `Command { std: CARGO_HOME="/workspace/cargo-home" RUSTUP_HOME="/workspace/rustup-home" "/workspace/cargo-home/bin/cargo" "+beta-2024-12-08" "generate-lockfile" "--manifest-path" "Cargo.toml", kill_on_drop: false }`
[INFO] [stderr]     Updating crates.io index
[INFO] [stderr]      Locking 59 packages to latest compatible versions
[INFO] [stderr]       Adding libloading v0.7.4 (available: v0.8.6)
[INFO] [stderr]       Adding rust-embed v6.8.1 (available: v8.5.0)
[INFO] [stderr]       Adding thiserror v1.0.69 (available: v2.0.7)
[INFO] running `Command { std: CARGO_HOME="/workspace/cargo-home" RUSTUP_HOME="/workspace/rustup-home" "/workspace/cargo-home/bin/cargo" "+beta-2024-12-08" "fetch" "--manifest-path" "Cargo.toml", kill_on_drop: false }`
[INFO] running `Command { std: "docker" "create" "-v" "/var/lib/crater-agent-workspace/builds/worker-1-tc2/target:/opt/rustwide/target:rw,Z" "-v" "/var/lib/crater-agent-workspace/builds/worker-1-tc2/source:/opt/rustwide/workdir:ro,Z" "-v" "/var/lib/crater-agent-workspace/cargo-home:/opt/rustwide/cargo-home:ro,Z" "-v" "/var/lib/crater-agent-workspace/rustup-home:/opt/rustwide/rustup-home:ro,Z" "-e" "SOURCE_DIR=/opt/rustwide/workdir" "-e" "CARGO_TARGET_DIR=/opt/rustwide/target" "-e" "CARGO_HOME=/opt/rustwide/cargo-home" "-e" "RUSTUP_HOME=/opt/rustwide/rustup-home" "-w" "/opt/rustwide/workdir" "-m" "1610612736" "--user" "0:0" "--network" "none" "ghcr.io/rust-lang/crates-build-env/linux@sha256:f3a9d4ad9d972b27faf3965f35b62e55ba32bbce8f20bc8fe909558a86702fde" "/opt/rustwide/cargo-home/bin/cargo" "+beta-2024-12-08" "metadata" "--no-deps" "--format-version=1", kill_on_drop: false }`
[INFO] [stdout] d12ec9561a65e7595ee656ed0ab0ef901faf046d0e6a9d7f2adc74178851a6e6
[INFO] running `Command { std: "docker" "start" "-a" "d12ec9561a65e7595ee656ed0ab0ef901faf046d0e6a9d7f2adc74178851a6e6", kill_on_drop: false }`
[INFO] running `Command { std: "docker" "inspect" "d12ec9561a65e7595ee656ed0ab0ef901faf046d0e6a9d7f2adc74178851a6e6", kill_on_drop: false }`
[INFO] running `Command { std: "docker" "rm" "-f" "d12ec9561a65e7595ee656ed0ab0ef901faf046d0e6a9d7f2adc74178851a6e6", kill_on_drop: false }`
[INFO] [stdout] d12ec9561a65e7595ee656ed0ab0ef901faf046d0e6a9d7f2adc74178851a6e6
[INFO] running `Command { std: "docker" "create" "-v" "/var/lib/crater-agent-workspace/builds/worker-1-tc2/target:/opt/rustwide/target:rw,Z" "-v" "/var/lib/crater-agent-workspace/builds/worker-1-tc2/source:/opt/rustwide/workdir:ro,Z" "-v" "/var/lib/crater-agent-workspace/cargo-home:/opt/rustwide/cargo-home:ro,Z" "-v" "/var/lib/crater-agent-workspace/rustup-home:/opt/rustwide/rustup-home:ro,Z" "-e" "SOURCE_DIR=/opt/rustwide/workdir" "-e" "CARGO_TARGET_DIR=/opt/rustwide/target" "-e" "CARGO_INCREMENTAL=0" "-e" "RUST_BACKTRACE=full" "-e" "RUSTFLAGS=--cap-lints=warn" "-e" "RUSTDOCFLAGS=--cap-lints=warn" "-e" "CARGO_HOME=/opt/rustwide/cargo-home" "-e" "RUSTUP_HOME=/opt/rustwide/rustup-home" "-w" "/opt/rustwide/workdir" "-m" "1610612736" "--user" "0:0" "--network" "none" "ghcr.io/rust-lang/crates-build-env/linux@sha256:f3a9d4ad9d972b27faf3965f35b62e55ba32bbce8f20bc8fe909558a86702fde" "/opt/rustwide/cargo-home/bin/cargo" "+beta-2024-12-08" "build" "--frozen" "--message-format=json", kill_on_drop: false }`
[INFO] [stdout] b68f2e03b51c73e9f5db2e41b47343ed486ca54a454a618afab30d0d2e7e5218
[INFO] running `Command { std: "docker" "start" "-a" "b68f2e03b51c73e9f5db2e41b47343ed486ca54a454a618afab30d0d2e7e5218", kill_on_drop: false }`
[INFO] [stderr]    Compiling typenum v1.17.0
[INFO] [stderr]    Compiling generic-array v0.14.7
[INFO] [stderr]    Compiling libc v0.2.168
[INFO] [stderr]    Compiling cpufeatures v0.2.16
[INFO] [stderr]    Compiling same-file v1.0.6
[INFO] [stderr]    Compiling rustix v0.38.42
[INFO] [stderr]    Compiling bitflags v2.6.0
[INFO] [stderr]    Compiling linux-raw-sys v0.4.14
[INFO] [stderr]    Compiling option-ext v0.2.0
[INFO] [stderr]    Compiling fastrand v2.3.0
[INFO] [stderr]    Compiling libloading v0.7.4
[INFO] [stderr]    Compiling thiserror-impl v1.0.69
[INFO] [stderr]    Compiling walkdir v2.5.0
[INFO] [stderr]    Compiling dirs-sys v0.4.1
[INFO] [stderr]    Compiling dirs v5.0.1
[INFO] [stderr]    Compiling thiserror v1.0.69
[INFO] [stderr]    Compiling crypto-common v0.1.6
[INFO] [stderr]    Compiling block-buffer v0.10.4
[INFO] [stderr]    Compiling digest v0.10.7
[INFO] [stderr]    Compiling sha2 v0.10.8
[INFO] [stderr]    Compiling tempfile v3.14.0
[INFO] [stderr]    Compiling rust-embed-utils v7.8.1
[INFO] [stderr]    Compiling rust-embed-impl v6.8.1
[INFO] [stderr]    Compiling rust-embed v6.8.1
[INFO] [stderr]    Compiling ft60x_rs v0.1.0 (/opt/rustwide/workdir)
[INFO] [stderr]     Finished `dev` profile [unoptimized + debuginfo] target(s) in 4.07s
[INFO] running `Command { std: "docker" "inspect" "b68f2e03b51c73e9f5db2e41b47343ed486ca54a454a618afab30d0d2e7e5218", kill_on_drop: false }`
[INFO] running `Command { std: "docker" "rm" "-f" "b68f2e03b51c73e9f5db2e41b47343ed486ca54a454a618afab30d0d2e7e5218", kill_on_drop: false }`
[INFO] [stdout] b68f2e03b51c73e9f5db2e41b47343ed486ca54a454a618afab30d0d2e7e5218
[INFO] running `Command { std: "docker" "create" "-v" "/var/lib/crater-agent-workspace/builds/worker-1-tc2/target:/opt/rustwide/target:rw,Z" "-v" "/var/lib/crater-agent-workspace/builds/worker-1-tc2/source:/opt/rustwide/workdir:ro,Z" "-v" "/var/lib/crater-agent-workspace/cargo-home:/opt/rustwide/cargo-home:ro,Z" "-v" "/var/lib/crater-agent-workspace/rustup-home:/opt/rustwide/rustup-home:ro,Z" "-e" "SOURCE_DIR=/opt/rustwide/workdir" "-e" "CARGO_TARGET_DIR=/opt/rustwide/target" "-e" "CARGO_INCREMENTAL=0" "-e" "RUST_BACKTRACE=full" "-e" "RUSTFLAGS=--cap-lints=warn" "-e" "RUSTDOCFLAGS=--cap-lints=warn" "-e" "CARGO_HOME=/opt/rustwide/cargo-home" "-e" "RUSTUP_HOME=/opt/rustwide/rustup-home" "-w" "/opt/rustwide/workdir" "-m" "1610612736" "--user" "0:0" "--network" "none" "ghcr.io/rust-lang/crates-build-env/linux@sha256:f3a9d4ad9d972b27faf3965f35b62e55ba32bbce8f20bc8fe909558a86702fde" "/opt/rustwide/cargo-home/bin/cargo" "+beta-2024-12-08" "test" "--frozen" "--no-run" "--message-format=json", kill_on_drop: false }`
[INFO] [stdout] 88eaddd2c27d6301bf65d4d72badb6ea6f48a528ed82788aed929e6cecf27027
[INFO] running `Command { std: "docker" "start" "-a" "88eaddd2c27d6301bf65d4d72badb6ea6f48a528ed82788aed929e6cecf27027", kill_on_drop: false }`
[INFO] [stderr]    Compiling ft60x_rs v0.1.0 (/opt/rustwide/workdir)
[INFO] [stderr]     Finished `test` profile [unoptimized + debuginfo] target(s) in 0.72s
[INFO] running `Command { std: "docker" "inspect" "88eaddd2c27d6301bf65d4d72badb6ea6f48a528ed82788aed929e6cecf27027", kill_on_drop: false }`
[INFO] running `Command { std: "docker" "rm" "-f" "88eaddd2c27d6301bf65d4d72badb6ea6f48a528ed82788aed929e6cecf27027", kill_on_drop: false }`
[INFO] [stdout] 88eaddd2c27d6301bf65d4d72badb6ea6f48a528ed82788aed929e6cecf27027
[INFO] running `Command { std: "docker" "create" "-v" "/var/lib/crater-agent-workspace/builds/worker-1-tc2/target:/opt/rustwide/target:rw,Z" "-v" "/var/lib/crater-agent-workspace/builds/worker-1-tc2/source:/opt/rustwide/workdir:ro,Z" "-v" "/var/lib/crater-agent-workspace/cargo-home:/opt/rustwide/cargo-home:ro,Z" "-v" "/var/lib/crater-agent-workspace/rustup-home:/opt/rustwide/rustup-home:ro,Z" "-e" "SOURCE_DIR=/opt/rustwide/workdir" "-e" "CARGO_TARGET_DIR=/opt/rustwide/target" "-e" "CARGO_INCREMENTAL=0" "-e" "RUST_BACKTRACE=full" "-e" "RUSTFLAGS=--cap-lints=warn" "-e" "RUSTDOCFLAGS=--cap-lints=warn" "-e" "CARGO_HOME=/opt/rustwide/cargo-home" "-e" "RUSTUP_HOME=/opt/rustwide/rustup-home" "-w" "/opt/rustwide/workdir" "-m" "1610612736" "--user" "0:0" "--network" "none" "ghcr.io/rust-lang/crates-build-env/linux@sha256:f3a9d4ad9d972b27faf3965f35b62e55ba32bbce8f20bc8fe909558a86702fde" "/opt/rustwide/cargo-home/bin/cargo" "+beta-2024-12-08" "test" "--frozen", kill_on_drop: false }`
[INFO] [stdout] d9a3d9251130a945190f0badb0f4c6d66aa293721f14019fc9ea25fdde08da5b
[INFO] running `Command { std: "docker" "start" "-a" "d9a3d9251130a945190f0badb0f4c6d66aa293721f14019fc9ea25fdde08da5b", kill_on_drop: false }`
[INFO] [stderr]     Finished `test` profile [unoptimized + debuginfo] target(s) in 0.03s
[INFO] [stderr]      Running unittests src/lib.rs (/opt/rustwide/target/debug/deps/ft60x_rs-969de9ea203690b5)
[INFO] [stdout] 
[INFO] [stdout] running 0 tests
[INFO] [stdout] 
[INFO] [stdout] test result: ok. 0 passed; 0 failed; 0 ignored; 0 measured; 0 filtered out; finished in 0.00s
[INFO] [stdout] 
[INFO] [stderr]    Doc-tests ft60x_rs
[INFO] [stdout] 
[INFO] [stdout] running 2 tests
[INFO] [stdout] test src/ffi.rs - ffi::lib::wrap_d3xx (line 59) ... FAILED
[INFO] [stdout] test src/ffi.rs - ffi::lib::wrap_d3xx (line 65) ... FAILED
[INFO] [stdout] 
[INFO] [stdout] failures:
[INFO] [stdout] 
[INFO] [stdout] ---- src/ffi.rs - ffi::lib::wrap_d3xx (line 59) stdout ----
[INFO] [stdout] error: cannot find macro `wrap_d3xx` in this scope
[INFO] [stdout]  --> src/ffi.rs:60:1
[INFO] [stdout]   |
[INFO] [stdout] 3 | wrap_d3xx!(FT_ListDevices, pArg1: *mut c_void, pArg2: *mut c_void, flags: c_ulong);
[INFO] [stdout]   | ^^^^^^^^^
[INFO] [stdout] 
[INFO] [stdout] error: aborting due to 1 previous error
[INFO] [stdout] 
[INFO] [stdout] Couldn't compile the test.
[INFO] [stdout] ---- src/ffi.rs - ffi::lib::wrap_d3xx (line 65) stdout ----
[INFO] [stdout] error[E0412]: cannot find type `c_void` in this scope
[INFO] [stdout]  --> src/ffi.rs:66:38
[INFO] [stdout]   |
[INFO] [stdout] 3 | unsafe fn FT_ListDevices(pArg1: *mut c_void, pArg2: *mut c_void, flags: c_ulong) -> Result<()> {
[INFO] [stdout]   |                                      ^^^^^^ not found in this scope
[INFO] [stdout]   |
[INFO] [stdout] help: consider importing one of these items
[INFO] [stdout]   |
[INFO] [stdout] 2 + use std::ffi::c_void;
[INFO] [stdout]   |
[INFO] [stdout] 2 + use std::os::raw::c_void;
[INFO] [stdout]   |
[INFO] [stdout] 2 + use core::ffi::c_void;
[INFO] [stdout]   |
[INFO] [stdout] 2 + use libc::c_void;
[INFO] [stdout]   |
[INFO] [stdout] 
[INFO] [stdout] error[E0412]: cannot find type `c_void` in this scope
[INFO] [stdout]  --> src/ffi.rs:66:58
[INFO] [stdout]   |
[INFO] [stdout] 3 | unsafe fn FT_ListDevices(pArg1: *mut c_void, pArg2: *mut c_void, flags: c_ulong) -> Result<()> {
[INFO] [stdout]   |                                                          ^^^^^^ not found in this scope
[INFO] [stdout]   |
[INFO] [stdout] help: consider importing one of these items
[INFO] [stdout]   |
[INFO] [stdout] 2 + use std::ffi::c_void;
[INFO] [stdout]   |
[INFO] [stdout] 2 + use std::os::raw::c_void;
[INFO] [stdout]   |
[INFO] [stdout] 2 + use core::ffi::c_void;
[INFO] [stdout]   |
[INFO] [stdout] 2 + use libc::c_void;
[INFO] [stdout]   |
[INFO] [stdout] 
[INFO] [stdout] error[E0412]: cannot find type `c_ulong` in this scope
[INFO] [stdout]  --> src/ffi.rs:66:73
[INFO] [stdout]   |
[INFO] [stdout] 3 | unsafe fn FT_ListDevices(pArg1: *mut c_void, pArg2: *mut c_void, flags: c_ulong) -> Result<()> {
[INFO] [stdout]   |                                                                         ^^^^^^^ not found in this scope
[INFO] [stdout]   |
[INFO] [stdout] help: consider importing one of these type aliases
[INFO] [stdout]   |
[INFO] [stdout] 2 + use std::ffi::c_ulong;
[INFO] [stdout]   |
[INFO] [stdout] 2 + use std::os::raw::c_ulong;
[INFO] [stdout]   |
[INFO] [stdout] 2 + use core::ffi::c_ulong;
[INFO] [stdout]   |
[INFO] [stdout] 2 + use libc::c_ulong;
[INFO] [stdout]   |
[INFO] [stdout] 
[INFO] [stdout] error[E0412]: cannot find type `c_void` in this scope
[INFO] [stdout]  --> src/ffi.rs:67:40
[INFO] [stdout]   |
[INFO] [stdout] 4 |     type F = unsafe extern "C" fn(*mut c_void, *mut c_void, c_ulong) -> FT_STATUS;
[INFO] [stdout]   |                                        ^^^^^^ not found in this scope
[INFO] [stdout]   |
[INFO] [stdout] help: consider importing one of these items
[INFO] [stdout]   |
[INFO] [stdout] 2 + use std::ffi::c_void;
[INFO] [stdout]   |
[INFO] [stdout] 2 + use std::os::raw::c_void;
[INFO] [stdout]   |
[INFO] [stdout] 2 + use core::ffi::c_void;
[INFO] [stdout]   |
[INFO] [stdout] 2 + use libc::c_void;
[INFO] [stdout]   |
[INFO] [stdout] 
[INFO] [stdout] error[E0412]: cannot find type `c_void` in this scope
[INFO] [stdout]  --> src/ffi.rs:67:53
[INFO] [stdout]   |
[INFO] [stdout] 4 |     type F = unsafe extern "C" fn(*mut c_void, *mut c_void, c_ulong) -> FT_STATUS;
[INFO] [stdout]   |                                                     ^^^^^^ not found in this scope
[INFO] [stdout]   |
[INFO] [stdout] help: consider importing one of these items
[INFO] [stdout]   |
[INFO] [stdout] 2 + use std::ffi::c_void;
[INFO] [stdout]   |
[INFO] [stdout] 2 + use std::os::raw::c_void;
[INFO] [stdout]   |
[INFO] [stdout] 2 + use core::ffi::c_void;
[INFO] [stdout]   |
[INFO] [stdout] 2 + use libc::c_void;
[INFO] [stdout]   |
[INFO] [stdout] 
[INFO] [stdout] error[E0412]: cannot find type `c_ulong` in this scope
[INFO] [stdout]  --> src/ffi.rs:67:61
[INFO] [stdout]   |
[INFO] [stdout] 4 |     type F = unsafe extern "C" fn(*mut c_void, *mut c_void, c_ulong) -> FT_STATUS;
[INFO] [stdout]   |                                                             ^^^^^^^ not found in this scope
[INFO] [stdout]   |
[INFO] [stdout] help: consider importing one of these type aliases
[INFO] [stdout]   |
[INFO] [stdout] 2 + use std::ffi::c_ulong;
[INFO] [stdout]   |
[INFO] [stdout] 2 + use std::os::raw::c_ulong;
[INFO] [stdout]   |
[INFO] [stdout] 2 + use core::ffi::c_ulong;
[INFO] [stdout]   |
[INFO] [stdout] 2 + use libc::c_ulong;
[INFO] [stdout]   |
[INFO] [stdout] 
[INFO] [stdout] error[E0412]: cannot find type `FT_STATUS` in this scope
[INFO] [stdout]  --> src/ffi.rs:67:73
[INFO] [stdout]   |
[INFO] [stdout] 4 |     type F = unsafe extern "C" fn(*mut c_void, *mut c_void, c_ulong) -> FT_STATUS;
[INFO] [stdout]   |                                                                         ^^^^^^^^^ not found in this scope
[INFO] [stdout] 
[INFO] [stdout] error[E0412]: cannot find type `OnceCell` in this scope
[INFO] [stdout]  --> src/ffi.rs:68:20
[INFO] [stdout]   |
[INFO] [stdout] 5 |     static SYMBOL: OnceCell<Symbol<F>> = OnceCell::new();
[INFO] [stdout]   |                    ^^^^^^^^ not found in this scope
[INFO] [stdout]   |
[INFO] [stdout] help: consider importing one of these structs
[INFO] [stdout]   |
[INFO] [stdout] 2 + use std::cell::OnceCell;
[INFO] [stdout]   |
[INFO] [stdout] 2 + use once_cell::sync::OnceCell;
[INFO] [stdout]   |
[INFO] [stdout] 2 + use once_cell::unsync::OnceCell;
[INFO] [stdout]   |
[INFO] [stdout] 
[INFO] [stdout] error[E0412]: cannot find type `Symbol` in this scope
[INFO] [stdout]  --> src/ffi.rs:68:29
[INFO] [stdout]   |
[INFO] [stdout] 5 |     static SYMBOL: OnceCell<Symbol<F>> = OnceCell::new();
[INFO] [stdout]   |                             ^^^^^^ not found in this scope
[INFO] [stdout]   |
[INFO] [stdout] help: consider importing one of these structs
[INFO] [stdout]   |
[INFO] [stdout] 2 + use libloading::Symbol;
[INFO] [stdout]   |
[INFO] [stdout] 2 + use libloading::os::unix::Symbol;
[INFO] [stdout]   |
[INFO] [stdout] 
[INFO] [stdout] error[E0433]: failed to resolve: use of undeclared type `OnceCell`
[INFO] [stdout]  --> src/ffi.rs:68:42
[INFO] [stdout]   |
[INFO] [stdout] 5 |     static SYMBOL: OnceCell<Symbol<F>> = OnceCell::new();
[INFO] [stdout]   |                                          ^^^^^^^^ use of undeclared type `OnceCell`
[INFO] [stdout]   |
[INFO] [stdout] help: consider importing one of these structs
[INFO] [stdout]   |
[INFO] [stdout] 2 + use std::cell::OnceCell;
[INFO] [stdout]   |
[INFO] [stdout] 2 + use once_cell::sync::OnceCell;
[INFO] [stdout]   |
[INFO] [stdout] 2 + use once_cell::unsync::OnceCell;
[INFO] [stdout]   |
[INFO] [stdout] 
[INFO] [stdout] error[E0433]: failed to resolve: use of undeclared type `D3xxError`
[INFO] [stdout]   --> src/ffi.rs:73:19
[INFO] [stdout]    |
[INFO] [stdout] 10 |        return Err(D3xxError::from(res as u32).into());
[INFO] [stdout]    |                   ^^^^^^^^^ use of undeclared type `D3xxError`
[INFO] [stdout]    |
[INFO] [stdout] help: consider importing this enum
[INFO] [stdout]    |
[INFO] [stdout] 2  + use ft60x_rs::D3xxError;
[INFO] [stdout]    |
[INFO] [stdout] 
[INFO] [stdout] error[E0107]: enum takes 2 generic arguments but 1 generic argument was supplied
[INFO] [stdout]  --> src/ffi.rs:66:85
[INFO] [stdout]   |
[INFO] [stdout] 3 | unsafe fn FT_ListDevices(pArg1: *mut c_void, pArg2: *mut c_void, flags: c_ulong) -> Result<()> {
[INFO] [stdout]   |                                                                                     ^^^^^^ -- supplied 1 generic argument
[INFO] [stdout]   |                                                                                     |
[INFO] [stdout]   |                                                                                     expected 2 generic arguments
[INFO] [stdout]   |
[INFO] [stdout] help: add missing generic argument
[INFO] [stdout]   |
[INFO] [stdout] 3 | unsafe fn FT_ListDevices(pArg1: *mut c_void, pArg2: *mut c_void, flags: c_ulong) -> Result<(), E> {
[INFO] [stdout]   |                                                                                              +++
[INFO] [stdout] 
[INFO] [stdout] error[E0425]: cannot find function `d3xx_fn` in this scope
[INFO] [stdout]  --> src/ffi.rs:70:42
[INFO] [stdout]   |
[INFO] [stdout] 7 |     let func = SYMBOL.get_or_try_init(|| d3xx_fn::<F>(stringify!($name)))?;
[INFO] [stdout]   |                                          ^^^^^^^ not found in this scope
[INFO] [stdout] 
[INFO] [stdout] error: aborting due to 13 previous errors
[INFO] [stdout] 
[INFO] [stdout] Some errors have detailed explanations: E0107, E0412, E0425, E0433.
[INFO] [stdout] For more information about an error, try `rustc --explain E0107`.
[INFO] [stdout] Couldn't compile the test.
[INFO] [stdout] 
[INFO] [stdout] failures:
[INFO] [stdout]     src/ffi.rs - ffi::lib::wrap_d3xx (line 59)
[INFO] [stdout]     src/ffi.rs - ffi::lib::wrap_d3xx (line 65)
[INFO] [stdout] 
[INFO] [stdout] test result: FAILED. 0 passed; 2 failed; 0 ignored; 0 measured; 0 filtered out; finished in 0.07s
[INFO] [stdout] 
[INFO] [stderr] error: doctest failed, to rerun pass `--doc`
[INFO] running `Command { std: "docker" "inspect" "d9a3d9251130a945190f0badb0f4c6d66aa293721f14019fc9ea25fdde08da5b", kill_on_drop: false }`
[INFO] running `Command { std: "docker" "rm" "-f" "d9a3d9251130a945190f0badb0f4c6d66aa293721f14019fc9ea25fdde08da5b", kill_on_drop: false }`
[INFO] [stdout] d9a3d9251130a945190f0badb0f4c6d66aa293721f14019fc9ea25fdde08da5b
