[INFO] fetching crate frame-election-provider-solution-type 14.0.1...
[INFO] testing frame-election-provider-solution-type-14.0.1 against 1.83.0 for beta-1.84.0-4-retry
[INFO] extracting crate frame-election-provider-solution-type 14.0.1 into /workspace/builds/worker-5-tc1/source
[INFO] validating manifest of crates.io crate frame-election-provider-solution-type 14.0.1 on toolchain 1.83.0
[INFO] running `Command { std: CARGO_HOME="/workspace/cargo-home" RUSTUP_HOME="/workspace/rustup-home" "/workspace/cargo-home/bin/cargo" "+1.83.0" "metadata" "--manifest-path" "Cargo.toml" "--no-deps", kill_on_drop: false }`
[INFO] started tweaking crates.io crate frame-election-provider-solution-type 14.0.1
[INFO] finished tweaking crates.io crate frame-election-provider-solution-type 14.0.1
[INFO] tweaked toml for crates.io crate frame-election-provider-solution-type 14.0.1 written to /workspace/builds/worker-5-tc1/source/Cargo.toml
[INFO] running `Command { std: CARGO_HOME="/workspace/cargo-home" RUSTUP_HOME="/workspace/rustup-home" "/workspace/cargo-home/bin/cargo" "+1.83.0" "generate-lockfile" "--manifest-path" "Cargo.toml", kill_on_drop: false }`
[INFO] [stderr]     Updating crates.io index
[INFO] [stderr]      Locking 49 packages to latest compatible versions
[INFO] running `Command { std: CARGO_HOME="/workspace/cargo-home" RUSTUP_HOME="/workspace/rustup-home" "/workspace/cargo-home/bin/cargo" "+1.83.0" "fetch" "--manifest-path" "Cargo.toml", kill_on_drop: false }`
[INFO] running `Command { std: "docker" "create" "-v" "/var/lib/crater-agent-workspace/builds/worker-5-tc1/target:/opt/rustwide/target:rw,Z" "-v" "/var/lib/crater-agent-workspace/builds/worker-5-tc1/source:/opt/rustwide/workdir:ro,Z" "-v" "/var/lib/crater-agent-workspace/cargo-home:/opt/rustwide/cargo-home:ro,Z" "-v" "/var/lib/crater-agent-workspace/rustup-home:/opt/rustwide/rustup-home:ro,Z" "-e" "SOURCE_DIR=/opt/rustwide/workdir" "-e" "CARGO_TARGET_DIR=/opt/rustwide/target" "-e" "CARGO_HOME=/opt/rustwide/cargo-home" "-e" "RUSTUP_HOME=/opt/rustwide/rustup-home" "-w" "/opt/rustwide/workdir" "-m" "1610612736" "--user" "0:0" "--network" "none" "ghcr.io/rust-lang/crates-build-env/linux@sha256:f3a9d4ad9d972b27faf3965f35b62e55ba32bbce8f20bc8fe909558a86702fde" "/opt/rustwide/cargo-home/bin/cargo" "+1.83.0" "metadata" "--no-deps" "--format-version=1", kill_on_drop: false }`
[INFO] [stdout] b066e655eb29adefc2f9fa5759ed935c48d3d279e705ca84c6836e96e52dbb07
[INFO] running `Command { std: "docker" "start" "-a" "b066e655eb29adefc2f9fa5759ed935c48d3d279e705ca84c6836e96e52dbb07", kill_on_drop: false }`
[INFO] running `Command { std: "docker" "inspect" "b066e655eb29adefc2f9fa5759ed935c48d3d279e705ca84c6836e96e52dbb07", kill_on_drop: false }`
[INFO] running `Command { std: "docker" "rm" "-f" "b066e655eb29adefc2f9fa5759ed935c48d3d279e705ca84c6836e96e52dbb07", kill_on_drop: false }`
[INFO] [stdout] b066e655eb29adefc2f9fa5759ed935c48d3d279e705ca84c6836e96e52dbb07
[INFO] running `Command { std: "docker" "create" "-v" "/var/lib/crater-agent-workspace/builds/worker-5-tc1/target:/opt/rustwide/target:rw,Z" "-v" "/var/lib/crater-agent-workspace/builds/worker-5-tc1/source:/opt/rustwide/workdir:ro,Z" "-v" "/var/lib/crater-agent-workspace/cargo-home:/opt/rustwide/cargo-home:ro,Z" "-v" "/var/lib/crater-agent-workspace/rustup-home:/opt/rustwide/rustup-home:ro,Z" "-e" "SOURCE_DIR=/opt/rustwide/workdir" "-e" "CARGO_TARGET_DIR=/opt/rustwide/target" "-e" "CARGO_INCREMENTAL=0" "-e" "RUST_BACKTRACE=full" "-e" "RUSTFLAGS=--cap-lints=warn" "-e" "RUSTDOCFLAGS=--cap-lints=warn" "-e" "CARGO_HOME=/opt/rustwide/cargo-home" "-e" "RUSTUP_HOME=/opt/rustwide/rustup-home" "-w" "/opt/rustwide/workdir" "-m" "1610612736" "--user" "0:0" "--network" "none" "ghcr.io/rust-lang/crates-build-env/linux@sha256:f3a9d4ad9d972b27faf3965f35b62e55ba32bbce8f20bc8fe909558a86702fde" "/opt/rustwide/cargo-home/bin/cargo" "+1.83.0" "build" "--frozen" "--message-format=json", kill_on_drop: false }`
[INFO] [stdout] a39b0f6f67fb9bc95c7be577f794b1c9b57a86aa275216d60dad9f7d2382dc17
[INFO] running `Command { std: "docker" "start" "-a" "a39b0f6f67fb9bc95c7be577f794b1c9b57a86aa275216d60dad9f7d2382dc17", kill_on_drop: false }`
[INFO] [stderr]    Compiling hashbrown v0.15.2
[INFO] [stderr]    Compiling equivalent v1.0.1
[INFO] [stderr]    Compiling winnow v0.6.20
[INFO] [stderr]    Compiling toml_datetime v0.6.8
[INFO] [stderr]    Compiling syn v2.0.90
[INFO] [stderr]    Compiling indexmap v2.7.0
[INFO] [stderr]    Compiling toml_edit v0.22.22
[INFO] [stderr]    Compiling proc-macro-crate v3.2.0
[INFO] [stderr]    Compiling frame-election-provider-solution-type v14.0.1 (/opt/rustwide/workdir)
[INFO] [stderr]     Finished `dev` profile [unoptimized + debuginfo] target(s) in 8.95s
[INFO] running `Command { std: "docker" "inspect" "a39b0f6f67fb9bc95c7be577f794b1c9b57a86aa275216d60dad9f7d2382dc17", kill_on_drop: false }`
[INFO] running `Command { std: "docker" "rm" "-f" "a39b0f6f67fb9bc95c7be577f794b1c9b57a86aa275216d60dad9f7d2382dc17", kill_on_drop: false }`
[INFO] [stdout] a39b0f6f67fb9bc95c7be577f794b1c9b57a86aa275216d60dad9f7d2382dc17
[INFO] running `Command { std: "docker" "create" "-v" "/var/lib/crater-agent-workspace/builds/worker-5-tc1/target:/opt/rustwide/target:rw,Z" "-v" "/var/lib/crater-agent-workspace/builds/worker-5-tc1/source:/opt/rustwide/workdir:ro,Z" "-v" "/var/lib/crater-agent-workspace/cargo-home:/opt/rustwide/cargo-home:ro,Z" "-v" "/var/lib/crater-agent-workspace/rustup-home:/opt/rustwide/rustup-home:ro,Z" "-e" "SOURCE_DIR=/opt/rustwide/workdir" "-e" "CARGO_TARGET_DIR=/opt/rustwide/target" "-e" "CARGO_INCREMENTAL=0" "-e" "RUST_BACKTRACE=full" "-e" "RUSTFLAGS=--cap-lints=warn" "-e" "RUSTDOCFLAGS=--cap-lints=warn" "-e" "CARGO_HOME=/opt/rustwide/cargo-home" "-e" "RUSTUP_HOME=/opt/rustwide/rustup-home" "-w" "/opt/rustwide/workdir" "-m" "1610612736" "--user" "0:0" "--network" "none" "ghcr.io/rust-lang/crates-build-env/linux@sha256:f3a9d4ad9d972b27faf3965f35b62e55ba32bbce8f20bc8fe909558a86702fde" "/opt/rustwide/cargo-home/bin/cargo" "+1.83.0" "test" "--frozen" "--no-run" "--message-format=json", kill_on_drop: false }`
[INFO] [stdout] b94b996379b9d963315a4d970493a761813e9fd26b392bc11e26679baad38205
[INFO] running `Command { std: "docker" "start" "-a" "b94b996379b9d963315a4d970493a761813e9fd26b392bc11e26679baad38205", kill_on_drop: false }`
[INFO] [stderr]    Compiling serde v1.0.216
[INFO] [stderr]    Compiling syn v1.0.109
[INFO] [stderr]    Compiling target-triple v0.1.3
[INFO] [stderr]    Compiling byte-slice-cast v1.2.2
[INFO] [stderr]    Compiling arrayvec v0.7.6
[INFO] [stderr]    Compiling termcolor v1.4.1
[INFO] [stderr]    Compiling cfg-if v1.0.0
[INFO] [stderr]    Compiling glob v0.3.1
[INFO] [stderr]    Compiling syn v2.0.90
[INFO] [stderr]    Compiling toml_datetime v0.6.8
[INFO] [stderr]    Compiling serde_spanned v0.6.8
[INFO] [stderr]    Compiling serde_json v1.0.133
[INFO] [stderr]    Compiling toml_edit v0.22.22
[INFO] [stderr]    Compiling impl-trait-for-tuples v0.2.3
[INFO] [stderr]    Compiling derive_more-impl v1.0.0
[INFO] [stderr]    Compiling serde_derive v1.0.216
[INFO] [stderr]    Compiling proc-macro-crate v3.2.0
[INFO] [stderr]    Compiling toml v0.8.19
[INFO] [stderr]    Compiling parity-scale-codec-derive v3.6.12
[INFO] [stderr]    Compiling frame-election-provider-solution-type v14.0.1 (/opt/rustwide/workdir)
[INFO] [stderr]    Compiling derive_more v1.0.0
[INFO] [stderr]    Compiling parity-scale-codec v3.6.12
[INFO] [stderr]    Compiling trybuild v1.0.101
[INFO] [stderr]    Compiling scale-info v2.11.6
[INFO] [stderr]     Finished `test` profile [unoptimized + debuginfo] target(s) in 19.94s
[INFO] running `Command { std: "docker" "inspect" "b94b996379b9d963315a4d970493a761813e9fd26b392bc11e26679baad38205", kill_on_drop: false }`
[INFO] running `Command { std: "docker" "rm" "-f" "b94b996379b9d963315a4d970493a761813e9fd26b392bc11e26679baad38205", kill_on_drop: false }`
[INFO] [stdout] b94b996379b9d963315a4d970493a761813e9fd26b392bc11e26679baad38205
[INFO] running `Command { std: "docker" "create" "-v" "/var/lib/crater-agent-workspace/builds/worker-5-tc1/target:/opt/rustwide/target:rw,Z" "-v" "/var/lib/crater-agent-workspace/builds/worker-5-tc1/source:/opt/rustwide/workdir:ro,Z" "-v" "/var/lib/crater-agent-workspace/cargo-home:/opt/rustwide/cargo-home:ro,Z" "-v" "/var/lib/crater-agent-workspace/rustup-home:/opt/rustwide/rustup-home:ro,Z" "-e" "SOURCE_DIR=/opt/rustwide/workdir" "-e" "CARGO_TARGET_DIR=/opt/rustwide/target" "-e" "CARGO_INCREMENTAL=0" "-e" "RUST_BACKTRACE=full" "-e" "RUSTFLAGS=--cap-lints=warn" "-e" "RUSTDOCFLAGS=--cap-lints=warn" "-e" "CARGO_HOME=/opt/rustwide/cargo-home" "-e" "RUSTUP_HOME=/opt/rustwide/rustup-home" "-w" "/opt/rustwide/workdir" "-m" "1610612736" "--user" "0:0" "--network" "none" "ghcr.io/rust-lang/crates-build-env/linux@sha256:f3a9d4ad9d972b27faf3965f35b62e55ba32bbce8f20bc8fe909558a86702fde" "/opt/rustwide/cargo-home/bin/cargo" "+1.83.0" "test" "--frozen", kill_on_drop: false }`
[INFO] [stdout] 1b8a204200690b2aff7f1fc54cd4af60c34d05c29c8bf0d9870e4cc65438c660
[INFO] running `Command { std: "docker" "start" "-a" "1b8a204200690b2aff7f1fc54cd4af60c34d05c29c8bf0d9870e4cc65438c660", kill_on_drop: false }`
[INFO] [stderr]     Finished `test` profile [unoptimized + debuginfo] target(s) in 0.05s
[INFO] [stderr]      Running unittests src/lib.rs (/opt/rustwide/target/debug/deps/frame_election_provider_solution_type-a71869f7a0ef935e)
[INFO] [stdout] 
[INFO] [stdout] running 1 test
[INFO] [stdout] test tests::ui_fail ... ok
[INFO] [stdout] 
[INFO] [stdout] test result: ok. 1 passed; 0 failed; 0 ignored; 0 measured; 0 filtered out; finished in 0.00s
[INFO] [stdout] 
[INFO] [stderr]    Doc-tests frame_election_provider_solution_type
[INFO] [stdout] 
[INFO] [stdout] running 3 tests
[INFO] [stdout] test src/lib.rs - generate_solution_type (line 79) ... ignored
[INFO] [stdout] test src/lib.rs - generate_solution_type (line 65) ... FAILED
[INFO] [stdout] test src/lib.rs - generate_solution_type (line 110) ... FAILED
[INFO] [stdout] 
[INFO] [stdout] failures:
[INFO] [stdout] 
[INFO] [stdout] ---- src/lib.rs - generate_solution_type (line 65) stdout ----
[INFO] [stdout] error: Could not find `frame-election-provider-support` in `dependencies` or `dev-dependencies` in `/opt/rustwide/workdir/Cargo.toml`!
[INFO] [stdout]   --> src/lib.rs:70:1
[INFO] [stdout]    |
[INFO] [stdout] 8  | / generate_solution_type!(pub struct TestSolution::<
[INFO] [stdout] 9  | |     VoterIndex = u16,
[INFO] [stdout] 10 | |     TargetIndex = u8,
[INFO] [stdout] 11 | |     Accuracy = Perbill,
[INFO] [stdout] 12 | |     MaxVoters = ConstU32::<10>,
[INFO] [stdout] 13 | | >(4));
[INFO] [stdout]    | |_____^
[INFO] [stdout]    |
[INFO] [stdout]    = note: this error originates in the macro `generate_solution_type` (in Nightly builds, run with -Z macro-backtrace for more info)
[INFO] [stdout] 
[INFO] [stdout] error[E0433]: failed to resolve: use of undeclared crate or module `sp_arithmetic`
[INFO] [stdout]  --> src/lib.rs:68:5
[INFO] [stdout]   |
[INFO] [stdout] 6 | use sp_arithmetic::per_things::Perbill;
[INFO] [stdout]   |     ^^^^^^^^^^^^^ use of undeclared crate or module `sp_arithmetic`
[INFO] [stdout] 
[INFO] [stdout] error[E0433]: failed to resolve: use of undeclared crate or module `frame_support`
[INFO] [stdout]  --> src/lib.rs:69:5
[INFO] [stdout]   |
[INFO] [stdout] 7 | use frame_support::traits::ConstU32;
[INFO] [stdout]   |     ^^^^^^^^^^^^^ use of undeclared crate or module `frame_support`
[INFO] [stdout] 
[INFO] [stdout] error[E0432]: unresolved import `_fepsp`
[INFO] [stdout]   --> src/lib.rs:70:1
[INFO] [stdout]    |
[INFO] [stdout] 8  | / generate_solution_type!(pub struct TestSolution::<
[INFO] [stdout] 9  | |     VoterIndex = u16,
[INFO] [stdout] 10 | |     TargetIndex = u8,
[INFO] [stdout] 11 | |     Accuracy = Perbill,
[INFO] [stdout] 12 | |     MaxVoters = ConstU32::<10>,
[INFO] [stdout] 13 | | >(4));
[INFO] [stdout]    | |_____^ use of undeclared crate or module `_fepsp`
[INFO] [stdout]    |
[INFO] [stdout]    = note: this error originates in the macro `generate_solution_type` (in Nightly builds, run with -Z macro-backtrace for more info)
[INFO] [stdout] 
[INFO] [stdout] error[E0433]: failed to resolve: use of undeclared crate or module `frame_support`
[INFO] [stdout]   --> src/lib.rs:70:1
[INFO] [stdout]    |
[INFO] [stdout] 8  | / generate_solution_type!(pub struct TestSolution::<
[INFO] [stdout] 9  | |     VoterIndex = u16,
[INFO] [stdout] 10 | |     TargetIndex = u8,
[INFO] [stdout] 11 | |     Accuracy = Perbill,
[INFO] [stdout] 12 | |     MaxVoters = ConstU32::<10>,
[INFO] [stdout] 13 | | >(4));
[INFO] [stdout]    | |_____^ use of undeclared crate or module `frame_support`
[INFO] [stdout]    |
[INFO] [stdout]    = note: this error originates in the macro `generate_solution_type` (in Nightly builds, run with -Z macro-backtrace for more info)
[INFO] [stdout] 
[INFO] [stdout] error[E0433]: failed to resolve: use of undeclared crate or module `_fepsp`
[INFO] [stdout]   --> src/lib.rs:70:1
[INFO] [stdout]    |
[INFO] [stdout] 8  | / generate_solution_type!(pub struct TestSolution::<
[INFO] [stdout] 9  | |     VoterIndex = u16,
[INFO] [stdout] 10 | |     TargetIndex = u8,
[INFO] [stdout] 11 | |     Accuracy = Perbill,
[INFO] [stdout] 12 | |     MaxVoters = ConstU32::<10>,
[INFO] [stdout] 13 | | >(4));
[INFO] [stdout]    | |_____^ use of undeclared crate or module `_fepsp`
[INFO] [stdout]    |
[INFO] [stdout]    = note: this error originates in the macro `generate_solution_type` (in Nightly builds, run with -Z macro-backtrace for more info)
[INFO] [stdout] 
[INFO] [stdout] error[E0433]: failed to resolve: use of undeclared crate or module `_feps`
[INFO] [stdout]   --> src/lib.rs:70:1
[INFO] [stdout]    |
[INFO] [stdout] 8  | / generate_solution_type!(pub struct TestSolution::<
[INFO] [stdout] 9  | |     VoterIndex = u16,
[INFO] [stdout] 10 | |     TargetIndex = u8,
[INFO] [stdout] 11 | |     Accuracy = Perbill,
[INFO] [stdout] 12 | |     MaxVoters = ConstU32::<10>,
[INFO] [stdout] 13 | | >(4));
[INFO] [stdout]    | |_____^ use of undeclared crate or module `_feps`
[INFO] [stdout]    |
[INFO] [stdout]    = note: this error originates in the macro `generate_solution_type` (in Nightly builds, run with -Z macro-backtrace for more info)
[INFO] [stdout] help: consider importing one of these items
[INFO] [stdout]    |
[INFO] [stdout] 2  + use std::error::Error;
[INFO] [stdout]    |
[INFO] [stdout] 2  + use std::fmt::Error;
[INFO] [stdout]    |
[INFO] [stdout] 2  + use std::io::Error;
[INFO] [stdout]    |
[INFO] [stdout] 2  + use core::error::Error;
[INFO] [stdout]    |
[INFO] [stdout]      and 5 other candidates
[INFO] [stdout] 
[INFO] [stdout] error[E0433]: failed to resolve: use of undeclared crate or module `_fepsp`
[INFO] [stdout]   --> src/lib.rs:70:1
[INFO] [stdout]    |
[INFO] [stdout] 8  | / generate_solution_type!(pub struct TestSolution::<
[INFO] [stdout] 9  | |     VoterIndex = u16,
[INFO] [stdout] 10 | |     TargetIndex = u8,
[INFO] [stdout] 11 | |     Accuracy = Perbill,
[INFO] [stdout] 12 | |     MaxVoters = ConstU32::<10>,
[INFO] [stdout] 13 | | >(4));
[INFO] [stdout]    | |_____^ use of undeclared crate or module `_fepsp`
[INFO] [stdout]    |
[INFO] [stdout]    = note: this error originates in the macro `generate_solution_type` (in Nightly builds, run with -Z macro-backtrace for more info)
[INFO] [stdout] help: consider importing one of these structs
[INFO] [stdout]    |
[INFO] [stdout] 2  + use std::num::Saturating;
[INFO] [stdout]    |
[INFO] [stdout] 2  + use scale_info::prelude::num::Saturating;
[INFO] [stdout]    |
[INFO] [stdout] 
[INFO] [stdout] error[E0433]: failed to resolve: use of undeclared crate or module `_feps`
[INFO] [stdout]   --> src/lib.rs:70:1
[INFO] [stdout]    |
[INFO] [stdout] 8  | / generate_solution_type!(pub struct TestSolution::<
[INFO] [stdout] 9  | |     VoterIndex = u16,
[INFO] [stdout] 10 | |     TargetIndex = u8,
[INFO] [stdout] 11 | |     Accuracy = Perbill,
[INFO] [stdout] 12 | |     MaxVoters = ConstU32::<10>,
[INFO] [stdout] 13 | | >(4));
[INFO] [stdout]    | |_____^ use of undeclared crate or module `_feps`
[INFO] [stdout]    |
[INFO] [stdout]    = note: this error originates in the macro `generate_solution_type` (in Nightly builds, run with -Z macro-backtrace for more info)
[INFO] [stdout] 
[INFO] [stdout] error: aborting due to 9 previous errors
[INFO] [stdout] 
[INFO] [stdout] Some errors have detailed explanations: E0432, E0433.
[INFO] [stdout] For more information about an error, try `rustc --explain E0432`.
[INFO] [stdout] Couldn't compile the test.
[INFO] [stdout] ---- src/lib.rs - generate_solution_type (line 110) stdout ----
[INFO] [stdout] error: Could not find `frame-election-provider-support` in `dependencies` or `dev-dependencies` in `/opt/rustwide/workdir/Cargo.toml`!
[INFO] [stdout]   --> src/lib.rs:116:1
[INFO] [stdout]    |
[INFO] [stdout] 9  | / generate_solution_type!(
[INFO] [stdout] 10 | |     #[compact]
[INFO] [stdout] 11 | |     pub struct TestSolutionCompact::<
[INFO] [stdout] 12 | |          VoterIndex = u16,
[INFO] [stdout] ...  |
[INFO] [stdout] 16 | |     >(8)
[INFO] [stdout] 17 | | );
[INFO] [stdout]    | |_^
[INFO] [stdout]    |
[INFO] [stdout]    = note: this error originates in the macro `generate_solution_type` (in Nightly builds, run with -Z macro-backtrace for more info)
[INFO] [stdout] 
[INFO] [stdout] error[E0433]: failed to resolve: use of undeclared crate or module `sp_arithmetic`
[INFO] [stdout]  --> src/lib.rs:114:5
[INFO] [stdout]   |
[INFO] [stdout] 7 | use sp_arithmetic::per_things::Perbill;
[INFO] [stdout]   |     ^^^^^^^^^^^^^ use of undeclared crate or module `sp_arithmetic`
[INFO] [stdout] 
[INFO] [stdout] error[E0433]: failed to resolve: use of undeclared crate or module `frame_support`
[INFO] [stdout]  --> src/lib.rs:115:5
[INFO] [stdout]   |
[INFO] [stdout] 8 | use frame_support::traits::ConstU32;
[INFO] [stdout]   |     ^^^^^^^^^^^^^ use of undeclared crate or module `frame_support`
[INFO] [stdout] 
[INFO] [stdout] error[E0432]: unresolved import `frame_election_provider_support`
[INFO] [stdout]  --> src/lib.rs:113:5
[INFO] [stdout]   |
[INFO] [stdout] 6 | use frame_election_provider_support::NposSolution;
[INFO] [stdout]   |     ^^^^^^^^^^^^^^^^^^^^^^^^^^^^^^^ use of undeclared crate or module `frame_election_provider_support`
[INFO] [stdout]   |
[INFO] [stdout] help: there is a crate or module with a similar name
[INFO] [stdout]   |
[INFO] [stdout] 6 | use frame_election_provider_solution_type::NposSolution;
[INFO] [stdout]   |     ~~~~~~~~~~~~~~~~~~~~~~~~~~~~~~~~~~~~~
[INFO] [stdout] 
[INFO] [stdout] error[E0432]: unresolved import `_fepsp`
[INFO] [stdout]   --> src/lib.rs:116:1
[INFO] [stdout]    |
[INFO] [stdout] 9  | / generate_solution_type!(
[INFO] [stdout] 10 | |     #[compact]
[INFO] [stdout] 11 | |     pub struct TestSolutionCompact::<
[INFO] [stdout] 12 | |          VoterIndex = u16,
[INFO] [stdout] ...  |
[INFO] [stdout] 16 | |     >(8)
[INFO] [stdout] 17 | | );
[INFO] [stdout]    | |_^ use of undeclared crate or module `_fepsp`
[INFO] [stdout]    |
[INFO] [stdout]    = note: this error originates in the macro `generate_solution_type` (in Nightly builds, run with -Z macro-backtrace for more info)
[INFO] [stdout] 
[INFO] [stdout] error[E0433]: failed to resolve: use of undeclared crate or module `frame_support`
[INFO] [stdout]   --> src/lib.rs:116:1
[INFO] [stdout]    |
[INFO] [stdout] 9  | / generate_solution_type!(
[INFO] [stdout] 10 | |     #[compact]
[INFO] [stdout] 11 | |     pub struct TestSolutionCompact::<
[INFO] [stdout] 12 | |          VoterIndex = u16,
[INFO] [stdout] ...  |
[INFO] [stdout] 16 | |     >(8)
[INFO] [stdout] 17 | | );
[INFO] [stdout]    | |_^ use of undeclared crate or module `frame_support`
[INFO] [stdout]    |
[INFO] [stdout]    = note: this error originates in the macro `generate_solution_type` (in Nightly builds, run with -Z macro-backtrace for more info)
[INFO] [stdout] 
[INFO] [stdout] error[E0433]: failed to resolve: use of undeclared crate or module `_fepsp`
[INFO] [stdout]   --> src/lib.rs:116:1
[INFO] [stdout]    |
[INFO] [stdout] 9  | / generate_solution_type!(
[INFO] [stdout] 10 | |     #[compact]
[INFO] [stdout] 11 | |     pub struct TestSolutionCompact::<
[INFO] [stdout] 12 | |          VoterIndex = u16,
[INFO] [stdout] ...  |
[INFO] [stdout] 16 | |     >(8)
[INFO] [stdout] 17 | | );
[INFO] [stdout]    | |_^ use of undeclared crate or module `_fepsp`
[INFO] [stdout]    |
[INFO] [stdout]    = note: this error originates in the macro `generate_solution_type` (in Nightly builds, run with -Z macro-backtrace for more info)
[INFO] [stdout] 
[INFO] [stdout] error[E0433]: failed to resolve: use of undeclared crate or module `_fepsp`
[INFO] [stdout]   --> src/lib.rs:116:1
[INFO] [stdout]    |
[INFO] [stdout] 9  | / generate_solution_type!(
[INFO] [stdout] 10 | |     #[compact]
[INFO] [stdout] 11 | |     pub struct TestSolutionCompact::<
[INFO] [stdout] 12 | |          VoterIndex = u16,
[INFO] [stdout] ...  |
[INFO] [stdout] 16 | |     >(8)
[INFO] [stdout] 17 | | );
[INFO] [stdout]    | |_^ use of undeclared crate or module `_fepsp`
[INFO] [stdout]    |
[INFO] [stdout]    = note: this error originates in the macro `generate_solution_type` (in Nightly builds, run with -Z macro-backtrace for more info)
[INFO] [stdout] help: consider importing this module
[INFO] [stdout]    |
[INFO] [stdout] 2  + use scale_info::form;
[INFO] [stdout]    |
[INFO] [stdout] 
[INFO] [stdout] error[E0433]: failed to resolve: use of undeclared crate or module `_fepsp`
[INFO] [stdout]   --> src/lib.rs:116:1
[INFO] [stdout]    |
[INFO] [stdout] 9  | / generate_solution_type!(
[INFO] [stdout] 10 | |     #[compact]
[INFO] [stdout] 11 | |     pub struct TestSolutionCompact::<
[INFO] [stdout] 12 | |          VoterIndex = u16,
[INFO] [stdout] ...  |
[INFO] [stdout] 16 | |     >(8)
[INFO] [stdout] 17 | | );
[INFO] [stdout]    | |_^ use of undeclared crate or module `_fepsp`
[INFO] [stdout]    |
[INFO] [stdout]    = note: this error originates in the macro `generate_solution_type` (in Nightly builds, run with -Z macro-backtrace for more info)
[INFO] [stdout] help: consider importing one of these items
[INFO] [stdout]    |
[INFO] [stdout] 2  + use scale_info::Type;
[INFO] [stdout]    |
[INFO] [stdout] 2  + use syn::Type;
[INFO] [stdout]    |
[INFO] [stdout] 2  + use syn::token::Type;
[INFO] [stdout]    |
[INFO] [stdout] 
[INFO] [stdout] error[E0433]: failed to resolve: use of undeclared crate or module `_fepsp`
[INFO] [stdout]   --> src/lib.rs:116:1
[INFO] [stdout]    |
[INFO] [stdout] 9  | / generate_solution_type!(
[INFO] [stdout] 10 | |     #[compact]
[INFO] [stdout] 11 | |     pub struct TestSolutionCompact::<
[INFO] [stdout] 12 | |          VoterIndex = u16,
[INFO] [stdout] ...  |
[INFO] [stdout] 16 | |     >(8)
[INFO] [stdout] 17 | | );
[INFO] [stdout]    | |_^ use of undeclared crate or module `_fepsp`
[INFO] [stdout]    |
[INFO] [stdout]    = note: this error originates in the macro `generate_solution_type` (in Nightly builds, run with -Z macro-backtrace for more info)
[INFO] [stdout] help: consider importing one of these structs
[INFO] [stdout]    |
[INFO] [stdout] 2  + use std::path::Path;
[INFO] [stdout]    |
[INFO] [stdout] 2  + use scale_info::Path;
[INFO] [stdout]    |
[INFO] [stdout] 2  + use syn::Path;
[INFO] [stdout]    |
[INFO] [stdout] 
[INFO] [stdout] error[E0433]: failed to resolve: use of undeclared crate or module `_fepsp`
[INFO] [stdout]   --> src/lib.rs:116:1
[INFO] [stdout]    |
[INFO] [stdout] 9  | / generate_solution_type!(
[INFO] [stdout] 10 | |     #[compact]
[INFO] [stdout] 11 | |     pub struct TestSolutionCompact::<
[INFO] [stdout] 12 | |          VoterIndex = u16,
[INFO] [stdout] ...  |
[INFO] [stdout] 16 | |     >(8)
[INFO] [stdout] 17 | | );
[INFO] [stdout]    | |_^ use of undeclared crate or module `_fepsp`
[INFO] [stdout]    |
[INFO] [stdout]    = note: this error originates in the macro `generate_solution_type` (in Nightly builds, run with -Z macro-backtrace for more info)
[INFO] [stdout] help: consider importing one of these items
[INFO] [stdout]    |
[INFO] [stdout] 2  + use scale_info::build::Fields;
[INFO] [stdout]    |
[INFO] [stdout] 2  + use syn::Fields;
[INFO] [stdout]    |
[INFO] [stdout] 
[INFO] [stdout] error[E0433]: failed to resolve: use of undeclared crate or module `_feps`
[INFO] [stdout]   --> src/lib.rs:116:1
[INFO] [stdout]    |
[INFO] [stdout] 9  | / generate_solution_type!(
[INFO] [stdout] 10 | |     #[compact]
[INFO] [stdout] 11 | |     pub struct TestSolutionCompact::<
[INFO] [stdout] 12 | |          VoterIndex = u16,
[INFO] [stdout] ...  |
[INFO] [stdout] 16 | |     >(8)
[INFO] [stdout] 17 | | );
[INFO] [stdout]    | |_^ use of undeclared crate or module `_feps`
[INFO] [stdout]    |
[INFO] [stdout]    = note: this error originates in the macro `generate_solution_type` (in Nightly builds, run with -Z macro-backtrace for more info)
[INFO] [stdout] help: consider importing one of these items
[INFO] [stdout]    |
[INFO] [stdout] 2  + use std::error::Error;
[INFO] [stdout]    |
[INFO] [stdout] 2  + use std::fmt::Error;
[INFO] [stdout]    |
[INFO] [stdout] 2  + use std::io::Error;
[INFO] [stdout]    |
[INFO] [stdout] 2  + use core::error::Error;
[INFO] [stdout]    |
[INFO] [stdout]      and 5 other candidates
[INFO] [stdout] 
[INFO] [stdout] error[E0433]: failed to resolve: use of undeclared crate or module `_fepsp`
[INFO] [stdout]   --> src/lib.rs:116:1
[INFO] [stdout]    |
[INFO] [stdout] 9  | / generate_solution_type!(
[INFO] [stdout] 10 | |     #[compact]
[INFO] [stdout] 11 | |     pub struct TestSolutionCompact::<
[INFO] [stdout] 12 | |          VoterIndex = u16,
[INFO] [stdout] ...  |
[INFO] [stdout] 16 | |     >(8)
[INFO] [stdout] 17 | | );
[INFO] [stdout]    | |_^ use of undeclared crate or module `_fepsp`
[INFO] [stdout]    |
[INFO] [stdout]    = note: this error originates in the macro `generate_solution_type` (in Nightly builds, run with -Z macro-backtrace for more info)
[INFO] [stdout] help: consider importing one of these structs
[INFO] [stdout]    |
[INFO] [stdout] 2  + use std::num::Saturating;
[INFO] [stdout]    |
[INFO] [stdout] 2  + use scale_info::prelude::num::Saturating;
[INFO] [stdout]    |
[INFO] [stdout] 
[INFO] [stdout] error[E0433]: failed to resolve: use of undeclared crate or module `_feps`
[INFO] [stdout]   --> src/lib.rs:116:1
[INFO] [stdout]    |
[INFO] [stdout] 9  | / generate_solution_type!(
[INFO] [stdout] 10 | |     #[compact]
[INFO] [stdout] 11 | |     pub struct TestSolutionCompact::<
[INFO] [stdout] 12 | |          VoterIndex = u16,
[INFO] [stdout] ...  |
[INFO] [stdout] 16 | |     >(8)
[INFO] [stdout] 17 | | );
[INFO] [stdout]    | |_^ use of undeclared crate or module `_feps`
[INFO] [stdout]    |
[INFO] [stdout]    = note: this error originates in the macro `generate_solution_type` (in Nightly builds, run with -Z macro-backtrace for more info)
[INFO] [stdout] 
[INFO] [stdout] error: aborting due to 14 previous errors
[INFO] [stdout] 
[INFO] [stdout] Some errors have detailed explanations: E0432, E0433.
[INFO] [stdout] For more information about an error, try `rustc --explain E0432`.
[INFO] [stdout] Couldn't compile the test.
[INFO] [stdout] 
[INFO] [stdout] failures:
[INFO] [stdout]     src/lib.rs - generate_solution_type (line 110)
[INFO] [stdout]     src/lib.rs - generate_solution_type (line 65)
[INFO] [stdout] 
[INFO] [stdout] test result: FAILED. 0 passed; 2 failed; 1 ignored; 0 measured; 0 filtered out; finished in 1.31s
[INFO] [stdout] 
[INFO] [stderr] error: doctest failed, to rerun pass `--doc`
[INFO] running `Command { std: "docker" "inspect" "1b8a204200690b2aff7f1fc54cd4af60c34d05c29c8bf0d9870e4cc65438c660", kill_on_drop: false }`
[INFO] running `Command { std: "docker" "rm" "-f" "1b8a204200690b2aff7f1fc54cd4af60c34d05c29c8bf0d9870e4cc65438c660", kill_on_drop: false }`
[INFO] [stdout] 1b8a204200690b2aff7f1fc54cd4af60c34d05c29c8bf0d9870e4cc65438c660
