[INFO] fetching crate fractus 0.1.11...
[INFO] testing fractus-0.1.11 against 1.83.0 for beta-1.84.0-4-retry
[INFO] extracting crate fractus 0.1.11 into /workspace/builds/worker-1-tc1/source
[INFO] validating manifest of crates.io crate fractus 0.1.11 on toolchain 1.83.0
[INFO] running `Command { std: CARGO_HOME="/workspace/cargo-home" RUSTUP_HOME="/workspace/rustup-home" "/workspace/cargo-home/bin/cargo" "+1.83.0" "metadata" "--manifest-path" "Cargo.toml" "--no-deps", kill_on_drop: false }`
[INFO] started tweaking crates.io crate fractus 0.1.11
[INFO] finished tweaking crates.io crate fractus 0.1.11
[INFO] tweaked toml for crates.io crate fractus 0.1.11 written to /workspace/builds/worker-1-tc1/source/Cargo.toml
[INFO] running `Command { std: CARGO_HOME="/workspace/cargo-home" RUSTUP_HOME="/workspace/rustup-home" "/workspace/cargo-home/bin/cargo" "+1.83.0" "generate-lockfile" "--manifest-path" "Cargo.toml", kill_on_drop: false }`
[INFO] [stderr]     Updating crates.io index
[INFO] [stderr]      Locking 125 packages to latest compatible versions
[INFO] [stderr]       Adding pyo3 v0.22.6 (available: v0.23.3)
[INFO] [stderr]       Adding thiserror v1.0.69 (available: v2.0.7)
[INFO] running `Command { std: CARGO_HOME="/workspace/cargo-home" RUSTUP_HOME="/workspace/rustup-home" "/workspace/cargo-home/bin/cargo" "+1.83.0" "fetch" "--manifest-path" "Cargo.toml", kill_on_drop: false }`
[INFO] [stderr]  Downloading crates ...
[INFO] [stderr]   Downloaded primal-estimate v0.3.3
[INFO] [stderr]   Downloaded primal-bit v0.3.2
[INFO] [stderr]   Downloaded amalie v0.1.2
[INFO] [stderr]   Downloaded amalie-macros v0.1.0
[INFO] [stderr]   Downloaded primal-sieve v0.3.7
[INFO] [stderr]   Downloaded primal v0.3.3
[INFO] running `Command { std: "docker" "create" "-v" "/var/lib/crater-agent-workspace/builds/worker-1-tc1/target:/opt/rustwide/target:rw,Z" "-v" "/var/lib/crater-agent-workspace/builds/worker-1-tc1/source:/opt/rustwide/workdir:ro,Z" "-v" "/var/lib/crater-agent-workspace/cargo-home:/opt/rustwide/cargo-home:ro,Z" "-v" "/var/lib/crater-agent-workspace/rustup-home:/opt/rustwide/rustup-home:ro,Z" "-e" "SOURCE_DIR=/opt/rustwide/workdir" "-e" "CARGO_TARGET_DIR=/opt/rustwide/target" "-e" "CARGO_HOME=/opt/rustwide/cargo-home" "-e" "RUSTUP_HOME=/opt/rustwide/rustup-home" "-w" "/opt/rustwide/workdir" "-m" "1610612736" "--user" "0:0" "--network" "none" "ghcr.io/rust-lang/crates-build-env/linux@sha256:f3a9d4ad9d972b27faf3965f35b62e55ba32bbce8f20bc8fe909558a86702fde" "/opt/rustwide/cargo-home/bin/cargo" "+1.83.0" "metadata" "--no-deps" "--format-version=1", kill_on_drop: false }`
[INFO] [stdout] 7c65dfff458ba02225ec0d80613d20d30a5cb86059ba8076cd952a1792a6e709
[INFO] running `Command { std: "docker" "start" "-a" "7c65dfff458ba02225ec0d80613d20d30a5cb86059ba8076cd952a1792a6e709", kill_on_drop: false }`
[INFO] running `Command { std: "docker" "inspect" "7c65dfff458ba02225ec0d80613d20d30a5cb86059ba8076cd952a1792a6e709", kill_on_drop: false }`
[INFO] running `Command { std: "docker" "rm" "-f" "7c65dfff458ba02225ec0d80613d20d30a5cb86059ba8076cd952a1792a6e709", kill_on_drop: false }`
[INFO] [stdout] 7c65dfff458ba02225ec0d80613d20d30a5cb86059ba8076cd952a1792a6e709
[INFO] running `Command { std: "docker" "create" "-v" "/var/lib/crater-agent-workspace/builds/worker-1-tc1/target:/opt/rustwide/target:rw,Z" "-v" "/var/lib/crater-agent-workspace/builds/worker-1-tc1/source:/opt/rustwide/workdir:ro,Z" "-v" "/var/lib/crater-agent-workspace/cargo-home:/opt/rustwide/cargo-home:ro,Z" "-v" "/var/lib/crater-agent-workspace/rustup-home:/opt/rustwide/rustup-home:ro,Z" "-e" "SOURCE_DIR=/opt/rustwide/workdir" "-e" "CARGO_TARGET_DIR=/opt/rustwide/target" "-e" "CARGO_INCREMENTAL=0" "-e" "RUST_BACKTRACE=full" "-e" "RUSTFLAGS=--cap-lints=warn" "-e" "RUSTDOCFLAGS=--cap-lints=warn" "-e" "CARGO_HOME=/opt/rustwide/cargo-home" "-e" "RUSTUP_HOME=/opt/rustwide/rustup-home" "-w" "/opt/rustwide/workdir" "-m" "1610612736" "--user" "0:0" "--network" "none" "ghcr.io/rust-lang/crates-build-env/linux@sha256:f3a9d4ad9d972b27faf3965f35b62e55ba32bbce8f20bc8fe909558a86702fde" "/opt/rustwide/cargo-home/bin/cargo" "+1.83.0" "build" "--frozen" "--message-format=json", kill_on_drop: false }`
[INFO] [stdout] e6348d1e9d04707f486b128e7d83c479ae3184db7c0b4b84f301fc548166f5fe
[INFO] running `Command { std: "docker" "start" "-a" "e6348d1e9d04707f486b128e7d83c479ae3184db7c0b4b84f301fc548166f5fe", kill_on_drop: false }`
[INFO] [stderr]    Compiling proc-macro2 v1.0.92
[INFO] [stderr]    Compiling unicode-ident v1.0.14
[INFO] [stderr]    Compiling autocfg v1.4.0
[INFO] [stderr]    Compiling libc v0.2.168
[INFO] [stderr]    Compiling libm v0.2.11
[INFO] [stderr]    Compiling cfg-if v1.0.0
[INFO] [stderr]    Compiling byteorder v1.5.0
[INFO] [stderr]    Compiling memchr v2.7.4
[INFO] [stderr]    Compiling const-oid v0.9.6
[INFO] [stderr]    Compiling version_check v0.9.5
[INFO] [stderr]    Compiling typenum v1.17.0
[INFO] [stderr]    Compiling thiserror v1.0.69
[INFO] [stderr]    Compiling zeroize v1.8.1
[INFO] [stderr]    Compiling num-conv v0.1.0
[INFO] [stderr]    Compiling crossbeam-utils v0.8.20
[INFO] [stderr]    Compiling powerfmt v0.2.0
[INFO] [stderr]    Compiling minimal-lexical v0.2.1
[INFO] [stderr]    Compiling base64ct v1.6.0
[INFO] [stderr]    Compiling time-core v0.1.2
[INFO] [stderr]    Compiling cfg_aliases v0.2.1
[INFO] [stderr]    Compiling smallvec v1.13.2
[INFO] [stderr]    Compiling deranged v0.3.11
[INFO] [stderr]    Compiling time-macros v0.2.19
[INFO] [stderr]    Compiling itoa v1.0.14
[INFO] [stderr]    Compiling spin v0.9.8
[INFO] [stderr]    Compiling lazy_static v1.5.0
[INFO] [stderr]    Compiling generic-array v0.14.7
[INFO] [stderr]    Compiling nix v0.29.0
[INFO] [stderr]    Compiling regex-syntax v0.8.5
[INFO] [stderr]    Compiling hamming v0.1.3
[INFO] [stderr]    Compiling num-traits v0.2.19
[INFO] [stderr]    Compiling pem-rfc7468 v0.7.0
[INFO] [stderr]    Compiling nom v7.1.3
[INFO] [stderr]    Compiling aho-corasick v1.1.3
[INFO] [stderr]    Compiling primal-bit v0.3.2
[INFO] [stderr]    Compiling oid-registry v0.7.1
[INFO] [stderr]    Compiling crossbeam-epoch v0.9.18
[INFO] [stderr]    Compiling der v0.7.9
[INFO] [stderr]    Compiling num-bigint-dig v0.8.4
[INFO] [stderr]    Compiling primal-estimate v0.3.3
[INFO] [stderr]    Compiling bitflags v2.6.0
[INFO] [stderr]    Compiling rayon-core v1.12.1
[INFO] [stderr]    Compiling primal-sieve v0.3.7
[INFO] [stderr]    Compiling crossbeam-deque v0.8.5
[INFO] [stderr]    Compiling quote v1.0.37
[INFO] [stderr]    Compiling either v1.13.0
[INFO] [stderr]    Compiling data-encoding v2.6.0
[INFO] [stderr]    Compiling base64 v0.22.1
[INFO] [stderr]    Compiling syn v2.0.90
[INFO] [stderr]    Compiling subtle v2.6.1
[INFO] [stderr]    Compiling itertools v0.13.0
[INFO] [stderr]    Compiling pem v3.0.4
[INFO] [stderr]    Compiling colored v2.1.0
[INFO] [stderr]    Compiling rayon v1.10.0
[INFO] [stderr]    Compiling time v0.3.37
[INFO] [stderr]    Compiling num-integer v0.1.46
[INFO] [stderr]    Compiling spki v0.7.3
[INFO] [stderr]    Compiling crypto-common v0.1.6
[INFO] [stderr]    Compiling num-iter v0.1.45
[INFO] [stderr]    Compiling primal-check v0.3.4
[INFO] [stderr]    Compiling digest v0.10.7
[INFO] [stderr]    Compiling pkcs8 v0.10.2
[INFO] [stderr]    Compiling primal v0.3.3
[INFO] [stderr]    Compiling pkcs1 v0.7.5
[INFO] [stderr]    Compiling getrandom v0.2.15
[INFO] [stderr]    Compiling rand_core v0.6.4
[INFO] [stderr]    Compiling signature v2.2.0
[INFO] [stderr]    Compiling rusticata-macros v4.1.0
[INFO] [stderr]    Compiling regex-automata v0.4.9
[INFO] [stderr]    Compiling ctrlc v3.4.5
[INFO] [stderr]    Compiling synstructure v0.13.1
[INFO] [stderr]    Compiling regex v1.11.1
[INFO] [stderr]    Compiling zerocopy-derive v0.7.35
[INFO] [stderr]    Compiling thiserror-impl v1.0.69
[INFO] [stderr]    Compiling displaydoc v0.2.5
[INFO] [stderr]    Compiling asn1-rs-derive v0.5.1
[INFO] [stderr]    Compiling asn1-rs-impl v0.2.0
[INFO] [stderr]    Compiling amalie-macros v0.1.0
[INFO] [stderr]    Compiling zerocopy v0.7.35
[INFO] [stderr]    Compiling asn1-rs v0.6.2
[INFO] [stderr]    Compiling ppv-lite86 v0.2.20
[INFO] [stderr]    Compiling rand_chacha v0.3.1
[INFO] [stderr]    Compiling rand v0.8.5
[INFO] [stderr]    Compiling num-bigint v0.4.6
[INFO] [stderr]    Compiling num-complex v0.4.6
[INFO] [stderr]    Compiling rsa v0.9.7
[INFO] [stderr]    Compiling num-rational v0.4.2
[INFO] [stderr]    Compiling der-parser v9.0.0
[INFO] [stderr]    Compiling x509-parser v0.16.0
[INFO] [stderr]    Compiling num v0.4.3
[INFO] [stderr]    Compiling amalie v0.1.2
[INFO] [stderr]    Compiling fractus v0.1.11 (/opt/rustwide/workdir)
[INFO] [stdout] warning: unused import: `std::fmt`
[INFO] [stdout]  --> src/cipher/rsa.rs:7:5
[INFO] [stdout]   |
[INFO] [stdout] 7 | use std::fmt;
[INFO] [stdout]   |     ^^^^^^^^
[INFO] [stdout]   |
[INFO] [stdout]   = note: `#[warn(unused_imports)]` on by default
[INFO] [stdout] 
[INFO] [stdout] 
[INFO] [stdout] warning: unused variable: `n`
[INFO] [stdout]   --> src/cipher/rsa.rs:17:24
[INFO] [stdout]    |
[INFO] [stdout] 17 | pub fn factor_with_phi(n: &ZZ, phi: &ZZ) -> Vec<ZZ> {
[INFO] [stdout]    |                        ^ help: if this is intentional, prefix it with an underscore: `_n`
[INFO] [stdout]    |
[INFO] [stdout]    = note: `#[warn(unused_variables)]` on by default
[INFO] [stdout] 
[INFO] [stdout] 
[INFO] [stdout] warning: unused variable: `phi`
[INFO] [stdout]   --> src/cipher/rsa.rs:17:32
[INFO] [stdout]    |
[INFO] [stdout] 17 | pub fn factor_with_phi(n: &ZZ, phi: &ZZ) -> Vec<ZZ> {
[INFO] [stdout]    |                                ^^^ help: if this is intentional, prefix it with an underscore: `_phi`
[INFO] [stdout] 
[INFO] [stdout] 
[INFO] [stdout] warning: function `ksa` is never used
[INFO] [stdout]  --> src/cipher/rc4.rs:3:4
[INFO] [stdout]   |
[INFO] [stdout] 3 | fn ksa(key: &[u8]) -> Vec<u8> {
[INFO] [stdout]   |    ^^^
[INFO] [stdout]   |
[INFO] [stdout]   = note: `#[warn(dead_code)]` on by default
[INFO] [stdout] 
[INFO] [stdout] 
[INFO] [stdout] warning: function `process` is never used
[INFO] [stdout]   --> src/cipher/rc4.rs:13:8
[INFO] [stdout]    |
[INFO] [stdout] 13 | pub fn process(m: impl AsRef<[u8]>, key: impl AsRef<[u8]>) -> Vec<u8> {
[INFO] [stdout]    |        ^^^^^^^
[INFO] [stdout] 
[INFO] [stdout] 
[INFO] [stdout] warning: function `fms_attack` is never used
[INFO] [stdout]   --> src/cipher/rc4.rs:33:8
[INFO] [stdout]    |
[INFO] [stdout] 33 | pub fn fms_attack<F>(oracle: F, key_len: u8) -> Result<Vec<u8>, ()>
[INFO] [stdout]    |        ^^^^^^^^^^
[INFO] [stdout] 
[INFO] [stdout] 
[INFO] [stderr]     Finished `dev` profile [unoptimized + debuginfo] target(s) in 29.05s
[INFO] running `Command { std: "docker" "inspect" "e6348d1e9d04707f486b128e7d83c479ae3184db7c0b4b84f301fc548166f5fe", kill_on_drop: false }`
[INFO] running `Command { std: "docker" "rm" "-f" "e6348d1e9d04707f486b128e7d83c479ae3184db7c0b4b84f301fc548166f5fe", kill_on_drop: false }`
[INFO] [stdout] e6348d1e9d04707f486b128e7d83c479ae3184db7c0b4b84f301fc548166f5fe
[INFO] running `Command { std: "docker" "create" "-v" "/var/lib/crater-agent-workspace/builds/worker-1-tc1/target:/opt/rustwide/target:rw,Z" "-v" "/var/lib/crater-agent-workspace/builds/worker-1-tc1/source:/opt/rustwide/workdir:ro,Z" "-v" "/var/lib/crater-agent-workspace/cargo-home:/opt/rustwide/cargo-home:ro,Z" "-v" "/var/lib/crater-agent-workspace/rustup-home:/opt/rustwide/rustup-home:ro,Z" "-e" "SOURCE_DIR=/opt/rustwide/workdir" "-e" "CARGO_TARGET_DIR=/opt/rustwide/target" "-e" "CARGO_INCREMENTAL=0" "-e" "RUST_BACKTRACE=full" "-e" "RUSTFLAGS=--cap-lints=warn" "-e" "RUSTDOCFLAGS=--cap-lints=warn" "-e" "CARGO_HOME=/opt/rustwide/cargo-home" "-e" "RUSTUP_HOME=/opt/rustwide/rustup-home" "-w" "/opt/rustwide/workdir" "-m" "1610612736" "--user" "0:0" "--network" "none" "ghcr.io/rust-lang/crates-build-env/linux@sha256:f3a9d4ad9d972b27faf3965f35b62e55ba32bbce8f20bc8fe909558a86702fde" "/opt/rustwide/cargo-home/bin/cargo" "+1.83.0" "test" "--frozen" "--no-run" "--message-format=json", kill_on_drop: false }`
[INFO] [stdout] 0af87ddcc47177dd8e4a5b7b674ade38bbf43369a2356a0c74d825303346415d
[INFO] running `Command { std: "docker" "start" "-a" "0af87ddcc47177dd8e4a5b7b674ade38bbf43369a2356a0c74d825303346415d", kill_on_drop: false }`
[INFO] [stdout] warning: unused import: `std::fmt`
[INFO] [stdout]  --> src/cipher/rsa.rs:7:5
[INFO] [stdout]   |
[INFO] [stdout] 7 | use std::fmt;
[INFO] [stdout]   |     ^^^^^^^^
[INFO] [stdout]   |
[INFO] [stdout]   = note: `#[warn(unused_imports)]` on by default
[INFO] [stdout] 
[INFO] [stdout] 
[INFO] [stdout] warning: unused variable: `n`
[INFO] [stdout]   --> src/cipher/rsa.rs:17:24
[INFO] [stdout]    |
[INFO] [stdout] 17 | pub fn factor_with_phi(n: &ZZ, phi: &ZZ) -> Vec<ZZ> {
[INFO] [stdout]    |                        ^ help: if this is intentional, prefix it with an underscore: `_n`
[INFO] [stdout]    |
[INFO] [stdout]    = note: `#[warn(unused_variables)]` on by default
[INFO] [stdout] 
[INFO] [stdout] 
[INFO] [stderr]    Compiling fractus v0.1.11 (/opt/rustwide/workdir)
[INFO] [stdout] warning: unused variable: `phi`
[INFO] [stdout]   --> src/cipher/rsa.rs:17:32
[INFO] [stdout]    |
[INFO] [stdout] 17 | pub fn factor_with_phi(n: &ZZ, phi: &ZZ) -> Vec<ZZ> {
[INFO] [stdout]    |                                ^^^ help: if this is intentional, prefix it with an underscore: `_phi`
[INFO] [stdout] 
[INFO] [stdout] 
[INFO] [stdout] warning: function `ksa` is never used
[INFO] [stdout]  --> src/cipher/rc4.rs:3:4
[INFO] [stdout]   |
[INFO] [stdout] 3 | fn ksa(key: &[u8]) -> Vec<u8> {
[INFO] [stdout]   |    ^^^
[INFO] [stdout]   |
[INFO] [stdout]   = note: `#[warn(dead_code)]` on by default
[INFO] [stdout] 
[INFO] [stdout] 
[INFO] [stdout] warning: function `process` is never used
[INFO] [stdout]   --> src/cipher/rc4.rs:13:8
[INFO] [stdout]    |
[INFO] [stdout] 13 | pub fn process(m: impl AsRef<[u8]>, key: impl AsRef<[u8]>) -> Vec<u8> {
[INFO] [stdout]    |        ^^^^^^^
[INFO] [stdout] 
[INFO] [stdout] 
[INFO] [stdout] warning: function `fms_attack` is never used
[INFO] [stdout]   --> src/cipher/rc4.rs:33:8
[INFO] [stdout]    |
[INFO] [stdout] 33 | pub fn fms_attack<F>(oracle: F, key_len: u8) -> Result<Vec<u8>, ()>
[INFO] [stdout]    |        ^^^^^^^^^^
[INFO] [stdout] 
[INFO] [stdout] 
[INFO] [stdout] warning: unused import: `std::fmt`
[INFO] [stdout]  --> src/cipher/rsa.rs:7:5
[INFO] [stdout]   |
[INFO] [stdout] 7 | use std::fmt;
[INFO] [stdout]   |     ^^^^^^^^
[INFO] [stdout]   |
[INFO] [stdout]   = note: `#[warn(unused_imports)]` on by default
[INFO] [stdout] 
[INFO] [stdout] 
[INFO] [stdout] warning: unused variable: `n`
[INFO] [stdout]   --> src/cipher/rsa.rs:17:24
[INFO] [stdout]    |
[INFO] [stdout] 17 | pub fn factor_with_phi(n: &ZZ, phi: &ZZ) -> Vec<ZZ> {
[INFO] [stdout]    |                        ^ help: if this is intentional, prefix it with an underscore: `_n`
[INFO] [stdout]    |
[INFO] [stdout]    = note: `#[warn(unused_variables)]` on by default
[INFO] [stdout] 
[INFO] [stdout] 
[INFO] [stdout] warning: unused variable: `phi`
[INFO] [stdout]   --> src/cipher/rsa.rs:17:32
[INFO] [stdout]    |
[INFO] [stdout] 17 | pub fn factor_with_phi(n: &ZZ, phi: &ZZ) -> Vec<ZZ> {
[INFO] [stdout]    |                                ^^^ help: if this is intentional, prefix it with an underscore: `_phi`
[INFO] [stdout] 
[INFO] [stdout] 
[INFO] [stderr]     Finished `test` profile [unoptimized + debuginfo] target(s) in 2.56s
[INFO] running `Command { std: "docker" "inspect" "0af87ddcc47177dd8e4a5b7b674ade38bbf43369a2356a0c74d825303346415d", kill_on_drop: false }`
[INFO] running `Command { std: "docker" "rm" "-f" "0af87ddcc47177dd8e4a5b7b674ade38bbf43369a2356a0c74d825303346415d", kill_on_drop: false }`
[INFO] [stdout] 0af87ddcc47177dd8e4a5b7b674ade38bbf43369a2356a0c74d825303346415d
[INFO] running `Command { std: "docker" "create" "-v" "/var/lib/crater-agent-workspace/builds/worker-1-tc1/target:/opt/rustwide/target:rw,Z" "-v" "/var/lib/crater-agent-workspace/builds/worker-1-tc1/source:/opt/rustwide/workdir:ro,Z" "-v" "/var/lib/crater-agent-workspace/cargo-home:/opt/rustwide/cargo-home:ro,Z" "-v" "/var/lib/crater-agent-workspace/rustup-home:/opt/rustwide/rustup-home:ro,Z" "-e" "SOURCE_DIR=/opt/rustwide/workdir" "-e" "CARGO_TARGET_DIR=/opt/rustwide/target" "-e" "CARGO_INCREMENTAL=0" "-e" "RUST_BACKTRACE=full" "-e" "RUSTFLAGS=--cap-lints=warn" "-e" "RUSTDOCFLAGS=--cap-lints=warn" "-e" "CARGO_HOME=/opt/rustwide/cargo-home" "-e" "RUSTUP_HOME=/opt/rustwide/rustup-home" "-w" "/opt/rustwide/workdir" "-m" "1610612736" "--user" "0:0" "--network" "none" "ghcr.io/rust-lang/crates-build-env/linux@sha256:f3a9d4ad9d972b27faf3965f35b62e55ba32bbce8f20bc8fe909558a86702fde" "/opt/rustwide/cargo-home/bin/cargo" "+1.83.0" "test" "--frozen", kill_on_drop: false }`
[INFO] [stdout] 7b447394d03173c3ad4b73c5007588cd15ff3d3122fdbdd3e5e1c7b480b1b50e
[INFO] running `Command { std: "docker" "start" "-a" "7b447394d03173c3ad4b73c5007588cd15ff3d3122fdbdd3e5e1c7b480b1b50e", kill_on_drop: false }`
[INFO] [stderr] warning: unused import: `std::fmt`
[INFO] [stderr]  --> src/cipher/rsa.rs:7:5
[INFO] [stderr]   |
[INFO] [stderr] 7 | use std::fmt;
[INFO] [stderr]   |     ^^^^^^^^
[INFO] [stderr]   |
[INFO] [stderr]   = note: `#[warn(unused_imports)]` on by default
[INFO] [stderr] 
[INFO] [stderr] warning: unused variable: `n`
[INFO] [stderr]   --> src/cipher/rsa.rs:17:24
[INFO] [stderr]    |
[INFO] [stderr] 17 | pub fn factor_with_phi(n: &ZZ, phi: &ZZ) -> Vec<ZZ> {
[INFO] [stderr]    |                        ^ help: if this is intentional, prefix it with an underscore: `_n`
[INFO] [stderr]    |
[INFO] [stderr]    = note: `#[warn(unused_variables)]` on by default
[INFO] [stderr] 
[INFO] [stderr] warning: unused variable: `phi`
[INFO] [stderr]   --> src/cipher/rsa.rs:17:32
[INFO] [stderr]    |
[INFO] [stderr] 17 | pub fn factor_with_phi(n: &ZZ, phi: &ZZ) -> Vec<ZZ> {
[INFO] [stderr]    |                                ^^^ help: if this is intentional, prefix it with an underscore: `_phi`
[INFO] [stderr] 
[INFO] [stderr] warning: function `ksa` is never used
[INFO] [stderr]  --> src/cipher/rc4.rs:3:4
[INFO] [stderr]   |
[INFO] [stderr] 3 | fn ksa(key: &[u8]) -> Vec<u8> {
[INFO] [stderr]   |    ^^^
[INFO] [stderr]   |
[INFO] [stderr]   = note: `#[warn(dead_code)]` on by default
[INFO] [stderr] 
[INFO] [stderr] warning: function `process` is never used
[INFO] [stderr]   --> src/cipher/rc4.rs:13:8
[INFO] [stderr]    |
[INFO] [stderr] 13 | pub fn process(m: impl AsRef<[u8]>, key: impl AsRef<[u8]>) -> Vec<u8> {
[INFO] [stderr]    |        ^^^^^^^
[INFO] [stderr] 
[INFO] [stderr] warning: function `fms_attack` is never used
[INFO] [stderr]   --> src/cipher/rc4.rs:33:8
[INFO] [stderr]    |
[INFO] [stderr] 33 | pub fn fms_attack<F>(oracle: F, key_len: u8) -> Result<Vec<u8>, ()>
[INFO] [stderr]    |        ^^^^^^^^^^
[INFO] [stderr] 
[INFO] [stderr] warning: `fractus` (lib) generated 6 warnings (run `cargo fix --lib -p fractus` to apply 1 suggestion)
[INFO] [stderr] warning: `fractus` (lib test) generated 3 warnings (3 duplicates)
[INFO] [stderr]     Finished `test` profile [unoptimized + debuginfo] target(s) in 0.11s
[INFO] [stderr]      Running unittests src/lib.rs (/opt/rustwide/target/debug/deps/fractus-71e6645afd6220b0)
[INFO] [stdout] 
[INFO] [stdout] running 25 tests
[INFO] [stdout] test cipher::rc4::test::test_process ... ok
[INFO] [stdout] test hash::md4::test::hash ... ok
[INFO] [stdout] test hash::ripemd128::test::hash ... ok
[INFO] [stdout] test hash::md5::test::hash ... ok
[INFO] [stdout] test hash::ripemd160::test::hash ... ok
[INFO] [stdout] test hash::sha0::test::hash ... ok
[INFO] [stdout] test hash::ripemd256::test::hash ... ok
[INFO] [stdout] test hash::ripemd320::test::hash ... ok
[INFO] [stdout] test hash::sha1::test::hash ... ok
[INFO] [stdout] test hash::sha2_224::test::hash ... ok
[INFO] [stdout] test hash::sha2_256::test::hash ... ok
[INFO] [stdout] test hash::sha2_512::test::hash ... ok
[INFO] [stdout] test hash::whirlpool::test::hash ... ok
[INFO] [stdout] test cipher::rc4::test::fms ... ok
[INFO] [stdout] test hash::md5::test::extend ... ok
[INFO] [stdout] test hash::ripemd128::test::extend ... ok
[INFO] [stdout] test hash::md4::test::extend ... ok
[INFO] [stdout] test hash::ripemd256::test::extend ... ok
[INFO] [stdout] test hash::ripemd320::test::extend ... ok
[INFO] [stdout] test hash::sha2_512::test::extend ... ok
[INFO] [stdout] test hash::ripemd160::test::extend ... ok
[INFO] [stdout] test hash::sha0::test::extend ... ok
[INFO] [stdout] test hash::whirlpool::test::extend ... ok
[INFO] [stdout] test hash::sha1::test::extend ... ok
[INFO] [stderr]    Doc-tests fractus
[INFO] [stdout] test hash::sha2_256::test::extend ... ok
[INFO] [stdout] 
[INFO] [stdout] test result: ok. 25 passed; 0 failed; 0 ignored; 0 measured; 0 filtered out; finished in 1.58s
[INFO] [stdout] 
[INFO] [stdout] 
[INFO] [stdout] running 22 tests
[INFO] [stdout] test src/hash/ripemd320.rs - hash::ripemd320::extend (line 160) ... FAILED
[INFO] [stdout] test src/hash/sha2_256.rs - hash::sha2_256::compute (line 121) ... FAILED
[INFO] [stdout] test src/hash/ripemd128.rs - hash::ripemd128::extend (line 142) ... FAILED
[INFO] [stdout] test src/hash/sha1.rs - hash::sha1::compute (line 100) ... FAILED
[INFO] [stdout] test src/hash/sha0.rs - hash::sha0::compute (line 100) ... FAILED
[INFO] [stdout] test src/hash/ripemd320.rs - hash::ripemd320::compute (line 149) ... FAILED
[INFO] [stdout] test src/hash/whirlpool.rs - hash::whirlpool::compute (line 664) ... FAILED
[INFO] [stdout] test src/hash/md5.rs - hash::md5::compute (line 104) ... FAILED
[INFO] [stdout] test src/hash/md4.rs - hash::md4::compute (line 128) ... FAILED
[INFO] [stdout] test src/hash/ripemd160.rs - hash::ripemd160::compute (line 143) ... FAILED
[INFO] [stdout] test src/hash/ripemd256.rs - hash::ripemd256::extend (line 148) ... ok
[INFO] [stdout] test src/hash/md4.rs - hash::md4::extend (line 139) ... ok
[INFO] [stdout] test src/hash/ripemd256.rs - hash::ripemd256::compute (line 137) ... ok
[INFO] [stdout] test src/hash/sha0.rs - hash::sha0::extend (line 111) ... ok
[INFO] [stdout] test src/hash/ripemd160.rs - hash::ripemd160::extend (line 154) ... ok
[INFO] [stdout] test src/hash/ripemd128.rs - hash::ripemd128::compute (line 131) ... ok
[INFO] [stdout] test src/hash/md5.rs - hash::md5::extend (line 115) ... ok
[INFO] [stdout] test src/hash/sha1.rs - hash::sha1::extend (line 111) ... ok
[INFO] [stdout] test src/hash/sha2_512.rs - hash::sha2_512::compute (line 150) ... ok
[INFO] [stdout] test src/hash/sha2_512.rs - hash::sha2_512::extend (line 161) ... ok
[INFO] [stdout] test src/hash/whirlpool.rs - hash::whirlpool::extend (line 675) ... ok
[INFO] [stdout] test src/hash/sha2_256.rs - hash::sha2_256::extend (line 132) ... ok
[INFO] [stdout] 
[INFO] [stdout] failures:
[INFO] [stdout] 
[INFO] [stdout] ---- src/hash/ripemd320.rs - hash::ripemd320::extend (line 160) stdout ----
[INFO] [stdout] error: linking with `cc` failed: exit status: 1
[INFO] [stdout]   |
[INFO] [stdout]   = note: LC_ALL="C" PATH="/opt/rustwide/rustup-home/toolchains/1.83.0-x86_64-unknown-linux-gnu/lib/rustlib/x86_64-unknown-linux-gnu/bin:/opt/rustwide/cargo-home/bin:/usr/local/sbin:/usr/local/bin:/usr/sbin:/usr/bin:/sbin:/bin" VSLANG="1033" "cc" "-m64" "/tmp/rustcGqcKO7/symbols.o" "/tmp/rustdoctest1MWfnW/rust_out.rust_out.cb03291d53e4e161-cgu.0.rcgu.o" "/tmp/rustdoctest1MWfnW/rust_out.1s7umcihpz0t7nkz1uc2ifee9.rcgu.o" "-Wl,--as-needed" "-Wl,-Bstatic" "/opt/rustwide/target/debug/deps/libfractus.rlib" "/opt/rustwide/target/debug/deps/libcolored-012786fe2703810c.rlib" "/opt/rustwide/target/debug/deps/librsa-426c55e79499758c.rlib" "/opt/rustwide/target/debug/deps/libpkcs1-f480474dddc82872.rlib" "/opt/rustwide/target/debug/deps/libpkcs8-84efc59277ce8d12.rlib" "/opt/rustwide/target/debug/deps/libspki-a9e47724053cb821.rlib" "/opt/rustwide/target/debug/deps/libder-084c19e8e28eb021.rlib" "/opt/rustwide/target/debug/deps/libpem_rfc7468-7e2f46847f26934a.rlib" "/opt/rustwide/target/debug/deps/libbase64ct-2f46f2f3eac5030a.rlib" "/opt/rustwide/target/debug/deps/libsubtle-5e49a3bf4b1c0b70.rlib" "/opt/rustwide/target/debug/deps/libsignature-2cabd736314a33d1.rlib" "/opt/rustwide/target/debug/deps/libdigest-3c43b2169335d581.rlib" "/opt/rustwide/target/debug/deps/libconst_oid-101706bfd026e31e.rlib" "/opt/rustwide/target/debug/deps/libcrypto_common-51e69f872257e8d4.rlib" "/opt/rustwide/target/debug/deps/libgeneric_array-96b5f8b414fbdd75.rlib" "/opt/rustwide/target/debug/deps/libtypenum-f8bcce2b4da82a7e.rlib" "/opt/rustwide/target/debug/deps/libnum_bigint_dig-66c929f2cb37421a.rlib" "/opt/rustwide/target/debug/deps/liblibm-7972cd833cd3065d.rlib" "/opt/rustwide/target/debug/deps/libzeroize-01673d2df795c1cc.rlib" "/opt/rustwide/target/debug/deps/libx509_parser-6386faab28336631.rlib" "/opt/rustwide/target/debug/deps/libdata_encoding-8027432d1fb711ac.rlib" "/opt/rustwide/target/debug/deps/liblazy_static-931c454a35a3656a.rlib" "/opt/rustwide/target/debug/deps/libspin-cd45c3153bc4c74f.rlib" "/opt/rustwide/target/debug/deps/liboid_registry-37212464892968db.rlib" "/opt/rustwide/target/debug/deps/libder_parser-b867b84d4033cf85.rlib" "/opt/rustwide/target/debug/deps/libasn1_rs-27fd3f1740678a3f.rlib" "/opt/rustwide/target/debug/deps/librusticata_macros-0ea84806096aa3dd.rlib" "/opt/rustwide/target/debug/deps/libnom-330397ad8af74e03.rlib" "/opt/rustwide/target/debug/deps/libmemchr-6b84ce758acd6c63.rlib" "/opt/rustwide/target/debug/deps/libtime-c0d268fa53ef8fac.rlib" "/opt/rustwide/target/debug/deps/libitoa-e8776415c5fe0047.rlib" "/opt/rustwide/target/debug/deps/libtime_core-920e11b901147e65.rlib" "/opt/rustwide/target/debug/deps/libnum_conv-4bd030b5826783c5.rlib" "/opt/rustwide/target/debug/deps/libderanged-e4c875d97de0e89c.rlib" "/opt/rustwide/target/debug/deps/libpowerfmt-776ac6678c847955.rlib" "/opt/rustwide/target/debug/deps/libpem-f38f3da593be9320.rlib" "/opt/rustwide/target/debug/deps/libbase64-e20cca239391ab45.rlib" "/opt/rustwide/target/debug/deps/libamalie-6bf3cd004671c060.rlib" "/opt/rustwide/target/debug/deps/libprimal-cc49bd92f2cf5de8.rlib" "/opt/rustwide/target/debug/deps/libprimal_sieve-f88b75606a897f12.rlib" "/opt/rustwide/target/debug/deps/libsmallvec-27682ff183e60130.rlib" "/opt/rustwide/target/debug/deps/libprimal_bit-c5e99425bb61e8a1.rlib" "/opt/rustwide/target/debug/deps/libhamming-a55dfb05d5d72d27.rlib" "/opt/rustwide/target/debug/deps/libprimal_check-37c52817fe949831.rlib" "/opt/rustwide/target/debug/deps/libprimal_estimate-70ce6dd9b1f03406.rlib" "/opt/rustwide/target/debug/deps/libthiserror-4d13f1d1c38ae170.rlib" "/opt/rustwide/target/debug/deps/libnum-d749fe490517769d.rlib" "/opt/rustwide/target/debug/deps/libnum_iter-73b115e43f75c05a.rlib" "/opt/rustwide/target/debug/deps/libnum_rational-2578b423f6e395b1.rlib" "/opt/rustwide/target/debug/deps/libnum_complex-3a41d4a366ae0465.rlib" "/opt/rustwide/target/debug/deps/libnum_bigint-414ce129236a6484.rlib" "/opt/rustwide/target/debug/deps/librand-e9326bd16b09744c.rlib" "/opt/rustwide/target/debug/deps/librand_chacha-ccd6bab891c5b079.rlib" "/opt/rustwide/target/debug/deps/libppv_lite86-7bfb151b4b9b9ac7.rlib" "/opt/rustwide/target/debug/deps/libzerocopy-6bcc5de94aab25a9.rlib" "/opt/rustwide/target/debug/deps/libbyteorder-d36d73da0d12e75b.rlib" "/opt/rustwide/target/debug/deps/librand_core-f1a83da2b41185cd.rlib" "/opt/rustwide/target/debug/deps/libgetrandom-3d75885a143935af.rlib" "/opt/rustwide/target/debug/deps/liblibc-c7def1cd1c4956c8.rlib" "/opt/rustwide/target/debug/deps/libcfg_if-8217498f8667ada9.rlib" "/opt/rustwide/target/debug/deps/libnum_integer-89f9ac6cf6b1b535.rlib" "/opt/rustwide/target/debug/deps/libnum_traits-fa7f7512062a9aed.rlib" "/opt/rustwide/target/debug/deps/librayon-9a34e8013756c14e.rlib" "/opt/rustwide/target/debug/deps/librayon_core-c85d1807022617f5.rlib" "/opt/rustwide/target/debug/deps/libcrossbeam_deque-a3beb0ebfe0441fb.rlib" "/opt/rustwide/target/debug/deps/libcrossbeam_epoch-17a12af7c8a0cc0a.rlib" "/opt/rustwide/target/debug/deps/libcrossbeam_utils-be96993693568ee0.rlib" "/opt/rustwide/target/debug/deps/libeither-41b3367888b49508.rlib" "/opt/rustwide/rustup-home/toolchains/1.83.0-x86_64-unknown-linux-gnu/lib/rustlib/x86_64-unknown-linux-gnu/lib/libstd-ca74a2d9c5166d9f.rlib" "/opt/rustwide/rustup-home/toolchains/1.83.0-x86_64-unknown-linux-gnu/lib/rustlib/x86_64-unknown-linux-gnu/lib/libpanic_unwind-e31ab23316ed5080.rlib" "/opt/rustwide/rustup-home/toolchains/1.83.0-x86_64-unknown-linux-gnu/lib/rustlib/x86_64-unknown-linux-gnu/lib/libobject-27dc4aa955912662.rlib" "/opt/rustwide/rustup-home/toolchains/1.83.0-x86_64-unknown-linux-gnu/lib/rustlib/x86_64-unknown-linux-gnu/lib/libmemchr-bd0d6cccce077b99.rlib" "/opt/rustwide/rustup-home/toolchains/1.83.0-x86_64-unknown-linux-gnu/lib/rustlib/x86_64-unknown-linux-gnu/lib/libaddr2line-8d001680935b5e3c.rlib" "/opt/rustwide/rustup-home/toolchains/1.83.0-x86_64-unknown-linux-gnu/lib/rustlib/x86_64-unknown-linux-gnu/lib/libgimli-ba8ce71964f984f4.rlib" "/opt/rustwide/rustup-home/toolchains/1.83.0-x86_64-unknown-linux-gnu/lib/rustlib/x86_64-unknown-linux-gnu/lib/librustc_demangle-99a73526abcec14b.rlib" "/opt/rustwide/rustup-home/toolchains/1.83.0-x86_64-unknown-linux-gnu/lib/rustlib/x86_64-unknown-linux-gnu/lib/libstd_detect-63ac0d22cff92579.rlib" "/opt/rustwide/rustup-home/toolchains/1.83.0-x86_64-unknown-linux-gnu/lib/rustlib/x86_64-unknown-linux-gnu/lib/libhashbrown-9057355c92c922d5.rlib" "/opt/rustwide/rustup-home/toolchains/1.83.0-x86_64-unknown-linux-gnu/lib/rustlib/x86_64-unknown-linux-gnu/lib/librustc_std_workspace_alloc-358be9bc1f6bab04.rlib" "/opt/rustwide/rustup-home/toolchains/1.83.0-x86_64-unknown-linux-gnu/lib/rustlib/x86_64-unknown-linux-gnu/lib/libminiz_oxide-aca15549d5bff974.rlib" "/opt/rustwide/rustup-home/toolchains/1.83.0-x86_64-unknown-linux-gnu/lib/rustlib/x86_64-unknown-linux-gnu/lib/libadler-8251d2cef7072448.rlib" "/opt/rustwide/rustup-home/toolchains/1.83.0-x86_64-unknown-linux-gnu/lib/rustlib/x86_64-unknown-linux-gnu/lib/libunwind-7d50b86011c66411.rlib" "/opt/rustwide/rustup-home/toolchains/1.83.0-x86_64-unknown-linux-gnu/lib/rustlib/x86_64-unknown-linux-gnu/lib/libcfg_if-51ea098fce5006bf.rlib" "/opt/rustwide/rustup-home/toolchains/1.83.0-x86_64-unknown-linux-gnu/lib/rustlib/x86_64-unknown-linux-gnu/lib/liblibc-5a14e0d0b712e731.rlib" "/opt/rustwide/rustup-home/toolchains/1.83.0-x86_64-unknown-linux-gnu/lib/rustlib/x86_64-unknown-linux-gnu/lib/liballoc-8b83dbf3a7b8f999.rlib" "/opt/rustwide/rustup-home/toolchains/1.83.0-x86_64-unknown-linux-gnu/lib/rustlib/x86_64-unknown-linux-gnu/lib/librustc_std_workspace_core-c6fd227bdc7b39ff.rlib" "/opt/rustwide/rustup-home/toolchains/1.83.0-x86_64-unknown-linux-gnu/lib/rustlib/x86_64-unknown-linux-gnu/lib/libcore-959d3389fa3da8a5.rlib" "/opt/rustwide/rustup-home/toolchains/1.83.0-x86_64-unknown-linux-gnu/lib/rustlib/x86_64-unknown-linux-gnu/lib/libcompiler_builtins-abe05db089cc2c62.rlib" "-Wl,-Bdynamic" "-lgcc_s" "-lutil" "-lrt" "-lpthread" "-lm" "-ldl" "-lc" "-Wl,--eh-frame-hdr" "-Wl,-z,noexecstack" "-L" "/opt/rustwide/rustup-home/toolchains/1.83.0-x86_64-unknown-linux-gnu/lib/rustlib/x86_64-unknown-linux-gnu/lib" "-o" "/tmp/rustdoctest1MWfnW/rust_out" "-Wl,--gc-sections" "-pie" "-Wl,-z,relro,-z,now" "-nodefaultlibs"
[INFO] [stdout]   = note: collect2: fatal error: ld terminated with signal 9 [Killed]
[INFO] [stdout]           compilation terminated.
[INFO] [stdout]           
[INFO] [stdout] 
[INFO] [stdout] error: aborting due to 1 previous error
[INFO] [stdout] 
[INFO] [stdout] Couldn't compile the test.
[INFO] [stdout] ---- src/hash/sha2_256.rs - hash::sha2_256::compute (line 121) stdout ----
[INFO] [stdout] Couldn't compile the test.
[INFO] [stdout] ---- src/hash/ripemd128.rs - hash::ripemd128::extend (line 142) stdout ----
[INFO] [stdout] error: linking with `cc` failed: exit status: 1
[INFO] [stdout]   |
[INFO] [stdout]   = note: LC_ALL="C" PATH="/opt/rustwide/rustup-home/toolchains/1.83.0-x86_64-unknown-linux-gnu/lib/rustlib/x86_64-unknown-linux-gnu/bin:/opt/rustwide/cargo-home/bin:/usr/local/sbin:/usr/local/bin:/usr/sbin:/usr/bin:/sbin:/bin" VSLANG="1033" "cc" "-m64" "/tmp/rustczbAY6L/symbols.o" "/tmp/rustdoctestaTRwTp/rust_out.rust_out.cb03291d53e4e161-cgu.0.rcgu.o" "/tmp/rustdoctestaTRwTp/rust_out.1s7umcihpz0t7nkz1uc2ifee9.rcgu.o" "-Wl,--as-needed" "-Wl,-Bstatic" "/opt/rustwide/target/debug/deps/libfractus.rlib" "/opt/rustwide/target/debug/deps/libcolored-012786fe2703810c.rlib" "/opt/rustwide/target/debug/deps/librsa-426c55e79499758c.rlib" "/opt/rustwide/target/debug/deps/libpkcs1-f480474dddc82872.rlib" "/opt/rustwide/target/debug/deps/libpkcs8-84efc59277ce8d12.rlib" "/opt/rustwide/target/debug/deps/libspki-a9e47724053cb821.rlib" "/opt/rustwide/target/debug/deps/libder-084c19e8e28eb021.rlib" "/opt/rustwide/target/debug/deps/libpem_rfc7468-7e2f46847f26934a.rlib" "/opt/rustwide/target/debug/deps/libbase64ct-2f46f2f3eac5030a.rlib" "/opt/rustwide/target/debug/deps/libsubtle-5e49a3bf4b1c0b70.rlib" "/opt/rustwide/target/debug/deps/libsignature-2cabd736314a33d1.rlib" "/opt/rustwide/target/debug/deps/libdigest-3c43b2169335d581.rlib" "/opt/rustwide/target/debug/deps/libconst_oid-101706bfd026e31e.rlib" "/opt/rustwide/target/debug/deps/libcrypto_common-51e69f872257e8d4.rlib" "/opt/rustwide/target/debug/deps/libgeneric_array-96b5f8b414fbdd75.rlib" "/opt/rustwide/target/debug/deps/libtypenum-f8bcce2b4da82a7e.rlib" "/opt/rustwide/target/debug/deps/libnum_bigint_dig-66c929f2cb37421a.rlib" "/opt/rustwide/target/debug/deps/liblibm-7972cd833cd3065d.rlib" "/opt/rustwide/target/debug/deps/libzeroize-01673d2df795c1cc.rlib" "/opt/rustwide/target/debug/deps/libx509_parser-6386faab28336631.rlib" "/opt/rustwide/target/debug/deps/libdata_encoding-8027432d1fb711ac.rlib" "/opt/rustwide/target/debug/deps/liblazy_static-931c454a35a3656a.rlib" "/opt/rustwide/target/debug/deps/libspin-cd45c3153bc4c74f.rlib" "/opt/rustwide/target/debug/deps/liboid_registry-37212464892968db.rlib" "/opt/rustwide/target/debug/deps/libder_parser-b867b84d4033cf85.rlib" "/opt/rustwide/target/debug/deps/libasn1_rs-27fd3f1740678a3f.rlib" "/opt/rustwide/target/debug/deps/librusticata_macros-0ea84806096aa3dd.rlib" "/opt/rustwide/target/debug/deps/libnom-330397ad8af74e03.rlib" "/opt/rustwide/target/debug/deps/libmemchr-6b84ce758acd6c63.rlib" "/opt/rustwide/target/debug/deps/libtime-c0d268fa53ef8fac.rlib" "/opt/rustwide/target/debug/deps/libitoa-e8776415c5fe0047.rlib" "/opt/rustwide/target/debug/deps/libtime_core-920e11b901147e65.rlib" "/opt/rustwide/target/debug/deps/libnum_conv-4bd030b5826783c5.rlib" "/opt/rustwide/target/debug/deps/libderanged-e4c875d97de0e89c.rlib" "/opt/rustwide/target/debug/deps/libpowerfmt-776ac6678c847955.rlib" "/opt/rustwide/target/debug/deps/libpem-f38f3da593be9320.rlib" "/opt/rustwide/target/debug/deps/libbase64-e20cca239391ab45.rlib" "/opt/rustwide/target/debug/deps/libamalie-6bf3cd004671c060.rlib" "/opt/rustwide/target/debug/deps/libprimal-cc49bd92f2cf5de8.rlib" "/opt/rustwide/target/debug/deps/libprimal_sieve-f88b75606a897f12.rlib" "/opt/rustwide/target/debug/deps/libsmallvec-27682ff183e60130.rlib" "/opt/rustwide/target/debug/deps/libprimal_bit-c5e99425bb61e8a1.rlib" "/opt/rustwide/target/debug/deps/libhamming-a55dfb05d5d72d27.rlib" "/opt/rustwide/target/debug/deps/libprimal_check-37c52817fe949831.rlib" "/opt/rustwide/target/debug/deps/libprimal_estimate-70ce6dd9b1f03406.rlib" "/opt/rustwide/target/debug/deps/libthiserror-4d13f1d1c38ae170.rlib" "/opt/rustwide/target/debug/deps/libnum-d749fe490517769d.rlib" "/opt/rustwide/target/debug/deps/libnum_iter-73b115e43f75c05a.rlib" "/opt/rustwide/target/debug/deps/libnum_rational-2578b423f6e395b1.rlib" "/opt/rustwide/target/debug/deps/libnum_complex-3a41d4a366ae0465.rlib" "/opt/rustwide/target/debug/deps/libnum_bigint-414ce129236a6484.rlib" "/opt/rustwide/target/debug/deps/librand-e9326bd16b09744c.rlib" "/opt/rustwide/target/debug/deps/librand_chacha-ccd6bab891c5b079.rlib" "/opt/rustwide/target/debug/deps/libppv_lite86-7bfb151b4b9b9ac7.rlib" "/opt/rustwide/target/debug/deps/libzerocopy-6bcc5de94aab25a9.rlib" "/opt/rustwide/target/debug/deps/libbyteorder-d36d73da0d12e75b.rlib" "/opt/rustwide/target/debug/deps/librand_core-f1a83da2b41185cd.rlib" "/opt/rustwide/target/debug/deps/libgetrandom-3d75885a143935af.rlib" "/opt/rustwide/target/debug/deps/liblibc-c7def1cd1c4956c8.rlib" "/opt/rustwide/target/debug/deps/libcfg_if-8217498f8667ada9.rlib" "/opt/rustwide/target/debug/deps/libnum_integer-89f9ac6cf6b1b535.rlib" "/opt/rustwide/target/debug/deps/libnum_traits-fa7f7512062a9aed.rlib" "/opt/rustwide/target/debug/deps/librayon-9a34e8013756c14e.rlib" "/opt/rustwide/target/debug/deps/librayon_core-c85d1807022617f5.rlib" "/opt/rustwide/target/debug/deps/libcrossbeam_deque-a3beb0ebfe0441fb.rlib" "/opt/rustwide/target/debug/deps/libcrossbeam_epoch-17a12af7c8a0cc0a.rlib" "/opt/rustwide/target/debug/deps/libcrossbeam_utils-be96993693568ee0.rlib" "/opt/rustwide/target/debug/deps/libeither-41b3367888b49508.rlib" "/opt/rustwide/rustup-home/toolchains/1.83.0-x86_64-unknown-linux-gnu/lib/rustlib/x86_64-unknown-linux-gnu/lib/libstd-ca74a2d9c5166d9f.rlib" "/opt/rustwide/rustup-home/toolchains/1.83.0-x86_64-unknown-linux-gnu/lib/rustlib/x86_64-unknown-linux-gnu/lib/libpanic_unwind-e31ab23316ed5080.rlib" "/opt/rustwide/rustup-home/toolchains/1.83.0-x86_64-unknown-linux-gnu/lib/rustlib/x86_64-unknown-linux-gnu/lib/libobject-27dc4aa955912662.rlib" "/opt/rustwide/rustup-home/toolchains/1.83.0-x86_64-unknown-linux-gnu/lib/rustlib/x86_64-unknown-linux-gnu/lib/libmemchr-bd0d6cccce077b99.rlib" "/opt/rustwide/rustup-home/toolchains/1.83.0-x86_64-unknown-linux-gnu/lib/rustlib/x86_64-unknown-linux-gnu/lib/libaddr2line-8d001680935b5e3c.rlib" "/opt/rustwide/rustup-home/toolchains/1.83.0-x86_64-unknown-linux-gnu/lib/rustlib/x86_64-unknown-linux-gnu/lib/libgimli-ba8ce71964f984f4.rlib" "/opt/rustwide/rustup-home/toolchains/1.83.0-x86_64-unknown-linux-gnu/lib/rustlib/x86_64-unknown-linux-gnu/lib/librustc_demangle-99a73526abcec14b.rlib" "/opt/rustwide/rustup-home/toolchains/1.83.0-x86_64-unknown-linux-gnu/lib/rustlib/x86_64-unknown-linux-gnu/lib/libstd_detect-63ac0d22cff92579.rlib" "/opt/rustwide/rustup-home/toolchains/1.83.0-x86_64-unknown-linux-gnu/lib/rustlib/x86_64-unknown-linux-gnu/lib/libhashbrown-9057355c92c922d5.rlib" "/opt/rustwide/rustup-home/toolchains/1.83.0-x86_64-unknown-linux-gnu/lib/rustlib/x86_64-unknown-linux-gnu/lib/librustc_std_workspace_alloc-358be9bc1f6bab04.rlib" "/opt/rustwide/rustup-home/toolchains/1.83.0-x86_64-unknown-linux-gnu/lib/rustlib/x86_64-unknown-linux-gnu/lib/libminiz_oxide-aca15549d5bff974.rlib" "/opt/rustwide/rustup-home/toolchains/1.83.0-x86_64-unknown-linux-gnu/lib/rustlib/x86_64-unknown-linux-gnu/lib/libadler-8251d2cef7072448.rlib" "/opt/rustwide/rustup-home/toolchains/1.83.0-x86_64-unknown-linux-gnu/lib/rustlib/x86_64-unknown-linux-gnu/lib/libunwind-7d50b86011c66411.rlib" "/opt/rustwide/rustup-home/toolchains/1.83.0-x86_64-unknown-linux-gnu/lib/rustlib/x86_64-unknown-linux-gnu/lib/libcfg_if-51ea098fce5006bf.rlib" "/opt/rustwide/rustup-home/toolchains/1.83.0-x86_64-unknown-linux-gnu/lib/rustlib/x86_64-unknown-linux-gnu/lib/liblibc-5a14e0d0b712e731.rlib" "/opt/rustwide/rustup-home/toolchains/1.83.0-x86_64-unknown-linux-gnu/lib/rustlib/x86_64-unknown-linux-gnu/lib/liballoc-8b83dbf3a7b8f999.rlib" "/opt/rustwide/rustup-home/toolchains/1.83.0-x86_64-unknown-linux-gnu/lib/rustlib/x86_64-unknown-linux-gnu/lib/librustc_std_workspace_core-c6fd227bdc7b39ff.rlib" "/opt/rustwide/rustup-home/toolchains/1.83.0-x86_64-unknown-linux-gnu/lib/rustlib/x86_64-unknown-linux-gnu/lib/libcore-959d3389fa3da8a5.rlib" "/opt/rustwide/rustup-home/toolchains/1.83.0-x86_64-unknown-linux-gnu/lib/rustlib/x86_64-unknown-linux-gnu/lib/libcompiler_builtins-abe05db089cc2c62.rlib" "-Wl,-Bdynamic" "-lgcc_s" "-lutil" "-lrt" "-lpthread" "-lm" "-ldl" "-lc" "-Wl,--eh-frame-hdr" "-Wl,-z,noexecstack" "-L" "/opt/rustwide/rustup-home/toolchains/1.83.0-x86_64-unknown-linux-gnu/lib/rustlib/x86_64-unknown-linux-gnu/lib" "-o" "/tmp/rustdoctestaTRwTp/rust_out" "-Wl,--gc-sections" "-pie" "-Wl,-z,relro,-z,now" "-nodefaultlibs"
[INFO] [stdout]   = note: collect2: fatal error: ld terminated with signal 9 [Killed]
[INFO] [stdout]           compilation terminated.
[INFO] [stdout]           
[INFO] [stdout] 
[INFO] [stdout] error: aborting due to 1 previous error
[INFO] [stdout] 
[INFO] [stdout] Couldn't compile the test.
[INFO] [stdout] ---- src/hash/sha1.rs - hash::sha1::compute (line 100) stdout ----
[INFO] [stdout] error: linking with `cc` failed: exit status: 1
[INFO] [stdout]   |
[INFO] [stdout]   = note: LC_ALL="C" PATH="/opt/rustwide/rustup-home/toolchains/1.83.0-x86_64-unknown-linux-gnu/lib/rustlib/x86_64-unknown-linux-gnu/bin:/opt/rustwide/cargo-home/bin:/usr/local/sbin:/usr/local/bin:/usr/sbin:/usr/bin:/sbin:/bin" VSLANG="1033" "cc" "-m64" "/tmp/rustcNG2INi/symbols.o" "/tmp/rustdoctest0iP2B8/rust_out.rust_out.cb03291d53e4e161-cgu.0.rcgu.o" "/tmp/rustdoctest0iP2B8/rust_out.1s7umcihpz0t7nkz1uc2ifee9.rcgu.o" "-Wl,--as-needed" "-Wl,-Bstatic" "/opt/rustwide/target/debug/deps/libfractus.rlib" "/opt/rustwide/target/debug/deps/libcolored-012786fe2703810c.rlib" "/opt/rustwide/target/debug/deps/librsa-426c55e79499758c.rlib" "/opt/rustwide/target/debug/deps/libpkcs1-f480474dddc82872.rlib" "/opt/rustwide/target/debug/deps/libpkcs8-84efc59277ce8d12.rlib" "/opt/rustwide/target/debug/deps/libspki-a9e47724053cb821.rlib" "/opt/rustwide/target/debug/deps/libder-084c19e8e28eb021.rlib" "/opt/rustwide/target/debug/deps/libpem_rfc7468-7e2f46847f26934a.rlib" "/opt/rustwide/target/debug/deps/libbase64ct-2f46f2f3eac5030a.rlib" "/opt/rustwide/target/debug/deps/libsubtle-5e49a3bf4b1c0b70.rlib" "/opt/rustwide/target/debug/deps/libsignature-2cabd736314a33d1.rlib" "/opt/rustwide/target/debug/deps/libdigest-3c43b2169335d581.rlib" "/opt/rustwide/target/debug/deps/libconst_oid-101706bfd026e31e.rlib" "/opt/rustwide/target/debug/deps/libcrypto_common-51e69f872257e8d4.rlib" "/opt/rustwide/target/debug/deps/libgeneric_array-96b5f8b414fbdd75.rlib" "/opt/rustwide/target/debug/deps/libtypenum-f8bcce2b4da82a7e.rlib" "/opt/rustwide/target/debug/deps/libnum_bigint_dig-66c929f2cb37421a.rlib" "/opt/rustwide/target/debug/deps/liblibm-7972cd833cd3065d.rlib" "/opt/rustwide/target/debug/deps/libzeroize-01673d2df795c1cc.rlib" "/opt/rustwide/target/debug/deps/libx509_parser-6386faab28336631.rlib" "/opt/rustwide/target/debug/deps/libdata_encoding-8027432d1fb711ac.rlib" "/opt/rustwide/target/debug/deps/liblazy_static-931c454a35a3656a.rlib" "/opt/rustwide/target/debug/deps/libspin-cd45c3153bc4c74f.rlib" "/opt/rustwide/target/debug/deps/liboid_registry-37212464892968db.rlib" "/opt/rustwide/target/debug/deps/libder_parser-b867b84d4033cf85.rlib" "/opt/rustwide/target/debug/deps/libasn1_rs-27fd3f1740678a3f.rlib" "/opt/rustwide/target/debug/deps/librusticata_macros-0ea84806096aa3dd.rlib" "/opt/rustwide/target/debug/deps/libnom-330397ad8af74e03.rlib" "/opt/rustwide/target/debug/deps/libmemchr-6b84ce758acd6c63.rlib" "/opt/rustwide/target/debug/deps/libtime-c0d268fa53ef8fac.rlib" "/opt/rustwide/target/debug/deps/libitoa-e8776415c5fe0047.rlib" "/opt/rustwide/target/debug/deps/libtime_core-920e11b901147e65.rlib" "/opt/rustwide/target/debug/deps/libnum_conv-4bd030b5826783c5.rlib" "/opt/rustwide/target/debug/deps/libderanged-e4c875d97de0e89c.rlib" "/opt/rustwide/target/debug/deps/libpowerfmt-776ac6678c847955.rlib" "/opt/rustwide/target/debug/deps/libpem-f38f3da593be9320.rlib" "/opt/rustwide/target/debug/deps/libbase64-e20cca239391ab45.rlib" "/opt/rustwide/target/debug/deps/libamalie-6bf3cd004671c060.rlib" "/opt/rustwide/target/debug/deps/libprimal-cc49bd92f2cf5de8.rlib" "/opt/rustwide/target/debug/deps/libprimal_sieve-f88b75606a897f12.rlib" "/opt/rustwide/target/debug/deps/libsmallvec-27682ff183e60130.rlib" "/opt/rustwide/target/debug/deps/libprimal_bit-c5e99425bb61e8a1.rlib" "/opt/rustwide/target/debug/deps/libhamming-a55dfb05d5d72d27.rlib" "/opt/rustwide/target/debug/deps/libprimal_check-37c52817fe949831.rlib" "/opt/rustwide/target/debug/deps/libprimal_estimate-70ce6dd9b1f03406.rlib" "/opt/rustwide/target/debug/deps/libthiserror-4d13f1d1c38ae170.rlib" "/opt/rustwide/target/debug/deps/libnum-d749fe490517769d.rlib" "/opt/rustwide/target/debug/deps/libnum_iter-73b115e43f75c05a.rlib" "/opt/rustwide/target/debug/deps/libnum_rational-2578b423f6e395b1.rlib" "/opt/rustwide/target/debug/deps/libnum_complex-3a41d4a366ae0465.rlib" "/opt/rustwide/target/debug/deps/libnum_bigint-414ce129236a6484.rlib" "/opt/rustwide/target/debug/deps/librand-e9326bd16b09744c.rlib" "/opt/rustwide/target/debug/deps/librand_chacha-ccd6bab891c5b079.rlib" "/opt/rustwide/target/debug/deps/libppv_lite86-7bfb151b4b9b9ac7.rlib" "/opt/rustwide/target/debug/deps/libzerocopy-6bcc5de94aab25a9.rlib" "/opt/rustwide/target/debug/deps/libbyteorder-d36d73da0d12e75b.rlib" "/opt/rustwide/target/debug/deps/librand_core-f1a83da2b41185cd.rlib" "/opt/rustwide/target/debug/deps/libgetrandom-3d75885a143935af.rlib" "/opt/rustwide/target/debug/deps/liblibc-c7def1cd1c4956c8.rlib" "/opt/rustwide/target/debug/deps/libcfg_if-8217498f8667ada9.rlib" "/opt/rustwide/target/debug/deps/libnum_integer-89f9ac6cf6b1b535.rlib" "/opt/rustwide/target/debug/deps/libnum_traits-fa7f7512062a9aed.rlib" "/opt/rustwide/target/debug/deps/librayon-9a34e8013756c14e.rlib" "/opt/rustwide/target/debug/deps/librayon_core-c85d1807022617f5.rlib" "/opt/rustwide/target/debug/deps/libcrossbeam_deque-a3beb0ebfe0441fb.rlib" "/opt/rustwide/target/debug/deps/libcrossbeam_epoch-17a12af7c8a0cc0a.rlib" "/opt/rustwide/target/debug/deps/libcrossbeam_utils-be96993693568ee0.rlib" "/opt/rustwide/target/debug/deps/libeither-41b3367888b49508.rlib" "/opt/rustwide/rustup-home/toolchains/1.83.0-x86_64-unknown-linux-gnu/lib/rustlib/x86_64-unknown-linux-gnu/lib/libstd-ca74a2d9c5166d9f.rlib" "/opt/rustwide/rustup-home/toolchains/1.83.0-x86_64-unknown-linux-gnu/lib/rustlib/x86_64-unknown-linux-gnu/lib/libpanic_unwind-e31ab23316ed5080.rlib" "/opt/rustwide/rustup-home/toolchains/1.83.0-x86_64-unknown-linux-gnu/lib/rustlib/x86_64-unknown-linux-gnu/lib/libobject-27dc4aa955912662.rlib" "/opt/rustwide/rustup-home/toolchains/1.83.0-x86_64-unknown-linux-gnu/lib/rustlib/x86_64-unknown-linux-gnu/lib/libmemchr-bd0d6cccce077b99.rlib" "/opt/rustwide/rustup-home/toolchains/1.83.0-x86_64-unknown-linux-gnu/lib/rustlib/x86_64-unknown-linux-gnu/lib/libaddr2line-8d001680935b5e3c.rlib" "/opt/rustwide/rustup-home/toolchains/1.83.0-x86_64-unknown-linux-gnu/lib/rustlib/x86_64-unknown-linux-gnu/lib/libgimli-ba8ce71964f984f4.rlib" "/opt/rustwide/rustup-home/toolchains/1.83.0-x86_64-unknown-linux-gnu/lib/rustlib/x86_64-unknown-linux-gnu/lib/librustc_demangle-99a73526abcec14b.rlib" "/opt/rustwide/rustup-home/toolchains/1.83.0-x86_64-unknown-linux-gnu/lib/rustlib/x86_64-unknown-linux-gnu/lib/libstd_detect-63ac0d22cff92579.rlib" "/opt/rustwide/rustup-home/toolchains/1.83.0-x86_64-unknown-linux-gnu/lib/rustlib/x86_64-unknown-linux-gnu/lib/libhashbrown-9057355c92c922d5.rlib" "/opt/rustwide/rustup-home/toolchains/1.83.0-x86_64-unknown-linux-gnu/lib/rustlib/x86_64-unknown-linux-gnu/lib/librustc_std_workspace_alloc-358be9bc1f6bab04.rlib" "/opt/rustwide/rustup-home/toolchains/1.83.0-x86_64-unknown-linux-gnu/lib/rustlib/x86_64-unknown-linux-gnu/lib/libminiz_oxide-aca15549d5bff974.rlib" "/opt/rustwide/rustup-home/toolchains/1.83.0-x86_64-unknown-linux-gnu/lib/rustlib/x86_64-unknown-linux-gnu/lib/libadler-8251d2cef7072448.rlib" "/opt/rustwide/rustup-home/toolchains/1.83.0-x86_64-unknown-linux-gnu/lib/rustlib/x86_64-unknown-linux-gnu/lib/libunwind-7d50b86011c66411.rlib" "/opt/rustwide/rustup-home/toolchains/1.83.0-x86_64-unknown-linux-gnu/lib/rustlib/x86_64-unknown-linux-gnu/lib/libcfg_if-51ea098fce5006bf.rlib" "/opt/rustwide/rustup-home/toolchains/1.83.0-x86_64-unknown-linux-gnu/lib/rustlib/x86_64-unknown-linux-gnu/lib/liblibc-5a14e0d0b712e731.rlib" "/opt/rustwide/rustup-home/toolchains/1.83.0-x86_64-unknown-linux-gnu/lib/rustlib/x86_64-unknown-linux-gnu/lib/liballoc-8b83dbf3a7b8f999.rlib" "/opt/rustwide/rustup-home/toolchains/1.83.0-x86_64-unknown-linux-gnu/lib/rustlib/x86_64-unknown-linux-gnu/lib/librustc_std_workspace_core-c6fd227bdc7b39ff.rlib" "/opt/rustwide/rustup-home/toolchains/1.83.0-x86_64-unknown-linux-gnu/lib/rustlib/x86_64-unknown-linux-gnu/lib/libcore-959d3389fa3da8a5.rlib" "/opt/rustwide/rustup-home/toolchains/1.83.0-x86_64-unknown-linux-gnu/lib/rustlib/x86_64-unknown-linux-gnu/lib/libcompiler_builtins-abe05db089cc2c62.rlib" "-Wl,-Bdynamic" "-lgcc_s" "-lutil" "-lrt" "-lpthread" "-lm" "-ldl" "-lc" "-Wl,--eh-frame-hdr" "-Wl,-z,noexecstack" "-L" "/opt/rustwide/rustup-home/toolchains/1.83.0-x86_64-unknown-linux-gnu/lib/rustlib/x86_64-unknown-linux-gnu/lib" "-o" "/tmp/rustdoctest0iP2B8/rust_out" "-Wl,--gc-sections" "-pie" "-Wl,-z,relro,-z,now" "-nodefaultlibs"
[INFO] [stdout]   = note: collect2: fatal error: ld terminated with signal 9 [Killed]
[INFO] [stdout]           compilation terminated.
[INFO] [stdout]           
[INFO] [stdout] 
[INFO] [stdout] error: aborting due to 1 previous error
[INFO] [stdout] 
[INFO] [stdout] Couldn't compile the test.
[INFO] [stdout] ---- src/hash/sha0.rs - hash::sha0::compute (line 100) stdout ----
[INFO] [stdout] error: linking with `cc` failed: exit status: 1
[INFO] [stdout]   |
[INFO] [stdout]   = note: LC_ALL="C" PATH="/opt/rustwide/rustup-home/toolchains/1.83.0-x86_64-unknown-linux-gnu/lib/rustlib/x86_64-unknown-linux-gnu/bin:/opt/rustwide/cargo-home/bin:/usr/local/sbin:/usr/local/bin:/usr/sbin:/usr/bin:/sbin:/bin" VSLANG="1033" "cc" "-m64" "/tmp/rustcnDeTky/symbols.o" "/tmp/rustdoctestNzpoBM/rust_out.rust_out.cb03291d53e4e161-cgu.0.rcgu.o" "/tmp/rustdoctestNzpoBM/rust_out.1s7umcihpz0t7nkz1uc2ifee9.rcgu.o" "-Wl,--as-needed" "-Wl,-Bstatic" "/opt/rustwide/target/debug/deps/libfractus.rlib" "/opt/rustwide/target/debug/deps/libcolored-012786fe2703810c.rlib" "/opt/rustwide/target/debug/deps/librsa-426c55e79499758c.rlib" "/opt/rustwide/target/debug/deps/libpkcs1-f480474dddc82872.rlib" "/opt/rustwide/target/debug/deps/libpkcs8-84efc59277ce8d12.rlib" "/opt/rustwide/target/debug/deps/libspki-a9e47724053cb821.rlib" "/opt/rustwide/target/debug/deps/libder-084c19e8e28eb021.rlib" "/opt/rustwide/target/debug/deps/libpem_rfc7468-7e2f46847f26934a.rlib" "/opt/rustwide/target/debug/deps/libbase64ct-2f46f2f3eac5030a.rlib" "/opt/rustwide/target/debug/deps/libsubtle-5e49a3bf4b1c0b70.rlib" "/opt/rustwide/target/debug/deps/libsignature-2cabd736314a33d1.rlib" "/opt/rustwide/target/debug/deps/libdigest-3c43b2169335d581.rlib" "/opt/rustwide/target/debug/deps/libconst_oid-101706bfd026e31e.rlib" "/opt/rustwide/target/debug/deps/libcrypto_common-51e69f872257e8d4.rlib" "/opt/rustwide/target/debug/deps/libgeneric_array-96b5f8b414fbdd75.rlib" "/opt/rustwide/target/debug/deps/libtypenum-f8bcce2b4da82a7e.rlib" "/opt/rustwide/target/debug/deps/libnum_bigint_dig-66c929f2cb37421a.rlib" "/opt/rustwide/target/debug/deps/liblibm-7972cd833cd3065d.rlib" "/opt/rustwide/target/debug/deps/libzeroize-01673d2df795c1cc.rlib" "/opt/rustwide/target/debug/deps/libx509_parser-6386faab28336631.rlib" "/opt/rustwide/target/debug/deps/libdata_encoding-8027432d1fb711ac.rlib" "/opt/rustwide/target/debug/deps/liblazy_static-931c454a35a3656a.rlib" "/opt/rustwide/target/debug/deps/libspin-cd45c3153bc4c74f.rlib" "/opt/rustwide/target/debug/deps/liboid_registry-37212464892968db.rlib" "/opt/rustwide/target/debug/deps/libder_parser-b867b84d4033cf85.rlib" "/opt/rustwide/target/debug/deps/libasn1_rs-27fd3f1740678a3f.rlib" "/opt/rustwide/target/debug/deps/librusticata_macros-0ea84806096aa3dd.rlib" "/opt/rustwide/target/debug/deps/libnom-330397ad8af74e03.rlib" "/opt/rustwide/target/debug/deps/libmemchr-6b84ce758acd6c63.rlib" "/opt/rustwide/target/debug/deps/libtime-c0d268fa53ef8fac.rlib" "/opt/rustwide/target/debug/deps/libitoa-e8776415c5fe0047.rlib" "/opt/rustwide/target/debug/deps/libtime_core-920e11b901147e65.rlib" "/opt/rustwide/target/debug/deps/libnum_conv-4bd030b5826783c5.rlib" "/opt/rustwide/target/debug/deps/libderanged-e4c875d97de0e89c.rlib" "/opt/rustwide/target/debug/deps/libpowerfmt-776ac6678c847955.rlib" "/opt/rustwide/target/debug/deps/libpem-f38f3da593be9320.rlib" "/opt/rustwide/target/debug/deps/libbase64-e20cca239391ab45.rlib" "/opt/rustwide/target/debug/deps/libamalie-6bf3cd004671c060.rlib" "/opt/rustwide/target/debug/deps/libprimal-cc49bd92f2cf5de8.rlib" "/opt/rustwide/target/debug/deps/libprimal_sieve-f88b75606a897f12.rlib" "/opt/rustwide/target/debug/deps/libsmallvec-27682ff183e60130.rlib" "/opt/rustwide/target/debug/deps/libprimal_bit-c5e99425bb61e8a1.rlib" "/opt/rustwide/target/debug/deps/libhamming-a55dfb05d5d72d27.rlib" "/opt/rustwide/target/debug/deps/libprimal_check-37c52817fe949831.rlib" "/opt/rustwide/target/debug/deps/libprimal_estimate-70ce6dd9b1f03406.rlib" "/opt/rustwide/target/debug/deps/libthiserror-4d13f1d1c38ae170.rlib" "/opt/rustwide/target/debug/deps/libnum-d749fe490517769d.rlib" "/opt/rustwide/target/debug/deps/libnum_iter-73b115e43f75c05a.rlib" "/opt/rustwide/target/debug/deps/libnum_rational-2578b423f6e395b1.rlib" "/opt/rustwide/target/debug/deps/libnum_complex-3a41d4a366ae0465.rlib" "/opt/rustwide/target/debug/deps/libnum_bigint-414ce129236a6484.rlib" "/opt/rustwide/target/debug/deps/librand-e9326bd16b09744c.rlib" "/opt/rustwide/target/debug/deps/librand_chacha-ccd6bab891c5b079.rlib" "/opt/rustwide/target/debug/deps/libppv_lite86-7bfb151b4b9b9ac7.rlib" "/opt/rustwide/target/debug/deps/libzerocopy-6bcc5de94aab25a9.rlib" "/opt/rustwide/target/debug/deps/libbyteorder-d36d73da0d12e75b.rlib" "/opt/rustwide/target/debug/deps/librand_core-f1a83da2b41185cd.rlib" "/opt/rustwide/target/debug/deps/libgetrandom-3d75885a143935af.rlib" "/opt/rustwide/target/debug/deps/liblibc-c7def1cd1c4956c8.rlib" "/opt/rustwide/target/debug/deps/libcfg_if-8217498f8667ada9.rlib" "/opt/rustwide/target/debug/deps/libnum_integer-89f9ac6cf6b1b535.rlib" "/opt/rustwide/target/debug/deps/libnum_traits-fa7f7512062a9aed.rlib" "/opt/rustwide/target/debug/deps/librayon-9a34e8013756c14e.rlib" "/opt/rustwide/target/debug/deps/librayon_core-c85d1807022617f5.rlib" "/opt/rustwide/target/debug/deps/libcrossbeam_deque-a3beb0ebfe0441fb.rlib" "/opt/rustwide/target/debug/deps/libcrossbeam_epoch-17a12af7c8a0cc0a.rlib" "/opt/rustwide/target/debug/deps/libcrossbeam_utils-be96993693568ee0.rlib" "/opt/rustwide/target/debug/deps/libeither-41b3367888b49508.rlib" "/opt/rustwide/rustup-home/toolchains/1.83.0-x86_64-unknown-linux-gnu/lib/rustlib/x86_64-unknown-linux-gnu/lib/libstd-ca74a2d9c5166d9f.rlib" "/opt/rustwide/rustup-home/toolchains/1.83.0-x86_64-unknown-linux-gnu/lib/rustlib/x86_64-unknown-linux-gnu/lib/libpanic_unwind-e31ab23316ed5080.rlib" "/opt/rustwide/rustup-home/toolchains/1.83.0-x86_64-unknown-linux-gnu/lib/rustlib/x86_64-unknown-linux-gnu/lib/libobject-27dc4aa955912662.rlib" "/opt/rustwide/rustup-home/toolchains/1.83.0-x86_64-unknown-linux-gnu/lib/rustlib/x86_64-unknown-linux-gnu/lib/libmemchr-bd0d6cccce077b99.rlib" "/opt/rustwide/rustup-home/toolchains/1.83.0-x86_64-unknown-linux-gnu/lib/rustlib/x86_64-unknown-linux-gnu/lib/libaddr2line-8d001680935b5e3c.rlib" "/opt/rustwide/rustup-home/toolchains/1.83.0-x86_64-unknown-linux-gnu/lib/rustlib/x86_64-unknown-linux-gnu/lib/libgimli-ba8ce71964f984f4.rlib" "/opt/rustwide/rustup-home/toolchains/1.83.0-x86_64-unknown-linux-gnu/lib/rustlib/x86_64-unknown-linux-gnu/lib/librustc_demangle-99a73526abcec14b.rlib" "/opt/rustwide/rustup-home/toolchains/1.83.0-x86_64-unknown-linux-gnu/lib/rustlib/x86_64-unknown-linux-gnu/lib/libstd_detect-63ac0d22cff92579.rlib" "/opt/rustwide/rustup-home/toolchains/1.83.0-x86_64-unknown-linux-gnu/lib/rustlib/x86_64-unknown-linux-gnu/lib/libhashbrown-9057355c92c922d5.rlib" "/opt/rustwide/rustup-home/toolchains/1.83.0-x86_64-unknown-linux-gnu/lib/rustlib/x86_64-unknown-linux-gnu/lib/librustc_std_workspace_alloc-358be9bc1f6bab04.rlib" "/opt/rustwide/rustup-home/toolchains/1.83.0-x86_64-unknown-linux-gnu/lib/rustlib/x86_64-unknown-linux-gnu/lib/libminiz_oxide-aca15549d5bff974.rlib" "/opt/rustwide/rustup-home/toolchains/1.83.0-x86_64-unknown-linux-gnu/lib/rustlib/x86_64-unknown-linux-gnu/lib/libadler-8251d2cef7072448.rlib" "/opt/rustwide/rustup-home/toolchains/1.83.0-x86_64-unknown-linux-gnu/lib/rustlib/x86_64-unknown-linux-gnu/lib/libunwind-7d50b86011c66411.rlib" "/opt/rustwide/rustup-home/toolchains/1.83.0-x86_64-unknown-linux-gnu/lib/rustlib/x86_64-unknown-linux-gnu/lib/libcfg_if-51ea098fce5006bf.rlib" "/opt/rustwide/rustup-home/toolchains/1.83.0-x86_64-unknown-linux-gnu/lib/rustlib/x86_64-unknown-linux-gnu/lib/liblibc-5a14e0d0b712e731.rlib" "/opt/rustwide/rustup-home/toolchains/1.83.0-x86_64-unknown-linux-gnu/lib/rustlib/x86_64-unknown-linux-gnu/lib/liballoc-8b83dbf3a7b8f999.rlib" "/opt/rustwide/rustup-home/toolchains/1.83.0-x86_64-unknown-linux-gnu/lib/rustlib/x86_64-unknown-linux-gnu/lib/librustc_std_workspace_core-c6fd227bdc7b39ff.rlib" "/opt/rustwide/rustup-home/toolchains/1.83.0-x86_64-unknown-linux-gnu/lib/rustlib/x86_64-unknown-linux-gnu/lib/libcore-959d3389fa3da8a5.rlib" "/opt/rustwide/rustup-home/toolchains/1.83.0-x86_64-unknown-linux-gnu/lib/rustlib/x86_64-unknown-linux-gnu/lib/libcompiler_builtins-abe05db089cc2c62.rlib" "-Wl,-Bdynamic" "-lgcc_s" "-lutil" "-lrt" "-lpthread" "-lm" "-ldl" "-lc" "-Wl,--eh-frame-hdr" "-Wl,-z,noexecstack" "-L" "/opt/rustwide/rustup-home/toolchains/1.83.0-x86_64-unknown-linux-gnu/lib/rustlib/x86_64-unknown-linux-gnu/lib" "-o" "/tmp/rustdoctestNzpoBM/rust_out" "-Wl,--gc-sections" "-pie" "-Wl,-z,relro,-z,now" "-nodefaultlibs"
[INFO] [stdout]   = note: collect2: fatal error: ld terminated with signal 9 [Killed]
[INFO] [stdout]           compilation terminated.
[INFO] [stdout]           
[INFO] [stdout] 
[INFO] [stdout] error: aborting due to 1 previous error
[INFO] [stdout] 
[INFO] [stdout] Couldn't compile the test.
[INFO] [stdout] ---- src/hash/ripemd320.rs - hash::ripemd320::compute (line 149) stdout ----
[INFO] [stdout] error: linking with `cc` failed: exit status: 1
[INFO] [stdout]   |
[INFO] [stdout]   = note: LC_ALL="C" PATH="/opt/rustwide/rustup-home/toolchains/1.83.0-x86_64-unknown-linux-gnu/lib/rustlib/x86_64-unknown-linux-gnu/bin:/opt/rustwide/cargo-home/bin:/usr/local/sbin:/usr/local/bin:/usr/sbin:/usr/bin:/sbin:/bin" VSLANG="1033" "cc" "-m64" "/tmp/rustcTs6trH/symbols.o" "/tmp/rustdoctestZx69Yv/rust_out.rust_out.cb03291d53e4e161-cgu.0.rcgu.o" "/tmp/rustdoctestZx69Yv/rust_out.1s7umcihpz0t7nkz1uc2ifee9.rcgu.o" "-Wl,--as-needed" "-Wl,-Bstatic" "/opt/rustwide/target/debug/deps/libfractus.rlib" "/opt/rustwide/target/debug/deps/libcolored-012786fe2703810c.rlib" "/opt/rustwide/target/debug/deps/librsa-426c55e79499758c.rlib" "/opt/rustwide/target/debug/deps/libpkcs1-f480474dddc82872.rlib" "/opt/rustwide/target/debug/deps/libpkcs8-84efc59277ce8d12.rlib" "/opt/rustwide/target/debug/deps/libspki-a9e47724053cb821.rlib" "/opt/rustwide/target/debug/deps/libder-084c19e8e28eb021.rlib" "/opt/rustwide/target/debug/deps/libpem_rfc7468-7e2f46847f26934a.rlib" "/opt/rustwide/target/debug/deps/libbase64ct-2f46f2f3eac5030a.rlib" "/opt/rustwide/target/debug/deps/libsubtle-5e49a3bf4b1c0b70.rlib" "/opt/rustwide/target/debug/deps/libsignature-2cabd736314a33d1.rlib" "/opt/rustwide/target/debug/deps/libdigest-3c43b2169335d581.rlib" "/opt/rustwide/target/debug/deps/libconst_oid-101706bfd026e31e.rlib" "/opt/rustwide/target/debug/deps/libcrypto_common-51e69f872257e8d4.rlib" "/opt/rustwide/target/debug/deps/libgeneric_array-96b5f8b414fbdd75.rlib" "/opt/rustwide/target/debug/deps/libtypenum-f8bcce2b4da82a7e.rlib" "/opt/rustwide/target/debug/deps/libnum_bigint_dig-66c929f2cb37421a.rlib" "/opt/rustwide/target/debug/deps/liblibm-7972cd833cd3065d.rlib" "/opt/rustwide/target/debug/deps/libzeroize-01673d2df795c1cc.rlib" "/opt/rustwide/target/debug/deps/libx509_parser-6386faab28336631.rlib" "/opt/rustwide/target/debug/deps/libdata_encoding-8027432d1fb711ac.rlib" "/opt/rustwide/target/debug/deps/liblazy_static-931c454a35a3656a.rlib" "/opt/rustwide/target/debug/deps/libspin-cd45c3153bc4c74f.rlib" "/opt/rustwide/target/debug/deps/liboid_registry-37212464892968db.rlib" "/opt/rustwide/target/debug/deps/libder_parser-b867b84d4033cf85.rlib" "/opt/rustwide/target/debug/deps/libasn1_rs-27fd3f1740678a3f.rlib" "/opt/rustwide/target/debug/deps/librusticata_macros-0ea84806096aa3dd.rlib" "/opt/rustwide/target/debug/deps/libnom-330397ad8af74e03.rlib" "/opt/rustwide/target/debug/deps/libmemchr-6b84ce758acd6c63.rlib" "/opt/rustwide/target/debug/deps/libtime-c0d268fa53ef8fac.rlib" "/opt/rustwide/target/debug/deps/libitoa-e8776415c5fe0047.rlib" "/opt/rustwide/target/debug/deps/libtime_core-920e11b901147e65.rlib" "/opt/rustwide/target/debug/deps/libnum_conv-4bd030b5826783c5.rlib" "/opt/rustwide/target/debug/deps/libderanged-e4c875d97de0e89c.rlib" "/opt/rustwide/target/debug/deps/libpowerfmt-776ac6678c847955.rlib" "/opt/rustwide/target/debug/deps/libpem-f38f3da593be9320.rlib" "/opt/rustwide/target/debug/deps/libbase64-e20cca239391ab45.rlib" "/opt/rustwide/target/debug/deps/libamalie-6bf3cd004671c060.rlib" "/opt/rustwide/target/debug/deps/libprimal-cc49bd92f2cf5de8.rlib" "/opt/rustwide/target/debug/deps/libprimal_sieve-f88b75606a897f12.rlib" "/opt/rustwide/target/debug/deps/libsmallvec-27682ff183e60130.rlib" "/opt/rustwide/target/debug/deps/libprimal_bit-c5e99425bb61e8a1.rlib" "/opt/rustwide/target/debug/deps/libhamming-a55dfb05d5d72d27.rlib" "/opt/rustwide/target/debug/deps/libprimal_check-37c52817fe949831.rlib" "/opt/rustwide/target/debug/deps/libprimal_estimate-70ce6dd9b1f03406.rlib" "/opt/rustwide/target/debug/deps/libthiserror-4d13f1d1c38ae170.rlib" "/opt/rustwide/target/debug/deps/libnum-d749fe490517769d.rlib" "/opt/rustwide/target/debug/deps/libnum_iter-73b115e43f75c05a.rlib" "/opt/rustwide/target/debug/deps/libnum_rational-2578b423f6e395b1.rlib" "/opt/rustwide/target/debug/deps/libnum_complex-3a41d4a366ae0465.rlib" "/opt/rustwide/target/debug/deps/libnum_bigint-414ce129236a6484.rlib" "/opt/rustwide/target/debug/deps/librand-e9326bd16b09744c.rlib" "/opt/rustwide/target/debug/deps/librand_chacha-ccd6bab891c5b079.rlib" "/opt/rustwide/target/debug/deps/libppv_lite86-7bfb151b4b9b9ac7.rlib" "/opt/rustwide/target/debug/deps/libzerocopy-6bcc5de94aab25a9.rlib" "/opt/rustwide/target/debug/deps/libbyteorder-d36d73da0d12e75b.rlib" "/opt/rustwide/target/debug/deps/librand_core-f1a83da2b41185cd.rlib" "/opt/rustwide/target/debug/deps/libgetrandom-3d75885a143935af.rlib" "/opt/rustwide/target/debug/deps/liblibc-c7def1cd1c4956c8.rlib" "/opt/rustwide/target/debug/deps/libcfg_if-8217498f8667ada9.rlib" "/opt/rustwide/target/debug/deps/libnum_integer-89f9ac6cf6b1b535.rlib" "/opt/rustwide/target/debug/deps/libnum_traits-fa7f7512062a9aed.rlib" "/opt/rustwide/target/debug/deps/librayon-9a34e8013756c14e.rlib" "/opt/rustwide/target/debug/deps/librayon_core-c85d1807022617f5.rlib" "/opt/rustwide/target/debug/deps/libcrossbeam_deque-a3beb0ebfe0441fb.rlib" "/opt/rustwide/target/debug/deps/libcrossbeam_epoch-17a12af7c8a0cc0a.rlib" "/opt/rustwide/target/debug/deps/libcrossbeam_utils-be96993693568ee0.rlib" "/opt/rustwide/target/debug/deps/libeither-41b3367888b49508.rlib" "/opt/rustwide/rustup-home/toolchains/1.83.0-x86_64-unknown-linux-gnu/lib/rustlib/x86_64-unknown-linux-gnu/lib/libstd-ca74a2d9c5166d9f.rlib" "/opt/rustwide/rustup-home/toolchains/1.83.0-x86_64-unknown-linux-gnu/lib/rustlib/x86_64-unknown-linux-gnu/lib/libpanic_unwind-e31ab23316ed5080.rlib" "/opt/rustwide/rustup-home/toolchains/1.83.0-x86_64-unknown-linux-gnu/lib/rustlib/x86_64-unknown-linux-gnu/lib/libobject-27dc4aa955912662.rlib" "/opt/rustwide/rustup-home/toolchains/1.83.0-x86_64-unknown-linux-gnu/lib/rustlib/x86_64-unknown-linux-gnu/lib/libmemchr-bd0d6cccce077b99.rlib" "/opt/rustwide/rustup-home/toolchains/1.83.0-x86_64-unknown-linux-gnu/lib/rustlib/x86_64-unknown-linux-gnu/lib/libaddr2line-8d001680935b5e3c.rlib" "/opt/rustwide/rustup-home/toolchains/1.83.0-x86_64-unknown-linux-gnu/lib/rustlib/x86_64-unknown-linux-gnu/lib/libgimli-ba8ce71964f984f4.rlib" "/opt/rustwide/rustup-home/toolchains/1.83.0-x86_64-unknown-linux-gnu/lib/rustlib/x86_64-unknown-linux-gnu/lib/librustc_demangle-99a73526abcec14b.rlib" "/opt/rustwide/rustup-home/toolchains/1.83.0-x86_64-unknown-linux-gnu/lib/rustlib/x86_64-unknown-linux-gnu/lib/libstd_detect-63ac0d22cff92579.rlib" "/opt/rustwide/rustup-home/toolchains/1.83.0-x86_64-unknown-linux-gnu/lib/rustlib/x86_64-unknown-linux-gnu/lib/libhashbrown-9057355c92c922d5.rlib" "/opt/rustwide/rustup-home/toolchains/1.83.0-x86_64-unknown-linux-gnu/lib/rustlib/x86_64-unknown-linux-gnu/lib/librustc_std_workspace_alloc-358be9bc1f6bab04.rlib" "/opt/rustwide/rustup-home/toolchains/1.83.0-x86_64-unknown-linux-gnu/lib/rustlib/x86_64-unknown-linux-gnu/lib/libminiz_oxide-aca15549d5bff974.rlib" "/opt/rustwide/rustup-home/toolchains/1.83.0-x86_64-unknown-linux-gnu/lib/rustlib/x86_64-unknown-linux-gnu/lib/libadler-8251d2cef7072448.rlib" "/opt/rustwide/rustup-home/toolchains/1.83.0-x86_64-unknown-linux-gnu/lib/rustlib/x86_64-unknown-linux-gnu/lib/libunwind-7d50b86011c66411.rlib" "/opt/rustwide/rustup-home/toolchains/1.83.0-x86_64-unknown-linux-gnu/lib/rustlib/x86_64-unknown-linux-gnu/lib/libcfg_if-51ea098fce5006bf.rlib" "/opt/rustwide/rustup-home/toolchains/1.83.0-x86_64-unknown-linux-gnu/lib/rustlib/x86_64-unknown-linux-gnu/lib/liblibc-5a14e0d0b712e731.rlib" "/opt/rustwide/rustup-home/toolchains/1.83.0-x86_64-unknown-linux-gnu/lib/rustlib/x86_64-unknown-linux-gnu/lib/liballoc-8b83dbf3a7b8f999.rlib" "/opt/rustwide/rustup-home/toolchains/1.83.0-x86_64-unknown-linux-gnu/lib/rustlib/x86_64-unknown-linux-gnu/lib/librustc_std_workspace_core-c6fd227bdc7b39ff.rlib" "/opt/rustwide/rustup-home/toolchains/1.83.0-x86_64-unknown-linux-gnu/lib/rustlib/x86_64-unknown-linux-gnu/lib/libcore-959d3389fa3da8a5.rlib" "/opt/rustwide/rustup-home/toolchains/1.83.0-x86_64-unknown-linux-gnu/lib/rustlib/x86_64-unknown-linux-gnu/lib/libcompiler_builtins-abe05db089cc2c62.rlib" "-Wl,-Bdynamic" "-lgcc_s" "-lutil" "-lrt" "-lpthread" "-lm" "-ldl" "-lc" "-Wl,--eh-frame-hdr" "-Wl,-z,noexecstack" "-L" "/opt/rustwide/rustup-home/toolchains/1.83.0-x86_64-unknown-linux-gnu/lib/rustlib/x86_64-unknown-linux-gnu/lib" "-o" "/tmp/rustdoctestZx69Yv/rust_out" "-Wl,--gc-sections" "-pie" "-Wl,-z,relro,-z,now" "-nodefaultlibs"
[INFO] [stdout]   = note: collect2: fatal error: ld terminated with signal 9 [Killed]
[INFO] [stdout]           compilation terminated.
[INFO] [stdout]           
[INFO] [stdout] 
[INFO] [stdout] error: aborting due to 1 previous error
[INFO] [stdout] 
[INFO] [stdout] Couldn't compile the test.
[INFO] [stdout] ---- src/hash/whirlpool.rs - hash::whirlpool::compute (line 664) stdout ----
[INFO] [stdout] Couldn't compile the test.
[INFO] [stdout] ---- src/hash/md5.rs - hash::md5::compute (line 104) stdout ----
[INFO] [stdout] error: linking with `cc` failed: exit status: 1
[INFO] [stdout]   |
[INFO] [stdout]   = note: LC_ALL="C" PATH="/opt/rustwide/rustup-home/toolchains/1.83.0-x86_64-unknown-linux-gnu/lib/rustlib/x86_64-unknown-linux-gnu/bin:/opt/rustwide/cargo-home/bin:/usr/local/sbin:/usr/local/bin:/usr/sbin:/usr/bin:/sbin:/bin" VSLANG="1033" "cc" "-m64" "/tmp/rustcCOScyq/symbols.o" "/tmp/rustdoctestcEZnPz/rust_out.rust_out.cb03291d53e4e161-cgu.0.rcgu.o" "/tmp/rustdoctestcEZnPz/rust_out.1s7umcihpz0t7nkz1uc2ifee9.rcgu.o" "-Wl,--as-needed" "-Wl,-Bstatic" "/opt/rustwide/target/debug/deps/libfractus.rlib" "/opt/rustwide/target/debug/deps/libcolored-012786fe2703810c.rlib" "/opt/rustwide/target/debug/deps/librsa-426c55e79499758c.rlib" "/opt/rustwide/target/debug/deps/libpkcs1-f480474dddc82872.rlib" "/opt/rustwide/target/debug/deps/libpkcs8-84efc59277ce8d12.rlib" "/opt/rustwide/target/debug/deps/libspki-a9e47724053cb821.rlib" "/opt/rustwide/target/debug/deps/libder-084c19e8e28eb021.rlib" "/opt/rustwide/target/debug/deps/libpem_rfc7468-7e2f46847f26934a.rlib" "/opt/rustwide/target/debug/deps/libbase64ct-2f46f2f3eac5030a.rlib" "/opt/rustwide/target/debug/deps/libsubtle-5e49a3bf4b1c0b70.rlib" "/opt/rustwide/target/debug/deps/libsignature-2cabd736314a33d1.rlib" "/opt/rustwide/target/debug/deps/libdigest-3c43b2169335d581.rlib" "/opt/rustwide/target/debug/deps/libconst_oid-101706bfd026e31e.rlib" "/opt/rustwide/target/debug/deps/libcrypto_common-51e69f872257e8d4.rlib" "/opt/rustwide/target/debug/deps/libgeneric_array-96b5f8b414fbdd75.rlib" "/opt/rustwide/target/debug/deps/libtypenum-f8bcce2b4da82a7e.rlib" "/opt/rustwide/target/debug/deps/libnum_bigint_dig-66c929f2cb37421a.rlib" "/opt/rustwide/target/debug/deps/liblibm-7972cd833cd3065d.rlib" "/opt/rustwide/target/debug/deps/libzeroize-01673d2df795c1cc.rlib" "/opt/rustwide/target/debug/deps/libx509_parser-6386faab28336631.rlib" "/opt/rustwide/target/debug/deps/libdata_encoding-8027432d1fb711ac.rlib" "/opt/rustwide/target/debug/deps/liblazy_static-931c454a35a3656a.rlib" "/opt/rustwide/target/debug/deps/libspin-cd45c3153bc4c74f.rlib" "/opt/rustwide/target/debug/deps/liboid_registry-37212464892968db.rlib" "/opt/rustwide/target/debug/deps/libder_parser-b867b84d4033cf85.rlib" "/opt/rustwide/target/debug/deps/libasn1_rs-27fd3f1740678a3f.rlib" "/opt/rustwide/target/debug/deps/librusticata_macros-0ea84806096aa3dd.rlib" "/opt/rustwide/target/debug/deps/libnom-330397ad8af74e03.rlib" "/opt/rustwide/target/debug/deps/libmemchr-6b84ce758acd6c63.rlib" "/opt/rustwide/target/debug/deps/libtime-c0d268fa53ef8fac.rlib" "/opt/rustwide/target/debug/deps/libitoa-e8776415c5fe0047.rlib" "/opt/rustwide/target/debug/deps/libtime_core-920e11b901147e65.rlib" "/opt/rustwide/target/debug/deps/libnum_conv-4bd030b5826783c5.rlib" "/opt/rustwide/target/debug/deps/libderanged-e4c875d97de0e89c.rlib" "/opt/rustwide/target/debug/deps/libpowerfmt-776ac6678c847955.rlib" "/opt/rustwide/target/debug/deps/libpem-f38f3da593be9320.rlib" "/opt/rustwide/target/debug/deps/libbase64-e20cca239391ab45.rlib" "/opt/rustwide/target/debug/deps/libamalie-6bf3cd004671c060.rlib" "/opt/rustwide/target/debug/deps/libprimal-cc49bd92f2cf5de8.rlib" "/opt/rustwide/target/debug/deps/libprimal_sieve-f88b75606a897f12.rlib" "/opt/rustwide/target/debug/deps/libsmallvec-27682ff183e60130.rlib" "/opt/rustwide/target/debug/deps/libprimal_bit-c5e99425bb61e8a1.rlib" "/opt/rustwide/target/debug/deps/libhamming-a55dfb05d5d72d27.rlib" "/opt/rustwide/target/debug/deps/libprimal_check-37c52817fe949831.rlib" "/opt/rustwide/target/debug/deps/libprimal_estimate-70ce6dd9b1f03406.rlib" "/opt/rustwide/target/debug/deps/libthiserror-4d13f1d1c38ae170.rlib" "/opt/rustwide/target/debug/deps/libnum-d749fe490517769d.rlib" "/opt/rustwide/target/debug/deps/libnum_iter-73b115e43f75c05a.rlib" "/opt/rustwide/target/debug/deps/libnum_rational-2578b423f6e395b1.rlib" "/opt/rustwide/target/debug/deps/libnum_complex-3a41d4a366ae0465.rlib" "/opt/rustwide/target/debug/deps/libnum_bigint-414ce129236a6484.rlib" "/opt/rustwide/target/debug/deps/librand-e9326bd16b09744c.rlib" "/opt/rustwide/target/debug/deps/librand_chacha-ccd6bab891c5b079.rlib" "/opt/rustwide/target/debug/deps/libppv_lite86-7bfb151b4b9b9ac7.rlib" "/opt/rustwide/target/debug/deps/libzerocopy-6bcc5de94aab25a9.rlib" "/opt/rustwide/target/debug/deps/libbyteorder-d36d73da0d12e75b.rlib" "/opt/rustwide/target/debug/deps/librand_core-f1a83da2b41185cd.rlib" "/opt/rustwide/target/debug/deps/libgetrandom-3d75885a143935af.rlib" "/opt/rustwide/target/debug/deps/liblibc-c7def1cd1c4956c8.rlib" "/opt/rustwide/target/debug/deps/libcfg_if-8217498f8667ada9.rlib" "/opt/rustwide/target/debug/deps/libnum_integer-89f9ac6cf6b1b535.rlib" "/opt/rustwide/target/debug/deps/libnum_traits-fa7f7512062a9aed.rlib" "/opt/rustwide/target/debug/deps/librayon-9a34e8013756c14e.rlib" "/opt/rustwide/target/debug/deps/librayon_core-c85d1807022617f5.rlib" "/opt/rustwide/target/debug/deps/libcrossbeam_deque-a3beb0ebfe0441fb.rlib" "/opt/rustwide/target/debug/deps/libcrossbeam_epoch-17a12af7c8a0cc0a.rlib" "/opt/rustwide/target/debug/deps/libcrossbeam_utils-be96993693568ee0.rlib" "/opt/rustwide/target/debug/deps/libeither-41b3367888b49508.rlib" "/opt/rustwide/rustup-home/toolchains/1.83.0-x86_64-unknown-linux-gnu/lib/rustlib/x86_64-unknown-linux-gnu/lib/libstd-ca74a2d9c5166d9f.rlib" "/opt/rustwide/rustup-home/toolchains/1.83.0-x86_64-unknown-linux-gnu/lib/rustlib/x86_64-unknown-linux-gnu/lib/libpanic_unwind-e31ab23316ed5080.rlib" "/opt/rustwide/rustup-home/toolchains/1.83.0-x86_64-unknown-linux-gnu/lib/rustlib/x86_64-unknown-linux-gnu/lib/libobject-27dc4aa955912662.rlib" "/opt/rustwide/rustup-home/toolchains/1.83.0-x86_64-unknown-linux-gnu/lib/rustlib/x86_64-unknown-linux-gnu/lib/libmemchr-bd0d6cccce077b99.rlib" "/opt/rustwide/rustup-home/toolchains/1.83.0-x86_64-unknown-linux-gnu/lib/rustlib/x86_64-unknown-linux-gnu/lib/libaddr2line-8d001680935b5e3c.rlib" "/opt/rustwide/rustup-home/toolchains/1.83.0-x86_64-unknown-linux-gnu/lib/rustlib/x86_64-unknown-linux-gnu/lib/libgimli-ba8ce71964f984f4.rlib" "/opt/rustwide/rustup-home/toolchains/1.83.0-x86_64-unknown-linux-gnu/lib/rustlib/x86_64-unknown-linux-gnu/lib/librustc_demangle-99a73526abcec14b.rlib" "/opt/rustwide/rustup-home/toolchains/1.83.0-x86_64-unknown-linux-gnu/lib/rustlib/x86_64-unknown-linux-gnu/lib/libstd_detect-63ac0d22cff92579.rlib" "/opt/rustwide/rustup-home/toolchains/1.83.0-x86_64-unknown-linux-gnu/lib/rustlib/x86_64-unknown-linux-gnu/lib/libhashbrown-9057355c92c922d5.rlib" "/opt/rustwide/rustup-home/toolchains/1.83.0-x86_64-unknown-linux-gnu/lib/rustlib/x86_64-unknown-linux-gnu/lib/librustc_std_workspace_alloc-358be9bc1f6bab04.rlib" "/opt/rustwide/rustup-home/toolchains/1.83.0-x86_64-unknown-linux-gnu/lib/rustlib/x86_64-unknown-linux-gnu/lib/libminiz_oxide-aca15549d5bff974.rlib" "/opt/rustwide/rustup-home/toolchains/1.83.0-x86_64-unknown-linux-gnu/lib/rustlib/x86_64-unknown-linux-gnu/lib/libadler-8251d2cef7072448.rlib" "/opt/rustwide/rustup-home/toolchains/1.83.0-x86_64-unknown-linux-gnu/lib/rustlib/x86_64-unknown-linux-gnu/lib/libunwind-7d50b86011c66411.rlib" "/opt/rustwide/rustup-home/toolchains/1.83.0-x86_64-unknown-linux-gnu/lib/rustlib/x86_64-unknown-linux-gnu/lib/libcfg_if-51ea098fce5006bf.rlib" "/opt/rustwide/rustup-home/toolchains/1.83.0-x86_64-unknown-linux-gnu/lib/rustlib/x86_64-unknown-linux-gnu/lib/liblibc-5a14e0d0b712e731.rlib" "/opt/rustwide/rustup-home/toolchains/1.83.0-x86_64-unknown-linux-gnu/lib/rustlib/x86_64-unknown-linux-gnu/lib/liballoc-8b83dbf3a7b8f999.rlib" "/opt/rustwide/rustup-home/toolchains/1.83.0-x86_64-unknown-linux-gnu/lib/rustlib/x86_64-unknown-linux-gnu/lib/librustc_std_workspace_core-c6fd227bdc7b39ff.rlib" "/opt/rustwide/rustup-home/toolchains/1.83.0-x86_64-unknown-linux-gnu/lib/rustlib/x86_64-unknown-linux-gnu/lib/libcore-959d3389fa3da8a5.rlib" "/opt/rustwide/rustup-home/toolchains/1.83.0-x86_64-unknown-linux-gnu/lib/rustlib/x86_64-unknown-linux-gnu/lib/libcompiler_builtins-abe05db089cc2c62.rlib" "-Wl,-Bdynamic" "-lgcc_s" "-lutil" "-lrt" "-lpthread" "-lm" "-ldl" "-lc" "-Wl,--eh-frame-hdr" "-Wl,-z,noexecstack" "-L" "/opt/rustwide/rustup-home/toolchains/1.83.0-x86_64-unknown-linux-gnu/lib/rustlib/x86_64-unknown-linux-gnu/lib" "-o" "/tmp/rustdoctestcEZnPz/rust_out" "-Wl,--gc-sections" "-pie" "-Wl,-z,relro,-z,now" "-nodefaultlibs"
[INFO] [stdout]   = note: collect2: fatal error: ld terminated with signal 9 [Killed]
[INFO] [stdout]           compilation terminated.
[INFO] [stdout]           
[INFO] [stdout] 
[INFO] [stdout] error: aborting due to 1 previous error
[INFO] [stdout] 
[INFO] [stdout] Couldn't compile the test.
[INFO] [stdout] ---- src/hash/md4.rs - hash::md4::compute (line 128) stdout ----
[INFO] [stdout] error: linking with `cc` failed: exit status: 1
[INFO] [stdout]   |
[INFO] [stdout]   = note: LC_ALL="C" PATH="/opt/rustwide/rustup-home/toolchains/1.83.0-x86_64-unknown-linux-gnu/lib/rustlib/x86_64-unknown-linux-gnu/bin:/opt/rustwide/cargo-home/bin:/usr/local/sbin:/usr/local/bin:/usr/sbin:/usr/bin:/sbin:/bin" VSLANG="1033" "cc" "-m64" "/tmp/rustc1uei5v/symbols.o" "/tmp/rustdoctestkMAwud/rust_out.rust_out.cb03291d53e4e161-cgu.0.rcgu.o" "/tmp/rustdoctestkMAwud/rust_out.1s7umcihpz0t7nkz1uc2ifee9.rcgu.o" "-Wl,--as-needed" "-Wl,-Bstatic" "/opt/rustwide/target/debug/deps/libfractus.rlib" "/opt/rustwide/target/debug/deps/libcolored-012786fe2703810c.rlib" "/opt/rustwide/target/debug/deps/librsa-426c55e79499758c.rlib" "/opt/rustwide/target/debug/deps/libpkcs1-f480474dddc82872.rlib" "/opt/rustwide/target/debug/deps/libpkcs8-84efc59277ce8d12.rlib" "/opt/rustwide/target/debug/deps/libspki-a9e47724053cb821.rlib" "/opt/rustwide/target/debug/deps/libder-084c19e8e28eb021.rlib" "/opt/rustwide/target/debug/deps/libpem_rfc7468-7e2f46847f26934a.rlib" "/opt/rustwide/target/debug/deps/libbase64ct-2f46f2f3eac5030a.rlib" "/opt/rustwide/target/debug/deps/libsubtle-5e49a3bf4b1c0b70.rlib" "/opt/rustwide/target/debug/deps/libsignature-2cabd736314a33d1.rlib" "/opt/rustwide/target/debug/deps/libdigest-3c43b2169335d581.rlib" "/opt/rustwide/target/debug/deps/libconst_oid-101706bfd026e31e.rlib" "/opt/rustwide/target/debug/deps/libcrypto_common-51e69f872257e8d4.rlib" "/opt/rustwide/target/debug/deps/libgeneric_array-96b5f8b414fbdd75.rlib" "/opt/rustwide/target/debug/deps/libtypenum-f8bcce2b4da82a7e.rlib" "/opt/rustwide/target/debug/deps/libnum_bigint_dig-66c929f2cb37421a.rlib" "/opt/rustwide/target/debug/deps/liblibm-7972cd833cd3065d.rlib" "/opt/rustwide/target/debug/deps/libzeroize-01673d2df795c1cc.rlib" "/opt/rustwide/target/debug/deps/libx509_parser-6386faab28336631.rlib" "/opt/rustwide/target/debug/deps/libdata_encoding-8027432d1fb711ac.rlib" "/opt/rustwide/target/debug/deps/liblazy_static-931c454a35a3656a.rlib" "/opt/rustwide/target/debug/deps/libspin-cd45c3153bc4c74f.rlib" "/opt/rustwide/target/debug/deps/liboid_registry-37212464892968db.rlib" "/opt/rustwide/target/debug/deps/libder_parser-b867b84d4033cf85.rlib" "/opt/rustwide/target/debug/deps/libasn1_rs-27fd3f1740678a3f.rlib" "/opt/rustwide/target/debug/deps/librusticata_macros-0ea84806096aa3dd.rlib" "/opt/rustwide/target/debug/deps/libnom-330397ad8af74e03.rlib" "/opt/rustwide/target/debug/deps/libmemchr-6b84ce758acd6c63.rlib" "/opt/rustwide/target/debug/deps/libtime-c0d268fa53ef8fac.rlib" "/opt/rustwide/target/debug/deps/libitoa-e8776415c5fe0047.rlib" "/opt/rustwide/target/debug/deps/libtime_core-920e11b901147e65.rlib" "/opt/rustwide/target/debug/deps/libnum_conv-4bd030b5826783c5.rlib" "/opt/rustwide/target/debug/deps/libderanged-e4c875d97de0e89c.rlib" "/opt/rustwide/target/debug/deps/libpowerfmt-776ac6678c847955.rlib" "/opt/rustwide/target/debug/deps/libpem-f38f3da593be9320.rlib" "/opt/rustwide/target/debug/deps/libbase64-e20cca239391ab45.rlib" "/opt/rustwide/target/debug/deps/libamalie-6bf3cd004671c060.rlib" "/opt/rustwide/target/debug/deps/libprimal-cc49bd92f2cf5de8.rlib" "/opt/rustwide/target/debug/deps/libprimal_sieve-f88b75606a897f12.rlib" "/opt/rustwide/target/debug/deps/libsmallvec-27682ff183e60130.rlib" "/opt/rustwide/target/debug/deps/libprimal_bit-c5e99425bb61e8a1.rlib" "/opt/rustwide/target/debug/deps/libhamming-a55dfb05d5d72d27.rlib" "/opt/rustwide/target/debug/deps/libprimal_check-37c52817fe949831.rlib" "/opt/rustwide/target/debug/deps/libprimal_estimate-70ce6dd9b1f03406.rlib" "/opt/rustwide/target/debug/deps/libthiserror-4d13f1d1c38ae170.rlib" "/opt/rustwide/target/debug/deps/libnum-d749fe490517769d.rlib" "/opt/rustwide/target/debug/deps/libnum_iter-73b115e43f75c05a.rlib" "/opt/rustwide/target/debug/deps/libnum_rational-2578b423f6e395b1.rlib" "/opt/rustwide/target/debug/deps/libnum_complex-3a41d4a366ae0465.rlib" "/opt/rustwide/target/debug/deps/libnum_bigint-414ce129236a6484.rlib" "/opt/rustwide/target/debug/deps/librand-e9326bd16b09744c.rlib" "/opt/rustwide/target/debug/deps/librand_chacha-ccd6bab891c5b079.rlib" "/opt/rustwide/target/debug/deps/libppv_lite86-7bfb151b4b9b9ac7.rlib" "/opt/rustwide/target/debug/deps/libzerocopy-6bcc5de94aab25a9.rlib" "/opt/rustwide/target/debug/deps/libbyteorder-d36d73da0d12e75b.rlib" "/opt/rustwide/target/debug/deps/librand_core-f1a83da2b41185cd.rlib" "/opt/rustwide/target/debug/deps/libgetrandom-3d75885a143935af.rlib" "/opt/rustwide/target/debug/deps/liblibc-c7def1cd1c4956c8.rlib" "/opt/rustwide/target/debug/deps/libcfg_if-8217498f8667ada9.rlib" "/opt/rustwide/target/debug/deps/libnum_integer-89f9ac6cf6b1b535.rlib" "/opt/rustwide/target/debug/deps/libnum_traits-fa7f7512062a9aed.rlib" "/opt/rustwide/target/debug/deps/librayon-9a34e8013756c14e.rlib" "/opt/rustwide/target/debug/deps/librayon_core-c85d1807022617f5.rlib" "/opt/rustwide/target/debug/deps/libcrossbeam_deque-a3beb0ebfe0441fb.rlib" "/opt/rustwide/target/debug/deps/libcrossbeam_epoch-17a12af7c8a0cc0a.rlib" "/opt/rustwide/target/debug/deps/libcrossbeam_utils-be96993693568ee0.rlib" "/opt/rustwide/target/debug/deps/libeither-41b3367888b49508.rlib" "/opt/rustwide/rustup-home/toolchains/1.83.0-x86_64-unknown-linux-gnu/lib/rustlib/x86_64-unknown-linux-gnu/lib/libstd-ca74a2d9c5166d9f.rlib" "/opt/rustwide/rustup-home/toolchains/1.83.0-x86_64-unknown-linux-gnu/lib/rustlib/x86_64-unknown-linux-gnu/lib/libpanic_unwind-e31ab23316ed5080.rlib" "/opt/rustwide/rustup-home/toolchains/1.83.0-x86_64-unknown-linux-gnu/lib/rustlib/x86_64-unknown-linux-gnu/lib/libobject-27dc4aa955912662.rlib" "/opt/rustwide/rustup-home/toolchains/1.83.0-x86_64-unknown-linux-gnu/lib/rustlib/x86_64-unknown-linux-gnu/lib/libmemchr-bd0d6cccce077b99.rlib" "/opt/rustwide/rustup-home/toolchains/1.83.0-x86_64-unknown-linux-gnu/lib/rustlib/x86_64-unknown-linux-gnu/lib/libaddr2line-8d001680935b5e3c.rlib" "/opt/rustwide/rustup-home/toolchains/1.83.0-x86_64-unknown-linux-gnu/lib/rustlib/x86_64-unknown-linux-gnu/lib/libgimli-ba8ce71964f984f4.rlib" "/opt/rustwide/rustup-home/toolchains/1.83.0-x86_64-unknown-linux-gnu/lib/rustlib/x86_64-unknown-linux-gnu/lib/librustc_demangle-99a73526abcec14b.rlib" "/opt/rustwide/rustup-home/toolchains/1.83.0-x86_64-unknown-linux-gnu/lib/rustlib/x86_64-unknown-linux-gnu/lib/libstd_detect-63ac0d22cff92579.rlib" "/opt/rustwide/rustup-home/toolchains/1.83.0-x86_64-unknown-linux-gnu/lib/rustlib/x86_64-unknown-linux-gnu/lib/libhashbrown-9057355c92c922d5.rlib" "/opt/rustwide/rustup-home/toolchains/1.83.0-x86_64-unknown-linux-gnu/lib/rustlib/x86_64-unknown-linux-gnu/lib/librustc_std_workspace_alloc-358be9bc1f6bab04.rlib" "/opt/rustwide/rustup-home/toolchains/1.83.0-x86_64-unknown-linux-gnu/lib/rustlib/x86_64-unknown-linux-gnu/lib/libminiz_oxide-aca15549d5bff974.rlib" "/opt/rustwide/rustup-home/toolchains/1.83.0-x86_64-unknown-linux-gnu/lib/rustlib/x86_64-unknown-linux-gnu/lib/libadler-8251d2cef7072448.rlib" "/opt/rustwide/rustup-home/toolchains/1.83.0-x86_64-unknown-linux-gnu/lib/rustlib/x86_64-unknown-linux-gnu/lib/libunwind-7d50b86011c66411.rlib" "/opt/rustwide/rustup-home/toolchains/1.83.0-x86_64-unknown-linux-gnu/lib/rustlib/x86_64-unknown-linux-gnu/lib/libcfg_if-51ea098fce5006bf.rlib" "/opt/rustwide/rustup-home/toolchains/1.83.0-x86_64-unknown-linux-gnu/lib/rustlib/x86_64-unknown-linux-gnu/lib/liblibc-5a14e0d0b712e731.rlib" "/opt/rustwide/rustup-home/toolchains/1.83.0-x86_64-unknown-linux-gnu/lib/rustlib/x86_64-unknown-linux-gnu/lib/liballoc-8b83dbf3a7b8f999.rlib" "/opt/rustwide/rustup-home/toolchains/1.83.0-x86_64-unknown-linux-gnu/lib/rustlib/x86_64-unknown-linux-gnu/lib/librustc_std_workspace_core-c6fd227bdc7b39ff.rlib" "/opt/rustwide/rustup-home/toolchains/1.83.0-x86_64-unknown-linux-gnu/lib/rustlib/x86_64-unknown-linux-gnu/lib/libcore-959d3389fa3da8a5.rlib" "/opt/rustwide/rustup-home/toolchains/1.83.0-x86_64-unknown-linux-gnu/lib/rustlib/x86_64-unknown-linux-gnu/lib/libcompiler_builtins-abe05db089cc2c62.rlib" "-Wl,-Bdynamic" "-lgcc_s" "-lutil" "-lrt" "-lpthread" "-lm" "-ldl" "-lc" "-Wl,--eh-frame-hdr" "-Wl,-z,noexecstack" "-L" "/opt/rustwide/rustup-home/toolchains/1.83.0-x86_64-unknown-linux-gnu/lib/rustlib/x86_64-unknown-linux-gnu/lib" "-o" "/tmp/rustdoctestkMAwud/rust_out" "-Wl,--gc-sections" "-pie" "-Wl,-z,relro,-z,now" "-nodefaultlibs"
[INFO] [stdout]   = note: collect2: fatal error: ld terminated with signal 9 [Killed]
[INFO] [stdout]           compilation terminated.
[INFO] [stdout]           
[INFO] [stdout] 
[INFO] [stdout] error: aborting due to 1 previous error
[INFO] [stdout] 
[INFO] [stdout] Couldn't compile the test.
[INFO] [stdout] ---- src/hash/ripemd160.rs - hash::ripemd160::compute (line 143) stdout ----
[INFO] [stdout] error: linking with `cc` failed: exit status: 1
[INFO] [stdout]   |
[INFO] [stdout]   = note: LC_ALL="C" PATH="/opt/rustwide/rustup-home/toolchains/1.83.0-x86_64-unknown-linux-gnu/lib/rustlib/x86_64-unknown-linux-gnu/bin:/opt/rustwide/cargo-home/bin:/usr/local/sbin:/usr/local/bin:/usr/sbin:/usr/bin:/sbin:/bin" VSLANG="1033" "cc" "-m64" "/tmp/rustcnMFkbx/symbols.o" "/tmp/rustdoctestHDo7qf/rust_out.rust_out.cb03291d53e4e161-cgu.0.rcgu.o" "/tmp/rustdoctestHDo7qf/rust_out.1s7umcihpz0t7nkz1uc2ifee9.rcgu.o" "-Wl,--as-needed" "-Wl,-Bstatic" "/opt/rustwide/target/debug/deps/libfractus.rlib" "/opt/rustwide/target/debug/deps/libcolored-012786fe2703810c.rlib" "/opt/rustwide/target/debug/deps/librsa-426c55e79499758c.rlib" "/opt/rustwide/target/debug/deps/libpkcs1-f480474dddc82872.rlib" "/opt/rustwide/target/debug/deps/libpkcs8-84efc59277ce8d12.rlib" "/opt/rustwide/target/debug/deps/libspki-a9e47724053cb821.rlib" "/opt/rustwide/target/debug/deps/libder-084c19e8e28eb021.rlib" "/opt/rustwide/target/debug/deps/libpem_rfc7468-7e2f46847f26934a.rlib" "/opt/rustwide/target/debug/deps/libbase64ct-2f46f2f3eac5030a.rlib" "/opt/rustwide/target/debug/deps/libsubtle-5e49a3bf4b1c0b70.rlib" "/opt/rustwide/target/debug/deps/libsignature-2cabd736314a33d1.rlib" "/opt/rustwide/target/debug/deps/libdigest-3c43b2169335d581.rlib" "/opt/rustwide/target/debug/deps/libconst_oid-101706bfd026e31e.rlib" "/opt/rustwide/target/debug/deps/libcrypto_common-51e69f872257e8d4.rlib" "/opt/rustwide/target/debug/deps/libgeneric_array-96b5f8b414fbdd75.rlib" "/opt/rustwide/target/debug/deps/libtypenum-f8bcce2b4da82a7e.rlib" "/opt/rustwide/target/debug/deps/libnum_bigint_dig-66c929f2cb37421a.rlib" "/opt/rustwide/target/debug/deps/liblibm-7972cd833cd3065d.rlib" "/opt/rustwide/target/debug/deps/libzeroize-01673d2df795c1cc.rlib" "/opt/rustwide/target/debug/deps/libx509_parser-6386faab28336631.rlib" "/opt/rustwide/target/debug/deps/libdata_encoding-8027432d1fb711ac.rlib" "/opt/rustwide/target/debug/deps/liblazy_static-931c454a35a3656a.rlib" "/opt/rustwide/target/debug/deps/libspin-cd45c3153bc4c74f.rlib" "/opt/rustwide/target/debug/deps/liboid_registry-37212464892968db.rlib" "/opt/rustwide/target/debug/deps/libder_parser-b867b84d4033cf85.rlib" "/opt/rustwide/target/debug/deps/libasn1_rs-27fd3f1740678a3f.rlib" "/opt/rustwide/target/debug/deps/librusticata_macros-0ea84806096aa3dd.rlib" "/opt/rustwide/target/debug/deps/libnom-330397ad8af74e03.rlib" "/opt/rustwide/target/debug/deps/libmemchr-6b84ce758acd6c63.rlib" "/opt/rustwide/target/debug/deps/libtime-c0d268fa53ef8fac.rlib" "/opt/rustwide/target/debug/deps/libitoa-e8776415c5fe0047.rlib" "/opt/rustwide/target/debug/deps/libtime_core-920e11b901147e65.rlib" "/opt/rustwide/target/debug/deps/libnum_conv-4bd030b5826783c5.rlib" "/opt/rustwide/target/debug/deps/libderanged-e4c875d97de0e89c.rlib" "/opt/rustwide/target/debug/deps/libpowerfmt-776ac6678c847955.rlib" "/opt/rustwide/target/debug/deps/libpem-f38f3da593be9320.rlib" "/opt/rustwide/target/debug/deps/libbase64-e20cca239391ab45.rlib" "/opt/rustwide/target/debug/deps/libamalie-6bf3cd004671c060.rlib" "/opt/rustwide/target/debug/deps/libprimal-cc49bd92f2cf5de8.rlib" "/opt/rustwide/target/debug/deps/libprimal_sieve-f88b75606a897f12.rlib" "/opt/rustwide/target/debug/deps/libsmallvec-27682ff183e60130.rlib" "/opt/rustwide/target/debug/deps/libprimal_bit-c5e99425bb61e8a1.rlib" "/opt/rustwide/target/debug/deps/libhamming-a55dfb05d5d72d27.rlib" "/opt/rustwide/target/debug/deps/libprimal_check-37c52817fe949831.rlib" "/opt/rustwide/target/debug/deps/libprimal_estimate-70ce6dd9b1f03406.rlib" "/opt/rustwide/target/debug/deps/libthiserror-4d13f1d1c38ae170.rlib" "/opt/rustwide/target/debug/deps/libnum-d749fe490517769d.rlib" "/opt/rustwide/target/debug/deps/libnum_iter-73b115e43f75c05a.rlib" "/opt/rustwide/target/debug/deps/libnum_rational-2578b423f6e395b1.rlib" "/opt/rustwide/target/debug/deps/libnum_complex-3a41d4a366ae0465.rlib" "/opt/rustwide/target/debug/deps/libnum_bigint-414ce129236a6484.rlib" "/opt/rustwide/target/debug/deps/librand-e9326bd16b09744c.rlib" "/opt/rustwide/target/debug/deps/librand_chacha-ccd6bab891c5b079.rlib" "/opt/rustwide/target/debug/deps/libppv_lite86-7bfb151b4b9b9ac7.rlib" "/opt/rustwide/target/debug/deps/libzerocopy-6bcc5de94aab25a9.rlib" "/opt/rustwide/target/debug/deps/libbyteorder-d36d73da0d12e75b.rlib" "/opt/rustwide/target/debug/deps/librand_core-f1a83da2b41185cd.rlib" "/opt/rustwide/target/debug/deps/libgetrandom-3d75885a143935af.rlib" "/opt/rustwide/target/debug/deps/liblibc-c7def1cd1c4956c8.rlib" "/opt/rustwide/target/debug/deps/libcfg_if-8217498f8667ada9.rlib" "/opt/rustwide/target/debug/deps/libnum_integer-89f9ac6cf6b1b535.rlib" "/opt/rustwide/target/debug/deps/libnum_traits-fa7f7512062a9aed.rlib" "/opt/rustwide/target/debug/deps/librayon-9a34e8013756c14e.rlib" "/opt/rustwide/target/debug/deps/librayon_core-c85d1807022617f5.rlib" "/opt/rustwide/target/debug/deps/libcrossbeam_deque-a3beb0ebfe0441fb.rlib" "/opt/rustwide/target/debug/deps/libcrossbeam_epoch-17a12af7c8a0cc0a.rlib" "/opt/rustwide/target/debug/deps/libcrossbeam_utils-be96993693568ee0.rlib" "/opt/rustwide/target/debug/deps/libeither-41b3367888b49508.rlib" "/opt/rustwide/rustup-home/toolchains/1.83.0-x86_64-unknown-linux-gnu/lib/rustlib/x86_64-unknown-linux-gnu/lib/libstd-ca74a2d9c5166d9f.rlib" "/opt/rustwide/rustup-home/toolchains/1.83.0-x86_64-unknown-linux-gnu/lib/rustlib/x86_64-unknown-linux-gnu/lib/libpanic_unwind-e31ab23316ed5080.rlib" "/opt/rustwide/rustup-home/toolchains/1.83.0-x86_64-unknown-linux-gnu/lib/rustlib/x86_64-unknown-linux-gnu/lib/libobject-27dc4aa955912662.rlib" "/opt/rustwide/rustup-home/toolchains/1.83.0-x86_64-unknown-linux-gnu/lib/rustlib/x86_64-unknown-linux-gnu/lib/libmemchr-bd0d6cccce077b99.rlib" "/opt/rustwide/rustup-home/toolchains/1.83.0-x86_64-unknown-linux-gnu/lib/rustlib/x86_64-unknown-linux-gnu/lib/libaddr2line-8d001680935b5e3c.rlib" "/opt/rustwide/rustup-home/toolchains/1.83.0-x86_64-unknown-linux-gnu/lib/rustlib/x86_64-unknown-linux-gnu/lib/libgimli-ba8ce71964f984f4.rlib" "/opt/rustwide/rustup-home/toolchains/1.83.0-x86_64-unknown-linux-gnu/lib/rustlib/x86_64-unknown-linux-gnu/lib/librustc_demangle-99a73526abcec14b.rlib" "/opt/rustwide/rustup-home/toolchains/1.83.0-x86_64-unknown-linux-gnu/lib/rustlib/x86_64-unknown-linux-gnu/lib/libstd_detect-63ac0d22cff92579.rlib" "/opt/rustwide/rustup-home/toolchains/1.83.0-x86_64-unknown-linux-gnu/lib/rustlib/x86_64-unknown-linux-gnu/lib/libhashbrown-9057355c92c922d5.rlib" "/opt/rustwide/rustup-home/toolchains/1.83.0-x86_64-unknown-linux-gnu/lib/rustlib/x86_64-unknown-linux-gnu/lib/librustc_std_workspace_alloc-358be9bc1f6bab04.rlib" "/opt/rustwide/rustup-home/toolchains/1.83.0-x86_64-unknown-linux-gnu/lib/rustlib/x86_64-unknown-linux-gnu/lib/libminiz_oxide-aca15549d5bff974.rlib" "/opt/rustwide/rustup-home/toolchains/1.83.0-x86_64-unknown-linux-gnu/lib/rustlib/x86_64-unknown-linux-gnu/lib/libadler-8251d2cef7072448.rlib" "/opt/rustwide/rustup-home/toolchains/1.83.0-x86_64-unknown-linux-gnu/lib/rustlib/x86_64-unknown-linux-gnu/lib/libunwind-7d50b86011c66411.rlib" "/opt/rustwide/rustup-home/toolchains/1.83.0-x86_64-unknown-linux-gnu/lib/rustlib/x86_64-unknown-linux-gnu/lib/libcfg_if-51ea098fce5006bf.rlib" "/opt/rustwide/rustup-home/toolchains/1.83.0-x86_64-unknown-linux-gnu/lib/rustlib/x86_64-unknown-linux-gnu/lib/liblibc-5a14e0d0b712e731.rlib" "/opt/rustwide/rustup-home/toolchains/1.83.0-x86_64-unknown-linux-gnu/lib/rustlib/x86_64-unknown-linux-gnu/lib/liballoc-8b83dbf3a7b8f999.rlib" "/opt/rustwide/rustup-home/toolchains/1.83.0-x86_64-unknown-linux-gnu/lib/rustlib/x86_64-unknown-linux-gnu/lib/librustc_std_workspace_core-c6fd227bdc7b39ff.rlib" "/opt/rustwide/rustup-home/toolchains/1.83.0-x86_64-unknown-linux-gnu/lib/rustlib/x86_64-unknown-linux-gnu/lib/libcore-959d3389fa3da8a5.rlib" "/opt/rustwide/rustup-home/toolchains/1.83.0-x86_64-unknown-linux-gnu/lib/rustlib/x86_64-unknown-linux-gnu/lib/libcompiler_builtins-abe05db089cc2c62.rlib" "-Wl,-Bdynamic" "-lgcc_s" "-lutil" "-lrt" "-lpthread" "-lm" "-ldl" "-lc" "-Wl,--eh-frame-hdr" "-Wl,-z,noexecstack" "-L" "/opt/rustwide/rustup-home/toolchains/1.83.0-x86_64-unknown-linux-gnu/lib/rustlib/x86_64-unknown-linux-gnu/lib" "-o" "/tmp/rustdoctestHDo7qf/rust_out" "-Wl,--gc-sections" "-pie" "-Wl,-z,relro,-z,now" "-nodefaultlibs"
[INFO] [stdout]   = note: collect2: fatal error: ld terminated with signal 9 [Killed]
[INFO] [stdout]           compilation terminated.
[INFO] [stdout]           
[INFO] [stdout] 
[INFO] [stdout] error: aborting due to 1 previous error
[INFO] [stdout] 
[INFO] [stdout] Couldn't compile the test.
[INFO] [stdout] 
[INFO] [stdout] failures:
[INFO] [stdout]     src/hash/md4.rs - hash::md4::compute (line 128)
[INFO] [stdout]     src/hash/md5.rs - hash::md5::compute (line 104)
[INFO] [stdout]     src/hash/ripemd128.rs - hash::ripemd128::extend (line 142)
[INFO] [stdout]     src/hash/ripemd160.rs - hash::ripemd160::compute (line 143)
[INFO] [stdout]     src/hash/ripemd320.rs - hash::ripemd320::compute (line 149)
[INFO] [stdout]     src/hash/ripemd320.rs - hash::ripemd320::extend (line 160)
[INFO] [stdout]     src/hash/sha0.rs - hash::sha0::compute (line 100)
[INFO] [stdout]     src/hash/sha1.rs - hash::sha1::compute (line 100)
[INFO] [stdout]     src/hash/sha2_256.rs - hash::sha2_256::compute (line 121)
[INFO] [stdout]     src/hash/whirlpool.rs - hash::whirlpool::compute (line 664)
[INFO] [stdout] 
[INFO] [stdout] test result: FAILED. 12 passed; 10 failed; 0 ignored; 0 measured; 0 filtered out; finished in 6.94s
[INFO] [stdout] 
[INFO] [stderr] error: doctest failed, to rerun pass `--doc`
[INFO] running `Command { std: "docker" "inspect" "7b447394d03173c3ad4b73c5007588cd15ff3d3122fdbdd3e5e1c7b480b1b50e", kill_on_drop: false }`
[INFO] running `Command { std: "docker" "rm" "-f" "7b447394d03173c3ad4b73c5007588cd15ff3d3122fdbdd3e5e1c7b480b1b50e", kill_on_drop: false }`
[INFO] [stdout] 7b447394d03173c3ad4b73c5007588cd15ff3d3122fdbdd3e5e1c7b480b1b50e
