[INFO] fetching crate fpm 0.1.10...
[INFO] testing fpm-0.1.10 against 1.83.0 for beta-1.84.0-4-retry
[INFO] extracting crate fpm 0.1.10 into /workspace/builds/worker-0-tc1/source
[INFO] validating manifest of crates.io crate fpm 0.1.10 on toolchain 1.83.0
[INFO] running `Command { std: CARGO_HOME="/workspace/cargo-home" RUSTUP_HOME="/workspace/rustup-home" "/workspace/cargo-home/bin/cargo" "+1.83.0" "metadata" "--manifest-path" "Cargo.toml" "--no-deps", kill_on_drop: false }`
[INFO] removed /workspace/builds/worker-0-tc1/source/rust-toolchain
[INFO] started tweaking crates.io crate fpm 0.1.10
[INFO] finished tweaking crates.io crate fpm 0.1.10
[INFO] tweaked toml for crates.io crate fpm 0.1.10 written to /workspace/builds/worker-0-tc1/source/Cargo.toml
[INFO] crate crates.io crate fpm 0.1.10 already has a lockfile, it will not be regenerated
[INFO] running `Command { std: CARGO_HOME="/workspace/cargo-home" RUSTUP_HOME="/workspace/rustup-home" "/workspace/cargo-home/bin/cargo" "+1.83.0" "fetch" "--manifest-path" "Cargo.toml", kill_on_drop: false }`
[INFO] [stderr]     Updating crates.io index
[INFO] [stderr]  Downloading crates ...
[INFO] [stderr]   Downloaded output_vt100 v0.1.2
[INFO] [stderr]   Downloaded realm-lang v0.1.0
[INFO] [stderr]   Downloaded intl-memoizer v0.5.1
[INFO] [stderr]   Downloaded accept-language v2.0.0
[INFO] [stderr]   Downloaded type-map v0.4.0
[INFO] [stderr]   Downloaded pretty_assertions v1.0.0
[INFO] [stderr]   Downloaded slug v0.1.4
[INFO] [stderr]   Downloaded unic-langid v0.9.0
[INFO] [stderr]   Downloaded css-color-parser v0.1.2
[INFO] [stderr]   Downloaded typed-arena v1.7.0
[INFO] [stderr]   Downloaded line-wrap v0.1.1
[INFO] [stderr]   Downloaded unindent v0.1.7
[INFO] [stderr]   Downloaded indoc v1.0.3
[INFO] [stderr]   Downloaded camino v1.0.5
[INFO] [stderr]   Downloaded fluent-syntax v0.11.0
[INFO] [stderr]   Downloaded fluent-bundle v0.15.2
[INFO] [stderr]   Downloaded fluent v0.16.0
[INFO] [stderr]   Downloaded unic-langid-impl v0.9.0
[INFO] [stderr]   Downloaded diffy v0.2.1
[INFO] [stderr]   Downloaded twoway v0.2.2
[INFO] [stderr]   Downloaded plist v1.3.1
[INFO] [stderr]   Downloaded bzip2 v0.4.3
[INFO] [stderr]   Downloaded comrak v0.7.0
[INFO] [stderr]   Downloaded fancy-regex v0.7.1
[INFO] [stderr]   Downloaded fluent-langneg v0.13.0
[INFO] [stderr]   Downloaded self_cell v0.10.2
[INFO] [stderr]   Downloaded unchecked-index v0.2.2
[INFO] [stderr]   Downloaded backtrace v0.3.63
[INFO] [stderr]   Downloaded deunicode v0.4.3
[INFO] [stderr]   Downloaded rusqlite v0.26.3
[INFO] [stderr]   Downloaded ftd v0.1.18
[INFO] [stderr]   Downloaded format_num v0.1.0
[INFO] [stderr]   Downloaded syntect v4.6.0
[INFO] [stderr]   Downloaded fbt-lib v0.1.16
[INFO] [stderr]   Downloaded intl_pluralrules v7.0.1
[INFO] [stderr]   Downloaded lazy_static v0.1.16
[INFO] [stderr]   Downloaded libsqlite3-sys v0.23.2
[INFO] running `Command { std: "docker" "create" "-v" "/var/lib/crater-agent-workspace/builds/worker-0-tc1/target:/opt/rustwide/target:rw,Z" "-v" "/var/lib/crater-agent-workspace/builds/worker-0-tc1/source:/opt/rustwide/workdir:ro,Z" "-v" "/var/lib/crater-agent-workspace/cargo-home:/opt/rustwide/cargo-home:ro,Z" "-v" "/var/lib/crater-agent-workspace/rustup-home:/opt/rustwide/rustup-home:ro,Z" "-e" "SOURCE_DIR=/opt/rustwide/workdir" "-e" "CARGO_TARGET_DIR=/opt/rustwide/target" "-e" "CARGO_HOME=/opt/rustwide/cargo-home" "-e" "RUSTUP_HOME=/opt/rustwide/rustup-home" "-w" "/opt/rustwide/workdir" "-m" "1610612736" "--user" "0:0" "--network" "none" "ghcr.io/rust-lang/crates-build-env/linux@sha256:f3a9d4ad9d972b27faf3965f35b62e55ba32bbce8f20bc8fe909558a86702fde" "/opt/rustwide/cargo-home/bin/cargo" "+1.83.0" "metadata" "--no-deps" "--format-version=1", kill_on_drop: false }`
[INFO] [stdout] f17036e7319cf17c9682027ac936769737496c7107a2ad46603fd4bd0307fabc
[INFO] running `Command { std: "docker" "start" "-a" "f17036e7319cf17c9682027ac936769737496c7107a2ad46603fd4bd0307fabc", kill_on_drop: false }`
[INFO] running `Command { std: "docker" "inspect" "f17036e7319cf17c9682027ac936769737496c7107a2ad46603fd4bd0307fabc", kill_on_drop: false }`
[INFO] running `Command { std: "docker" "rm" "-f" "f17036e7319cf17c9682027ac936769737496c7107a2ad46603fd4bd0307fabc", kill_on_drop: false }`
[INFO] [stdout] f17036e7319cf17c9682027ac936769737496c7107a2ad46603fd4bd0307fabc
[INFO] running `Command { std: "docker" "create" "-v" "/var/lib/crater-agent-workspace/builds/worker-0-tc1/target:/opt/rustwide/target:rw,Z" "-v" "/var/lib/crater-agent-workspace/builds/worker-0-tc1/source:/opt/rustwide/workdir:ro,Z" "-v" "/var/lib/crater-agent-workspace/cargo-home:/opt/rustwide/cargo-home:ro,Z" "-v" "/var/lib/crater-agent-workspace/rustup-home:/opt/rustwide/rustup-home:ro,Z" "-e" "SOURCE_DIR=/opt/rustwide/workdir" "-e" "CARGO_TARGET_DIR=/opt/rustwide/target" "-e" "CARGO_INCREMENTAL=0" "-e" "RUST_BACKTRACE=full" "-e" "RUSTFLAGS=--cap-lints=warn" "-e" "RUSTDOCFLAGS=--cap-lints=warn" "-e" "CARGO_HOME=/opt/rustwide/cargo-home" "-e" "RUSTUP_HOME=/opt/rustwide/rustup-home" "-w" "/opt/rustwide/workdir" "-m" "1610612736" "--user" "0:0" "--network" "none" "ghcr.io/rust-lang/crates-build-env/linux@sha256:f3a9d4ad9d972b27faf3965f35b62e55ba32bbce8f20bc8fe909558a86702fde" "/opt/rustwide/cargo-home/bin/cargo" "+1.83.0" "build" "--frozen" "--message-format=json", kill_on_drop: false }`
[INFO] [stdout] be483bef9ceda4d1db96bf7143f7df03de0345498fb2f8800902bc2fc8449764
[INFO] running `Command { std: "docker" "start" "-a" "be483bef9ceda4d1db96bf7143f7df03de0345498fb2f8800902bc2fc8449764", kill_on_drop: false }`
[INFO] [stderr]    Compiling proc-macro2 v1.0.34
[INFO] [stderr]    Compiling unicode-xid v0.2.2
[INFO] [stderr]    Compiling autocfg v1.0.1
[INFO] [stderr]    Compiling libc v0.2.112
[INFO] [stderr]    Compiling syn v1.0.82
[INFO] [stderr]    Compiling cfg-if v1.0.0
[INFO] [stderr]    Compiling memchr v2.4.1
[INFO] [stderr]    Compiling cc v1.0.72
[INFO] [stderr]    Compiling once_cell v1.9.0
[INFO] [stderr]    Compiling pkg-config v0.3.24
[INFO] [stderr]    Compiling log v0.4.14
[INFO] [stderr]    Compiling version_check v0.9.3
[INFO] [stderr]    Compiling smallvec v1.7.0
[INFO] [stderr]    Compiling pin-project-lite v0.2.7
[INFO] [stderr]    Compiling serde_derive v1.0.131
[INFO] [stderr]    Compiling futures-core v0.3.17
[INFO] [stderr]    Compiling getrandom v0.2.3
[INFO] [stderr]    Compiling ahash v0.7.6
[INFO] [stderr]    Compiling lazy_static v1.4.0
[INFO] [stderr]    Compiling itoa v0.4.8
[INFO] [stderr]    Compiling serde v1.0.131
[INFO] [stderr]    Compiling proc-macro-hack v0.5.19
[INFO] [stderr]    Compiling parking_lot_core v0.8.5
[INFO] [stderr]    Compiling quote v1.0.10
[INFO] [stderr]    Compiling fnv v1.0.7
[INFO] [stderr]    Compiling bitflags v1.3.2
[INFO] [stderr]    Compiling hashbrown v0.11.2
[INFO] [stderr]    Compiling openssl-sys v0.9.72
[INFO] [stderr]    Compiling indexmap v1.7.0
[INFO] [stderr]    Compiling futures-macro v0.3.17
[INFO] [stderr]    Compiling instant v0.1.12
[INFO] [stderr]    Compiling futures-task v0.3.17
[INFO] [stderr]    Compiling bytes v1.1.0
[INFO] [stderr]    Compiling futures-sink v0.3.17
[INFO] [stderr]    Compiling futures-channel v0.3.17
[INFO] [stderr]    Compiling proc-macro-nested v0.1.7
[INFO] [stderr]    Compiling scopeguard v1.1.0
[INFO] [stderr]    Compiling lock_api v0.4.5
[INFO] [stderr]    Compiling aho-corasick v0.7.18
[INFO] [stderr]    Compiling miniz_oxide v0.4.4
[INFO] [stderr]    Compiling futures-util v0.3.17
[INFO] [stderr]    Compiling regex-syntax v0.6.25
[INFO] [stderr]    Compiling parking_lot v0.11.2
[INFO] [stderr]    Compiling num_cpus v1.13.0
[INFO] [stderr]    Compiling signal-hook-registry v1.4.0
[INFO] [stderr]    Compiling mio v0.7.14
[INFO] [stderr]    Compiling adler v1.0.2
[INFO] [stderr]    Compiling futures-io v0.3.17
[INFO] [stderr]    Compiling slab v0.4.5
[INFO] [stderr]    Compiling pin-utils v0.1.0
[INFO] [stderr]    Compiling tinystr v0.3.4
[INFO] [stderr]    Compiling openssl v0.10.38
[INFO] [stderr]    Compiling ucd-trie v0.1.3
[INFO] [stderr]    Compiling unic-langid-impl v0.9.0
[INFO] [stderr]    Compiling crc32fast v1.3.0
[INFO] [stderr]    Compiling foreign-types-shared v0.1.1
[INFO] [stderr]    Compiling foreign-types v0.3.2
[INFO] [stderr]    Compiling unic-langid v0.9.0
[INFO] [stderr]    Compiling pest v2.1.3
[INFO] [stderr]    Compiling http v0.2.5
[INFO] [stderr]    Compiling tracing-core v0.1.21
[INFO] [stderr]    Compiling regex v1.5.4
[INFO] [stderr]    Compiling native-tls v0.2.8
[INFO] [stderr]    Compiling maplit v1.0.2
[INFO] [stderr]    Compiling httparse v1.5.1
[INFO] [stderr]    Compiling matches v0.1.9
[INFO] [stderr]    Compiling ryu v1.0.9
[INFO] [stderr]    Compiling tinyvec_macros v0.1.0
[INFO] [stderr]    Compiling tinyvec v1.5.1
[INFO] [stderr]    Compiling pest_meta v2.1.3
[INFO] [stderr]    Compiling tracing v0.1.29
[INFO] [stderr]    Compiling bzip2-sys v0.1.11+1.0.8
[INFO] [stderr]    Compiling backtrace v0.3.63
[INFO] [stderr]    Compiling num-traits v0.2.14
[INFO] [stderr]    Compiling unicode-width v0.1.9
[INFO] [stderr]    Compiling failure_derive v0.1.8
[INFO] [stderr]    Compiling percent-encoding v2.1.0
[INFO] [stderr]    Compiling rustc-hash v1.1.0
[INFO] [stderr]    Compiling gimli v0.26.1
[INFO] [stderr]    Compiling try-lock v0.2.3
[INFO] [stderr]    Compiling openssl-probe v0.1.4
[INFO] [stderr]    Compiling same-file v1.0.6
[INFO] [stderr]    Compiling base64 v0.13.0
[INFO] [stderr]    Compiling serde_json v1.0.73
[INFO] [stderr]    Compiling vcpkg v0.2.15
[INFO] [stderr]    Compiling safemem v0.3.3
[INFO] [stderr]    Compiling bit-vec v0.6.3
[INFO] [stderr]    Compiling ansi_term v0.12.1
[INFO] [stderr]    Compiling line-wrap v0.1.1
[INFO] [stderr]    Compiling bit-set v0.5.2
[INFO] [stderr]    Compiling walkdir v2.3.2
[INFO] [stderr]    Compiling want v0.3.0
[INFO] [stderr]    Compiling type-map v0.4.0
[INFO] [stderr]    Compiling form_urlencoded v1.0.1
[INFO] [stderr]    Compiling tokio-macros v1.7.0
[INFO] [stderr]    Compiling thiserror-impl v1.0.30
[INFO] [stderr]    Compiling libsqlite3-sys v0.23.2
[INFO] [stderr]    Compiling textwrap v0.11.0
[INFO] [stderr]    Compiling addr2line v0.17.0
[INFO] [stderr]    Compiling http-body v0.4.4
[INFO] [stderr]    Compiling pest_generator v2.1.3
[INFO] [stderr]    Compiling unicode-normalization v0.1.19
[INFO] [stderr]    Compiling tokio v1.15.0
[INFO] [stderr]    Compiling flate2 v1.0.22
[INFO] [stderr]    Compiling synstructure v0.12.6
[INFO] [stderr]    Compiling time v0.3.5
[INFO] [stderr]    Compiling object v0.27.1
[INFO] [stderr]    Compiling atty v0.2.14
[INFO] [stderr]    Compiling socket2 v0.4.2
[INFO] [stderr]    Compiling thiserror v1.0.30
[INFO] [stderr]    Compiling num-integer v0.1.44
[INFO] [stderr]    Compiling itoa v1.0.1
[INFO] [stderr]    Compiling httpdate v1.0.2
[INFO] [stderr]    Compiling tower-service v0.3.1
[INFO] [stderr]    Compiling vec_map v0.8.2
[INFO] [stderr]    Compiling crossbeam-utils v0.8.5
[INFO] [stderr]    Compiling linked-hash-map v0.5.4
[INFO] [stderr]    Compiling unchecked-index v0.2.2
[INFO] [stderr]    Compiling xml-rs v0.8.4
[INFO] [stderr]    Compiling strsim v0.8.0
[INFO] [stderr]    Compiling unicode-bidi v0.3.7
[INFO] [stderr]    Compiling encoding_rs v0.8.30
[INFO] [stderr]    Compiling rustc-demangle v0.1.21
[INFO] [stderr]    Compiling idna v0.2.3
[INFO] [stderr]    Compiling clap v2.34.0
[INFO] [stderr]    Compiling yaml-rust v0.4.5
[INFO] [stderr]    Compiling twoway v0.2.2
[INFO] [stderr]    Compiling tokio-util v0.6.9
[INFO] [stderr]    Compiling tokio-native-tls v0.3.0
[INFO] [stderr]    Compiling fluent-syntax v0.11.0
[INFO] [stderr]    Compiling h2 v0.3.9
[INFO] [stderr]    Compiling pest_derive v2.1.0
[INFO] [stderr]    Compiling enum-iterator-derive v0.6.0
[INFO] [stderr]    Compiling intl-memoizer v0.5.1
[INFO] [stderr]    Compiling fancy-regex v0.7.1
[INFO] [stderr]    Compiling intl_pluralrules v7.0.1
[INFO] [stderr]    Compiling fluent-langneg v0.13.0
[INFO] [stderr]    Compiling include_dir_macros v0.7.2
[INFO] [stderr]    Compiling bstr v0.2.17
[INFO] [stderr]    Compiling time v0.1.43
[INFO] [stderr]    Compiling typed-arena v1.7.0
[INFO] [stderr]    Compiling entities v1.0.1
[INFO] [stderr]    Compiling lazy_static v0.1.16
[INFO] [stderr]    Compiling unicode_categories v0.1.1
[INFO] [stderr]    Compiling self_cell v0.10.2
[INFO] [stderr]    Compiling deunicode v0.4.3
[INFO] [stderr]    Compiling plist v1.3.1
[INFO] [stderr]    Compiling bincode v1.3.3
[INFO] [stderr]    Compiling camino v1.0.5
[INFO] [stderr]    Compiling lazycell v1.3.0
[INFO] [stderr]    Compiling comrak v0.7.0
[INFO] [stderr]    Compiling slug v0.1.4
[INFO] [stderr]    Compiling serde_urlencoded v0.7.0
[INFO] [stderr]    Compiling fluent-bundle v0.15.2
[INFO] [stderr]    Compiling css-color-parser v0.1.2
[INFO] [stderr]    Compiling syntect v4.6.0
[INFO] [stderr]    Compiling globset v0.4.8
[INFO] [stderr]    Compiling include_dir v0.7.2
[INFO] [stderr]    Compiling enum-iterator v0.6.0
[INFO] [stderr]    Compiling hyper v0.14.16
[INFO] [stderr]    Compiling failure v0.1.8
[INFO] [stderr]    Compiling bzip2 v0.4.3
[INFO] [stderr]    Compiling futures-executor v0.3.17
[INFO] [stderr]    Compiling url v2.2.2
[INFO] [stderr]    Compiling format_num v0.1.0
[INFO] [stderr]    Compiling hashlink v0.7.0
[INFO] [stderr]    Compiling thread_local v1.1.3
[INFO] [stderr]    Compiling fallible-iterator v0.2.0
[INFO] [stderr]    Compiling ipnet v2.3.1
[INFO] [stderr]    Compiling mime v0.3.16
[INFO] [stderr]    Compiling byteorder v1.4.3
[INFO] [stderr]    Compiling fallible-streaming-iterator v0.1.9
[INFO] [stderr]    Compiling accept-language v2.0.0
[INFO] [stderr]    Compiling unindent v0.1.7
[INFO] [stderr]    Compiling zip v0.5.13
[INFO] [stderr]    Compiling indoc v1.0.3
[INFO] [stderr]    Compiling realm-lang v0.1.0
[INFO] [stderr]    Compiling ftd v0.1.18
[INFO] [stderr]    Compiling ignore v0.4.18
[INFO] [stderr]    Compiling futures v0.3.17
[INFO] [stderr]    Compiling chrono v0.4.19
[INFO] [stderr]    Compiling fluent v0.16.0
[INFO] [stderr]    Compiling async-recursion v0.3.2
[INFO] [stderr]    Compiling diffy v0.2.1
[INFO] [stderr]    Compiling antidote v1.0.0
[INFO] [stderr]    Compiling home v0.5.3
[INFO] [stderr]    Compiling termcolor v1.1.2
[INFO] [stderr]    Compiling rusqlite v0.26.3
[INFO] [stderr]    Compiling hyper-tls v0.5.0
[INFO] [stderr]    Compiling reqwest v0.11.7
[INFO] [stderr]    Compiling fpm v0.1.10 (/opt/rustwide/workdir)
[INFO] [stdout] warning: struct `Integer` is never constructed
[INFO] [stdout]   --> src/i18n/mod.rs:17:8
[INFO] [stdout]    |
[INFO] [stdout] 17 | struct Integer {
[INFO] [stdout]    |        ^^^^^^^
[INFO] [stdout]    |
[INFO] [stdout]    = note: `#[warn(dead_code)]` on by default
[INFO] [stdout] 
[INFO] [stdout] 
[INFO] [stdout] warning: struct `Float` is never constructed
[INFO] [stdout]   --> src/i18n/mod.rs:23:8
[INFO] [stdout]    |
[INFO] [stdout] 23 | struct Float {
[INFO] [stdout]    |        ^^^^^
[INFO] [stdout] 
[INFO] [stdout] 
[INFO] [stdout] warning: field `version` is never read
[INFO] [stdout]  --> src/tracker.rs:5:9
[INFO] [stdout]   |
[INFO] [stdout] 2 | pub struct Track {
[INFO] [stdout]   |            ----- field in this struct
[INFO] [stdout] ...
[INFO] [stdout] 5 |     pub version: Option<String>,
[INFO] [stdout]   |         ^^^^^^^
[INFO] [stdout]   |
[INFO] [stdout]   = note: `Track` has derived impls for the traits `Clone` and `Debug`, but these are intentionally ignored during dead code analysis
[INFO] [stdout] 
[INFO] [stdout] 
[INFO] [stderr]     Finished `dev` profile [unoptimized + debuginfo] target(s) in 2m 44s
[INFO] running `Command { std: "docker" "inspect" "be483bef9ceda4d1db96bf7143f7df03de0345498fb2f8800902bc2fc8449764", kill_on_drop: false }`
[INFO] running `Command { std: "docker" "rm" "-f" "be483bef9ceda4d1db96bf7143f7df03de0345498fb2f8800902bc2fc8449764", kill_on_drop: false }`
[INFO] [stdout] be483bef9ceda4d1db96bf7143f7df03de0345498fb2f8800902bc2fc8449764
[INFO] running `Command { std: "docker" "create" "-v" "/var/lib/crater-agent-workspace/builds/worker-0-tc1/target:/opt/rustwide/target:rw,Z" "-v" "/var/lib/crater-agent-workspace/builds/worker-0-tc1/source:/opt/rustwide/workdir:ro,Z" "-v" "/var/lib/crater-agent-workspace/cargo-home:/opt/rustwide/cargo-home:ro,Z" "-v" "/var/lib/crater-agent-workspace/rustup-home:/opt/rustwide/rustup-home:ro,Z" "-e" "SOURCE_DIR=/opt/rustwide/workdir" "-e" "CARGO_TARGET_DIR=/opt/rustwide/target" "-e" "CARGO_INCREMENTAL=0" "-e" "RUST_BACKTRACE=full" "-e" "RUSTFLAGS=--cap-lints=warn" "-e" "RUSTDOCFLAGS=--cap-lints=warn" "-e" "CARGO_HOME=/opt/rustwide/cargo-home" "-e" "RUSTUP_HOME=/opt/rustwide/rustup-home" "-w" "/opt/rustwide/workdir" "-m" "1610612736" "--user" "0:0" "--network" "none" "ghcr.io/rust-lang/crates-build-env/linux@sha256:f3a9d4ad9d972b27faf3965f35b62e55ba32bbce8f20bc8fe909558a86702fde" "/opt/rustwide/cargo-home/bin/cargo" "+1.83.0" "test" "--frozen" "--no-run" "--message-format=json", kill_on_drop: false }`
[INFO] [stdout] 3533f09c3b6c3f58032f23414498d6adf49865425cca79d8d897db8af41c9fc4
[INFO] running `Command { std: "docker" "start" "-a" "3533f09c3b6c3f58032f23414498d6adf49865425cca79d8d897db8af41c9fc4", kill_on_drop: false }`
[INFO] [stderr]    Compiling fsio v0.1.3
[INFO] [stderr]    Compiling toml v0.5.8
[INFO] [stderr]    Compiling rand_core v0.6.3
[INFO] [stderr]    Compiling nias v0.5.0
[INFO] [stderr]    Compiling ppv-lite86 v0.2.15
[INFO] [stderr]    Compiling colored v2.0.0
[INFO] [stderr]    Compiling getopts v0.2.21
[INFO] [stderr]    Compiling diff v0.1.12
[INFO] [stderr]    Compiling envmnt v0.8.4
[INFO] [stderr]    Compiling pretty_assertions v1.0.0
[INFO] [stdout] warning: struct `Integer` is never constructed
[INFO] [stdout]   --> src/i18n/mod.rs:17:8
[INFO] [stdout]    |
[INFO] [stdout] 17 | struct Integer {
[INFO] [stdout]    |        ^^^^^^^
[INFO] [stdout]    |
[INFO] [stdout]    = note: `#[warn(dead_code)]` on by default
[INFO] [stdout] 
[INFO] [stdout] 
[INFO] [stdout] warning: struct `Float` is never constructed
[INFO] [stdout]   --> src/i18n/mod.rs:23:8
[INFO] [stdout]    |
[INFO] [stdout] 23 | struct Float {
[INFO] [stdout]    |        ^^^^^
[INFO] [stdout] 
[INFO] [stdout] 
[INFO] [stdout] warning: field `version` is never read
[INFO] [stdout]  --> src/tracker.rs:5:9
[INFO] [stdout]   |
[INFO] [stdout] 2 | pub struct Track {
[INFO] [stdout]   |            ----- field in this struct
[INFO] [stdout] ...
[INFO] [stdout] 5 |     pub version: Option<String>,
[INFO] [stdout]   |         ^^^^^^^
[INFO] [stdout]   |
[INFO] [stdout]   = note: `Track` has derived impls for the traits `Clone` and `Debug`, but these are intentionally ignored during dead code analysis
[INFO] [stdout] 
[INFO] [stdout] 
[INFO] [stderr]    Compiling ci_info v0.10.2
[INFO] [stderr]    Compiling rand_chacha v0.3.1
[INFO] [stderr]    Compiling rand v0.8.4
[INFO] [stderr]    Compiling fbt-lib v0.1.16
[INFO] [stderr]    Compiling rusty-hook v0.11.2
[INFO] [stderr]    Compiling fpm v0.1.10 (/opt/rustwide/workdir)
[INFO] [stdout] warning: struct `Integer` is never constructed
[INFO] [stdout]   --> src/i18n/mod.rs:17:8
[INFO] [stdout]    |
[INFO] [stdout] 17 | struct Integer {
[INFO] [stdout]    |        ^^^^^^^
[INFO] [stdout]    |
[INFO] [stdout]    = note: `#[warn(dead_code)]` on by default
[INFO] [stdout] 
[INFO] [stdout] 
[INFO] [stdout] warning: struct `Float` is never constructed
[INFO] [stdout]   --> src/i18n/mod.rs:23:8
[INFO] [stdout]    |
[INFO] [stdout] 23 | struct Float {
[INFO] [stdout]    |        ^^^^^
[INFO] [stdout] 
[INFO] [stdout] 
[INFO] [stdout] warning: field `version` is never read
[INFO] [stdout]  --> src/tracker.rs:5:9
[INFO] [stdout]   |
[INFO] [stdout] 2 | pub struct Track {
[INFO] [stdout]   |            ----- field in this struct
[INFO] [stdout] ...
[INFO] [stdout] 5 |     pub version: Option<String>,
[INFO] [stdout]   |         ^^^^^^^
[INFO] [stdout]   |
[INFO] [stdout]   = note: `Track` has derived impls for the traits `Clone` and `Debug`, but these are intentionally ignored during dead code analysis
[INFO] [stdout] 
[INFO] [stdout] 
[INFO] [stderr]     Finished `test` profile [unoptimized + debuginfo] target(s) in 14.21s
[INFO] running `Command { std: "docker" "inspect" "3533f09c3b6c3f58032f23414498d6adf49865425cca79d8d897db8af41c9fc4", kill_on_drop: false }`
[INFO] running `Command { std: "docker" "rm" "-f" "3533f09c3b6c3f58032f23414498d6adf49865425cca79d8d897db8af41c9fc4", kill_on_drop: false }`
[INFO] [stdout] 3533f09c3b6c3f58032f23414498d6adf49865425cca79d8d897db8af41c9fc4
[INFO] running `Command { std: "docker" "create" "-v" "/var/lib/crater-agent-workspace/builds/worker-0-tc1/target:/opt/rustwide/target:rw,Z" "-v" "/var/lib/crater-agent-workspace/builds/worker-0-tc1/source:/opt/rustwide/workdir:ro,Z" "-v" "/var/lib/crater-agent-workspace/cargo-home:/opt/rustwide/cargo-home:ro,Z" "-v" "/var/lib/crater-agent-workspace/rustup-home:/opt/rustwide/rustup-home:ro,Z" "-e" "SOURCE_DIR=/opt/rustwide/workdir" "-e" "CARGO_TARGET_DIR=/opt/rustwide/target" "-e" "CARGO_INCREMENTAL=0" "-e" "RUST_BACKTRACE=full" "-e" "RUSTFLAGS=--cap-lints=warn" "-e" "RUSTDOCFLAGS=--cap-lints=warn" "-e" "CARGO_HOME=/opt/rustwide/cargo-home" "-e" "RUSTUP_HOME=/opt/rustwide/rustup-home" "-w" "/opt/rustwide/workdir" "-m" "1610612736" "--user" "0:0" "--network" "none" "ghcr.io/rust-lang/crates-build-env/linux@sha256:f3a9d4ad9d972b27faf3965f35b62e55ba32bbce8f20bc8fe909558a86702fde" "/opt/rustwide/cargo-home/bin/cargo" "+1.83.0" "test" "--frozen", kill_on_drop: false }`
[INFO] [stdout] 89efbe44daf200b90733b6c2f1ee99c4dbda66085cd3edb595e4f15df6882ad8
[INFO] running `Command { std: "docker" "start" "-a" "89efbe44daf200b90733b6c2f1ee99c4dbda66085cd3edb595e4f15df6882ad8", kill_on_drop: false }`
[INFO] [stderr] warning: struct `Integer` is never constructed
[INFO] [stderr]   --> src/i18n/mod.rs:17:8
[INFO] [stderr]    |
[INFO] [stderr] 17 | struct Integer {
[INFO] [stderr]    |        ^^^^^^^
[INFO] [stderr]    |
[INFO] [stderr]    = note: `#[warn(dead_code)]` on by default
[INFO] [stderr] 
[INFO] [stderr] warning: struct `Float` is never constructed
[INFO] [stderr]   --> src/i18n/mod.rs:23:8
[INFO] [stderr]    |
[INFO] [stderr] 23 | struct Float {
[INFO] [stderr]    |        ^^^^^
[INFO] [stderr] 
[INFO] [stderr] warning: field `version` is never read
[INFO] [stderr]  --> src/tracker.rs:5:9
[INFO] [stderr]   |
[INFO] [stderr] 2 | pub struct Track {
[INFO] [stderr]   |            ----- field in this struct
[INFO] [stderr] ...
[INFO] [stderr] 5 |     pub version: Option<String>,
[INFO] [stderr]   |         ^^^^^^^
[INFO] [stderr]   |
[INFO] [stderr]   = note: `Track` has derived impls for the traits `Clone` and `Debug`, but these are intentionally ignored during dead code analysis
[INFO] [stderr] 
[INFO] [stderr] warning: `fpm` (lib) generated 3 warnings
[INFO] [stderr] warning: `fpm` (lib test) generated 3 warnings (3 duplicates)
[INFO] [stderr]     Finished `test` profile [unoptimized + debuginfo] target(s) in 0.34s
[INFO] [stderr]      Running unittests src/lib.rs (/opt/rustwide/target/debug/deps/fpm-485c004e6c1dbd68)
[INFO] [stdout] 
[INFO] [stdout] running 2 tests
[INFO] [stdout] test library::toc::test::parse ... ok
[INFO] [stdout] test tests::fbt ... FAILED
[INFO] [stdout] 
[INFO] [stdout] failures:
[INFO] [stdout] 
[INFO] [stdout] ---- tests::fbt stdout ----
[INFO] [stdout] 01-help: FAILED  in 12.505787ms (exit code mismatch, expected=0, found=127)
[INFO] [stdout] stdout:
[INFO] [stdout] 
[INFO] [stdout] 
[INFO] [stdout] stderr:
[INFO] [stdout] sh: 1: /opt/rustwide/workdir/target/debug/fpm: not found
[INFO] [stdout] 
[INFO] [stdout] 02-hello: FAILED  in 2.21333ms (exit code mismatch, expected=0, found=127)
[INFO] [stdout] stdout:
[INFO] [stdout] 
[INFO] [stdout] 
[INFO] [stdout] stderr:
[INFO] [stdout] sh: 1: /opt/rustwide/workdir/target/debug/fpm: not found
[INFO] [stdout] 
[INFO] [stdout] 03-nested-document: FAILED  in 2.865759ms (exit code mismatch, expected=0, found=127)
[INFO] [stdout] stdout:
[INFO] [stdout] 
[INFO] [stdout] 
[INFO] [stdout] stderr:
[INFO] [stdout] sh: 1: /opt/rustwide/workdir/target/debug/fpm: not found
[INFO] [stdout] 
[INFO] [stdout] 04-import-package-doc: FAILED  in 2.03982ms (exit code mismatch, expected=0, found=127)
[INFO] [stdout] stdout:
[INFO] [stdout] 
[INFO] [stdout] 
[INFO] [stdout] stderr:
[INFO] [stdout] sh: 1: /opt/rustwide/workdir/target/debug/fpm: not found
[INFO] [stdout] 
[INFO] [stdout] 05-fpm-dependency: SKIPPED (dependency seems to be broken during refactor)
[INFO] [stdout] 06-hello-font: FAILED  in 1.984039ms (exit code mismatch, expected=0, found=127)
[INFO] [stdout] stdout:
[INFO] [stdout] 
[INFO] [stdout] 
[INFO] [stdout] stderr:
[INFO] [stdout] sh: 1: /opt/rustwide/workdir/target/debug/fpm: not found
[INFO] [stdout] 
[INFO] [stdout] 07-nested-document-sync: FAILED  in 5.188219ms (exit code mismatch, expected=0, found=127)
[INFO] [stdout] stdout:
[INFO] [stdout] 
[INFO] [stdout] 
[INFO] [stdout] stderr:
[INFO] [stdout] sh: 1: /opt/rustwide/workdir/target/debug/fpm: not found
[INFO] [stdout] 
[INFO] [stdout] 08-hello-tracks: FAILED  in 9.771148ms (exit code mismatch, expected=0, found=127)
[INFO] [stdout] stdout:
[INFO] [stdout] 
[INFO] [stdout] 
[INFO] [stdout] stderr:
[INFO] [stdout] sh: 1: /opt/rustwide/workdir/target/debug/fpm: not found
[INFO] [stdout] 
[INFO] [stdout] 09-static-assets: FAILED  in 3.904439ms (exit code mismatch, expected=0, found=127)
[INFO] [stdout] stdout:
[INFO] [stdout] 
[INFO] [stdout] 
[INFO] [stdout] stderr:
[INFO] [stdout] sh: 1: /opt/rustwide/workdir/target/debug/fpm: not found
[INFO] [stdout] 
[INFO] [stdout] 10-markdown-pages: SKIPPED (temporarily removed markdown support)
[INFO] [stdout] 11-readme-index: SKIPPED (temporarily removed markdown support)
[INFO] [stdout] 12-readme-with-index: SKIPPED (temporarily removed markdown support)
[INFO] [stdout] 13-translation: FAILED  in 11.157628ms (exit code mismatch, expected=0, found=127)
[INFO] [stdout] stdout:
[INFO] [stdout] 
[INFO] [stdout] 
[INFO] [stdout] stderr:
[INFO] [stdout] sh: 1: /opt/rustwide/workdir/target/debug/fpm: not found
[INFO] [stdout] 
[INFO] [stdout] 14-translation-hindi: FAILED  in 3.763028ms (exit code mismatch, expected=0, found=127)
[INFO] [stdout] stdout:
[INFO] [stdout] 
[INFO] [stdout] 
[INFO] [stdout] stderr:
[INFO] [stdout] sh: 1: /opt/rustwide/workdir/target/debug/fpm: not found
[INFO] [stdout] 
[INFO] [stdout] 15-recursive-download-dependencies: FAILED  in 24.389534ms (exit code mismatch, expected=0, found=127)
[INFO] [stdout] stdout:
[INFO] [stdout] 
[INFO] [stdout] 
[INFO] [stdout] stderr:
[INFO] [stdout] sh: 1: /opt/rustwide/workdir/target/debug/fpm: not found
[INFO] [stdout] 
[INFO] [stdout] 16-translation-mark-upto-date-and-translation-status: FAILED  in 17.384966ms (exit code mismatch, expected=0, found=127)
[INFO] [stdout] stdout:
[INFO] [stdout] 
[INFO] [stdout] 
[INFO] [stdout] stderr:
[INFO] [stdout] sh: 1: /opt/rustwide/workdir/target/debug/fpm: not found
[INFO] [stdout] 
[INFO] [stdout] 17-fpm-dependency-alias: FAILED  in 6.714509ms (exit code mismatch, expected=0, found=127)
[INFO] [stdout] stdout:
[INFO] [stdout] 
[INFO] [stdout] 
[INFO] [stdout] stderr:
[INFO] [stdout] sh: 1: /opt/rustwide/workdir/target/debug/fpm: not found
[INFO] [stdout] 
[INFO] [stdout] thread 'tests::fbt' panicked at src/lib.rs:186:13:
[INFO] [stdout] test failed
[INFO] [stdout] stack backtrace:
[INFO] [stdout]    0:     0x641c4763e0da - std::backtrace_rs::backtrace::libunwind::trace::h5a5b8284f2d0c266
[INFO] [stdout]                                at /rustc/90b35a6239c3d8bdabc530a6a0816f7ff89a0aaf/library/std/src/../../backtrace/src/backtrace/libunwind.rs:116:5
[INFO] [stdout]    1:     0x641c4763e0da - std::backtrace_rs::backtrace::trace_unsynchronized::h76d4f1c9b0b875e3
[INFO] [stdout]                                at /rustc/90b35a6239c3d8bdabc530a6a0816f7ff89a0aaf/library/std/src/../../backtrace/src/backtrace/mod.rs:66:5
[INFO] [stdout]    2:     0x641c4763e0da - std::sys::backtrace::_print_fmt::hc4546b8364a537c6
[INFO] [stdout]                                at /rustc/90b35a6239c3d8bdabc530a6a0816f7ff89a0aaf/library/std/src/sys/backtrace.rs:66:9
[INFO] [stdout]    3:     0x641c4763e0da - <std::sys::backtrace::BacktraceLock::print::DisplayBacktrace as core::fmt::Display>::fmt::h5b6bd5631a6d1f6b
[INFO] [stdout]                                at /rustc/90b35a6239c3d8bdabc530a6a0816f7ff89a0aaf/library/std/src/sys/backtrace.rs:39:26
[INFO] [stdout]    4:     0x641c47665ac3 - core::fmt::rt::Argument::fmt::h270f6602a2b96f62
[INFO] [stdout]                                at /rustc/90b35a6239c3d8bdabc530a6a0816f7ff89a0aaf/library/core/src/fmt/rt.rs:177:76
[INFO] [stdout]    5:     0x641c47665ac3 - core::fmt::write::h7550c97b06c86515
[INFO] [stdout]                                at /rustc/90b35a6239c3d8bdabc530a6a0816f7ff89a0aaf/library/core/src/fmt/mod.rs:1186:21
[INFO] [stdout]    6:     0x641c4763a713 - std::io::Write::write_fmt::h509ff860e5956e5e
[INFO] [stdout]                                at /rustc/90b35a6239c3d8bdabc530a6a0816f7ff89a0aaf/library/std/src/io/mod.rs:1839:15
[INFO] [stdout]    7:     0x641c4763df22 - std::sys::backtrace::BacktraceLock::print::h2395ccd2c84ba3aa
[INFO] [stdout]                                at /rustc/90b35a6239c3d8bdabc530a6a0816f7ff89a0aaf/library/std/src/sys/backtrace.rs:42:9
[INFO] [stdout]    8:     0x641c4763f53a - std::panicking::default_hook::{{closure}}::he19d4c7230e07961
[INFO] [stdout]                                at /rustc/90b35a6239c3d8bdabc530a6a0816f7ff89a0aaf/library/std/src/panicking.rs:268:22
[INFO] [stdout]    9:     0x641c4763f344 - std::panicking::default_hook::hf614597d3c67bbdb
[INFO] [stdout]                                at /rustc/90b35a6239c3d8bdabc530a6a0816f7ff89a0aaf/library/std/src/panicking.rs:292:9
[INFO] [stdout]   10:     0x641c475de459 - <alloc::boxed::Box<F,A> as core::ops::function::Fn<Args>>::call::h39b51ce4599c23d1
[INFO] [stdout]                                at /rustc/90b35a6239c3d8bdabc530a6a0816f7ff89a0aaf/library/alloc/src/boxed.rs:2468:9
[INFO] [stdout]   11:     0x641c475de459 - test::test_main::{{closure}}::he977ae839a582784
[INFO] [stdout]                                at /rustc/90b35a6239c3d8bdabc530a6a0816f7ff89a0aaf/library/test/src/lib.rs:133:21
[INFO] [stdout]   12:     0x641c4763fbd8 - <alloc::boxed::Box<F,A> as core::ops::function::Fn<Args>>::call::h9455091b6b06f9fb
[INFO] [stdout]                                at /rustc/90b35a6239c3d8bdabc530a6a0816f7ff89a0aaf/library/alloc/src/boxed.rs:2468:9
[INFO] [stdout]   13:     0x641c4763fbd8 - std::panicking::rust_panic_with_hook::h8942133a8b252070
[INFO] [stdout]                                at /rustc/90b35a6239c3d8bdabc530a6a0816f7ff89a0aaf/library/std/src/panicking.rs:809:13
[INFO] [stdout]   14:     0x641c475a46ea - std::panicking::begin_panic::{{closure}}::h5577ad57a5cbdb31
[INFO] [stdout]                                at /rustc/90b35a6239c3d8bdabc530a6a0816f7ff89a0aaf/library/std/src/panicking.rs:738:9
[INFO] [stdout]   15:     0x641c475a465a - std::sys::backtrace::__rust_end_short_backtrace::hff7786b2d40fc8b7
[INFO] [stdout]                                at /rustc/90b35a6239c3d8bdabc530a6a0816f7ff89a0aaf/library/std/src/sys/backtrace.rs:170:18
[INFO] [stdout]   16:     0x641c475a4693 - std::panicking::begin_panic::hbcd505c5ef933204
[INFO] [stdout]                                at /rustc/90b35a6239c3d8bdabc530a6a0816f7ff89a0aaf/library/std/src/panicking.rs:737:5
[INFO] [stdout]   17:     0x641c471e6598 - fpm::tests::fbt::h3b0f9527ba1c46f2
[INFO] [stdout]                                at /opt/rustwide/workdir/src/lib.rs:186:13
[INFO] [stdout]   18:     0x641c471e6547 - fpm::tests::fbt::{{closure}}::h3fb51192133a8ef5
[INFO] [stdout]                                at /opt/rustwide/workdir/src/lib.rs:184:13
[INFO] [stdout]   19:     0x641c471e1676 - core::ops::function::FnOnce::call_once::ha8658f6670b58bbd
[INFO] [stdout]                                at /rustc/90b35a6239c3d8bdabc530a6a0816f7ff89a0aaf/library/core/src/ops/function.rs:250:5
[INFO] [stdout]   20:     0x641c475e2e1b - core::ops::function::FnOnce::call_once::h109cf8051a59b34e
[INFO] [stdout]                                at /rustc/90b35a6239c3d8bdabc530a6a0816f7ff89a0aaf/library/core/src/ops/function.rs:250:5
[INFO] [stdout]   21:     0x641c475e2e1b - test::__rust_begin_short_backtrace::hf4fff89d377446ba
[INFO] [stdout]                                at /rustc/90b35a6239c3d8bdabc530a6a0816f7ff89a0aaf/library/test/src/lib.rs:621:18
[INFO] [stdout]   22:     0x641c475e2657 - test::run_test_in_process::{{closure}}::h0e39181dd7ee5a43
[INFO] [stdout]                                at /rustc/90b35a6239c3d8bdabc530a6a0816f7ff89a0aaf/library/test/src/lib.rs:644:60
[INFO] [stdout]   23:     0x641c475e2657 - <core::panic::unwind_safe::AssertUnwindSafe<F> as core::ops::function::FnOnce<()>>::call_once::hc5a66a30f0bdfd1f
[INFO] [stdout]                                at /rustc/90b35a6239c3d8bdabc530a6a0816f7ff89a0aaf/library/core/src/panic/unwind_safe.rs:272:9
[INFO] [stdout]   24:     0x641c475e2657 - std::panicking::try::do_call::h873b7cf639554a5e
[INFO] [stdout]                                at /rustc/90b35a6239c3d8bdabc530a6a0816f7ff89a0aaf/library/std/src/panicking.rs:557:40
[INFO] [stdout]   25:     0x641c475e2657 - std::panicking::try::hdb19862fad9c8bd1
[INFO] [stdout]                                at /rustc/90b35a6239c3d8bdabc530a6a0816f7ff89a0aaf/library/std/src/panicking.rs:520:19
[INFO] [stdout]   26:     0x641c475e2657 - std::panic::catch_unwind::h281fe732d236d260
[INFO] [stdout]                                at /rustc/90b35a6239c3d8bdabc530a6a0816f7ff89a0aaf/library/std/src/panic.rs:358:14
[INFO] [stdout]   27:     0x641c475e2657 - test::run_test_in_process::h949b6df8457ed338
[INFO] [stdout]                                at /rustc/90b35a6239c3d8bdabc530a6a0816f7ff89a0aaf/library/test/src/lib.rs:644:27
[INFO] [stdout]   28:     0x641c475e2657 - test::run_test::{{closure}}::h52c556a6d4740e10
[INFO] [stdout]                                at /rustc/90b35a6239c3d8bdabc530a6a0816f7ff89a0aaf/library/test/src/lib.rs:565:43
[INFO] [stdout]   29:     0x641c475a7934 - test::run_test::{{closure}}::h4237f6381c45ccb9
[INFO] [stdout]                                at /rustc/90b35a6239c3d8bdabc530a6a0816f7ff89a0aaf/library/test/src/lib.rs:595:41
[INFO] [stdout]   30:     0x641c475a7934 - std::sys::backtrace::__rust_begin_short_backtrace::h505c97a579eca628
[INFO] [stdout]                                at /rustc/90b35a6239c3d8bdabc530a6a0816f7ff89a0aaf/library/std/src/sys/backtrace.rs:154:18
[INFO] [stdout]   31:     0x641c475aaffe - std::thread::Builder::spawn_unchecked_::{{closure}}::{{closure}}::h9e86b2e2bc107ea3
[INFO] [stdout]                                at /rustc/90b35a6239c3d8bdabc530a6a0816f7ff89a0aaf/library/std/src/thread/mod.rs:538:17
[INFO] [stdout]   32:     0x641c475aaffe - <core::panic::unwind_safe::AssertUnwindSafe<F> as core::ops::function::FnOnce<()>>::call_once::h8b06ddb275ff4a25
[INFO] [stdout]                                at /rustc/90b35a6239c3d8bdabc530a6a0816f7ff89a0aaf/library/core/src/panic/unwind_safe.rs:272:9
[INFO] [stdout]   33:     0x641c475aaffe - std::panicking::try::do_call::hb26ecd7cd9a9355d
[INFO] [stdout]                                at /rustc/90b35a6239c3d8bdabc530a6a0816f7ff89a0aaf/library/std/src/panicking.rs:557:40
[INFO] [stdout]   34:     0x641c475aaffe - std::panicking::try::h8ddeca9d705f9069
[INFO] [stdout]                                at /rustc/90b35a6239c3d8bdabc530a6a0816f7ff89a0aaf/library/std/src/panicking.rs:520:19
[INFO] [stdout]   35:     0x641c475aaffe - std::panic::catch_unwind::h49e1c33078844c46
[INFO] [stdout]                                at /rustc/90b35a6239c3d8bdabc530a6a0816f7ff89a0aaf/library/std/src/panic.rs:358:14
[INFO] [stdout]   36:     0x641c475aaffe - std::thread::Builder::spawn_unchecked_::{{closure}}::h6073db6ff56ad35d
[INFO] [stdout]                                at /rustc/90b35a6239c3d8bdabc530a6a0816f7ff89a0aaf/library/std/src/thread/mod.rs:537:30
[INFO] [stdout]   37:     0x641c475aaffe - core::ops::function::FnOnce::call_once{{vtable.shim}}::h2c5a5f3779c774f1
[INFO] [stdout]                                at /rustc/90b35a6239c3d8bdabc530a6a0816f7ff89a0aaf/library/core/src/ops/function.rs:250:5
[INFO] [stdout]   38:     0x641c47644feb - <alloc::boxed::Box<F,A> as core::ops::function::FnOnce<Args>>::call_once::hf75717d9f28faebf
[INFO] [stdout]                                at /rustc/90b35a6239c3d8bdabc530a6a0816f7ff89a0aaf/library/alloc/src/boxed.rs:2454:9
[INFO] [stdout]   39:     0x641c47644feb - <alloc::boxed::Box<F,A> as core::ops::function::FnOnce<Args>>::call_once::h7bd883a5f3c5f3c1
[INFO] [stdout]                                at /rustc/90b35a6239c3d8bdabc530a6a0816f7ff89a0aaf/library/alloc/src/boxed.rs:2454:9
[INFO] [stdout]   40:     0x641c47644feb - std::sys::pal::unix::thread::Thread::new::thread_start::hcc78f3943333fa94
[INFO] [stdout]                                at /rustc/90b35a6239c3d8bdabc530a6a0816f7ff89a0aaf/library/std/src/sys/pal/unix/thread.rs:105:17
[INFO] [stdout]   41:     0x7aaacd6acac3 - <unknown>
[INFO] [stdout]   42:     0x7aaacd73da04 - clone
[INFO] [stdout]   43:                0x0 - <unknown>
[INFO] [stdout] 
[INFO] [stdout] 
[INFO] [stdout] failures:
[INFO] [stdout]     tests::fbt
[INFO] [stdout] 
[INFO] [stdout] test result: FAILED. 1 passed; 1 failed; 0 ignored; 0 measured; 0 filtered out; finished in 0.59s
[INFO] [stdout] 
[INFO] [stderr] error: test failed, to rerun pass `--lib`
[INFO] running `Command { std: "docker" "inspect" "89efbe44daf200b90733b6c2f1ee99c4dbda66085cd3edb595e4f15df6882ad8", kill_on_drop: false }`
[INFO] running `Command { std: "docker" "rm" "-f" "89efbe44daf200b90733b6c2f1ee99c4dbda66085cd3edb595e4f15df6882ad8", kill_on_drop: false }`
[INFO] [stdout] 89efbe44daf200b90733b6c2f1ee99c4dbda66085cd3edb595e4f15df6882ad8
