[INFO] fetching crate fpls_lib 0.1.2...
[INFO] testing fpls_lib-0.1.2 against beta-2024-12-08 for beta-1.84.0-4-retry
[INFO] extracting crate fpls_lib 0.1.2 into /workspace/builds/worker-2-tc2/source
[INFO] validating manifest of crates.io crate fpls_lib 0.1.2 on toolchain beta-2024-12-08
[INFO] running `Command { std: CARGO_HOME="/workspace/cargo-home" RUSTUP_HOME="/workspace/rustup-home" "/workspace/cargo-home/bin/cargo" "+beta-2024-12-08" "metadata" "--manifest-path" "Cargo.toml" "--no-deps", kill_on_drop: false }`
[INFO] started tweaking crates.io crate fpls_lib 0.1.2
[INFO] finished tweaking crates.io crate fpls_lib 0.1.2
[INFO] tweaked toml for crates.io crate fpls_lib 0.1.2 written to /workspace/builds/worker-2-tc2/source/Cargo.toml
[INFO] running `Command { std: CARGO_HOME="/workspace/cargo-home" RUSTUP_HOME="/workspace/rustup-home" "/workspace/cargo-home/bin/cargo" "+beta-2024-12-08" "generate-lockfile" "--manifest-path" "Cargo.toml", kill_on_drop: false }`
[INFO] running `Command { std: CARGO_HOME="/workspace/cargo-home" RUSTUP_HOME="/workspace/rustup-home" "/workspace/cargo-home/bin/cargo" "+beta-2024-12-08" "fetch" "--manifest-path" "Cargo.toml", kill_on_drop: false }`
[INFO] running `Command { std: "docker" "create" "-v" "/var/lib/crater-agent-workspace/builds/worker-2-tc2/target:/opt/rustwide/target:rw,Z" "-v" "/var/lib/crater-agent-workspace/builds/worker-2-tc2/source:/opt/rustwide/workdir:ro,Z" "-v" "/var/lib/crater-agent-workspace/cargo-home:/opt/rustwide/cargo-home:ro,Z" "-v" "/var/lib/crater-agent-workspace/rustup-home:/opt/rustwide/rustup-home:ro,Z" "-e" "SOURCE_DIR=/opt/rustwide/workdir" "-e" "CARGO_TARGET_DIR=/opt/rustwide/target" "-e" "CARGO_HOME=/opt/rustwide/cargo-home" "-e" "RUSTUP_HOME=/opt/rustwide/rustup-home" "-w" "/opt/rustwide/workdir" "-m" "1610612736" "--user" "0:0" "--network" "none" "ghcr.io/rust-lang/crates-build-env/linux@sha256:f3a9d4ad9d972b27faf3965f35b62e55ba32bbce8f20bc8fe909558a86702fde" "/opt/rustwide/cargo-home/bin/cargo" "+beta-2024-12-08" "metadata" "--no-deps" "--format-version=1", kill_on_drop: false }`
[INFO] [stdout] 342392bc95726520cb6c27431554eb55b7e06a2eeef72cfa143440d4b553ddfc
[INFO] running `Command { std: "docker" "start" "-a" "342392bc95726520cb6c27431554eb55b7e06a2eeef72cfa143440d4b553ddfc", kill_on_drop: false }`
[INFO] running `Command { std: "docker" "inspect" "342392bc95726520cb6c27431554eb55b7e06a2eeef72cfa143440d4b553ddfc", kill_on_drop: false }`
[INFO] running `Command { std: "docker" "rm" "-f" "342392bc95726520cb6c27431554eb55b7e06a2eeef72cfa143440d4b553ddfc", kill_on_drop: false }`
[INFO] [stdout] 342392bc95726520cb6c27431554eb55b7e06a2eeef72cfa143440d4b553ddfc
[INFO] running `Command { std: "docker" "create" "-v" "/var/lib/crater-agent-workspace/builds/worker-2-tc2/target:/opt/rustwide/target:rw,Z" "-v" "/var/lib/crater-agent-workspace/builds/worker-2-tc2/source:/opt/rustwide/workdir:ro,Z" "-v" "/var/lib/crater-agent-workspace/cargo-home:/opt/rustwide/cargo-home:ro,Z" "-v" "/var/lib/crater-agent-workspace/rustup-home:/opt/rustwide/rustup-home:ro,Z" "-e" "SOURCE_DIR=/opt/rustwide/workdir" "-e" "CARGO_TARGET_DIR=/opt/rustwide/target" "-e" "CARGO_INCREMENTAL=0" "-e" "RUST_BACKTRACE=full" "-e" "RUSTFLAGS=--cap-lints=warn" "-e" "RUSTDOCFLAGS=--cap-lints=warn" "-e" "CARGO_HOME=/opt/rustwide/cargo-home" "-e" "RUSTUP_HOME=/opt/rustwide/rustup-home" "-w" "/opt/rustwide/workdir" "-m" "1610612736" "--user" "0:0" "--network" "none" "ghcr.io/rust-lang/crates-build-env/linux@sha256:f3a9d4ad9d972b27faf3965f35b62e55ba32bbce8f20bc8fe909558a86702fde" "/opt/rustwide/cargo-home/bin/cargo" "+beta-2024-12-08" "build" "--frozen" "--message-format=json", kill_on_drop: false }`
[INFO] [stdout] ee5cbe8d9c4608dd1747e8347ea82aa8ab612e391a57c48d171d9cc12e90a378
[INFO] running `Command { std: "docker" "start" "-a" "ee5cbe8d9c4608dd1747e8347ea82aa8ab612e391a57c48d171d9cc12e90a378", kill_on_drop: false }`
[INFO] [stderr]    Compiling fpls_lib v0.1.2 (/opt/rustwide/workdir)
[INFO] [stderr]     Finished `dev` profile [unoptimized + debuginfo] target(s) in 0.22s
[INFO] running `Command { std: "docker" "inspect" "ee5cbe8d9c4608dd1747e8347ea82aa8ab612e391a57c48d171d9cc12e90a378", kill_on_drop: false }`
[INFO] running `Command { std: "docker" "rm" "-f" "ee5cbe8d9c4608dd1747e8347ea82aa8ab612e391a57c48d171d9cc12e90a378", kill_on_drop: false }`
[INFO] [stdout] ee5cbe8d9c4608dd1747e8347ea82aa8ab612e391a57c48d171d9cc12e90a378
[INFO] running `Command { std: "docker" "create" "-v" "/var/lib/crater-agent-workspace/builds/worker-2-tc2/target:/opt/rustwide/target:rw,Z" "-v" "/var/lib/crater-agent-workspace/builds/worker-2-tc2/source:/opt/rustwide/workdir:ro,Z" "-v" "/var/lib/crater-agent-workspace/cargo-home:/opt/rustwide/cargo-home:ro,Z" "-v" "/var/lib/crater-agent-workspace/rustup-home:/opt/rustwide/rustup-home:ro,Z" "-e" "SOURCE_DIR=/opt/rustwide/workdir" "-e" "CARGO_TARGET_DIR=/opt/rustwide/target" "-e" "CARGO_INCREMENTAL=0" "-e" "RUST_BACKTRACE=full" "-e" "RUSTFLAGS=--cap-lints=warn" "-e" "RUSTDOCFLAGS=--cap-lints=warn" "-e" "CARGO_HOME=/opt/rustwide/cargo-home" "-e" "RUSTUP_HOME=/opt/rustwide/rustup-home" "-w" "/opt/rustwide/workdir" "-m" "1610612736" "--user" "0:0" "--network" "none" "ghcr.io/rust-lang/crates-build-env/linux@sha256:f3a9d4ad9d972b27faf3965f35b62e55ba32bbce8f20bc8fe909558a86702fde" "/opt/rustwide/cargo-home/bin/cargo" "+beta-2024-12-08" "test" "--frozen" "--no-run" "--message-format=json", kill_on_drop: false }`
[INFO] [stdout] 6c034ae16523e3e700c1f5a35997770844833ced2b53febbcd8f4b19387cf23f
[INFO] running `Command { std: "docker" "start" "-a" "6c034ae16523e3e700c1f5a35997770844833ced2b53febbcd8f4b19387cf23f", kill_on_drop: false }`
[INFO] [stderr]    Compiling fpls_lib v0.1.2 (/opt/rustwide/workdir)
[INFO] [stderr]     Finished `test` profile [unoptimized + debuginfo] target(s) in 0.51s
[INFO] running `Command { std: "docker" "inspect" "6c034ae16523e3e700c1f5a35997770844833ced2b53febbcd8f4b19387cf23f", kill_on_drop: false }`
[INFO] running `Command { std: "docker" "rm" "-f" "6c034ae16523e3e700c1f5a35997770844833ced2b53febbcd8f4b19387cf23f", kill_on_drop: false }`
[INFO] [stdout] 6c034ae16523e3e700c1f5a35997770844833ced2b53febbcd8f4b19387cf23f
[INFO] running `Command { std: "docker" "create" "-v" "/var/lib/crater-agent-workspace/builds/worker-2-tc2/target:/opt/rustwide/target:rw,Z" "-v" "/var/lib/crater-agent-workspace/builds/worker-2-tc2/source:/opt/rustwide/workdir:ro,Z" "-v" "/var/lib/crater-agent-workspace/cargo-home:/opt/rustwide/cargo-home:ro,Z" "-v" "/var/lib/crater-agent-workspace/rustup-home:/opt/rustwide/rustup-home:ro,Z" "-e" "SOURCE_DIR=/opt/rustwide/workdir" "-e" "CARGO_TARGET_DIR=/opt/rustwide/target" "-e" "CARGO_INCREMENTAL=0" "-e" "RUST_BACKTRACE=full" "-e" "RUSTFLAGS=--cap-lints=warn" "-e" "RUSTDOCFLAGS=--cap-lints=warn" "-e" "CARGO_HOME=/opt/rustwide/cargo-home" "-e" "RUSTUP_HOME=/opt/rustwide/rustup-home" "-w" "/opt/rustwide/workdir" "-m" "1610612736" "--user" "0:0" "--network" "none" "ghcr.io/rust-lang/crates-build-env/linux@sha256:f3a9d4ad9d972b27faf3965f35b62e55ba32bbce8f20bc8fe909558a86702fde" "/opt/rustwide/cargo-home/bin/cargo" "+beta-2024-12-08" "test" "--frozen", kill_on_drop: false }`
[INFO] [stdout] b103d0aaea7be52f13f17d45046852ac13c427cdf474865340e52ca288578c9c
[INFO] running `Command { std: "docker" "start" "-a" "b103d0aaea7be52f13f17d45046852ac13c427cdf474865340e52ca288578c9c", kill_on_drop: false }`
[INFO] [stderr]     Finished `test` profile [unoptimized + debuginfo] target(s) in 0.01s
[INFO] [stdout] 
[INFO] [stderr]      Running unittests src/lib.rs (/opt/rustwide/target/debug/deps/fpls_lib-52161156b098077a)
[INFO] [stdout] running 0 tests
[INFO] [stderr]    Doc-tests fpls_lib
[INFO] [stdout] 
[INFO] [stdout] test result: ok. 0 passed; 0 failed; 0 ignored; 0 measured; 0 filtered out; finished in 0.00s
[INFO] [stdout] 
[INFO] [stdout] 
[INFO] [stdout] running 1 test
[INFO] [stdout] test src/lib.rs - copy_file (line 9) - compile ... FAILED
[INFO] [stdout] 
[INFO] [stdout] failures:
[INFO] [stdout] 
[INFO] [stdout] ---- src/lib.rs - copy_file (line 9) stdout ----
[INFO] [stdout] error[E0433]: failed to resolve: use of undeclared crate or module `io`
[INFO] [stdout]  --> src/lib.rs:11:25
[INFO] [stdout]   |
[INFO] [stdout] 3 | fn main() -> Result<(), io::Error> {
[INFO] [stdout]   |                         ^^ use of undeclared crate or module `io`
[INFO] [stdout]   |
[INFO] [stdout] help: a builtin type with a similar name exists
[INFO] [stdout]   |
[INFO] [stdout] 3 | fn main() -> Result<(), i8::Error> {
[INFO] [stdout]   |                         ~~
[INFO] [stdout] help: consider importing this module
[INFO] [stdout]   |
[INFO] [stdout] 3 + use std::io;
[INFO] [stdout]   |
[INFO] [stdout] 
[INFO] [stdout] error[E0433]: failed to resolve: use of undeclared type `Path`
[INFO] [stdout]  --> src/lib.rs:12:16
[INFO] [stdout]   |
[INFO] [stdout] 4 |     let path = Path::new("./test/copy_origion");
[INFO] [stdout]   |                ^^^^ use of undeclared type `Path`
[INFO] [stdout]   |
[INFO] [stdout] help: consider importing this struct
[INFO] [stdout]   |
[INFO] [stdout] 3 + use std::path::Path;
[INFO] [stdout]   |
[INFO] [stdout] 
[INFO] [stdout] error[E0433]: failed to resolve: use of undeclared type `Path`
[INFO] [stdout]  --> src/lib.rs:13:23
[INFO] [stdout]   |
[INFO] [stdout] 5 |     let output_path = Path::new("./test/copy_currnet");
[INFO] [stdout]   |                       ^^^^ use of undeclared type `Path`
[INFO] [stdout]   |
[INFO] [stdout] help: consider importing this struct
[INFO] [stdout]   |
[INFO] [stdout] 3 + use std::path::Path;
[INFO] [stdout]   |
[INFO] [stdout] 
[INFO] [stdout] error[E0425]: cannot find function `copy_file` in this scope
[INFO] [stdout]  --> src/lib.rs:14:5
[INFO] [stdout]   |
[INFO] [stdout] 6 |     copy_file(&path, &output_path)?;
[INFO] [stdout]   |     ^^^^^^^^^ not found in this scope
[INFO] [stdout]   |
[INFO] [stdout] help: consider importing this function
[INFO] [stdout]   |
[INFO] [stdout] 3 + use fpls_lib::copy_file;
[INFO] [stdout]   |
[INFO] [stdout] 
[INFO] [stdout] error: aborting due to 4 previous errors
[INFO] [stdout] 
[INFO] [stdout] Some errors have detailed explanations: E0425, E0433.
[INFO] [stdout] For more information about an error, try `rustc --explain E0425`.
[INFO] [stdout] Couldn't compile the test.
[INFO] [stdout] 
[INFO] [stdout] failures:
[INFO] [stdout]     src/lib.rs - copy_file (line 9)
[INFO] [stdout] 
[INFO] [stdout] test result: FAILED. 0 passed; 1 failed; 0 ignored; 0 measured; 0 filtered out; finished in 0.08s
[INFO] [stdout] 
[INFO] [stderr] error: doctest failed, to rerun pass `--doc`
[INFO] running `Command { std: "docker" "inspect" "b103d0aaea7be52f13f17d45046852ac13c427cdf474865340e52ca288578c9c", kill_on_drop: false }`
[INFO] running `Command { std: "docker" "rm" "-f" "b103d0aaea7be52f13f17d45046852ac13c427cdf474865340e52ca288578c9c", kill_on_drop: false }`
[INFO] [stdout] b103d0aaea7be52f13f17d45046852ac13c427cdf474865340e52ca288578c9c
