[INFO] fetching crate follow 0.1.5...
[INFO] testing follow-0.1.5 against beta-2024-12-08 for beta-1.84.0-4-retry
[INFO] extracting crate follow 0.1.5 into /workspace/builds/worker-4-tc2/source
[INFO] validating manifest of crates.io crate follow 0.1.5 on toolchain beta-2024-12-08
[INFO] running `Command { std: CARGO_HOME="/workspace/cargo-home" RUSTUP_HOME="/workspace/rustup-home" "/workspace/cargo-home/bin/cargo" "+beta-2024-12-08" "metadata" "--manifest-path" "Cargo.toml" "--no-deps", kill_on_drop: false }`
[INFO] started tweaking crates.io crate follow 0.1.5
[INFO] finished tweaking crates.io crate follow 0.1.5
[INFO] tweaked toml for crates.io crate follow 0.1.5 written to /workspace/builds/worker-4-tc2/source/Cargo.toml
[INFO] running `Command { std: CARGO_HOME="/workspace/cargo-home" RUSTUP_HOME="/workspace/rustup-home" "/workspace/cargo-home/bin/cargo" "+beta-2024-12-08" "generate-lockfile" "--manifest-path" "Cargo.toml", kill_on_drop: false }`
[INFO] [stderr]     Updating crates.io index
[INFO] [stderr]      Locking 69 packages to latest compatible versions
[INFO] [stderr]       Adding ansi_term v0.9.0 (available: v0.12.1)
[INFO] [stderr]       Adding chrono v0.3.0 (available: v0.4.39)
[INFO] [stderr]       Adding docopt v0.7.0 (available: v1.1.1)
[INFO] [stderr]       Adding error-chain v0.10.0 (available: v0.12.4)
[INFO] [stderr]       Adding fern v0.3.5 (available: v0.7.0)
[INFO] [stderr]       Adding glob v0.2.11 (available: v0.3.1)
[INFO] [stderr]       Adding log v0.3.9 (available: v0.4.22)
[INFO] [stderr]       Adding terminal_size v0.1.17 (available: v0.4.1)
[INFO] [stderr]       Adding wasi v0.10.0+wasi-snapshot-preview1 (available: v0.10.2+wasi-snapshot-preview1)
[INFO] running `Command { std: CARGO_HOME="/workspace/cargo-home" RUSTUP_HOME="/workspace/rustup-home" "/workspace/cargo-home/bin/cargo" "+beta-2024-12-08" "fetch" "--manifest-path" "Cargo.toml", kill_on_drop: false }`
[INFO] [stderr] warning: no edition set: defaulting to the 2015 edition while the latest is 2021
[INFO] running `Command { std: "docker" "create" "-v" "/var/lib/crater-agent-workspace/builds/worker-4-tc2/target:/opt/rustwide/target:rw,Z" "-v" "/var/lib/crater-agent-workspace/builds/worker-4-tc2/source:/opt/rustwide/workdir:ro,Z" "-v" "/var/lib/crater-agent-workspace/cargo-home:/opt/rustwide/cargo-home:ro,Z" "-v" "/var/lib/crater-agent-workspace/rustup-home:/opt/rustwide/rustup-home:ro,Z" "-e" "SOURCE_DIR=/opt/rustwide/workdir" "-e" "CARGO_TARGET_DIR=/opt/rustwide/target" "-e" "CARGO_HOME=/opt/rustwide/cargo-home" "-e" "RUSTUP_HOME=/opt/rustwide/rustup-home" "-w" "/opt/rustwide/workdir" "-m" "1610612736" "--user" "0:0" "--network" "none" "ghcr.io/rust-lang/crates-build-env/linux@sha256:f3a9d4ad9d972b27faf3965f35b62e55ba32bbce8f20bc8fe909558a86702fde" "/opt/rustwide/cargo-home/bin/cargo" "+beta-2024-12-08" "metadata" "--no-deps" "--format-version=1", kill_on_drop: false }`
[INFO] [stdout] ce06d367d920922fc640a9ef5047905e9e336515c3323c801479832310fc5d2f
[INFO] running `Command { std: "docker" "start" "-a" "ce06d367d920922fc640a9ef5047905e9e336515c3323c801479832310fc5d2f", kill_on_drop: false }`
[INFO] running `Command { std: "docker" "inspect" "ce06d367d920922fc640a9ef5047905e9e336515c3323c801479832310fc5d2f", kill_on_drop: false }`
[INFO] running `Command { std: "docker" "rm" "-f" "ce06d367d920922fc640a9ef5047905e9e336515c3323c801479832310fc5d2f", kill_on_drop: false }`
[INFO] [stdout] ce06d367d920922fc640a9ef5047905e9e336515c3323c801479832310fc5d2f
[INFO] running `Command { std: "docker" "create" "-v" "/var/lib/crater-agent-workspace/builds/worker-4-tc2/target:/opt/rustwide/target:rw,Z" "-v" "/var/lib/crater-agent-workspace/builds/worker-4-tc2/source:/opt/rustwide/workdir:ro,Z" "-v" "/var/lib/crater-agent-workspace/cargo-home:/opt/rustwide/cargo-home:ro,Z" "-v" "/var/lib/crater-agent-workspace/rustup-home:/opt/rustwide/rustup-home:ro,Z" "-e" "SOURCE_DIR=/opt/rustwide/workdir" "-e" "CARGO_TARGET_DIR=/opt/rustwide/target" "-e" "CARGO_INCREMENTAL=0" "-e" "RUST_BACKTRACE=full" "-e" "RUSTFLAGS=--cap-lints=warn" "-e" "RUSTDOCFLAGS=--cap-lints=warn" "-e" "CARGO_HOME=/opt/rustwide/cargo-home" "-e" "RUSTUP_HOME=/opt/rustwide/rustup-home" "-w" "/opt/rustwide/workdir" "-m" "1610612736" "--user" "0:0" "--network" "none" "ghcr.io/rust-lang/crates-build-env/linux@sha256:f3a9d4ad9d972b27faf3965f35b62e55ba32bbce8f20bc8fe909558a86702fde" "/opt/rustwide/cargo-home/bin/cargo" "+beta-2024-12-08" "build" "--frozen" "--message-format=json", kill_on_drop: false }`
[INFO] [stdout] 06fe08b50924b859ef8ae32bc8be9b172f6ca7e58e15f37b9d551253946c2609
[INFO] running `Command { std: "docker" "start" "-a" "06fe08b50924b859ef8ae32bc8be9b172f6ca7e58e15f37b9d551253946c2609", kill_on_drop: false }`
[INFO] [stderr] warning: no edition set: defaulting to the 2015 edition while the latest is 2021
[INFO] [stderr]    Compiling autocfg v1.4.0
[INFO] [stderr]    Compiling libc v0.2.168
[INFO] [stderr]    Compiling memchr v2.7.4
[INFO] [stderr]    Compiling ucd-util v0.1.10
[INFO] [stderr]    Compiling lazy_static v1.5.0
[INFO] [stderr]    Compiling adler2 v2.0.0
[INFO] [stderr]    Compiling regex v0.2.11
[INFO] [stderr]    Compiling gimli v0.31.1
[INFO] [stderr]    Compiling log v0.4.22
[INFO] [stderr]    Compiling utf8-ranges v1.0.5
[INFO] [stderr]    Compiling cfg-if v1.0.0
[INFO] [stderr]    Compiling rustc-demangle v0.1.24
[INFO] [stderr]    Compiling rustc-serialize v0.3.25
[INFO] [stderr]    Compiling lazy_static v0.2.11
[INFO] [stderr]    Compiling strsim v0.6.0
[INFO] [stderr]    Compiling ansi_term v0.9.0
[INFO] [stderr]    Compiling miniz_oxide v0.8.0
[INFO] [stderr]    Compiling thread_local v0.3.6
[INFO] [stderr]    Compiling glob v0.2.11
[INFO] [stderr]    Compiling regex-syntax v0.5.6
[INFO] [stderr]    Compiling log v0.3.9
[INFO] [stderr]    Compiling fern v0.3.5
[INFO] [stderr]    Compiling num-traits v0.2.19
[INFO] [stderr]    Compiling object v0.36.5
[INFO] [stderr]    Compiling aho-corasick v0.6.10
[INFO] [stderr]    Compiling time v0.1.45
[INFO] [stderr]    Compiling terminal_size v0.1.17
[INFO] [stderr]    Compiling num-integer v0.1.46
[INFO] [stderr]    Compiling num-iter v0.1.45
[INFO] [stderr]    Compiling num v0.1.42
[INFO] [stderr]    Compiling chrono v0.3.0
[INFO] [stderr]    Compiling addr2line v0.24.2
[INFO] [stderr]    Compiling docopt v0.7.0
[INFO] [stderr]    Compiling backtrace v0.3.74
[INFO] [stderr]    Compiling error-chain v0.10.0
[INFO] [stderr]    Compiling follow v0.1.5 (/opt/rustwide/workdir)
[INFO] [stdout] warning: use of unstable library feature `rustc_encodable_decodable`: derive macro for `rustc-serialize`; should not be used in new code
[INFO] [stdout]   --> src/args.rs:17:17
[INFO] [stdout]    |
[INFO] [stdout] 17 | #[derive(Debug, RustcDecodable)]
[INFO] [stdout]    |                 ^^^^^^^^^^^^^^
[INFO] [stdout]    |
[INFO] [stdout]    = warning: this was previously accepted by the compiler but is being phased out; it will become a hard error in a future release!
[INFO] [stdout]    = note: for more information, see issue #64266 <https://github.com/rust-lang/rust/issues/64266>
[INFO] [stdout]    = note: `#[warn(soft_unstable)]` on by default
[INFO] [stdout] 
[INFO] [stdout] 
[INFO] [stdout] warning: use of deprecated macro `RustcDecodable`: rustc-serialize is deprecated and no longer supported
[INFO] [stdout]   --> src/args.rs:17:17
[INFO] [stdout]    |
[INFO] [stdout] 17 | #[derive(Debug, RustcDecodable)]
[INFO] [stdout]    |                 ^^^^^^^^^^^^^^
[INFO] [stdout]    |
[INFO] [stdout]    = note: `#[warn(deprecated)]` on by default
[INFO] [stdout] 
[INFO] [stdout] 
[INFO] [stdout] warning: unnecessary parentheses around index expression
[INFO] [stdout]    --> src/worker.rs:147:32
[INFO] [stdout]     |
[INFO] [stdout] 147 |                 &mut buf.bytes[(..)]
[INFO] [stdout]     |                                ^  ^
[INFO] [stdout]     |
[INFO] [stdout]     = note: `#[warn(unused_parens)]` on by default
[INFO] [stdout] help: remove these parentheses
[INFO] [stdout]     |
[INFO] [stdout] 147 -                 &mut buf.bytes[(..)]
[INFO] [stdout] 147 +                 &mut buf.bytes[..]
[INFO] [stdout]     |
[INFO] [stdout] 
[INFO] [stdout] 
[INFO] [stdout] warning: unnecessary parentheses around index expression
[INFO] [stdout]    --> src/worker.rs:149:32
[INFO] [stdout]     |
[INFO] [stdout] 149 |                 &mut buf.bytes[(0..available_size)]
[INFO] [stdout]     |                                ^                 ^
[INFO] [stdout]     |
[INFO] [stdout] help: remove these parentheses
[INFO] [stdout]     |
[INFO] [stdout] 149 -                 &mut buf.bytes[(0..available_size)]
[INFO] [stdout] 149 +                 &mut buf.bytes[0..available_size]
[INFO] [stdout]     |
[INFO] [stdout] 
[INFO] [stdout] 
[INFO] [stdout] warning: unnecessary parentheses around function argument
[INFO] [stdout]    --> src/worker.rs:180:27
[INFO] [stdout]     |
[INFO] [stdout] 180 |                 return Ok((cursor..len));
[INFO] [stdout]     |                           ^           ^
[INFO] [stdout]     |
[INFO] [stdout] help: remove these parentheses
[INFO] [stdout]     |
[INFO] [stdout] 180 -                 return Ok((cursor..len));
[INFO] [stdout] 180 +                 return Ok(cursor..len);
[INFO] [stdout]     |
[INFO] [stdout] 
[INFO] [stdout] 
[INFO] [stdout] warning: unnecessary parentheses around function argument
[INFO] [stdout]    --> src/worker.rs:189:27
[INFO] [stdout]     |
[INFO] [stdout] 189 |                 return Ok((0..len));
[INFO] [stdout]     |                           ^      ^
[INFO] [stdout]     |
[INFO] [stdout] help: remove these parentheses
[INFO] [stdout]     |
[INFO] [stdout] 189 -                 return Ok((0..len));
[INFO] [stdout] 189 +                 return Ok(0..len);
[INFO] [stdout]     |
[INFO] [stdout] 
[INFO] [stdout] 
[INFO] [stdout] warning: `...` range patterns are deprecated
[INFO] [stdout]    --> src/main.rs:143:28
[INFO] [stdout]     |
[INFO] [stdout] 143 |         Some((Width(w @ 20 ... 200), _)) => {
[INFO] [stdout]     |                            ^^^ help: use `..=` for an inclusive range
[INFO] [stdout]     |
[INFO] [stdout]     = warning: this is accepted in the current edition (Rust 2015) but is a hard error in Rust 2021!
[INFO] [stdout]     = note: for more information, see <https://doc.rust-lang.org/nightly/edition-guide/rust-2021/warnings-promoted-to-error.html>
[INFO] [stdout]     = note: `#[warn(ellipsis_inclusive_range_patterns)]` on by default
[INFO] [stdout] 
[INFO] [stdout] 
[INFO] [stdout] warning: field `flag_verbose` is never read
[INFO] [stdout]   --> src/args.rs:20:5
[INFO] [stdout]    |
[INFO] [stdout] 18 | pub struct Args {
[INFO] [stdout]    |            ---- field in this struct
[INFO] [stdout] 19 |     arg_path: Vec<String>,
[INFO] [stdout] 20 |     flag_verbose: bool,
[INFO] [stdout]    |     ^^^^^^^^^^^^
[INFO] [stdout]    |
[INFO] [stdout]    = note: `Args` has a derived impl for the trait `Debug`, but this is intentionally ignored during dead code analysis
[INFO] [stdout]    = note: `#[warn(dead_code)]` on by default
[INFO] [stdout] 
[INFO] [stdout] 
[INFO] [stdout] warning: method `is_verbose` is never used
[INFO] [stdout]   --> src/args.rs:32:12
[INFO] [stdout]    |
[INFO] [stdout] 23 | impl Args {
[INFO] [stdout]    | --------- method in this implementation
[INFO] [stdout] ...
[INFO] [stdout] 32 |     pub fn is_verbose(&self) -> bool {
[INFO] [stdout]    |            ^^^^^^^^^^
[INFO] [stdout] 
[INFO] [stdout] 
[INFO] [stderr]     Finished `dev` profile [unoptimized + debuginfo] target(s) in 13.49s
[INFO] [stderr] warning: the following packages contain code that will be rejected by a future version of Rust: follow v0.1.5 (/opt/rustwide/workdir)
[INFO] [stderr] note: to see what the problems were, use the option `--future-incompat-report`, or run `cargo report future-incompatibilities --id 1`
[INFO] running `Command { std: "docker" "inspect" "06fe08b50924b859ef8ae32bc8be9b172f6ca7e58e15f37b9d551253946c2609", kill_on_drop: false }`
[INFO] running `Command { std: "docker" "rm" "-f" "06fe08b50924b859ef8ae32bc8be9b172f6ca7e58e15f37b9d551253946c2609", kill_on_drop: false }`
[INFO] [stdout] 06fe08b50924b859ef8ae32bc8be9b172f6ca7e58e15f37b9d551253946c2609
[INFO] running `Command { std: "docker" "create" "-v" "/var/lib/crater-agent-workspace/builds/worker-4-tc2/target:/opt/rustwide/target:rw,Z" "-v" "/var/lib/crater-agent-workspace/builds/worker-4-tc2/source:/opt/rustwide/workdir:ro,Z" "-v" "/var/lib/crater-agent-workspace/cargo-home:/opt/rustwide/cargo-home:ro,Z" "-v" "/var/lib/crater-agent-workspace/rustup-home:/opt/rustwide/rustup-home:ro,Z" "-e" "SOURCE_DIR=/opt/rustwide/workdir" "-e" "CARGO_TARGET_DIR=/opt/rustwide/target" "-e" "CARGO_INCREMENTAL=0" "-e" "RUST_BACKTRACE=full" "-e" "RUSTFLAGS=--cap-lints=warn" "-e" "RUSTDOCFLAGS=--cap-lints=warn" "-e" "CARGO_HOME=/opt/rustwide/cargo-home" "-e" "RUSTUP_HOME=/opt/rustwide/rustup-home" "-w" "/opt/rustwide/workdir" "-m" "1610612736" "--user" "0:0" "--network" "none" "ghcr.io/rust-lang/crates-build-env/linux@sha256:f3a9d4ad9d972b27faf3965f35b62e55ba32bbce8f20bc8fe909558a86702fde" "/opt/rustwide/cargo-home/bin/cargo" "+beta-2024-12-08" "test" "--frozen" "--no-run" "--message-format=json", kill_on_drop: false }`
[INFO] [stdout] ffcc5da6ead43c9d1531becfc4181276a652dfdc1847ce78b1e045fd89b7a9d6
[INFO] running `Command { std: "docker" "start" "-a" "ffcc5da6ead43c9d1531becfc4181276a652dfdc1847ce78b1e045fd89b7a9d6", kill_on_drop: false }`
[INFO] [stderr] warning: no edition set: defaulting to the 2015 edition while the latest is 2021
[INFO] [stderr]    Compiling powerfmt v0.2.0
[INFO] [stderr]    Compiling num-conv v0.1.0
[INFO] [stderr]    Compiling time-core v0.1.2
[INFO] [stderr]    Compiling atom v0.3.6
[INFO] [stderr]    Compiling rand v0.4.6
[INFO] [stderr]    Compiling remove_dir_all v0.5.3
[INFO] [stderr]    Compiling pulse v0.5.3
[INFO] [stderr]    Compiling deranged v0.3.11
[INFO] [stderr]    Compiling tempdir v0.3.7
[INFO] [stderr]    Compiling time v0.3.37
[INFO] [stderr]    Compiling timebomb v0.1.2
[INFO] [stderr]    Compiling follow v0.1.5 (/opt/rustwide/workdir)
[INFO] [stdout] warning: use of unstable library feature `rustc_encodable_decodable`: derive macro for `rustc-serialize`; should not be used in new code
[INFO] [stdout]   --> src/args.rs:17:17
[INFO] [stdout]    |
[INFO] [stdout] 17 | #[derive(Debug, RustcDecodable)]
[INFO] [stdout]    |                 ^^^^^^^^^^^^^^
[INFO] [stdout]    |
[INFO] [stdout]    = warning: this was previously accepted by the compiler but is being phased out; it will become a hard error in a future release!
[INFO] [stdout]    = note: for more information, see issue #64266 <https://github.com/rust-lang/rust/issues/64266>
[INFO] [stdout]    = note: `#[warn(soft_unstable)]` on by default
[INFO] [stdout] 
[INFO] [stdout] 
[INFO] [stdout] warning: use of deprecated macro `RustcDecodable`: rustc-serialize is deprecated and no longer supported
[INFO] [stdout]   --> src/args.rs:17:17
[INFO] [stdout]    |
[INFO] [stdout] 17 | #[derive(Debug, RustcDecodable)]
[INFO] [stdout]    |                 ^^^^^^^^^^^^^^
[INFO] [stdout]    |
[INFO] [stdout]    = note: `#[warn(deprecated)]` on by default
[INFO] [stdout] 
[INFO] [stdout] 
[INFO] [stdout] warning: unnecessary parentheses around index expression
[INFO] [stdout]    --> src/worker.rs:147:32
[INFO] [stdout]     |
[INFO] [stdout] 147 |                 &mut buf.bytes[(..)]
[INFO] [stdout]     |                                ^  ^
[INFO] [stdout]     |
[INFO] [stdout]     = note: `#[warn(unused_parens)]` on by default
[INFO] [stdout] help: remove these parentheses
[INFO] [stdout]     |
[INFO] [stdout] 147 -                 &mut buf.bytes[(..)]
[INFO] [stdout] 147 +                 &mut buf.bytes[..]
[INFO] [stdout]     |
[INFO] [stdout] 
[INFO] [stdout] 
[INFO] [stdout] warning: unnecessary parentheses around index expression
[INFO] [stdout]    --> src/worker.rs:149:32
[INFO] [stdout]     |
[INFO] [stdout] 149 |                 &mut buf.bytes[(0..available_size)]
[INFO] [stdout]     |                                ^                 ^
[INFO] [stdout]     |
[INFO] [stdout] help: remove these parentheses
[INFO] [stdout]     |
[INFO] [stdout] 149 -                 &mut buf.bytes[(0..available_size)]
[INFO] [stdout] 149 +                 &mut buf.bytes[0..available_size]
[INFO] [stdout]     |
[INFO] [stdout] 
[INFO] [stdout] 
[INFO] [stdout] warning: unnecessary parentheses around function argument
[INFO] [stdout]    --> src/worker.rs:180:27
[INFO] [stdout]     |
[INFO] [stdout] 180 |                 return Ok((cursor..len));
[INFO] [stdout]     |                           ^           ^
[INFO] [stdout]     |
[INFO] [stdout] help: remove these parentheses
[INFO] [stdout]     |
[INFO] [stdout] 180 -                 return Ok((cursor..len));
[INFO] [stdout] 180 +                 return Ok(cursor..len);
[INFO] [stdout]     |
[INFO] [stdout] 
[INFO] [stdout] 
[INFO] [stdout] warning: unnecessary parentheses around function argument
[INFO] [stdout]    --> src/worker.rs:189:27
[INFO] [stdout]     |
[INFO] [stdout] 189 |                 return Ok((0..len));
[INFO] [stdout]     |                           ^      ^
[INFO] [stdout]     |
[INFO] [stdout] help: remove these parentheses
[INFO] [stdout]     |
[INFO] [stdout] 189 -                 return Ok((0..len));
[INFO] [stdout] 189 +                 return Ok(0..len);
[INFO] [stdout]     |
[INFO] [stdout] 
[INFO] [stdout] 
[INFO] [stdout] warning: unnecessary parentheses around function argument
[INFO] [stdout]    --> src/worker.rs:658:46
[INFO] [stdout]     |
[INFO] [stdout] 658 |             let content = build_sized_string((((BUFFER_SIZE as usize) * 2) - 1));
[INFO] [stdout]     |                                              ^                                ^
[INFO] [stdout]     |
[INFO] [stdout] help: remove these parentheses
[INFO] [stdout]     |
[INFO] [stdout] 658 -             let content = build_sized_string((((BUFFER_SIZE as usize) * 2) - 1));
[INFO] [stdout] 658 +             let content = build_sized_string(((BUFFER_SIZE as usize) * 2) - 1);
[INFO] [stdout]     |
[INFO] [stdout] 
[INFO] [stdout] 
[INFO] [stdout] warning: `...` range patterns are deprecated
[INFO] [stdout]    --> src/main.rs:143:28
[INFO] [stdout]     |
[INFO] [stdout] 143 |         Some((Width(w @ 20 ... 200), _)) => {
[INFO] [stdout]     |                            ^^^ help: use `..=` for an inclusive range
[INFO] [stdout]     |
[INFO] [stdout]     = warning: this is accepted in the current edition (Rust 2015) but is a hard error in Rust 2021!
[INFO] [stdout]     = note: for more information, see <https://doc.rust-lang.org/nightly/edition-guide/rust-2021/warnings-promoted-to-error.html>
[INFO] [stdout]     = note: `#[warn(ellipsis_inclusive_range_patterns)]` on by default
[INFO] [stdout] 
[INFO] [stdout] 
[INFO] [stdout] warning: use of deprecated constant `std::sync::atomic::ATOMIC_BOOL_INIT`: the `new` function is now preferred
[INFO] [stdout]    --> src/worker.rs:218:28
[INFO] [stdout]     |
[INFO] [stdout] 218 |     use std::sync::atomic::ATOMIC_BOOL_INIT;
[INFO] [stdout]     |                            ^^^^^^^^^^^^^^^^
[INFO] [stdout] 
[INFO] [stdout] 
[INFO] [stdout] warning: use of deprecated constant `std::sync::atomic::ATOMIC_BOOL_INIT`: the `new` function is now preferred
[INFO] [stdout]    --> src/worker.rs:228:42
[INFO] [stdout]     |
[INFO] [stdout] 228 |     static LOGGER_IS_SETUP: AtomicBool = ATOMIC_BOOL_INIT;
[INFO] [stdout]     |                                          ^^^^^^^^^^^^^^^^
[INFO] [stdout]     |
[INFO] [stdout] help: replace the use of the deprecated constant
[INFO] [stdout]     |
[INFO] [stdout] 228 |     static LOGGER_IS_SETUP: AtomicBool = AtomicBool::new(false);
[INFO] [stdout]     |                                          ~~~~~~~~~~~~~~~~~~~~~~
[INFO] [stdout] 
[INFO] [stdout] 
[INFO] [stdout] warning: use of deprecated method `std::sync::atomic::AtomicBool::compare_and_swap`: Use `compare_exchange` or `compare_exchange_weak` instead
[INFO] [stdout]    --> src/worker.rs:244:29
[INFO] [stdout]     |
[INFO] [stdout] 244 |         if !LOGGER_IS_SETUP.compare_and_swap(false, true, Ordering::SeqCst) {
[INFO] [stdout]     |                             ^^^^^^^^^^^^^^^^
[INFO] [stdout] 
[INFO] [stdout] 
[INFO] [stdout] warning: field `flag_verbose` is never read
[INFO] [stdout]   --> src/args.rs:20:5
[INFO] [stdout]    |
[INFO] [stdout] 18 | pub struct Args {
[INFO] [stdout]    |            ---- field in this struct
[INFO] [stdout] 19 |     arg_path: Vec<String>,
[INFO] [stdout] 20 |     flag_verbose: bool,
[INFO] [stdout]    |     ^^^^^^^^^^^^
[INFO] [stdout]    |
[INFO] [stdout]    = note: `Args` has a derived impl for the trait `Debug`, but this is intentionally ignored during dead code analysis
[INFO] [stdout]    = note: `#[warn(dead_code)]` on by default
[INFO] [stdout] 
[INFO] [stdout] 
[INFO] [stdout] warning: method `is_verbose` is never used
[INFO] [stdout]   --> src/args.rs:32:12
[INFO] [stdout]    |
[INFO] [stdout] 23 | impl Args {
[INFO] [stdout]    | --------- method in this implementation
[INFO] [stdout] ...
[INFO] [stdout] 32 |     pub fn is_verbose(&self) -> bool {
[INFO] [stdout]    |            ^^^^^^^^^^
[INFO] [stdout] 
[INFO] [stdout] 
[INFO] [stderr]     Finished `test` profile [unoptimized + debuginfo] target(s) in 4.30s
[INFO] [stderr] warning: the following packages contain code that will be rejected by a future version of Rust: follow v0.1.5 (/opt/rustwide/workdir)
[INFO] [stderr] note: to see what the problems were, use the option `--future-incompat-report`, or run `cargo report future-incompatibilities --id 1`
[INFO] running `Command { std: "docker" "inspect" "ffcc5da6ead43c9d1531becfc4181276a652dfdc1847ce78b1e045fd89b7a9d6", kill_on_drop: false }`
[INFO] running `Command { std: "docker" "rm" "-f" "ffcc5da6ead43c9d1531becfc4181276a652dfdc1847ce78b1e045fd89b7a9d6", kill_on_drop: false }`
[INFO] [stdout] ffcc5da6ead43c9d1531becfc4181276a652dfdc1847ce78b1e045fd89b7a9d6
[INFO] running `Command { std: "docker" "create" "-v" "/var/lib/crater-agent-workspace/builds/worker-4-tc2/target:/opt/rustwide/target:rw,Z" "-v" "/var/lib/crater-agent-workspace/builds/worker-4-tc2/source:/opt/rustwide/workdir:ro,Z" "-v" "/var/lib/crater-agent-workspace/cargo-home:/opt/rustwide/cargo-home:ro,Z" "-v" "/var/lib/crater-agent-workspace/rustup-home:/opt/rustwide/rustup-home:ro,Z" "-e" "SOURCE_DIR=/opt/rustwide/workdir" "-e" "CARGO_TARGET_DIR=/opt/rustwide/target" "-e" "CARGO_INCREMENTAL=0" "-e" "RUST_BACKTRACE=full" "-e" "RUSTFLAGS=--cap-lints=warn" "-e" "RUSTDOCFLAGS=--cap-lints=warn" "-e" "CARGO_HOME=/opt/rustwide/cargo-home" "-e" "RUSTUP_HOME=/opt/rustwide/rustup-home" "-w" "/opt/rustwide/workdir" "-m" "1610612736" "--user" "0:0" "--network" "none" "ghcr.io/rust-lang/crates-build-env/linux@sha256:f3a9d4ad9d972b27faf3965f35b62e55ba32bbce8f20bc8fe909558a86702fde" "/opt/rustwide/cargo-home/bin/cargo" "+beta-2024-12-08" "test" "--frozen", kill_on_drop: false }`
[INFO] [stdout] 4db7e27ebaf34152381c0c976ca7e2bf9643c25827ba57d54e0a04a2858ede28
[INFO] running `Command { std: "docker" "start" "-a" "4db7e27ebaf34152381c0c976ca7e2bf9643c25827ba57d54e0a04a2858ede28", kill_on_drop: false }`
[INFO] [stderr] warning: no edition set: defaulting to the 2015 edition while the latest is 2021
[INFO] [stderr] warning: use of unstable library feature `rustc_encodable_decodable`: derive macro for `rustc-serialize`; should not be used in new code
[INFO] [stderr]   --> src/args.rs:17:17
[INFO] [stderr]    |
[INFO] [stderr] 17 | #[derive(Debug, RustcDecodable)]
[INFO] [stderr]    |                 ^^^^^^^^^^^^^^
[INFO] [stderr]    |
[INFO] [stderr]    = warning: this was previously accepted by the compiler but is being phased out; it will become a hard error in a future release!
[INFO] [stderr]    = note: for more information, see issue #64266 <https://github.com/rust-lang/rust/issues/64266>
[INFO] [stderr]    = note: `#[warn(soft_unstable)]` on by default
[INFO] [stderr] 
[INFO] [stderr] warning: use of deprecated macro `RustcDecodable`: rustc-serialize is deprecated and no longer supported
[INFO] [stderr]   --> src/args.rs:17:17
[INFO] [stderr]    |
[INFO] [stderr] 17 | #[derive(Debug, RustcDecodable)]
[INFO] [stderr]    |                 ^^^^^^^^^^^^^^
[INFO] [stderr]    |
[INFO] [stderr]    = note: `#[warn(deprecated)]` on by default
[INFO] [stderr] 
[INFO] [stderr] warning: unnecessary parentheses around index expression
[INFO] [stderr]    --> src/worker.rs:147:32
[INFO] [stderr]     |
[INFO] [stderr] 147 |                 &mut buf.bytes[(..)]
[INFO] [stderr]     |                                ^  ^
[INFO] [stderr]     |
[INFO] [stderr]     = note: `#[warn(unused_parens)]` on by default
[INFO] [stderr] help: remove these parentheses
[INFO] [stderr]     |
[INFO] [stderr] 147 -                 &mut buf.bytes[(..)]
[INFO] [stderr] 147 +                 &mut buf.bytes[..]
[INFO] [stderr]     |
[INFO] [stderr] 
[INFO] [stderr] warning: unnecessary parentheses around index expression
[INFO] [stderr]    --> src/worker.rs:149:32
[INFO] [stderr]     |
[INFO] [stderr] 149 |                 &mut buf.bytes[(0..available_size)]
[INFO] [stderr]     |                                ^                 ^
[INFO] [stderr]     |
[INFO] [stderr] help: remove these parentheses
[INFO] [stderr]     |
[INFO] [stderr] 149 -                 &mut buf.bytes[(0..available_size)]
[INFO] [stderr] 149 +                 &mut buf.bytes[0..available_size]
[INFO] [stderr]     |
[INFO] [stderr] 
[INFO] [stderr] warning: unnecessary parentheses around function argument
[INFO] [stderr]    --> src/worker.rs:180:27
[INFO] [stderr]     |
[INFO] [stderr] 180 |                 return Ok((cursor..len));
[INFO] [stderr]     |                           ^           ^
[INFO] [stderr]     |
[INFO] [stderr] help: remove these parentheses
[INFO] [stderr]     |
[INFO] [stderr] 180 -                 return Ok((cursor..len));
[INFO] [stderr] 180 +                 return Ok(cursor..len);
[INFO] [stderr]     |
[INFO] [stderr] 
[INFO] [stderr] warning: unnecessary parentheses around function argument
[INFO] [stderr]    --> src/worker.rs:189:27
[INFO] [stderr]     |
[INFO] [stderr] 189 |                 return Ok((0..len));
[INFO] [stderr]     |                           ^      ^
[INFO] [stderr]     |
[INFO] [stderr] help: remove these parentheses
[INFO] [stderr]     |
[INFO] [stderr] 189 -                 return Ok((0..len));
[INFO] [stderr] 189 +                 return Ok(0..len);
[INFO] [stderr]     |
[INFO] [stderr] 
[INFO] [stderr] warning: unnecessary parentheses around function argument
[INFO] [stderr]    --> src/worker.rs:658:46
[INFO] [stderr]     |
[INFO] [stderr] 658 |             let content = build_sized_string((((BUFFER_SIZE as usize) * 2) - 1));
[INFO] [stderr]     |                                              ^                                ^
[INFO] [stderr]     |
[INFO] [stderr] help: remove these parentheses
[INFO] [stderr]     |
[INFO] [stderr] 658 -             let content = build_sized_string((((BUFFER_SIZE as usize) * 2) - 1));
[INFO] [stderr] 658 +             let content = build_sized_string(((BUFFER_SIZE as usize) * 2) - 1);
[INFO] [stderr]     |
[INFO] [stderr] 
[INFO] [stderr] warning: `...` range patterns are deprecated
[INFO] [stderr]    --> src/main.rs:143:28
[INFO] [stderr]     |
[INFO] [stderr] 143 |         Some((Width(w @ 20 ... 200), _)) => {
[INFO] [stderr]     |                            ^^^ help: use `..=` for an inclusive range
[INFO] [stderr]     |
[INFO] [stderr]     = warning: this is accepted in the current edition (Rust 2015) but is a hard error in Rust 2021!
[INFO] [stderr]     = note: for more information, see <https://doc.rust-lang.org/nightly/edition-guide/rust-2021/warnings-promoted-to-error.html>
[INFO] [stderr]     = note: `#[warn(ellipsis_inclusive_range_patterns)]` on by default
[INFO] [stderr] 
[INFO] [stderr] warning: use of deprecated constant `std::sync::atomic::ATOMIC_BOOL_INIT`: the `new` function is now preferred
[INFO] [stderr]    --> src/worker.rs:218:28
[INFO] [stderr]     |
[INFO] [stderr] 218 |     use std::sync::atomic::ATOMIC_BOOL_INIT;
[INFO] [stderr]     |                            ^^^^^^^^^^^^^^^^
[INFO] [stderr] 
[INFO] [stderr] warning: use of deprecated constant `std::sync::atomic::ATOMIC_BOOL_INIT`: the `new` function is now preferred
[INFO] [stderr]    --> src/worker.rs:228:42
[INFO] [stderr]     |
[INFO] [stderr] 228 |     static LOGGER_IS_SETUP: AtomicBool = ATOMIC_BOOL_INIT;
[INFO] [stderr]     |                                          ^^^^^^^^^^^^^^^^
[INFO] [stderr]     |
[INFO] [stderr] help: replace the use of the deprecated constant
[INFO] [stderr]     |
[INFO] [stderr] 228 |     static LOGGER_IS_SETUP: AtomicBool = AtomicBool::new(false);
[INFO] [stderr]     |                                          ~~~~~~~~~~~~~~~~~~~~~~
[INFO] [stderr] 
[INFO] [stderr] warning: use of deprecated method `std::sync::atomic::AtomicBool::compare_and_swap`: Use `compare_exchange` or `compare_exchange_weak` instead
[INFO] [stderr]    --> src/worker.rs:244:29
[INFO] [stderr]     |
[INFO] [stderr] 244 |         if !LOGGER_IS_SETUP.compare_and_swap(false, true, Ordering::SeqCst) {
[INFO] [stderr]     |                             ^^^^^^^^^^^^^^^^
[INFO] [stderr] 
[INFO] [stderr] warning: field `flag_verbose` is never read
[INFO] [stderr]   --> src/args.rs:20:5
[INFO] [stderr]    |
[INFO] [stderr] 18 | pub struct Args {
[INFO] [stderr]    |            ---- field in this struct
[INFO] [stderr] 19 |     arg_path: Vec<String>,
[INFO] [stderr] 20 |     flag_verbose: bool,
[INFO] [stderr]    |     ^^^^^^^^^^^^
[INFO] [stderr]    |
[INFO] [stderr]    = note: `Args` has a derived impl for the trait `Debug`, but this is intentionally ignored during dead code analysis
[INFO] [stderr]    = note: `#[warn(dead_code)]` on by default
[INFO] [stderr] 
[INFO] [stderr] warning: method `is_verbose` is never used
[INFO] [stderr]   --> src/args.rs:32:12
[INFO] [stderr]    |
[INFO] [stderr] 23 | impl Args {
[INFO] [stderr]    | --------- method in this implementation
[INFO] [stderr] ...
[INFO] [stderr] 32 |     pub fn is_verbose(&self) -> bool {
[INFO] [stderr]    |            ^^^^^^^^^^
[INFO] [stderr] 
[INFO] [stderr] warning: `follow` (bin "follow" test) generated 13 warnings (run `cargo fix --bin "follow" --tests` to apply 7 suggestions)
[INFO] [stderr]     Finished `test` profile [unoptimized + debuginfo] target(s) in 0.04s
[INFO] [stderr] warning: the following packages contain code that will be rejected by a future version of Rust: follow v0.1.5 (/opt/rustwide/workdir)
[INFO] [stderr] note: to see what the problems were, use the option `--future-incompat-report`, or run `cargo report future-incompatibilities --id 1`
[INFO] [stderr]      Running unittests src/main.rs (/opt/rustwide/target/debug/deps/follow-b97967a53ee0b505)
[INFO] [stdout] 
[INFO] [stdout] running 13 tests
[INFO] [stdout] test worker::tests::it_reads_new_text_between_one_and_two_buffers_in_size ... ok
[INFO] [stdout] test worker::tests::it_reads_lines_from_file_with_contents ... ok
[INFO] [stdout] test worker::tests::it_reads_new_text_one_byte_less_than_two_buffers_in_size ... ok
[INFO] [stdout] test worker::tests::it_reads_new_text_one_byte_less_than_buffer_size ... ok
[INFO] [stdout] test worker::tests::it_reads_new_text_less_than_buffer_size ... ok
[INFO] [stdout] test worker::tests::it_reads_new_text_equal_to_buffer_size ... ok
[INFO] [stdout] test worker::tests::it_reads_new_text_one_byte_larger_than_buffer_size ... ok
[INFO] [stdout] test worker::tests::it_reads_new_text_two_buffers_in_size ... ok
[INFO] [stdout] test worker::tests::it_continues_reading_after_truncation ... ok
[INFO] [stdout] test worker::tests::it_retuns_none_if_file_doesnt_exist_before_worker_is_created ... ok
[INFO] [stdout] test worker::tests::it_retuns_none_if_file_is_deleted_after_worker_is_created_but_before_it_runs ... ok
[INFO] [stdout] test worker::tests::it_retuns_none_if_file_is_deleted_after_worker_runs ... ok
[INFO] [stdout] test worker::tests::it_reads_a_byte_of_text ... FAILED
[INFO] [stdout] 
[INFO] [stdout] failures:
[INFO] [stdout] 
[INFO] [stdout] ---- worker::tests::it_reads_a_byte_of_text stdout ----
[INFO] [stdout] thread 'worker::tests::it_reads_a_byte_of_text' panicked at src/worker.rs:245:43:
[INFO] [stdout] log: Error(Msg("failed to init logger"), State { next_error: Some(Io(Os { code: 30, kind: ReadOnlyFilesystem, message: "Read-only file system" })), backtrace: Some(   0: error_chain::make_backtrace
[INFO] [stdout]              at /opt/rustwide/cargo-home/registry/src/index.crates.io-6f17d22bba15001f/error-chain-0.10.0/src/lib.rs:417:54
[INFO] [stdout]    1: core::ops::function::FnOnce::call_once
[INFO] [stdout]              at /rustc/202008a1b8de96d2e5b6bc02d379db03a877d34d/library/core/src/ops/function.rs:250:5
[INFO] [stdout]    2: core::option::Option<T>::or_else
[INFO] [stdout]              at /rustc/202008a1b8de96d2e5b6bc02d379db03a877d34d/library/core/src/option.rs:1546:21
[INFO] [stdout]    3: error_chain::State::new
[INFO] [stdout]              at /opt/rustwide/cargo-home/registry/src/index.crates.io-6f17d22bba15001f/error-chain-0.10.0/src/lib.rs:518:25
[INFO] [stdout]    4: <core::result::Result<T,E> as follow::errors::ResultExt<T,E>>::chain_err::{{closure}}
[INFO] [stdout]              at /opt/rustwide/cargo-home/registry/src/index.crates.io-6f17d22bba15001f/error-chain-0.10.0/src/error_chain.rs:308:33
[INFO] [stdout]    5: core::result::Result<T,E>::map_err
[INFO] [stdout]              at /rustc/202008a1b8de96d2e5b6bc02d379db03a877d34d/library/core/src/result.rs:856:27
[INFO] [stdout]    6: <core::result::Result<T,E> as follow::errors::ResultExt<T,E>>::chain_err
[INFO] [stdout]              at /opt/rustwide/cargo-home/registry/src/index.crates.io-6f17d22bba15001f/error-chain-0.10.0/src/error_chain.rs:307:17
[INFO] [stdout]    7: follow::setup_logging
[INFO] [stdout]              at /opt/rustwide/workdir/src/main.rs:191:5
[INFO] [stdout]    8: follow::worker::tests::with_setup
[INFO] [stdout]              at /opt/rustwide/workdir/src/worker.rs:245:13
[INFO] [stdout]    9: follow::worker::tests::it_reads_a_byte_of_text
[INFO] [stdout]              at /opt/rustwide/workdir/src/worker.rs:451:9
[INFO] [stdout]   10: follow::worker::tests::it_reads_a_byte_of_text::{{closure}}
[INFO] [stdout]              at /opt/rustwide/workdir/src/worker.rs:450:33
[INFO] [stdout]   11: core::ops::function::FnOnce::call_once
[INFO] [stdout]              at /rustc/202008a1b8de96d2e5b6bc02d379db03a877d34d/library/core/src/ops/function.rs:250:5
[INFO] [stdout]   12: core::ops::function::FnOnce::call_once
[INFO] [stdout]              at /rustc/202008a1b8de96d2e5b6bc02d379db03a877d34d/library/core/src/ops/function.rs:250:5
[INFO] [stdout]       test::__rust_begin_short_backtrace
[INFO] [stdout]              at /rustc/202008a1b8de96d2e5b6bc02d379db03a877d34d/library/test/src/lib.rs:632:18
[INFO] [stdout]   13: test::run_test_in_process::{{closure}}
[INFO] [stdout]              at /rustc/202008a1b8de96d2e5b6bc02d379db03a877d34d/library/test/src/lib.rs:655:60
[INFO] [stdout]       <core::panic::unwind_safe::AssertUnwindSafe<F> as core::ops::function::FnOnce<()>>::call_once
[INFO] [stdout]              at /rustc/202008a1b8de96d2e5b6bc02d379db03a877d34d/library/core/src/panic/unwind_safe.rs:272:9
[INFO] [stdout]       std::panicking::try::do_call
[INFO] [stdout]              at /rustc/202008a1b8de96d2e5b6bc02d379db03a877d34d/library/std/src/panicking.rs:557:40
[INFO] [stdout]       std::panicking::try
[INFO] [stdout]              at /rustc/202008a1b8de96d2e5b6bc02d379db03a877d34d/library/std/src/panicking.rs:520:19
[INFO] [stdout]       std::panic::catch_unwind
[INFO] [stdout]              at /rustc/202008a1b8de96d2e5b6bc02d379db03a877d34d/library/std/src/panic.rs:358:14
[INFO] [stdout]       test::run_test_in_process
[INFO] [stdout]              at /rustc/202008a1b8de96d2e5b6bc02d379db03a877d34d/library/test/src/lib.rs:655:27
[INFO] [stdout]       test::run_test::{{closure}}
[INFO] [stdout]              at /rustc/202008a1b8de96d2e5b6bc02d379db03a877d34d/library/test/src/lib.rs:576:43
[INFO] [stdout]   14: test::run_test::{{closure}}
[INFO] [stdout]              at /rustc/202008a1b8de96d2e5b6bc02d379db03a877d34d/library/test/src/lib.rs:606:41
[INFO] [stdout]       std::sys::backtrace::__rust_begin_short_backtrace
[INFO] [stdout]              at /rustc/202008a1b8de96d2e5b6bc02d379db03a877d34d/library/std/src/sys/backtrace.rs:154:18
[INFO] [stdout]   15: std::thread::Builder::spawn_unchecked_::{{closure}}::{{closure}}
[INFO] [stdout]              at /rustc/202008a1b8de96d2e5b6bc02d379db03a877d34d/library/std/src/thread/mod.rs:561:17
[INFO] [stdout]       <core::panic::unwind_safe::AssertUnwindSafe<F> as core::ops::function::FnOnce<()>>::call_once
[INFO] [stdout]              at /rustc/202008a1b8de96d2e5b6bc02d379db03a877d34d/library/core/src/panic/unwind_safe.rs:272:9
[INFO] [stdout]       std::panicking::try::do_call
[INFO] [stdout]              at /rustc/202008a1b8de96d2e5b6bc02d379db03a877d34d/library/std/src/panicking.rs:557:40
[INFO] [stdout]       std::panicking::try
[INFO] [stdout]              at /rustc/202008a1b8de96d2e5b6bc02d379db03a877d34d/library/std/src/panicking.rs:520:19
[INFO] [stdout]       std::panic::catch_unwind
[INFO] [stdout]              at /rustc/202008a1b8de96d2e5b6bc02d379db03a877d34d/library/std/src/panic.rs:358:14
[INFO] [stdout]       std::thread::Builder::spawn_unchecked_::{{closure}}
[INFO] [stdout]              at /rustc/202008a1b8de96d2e5b6bc02d379db03a877d34d/library/std/src/thread/mod.rs:559:30
[INFO] [stdout]       core::ops::function::FnOnce::call_once{{vtable.shim}}
[INFO] [stdout]              at /rustc/202008a1b8de96d2e5b6bc02d379db03a877d34d/library/core/src/ops/function.rs:250:5
[INFO] [stdout]   16: <alloc::boxed::Box<F,A> as core::ops::function::FnOnce<Args>>::call_once
[INFO] [stdout]              at /rustc/202008a1b8de96d2e5b6bc02d379db03a877d34d/library/alloc/src/boxed.rs:1972:9
[INFO] [stdout]       <alloc::boxed::Box<F,A> as core::ops::function::FnOnce<Args>>::call_once
[INFO] [stdout]              at /rustc/202008a1b8de96d2e5b6bc02d379db03a877d34d/library/alloc/src/boxed.rs:1972:9
[INFO] [stdout]       std::sys::pal::unix::thread::Thread::new::thread_start
[INFO] [stdout]              at /rustc/202008a1b8de96d2e5b6bc02d379db03a877d34d/library/std/src/sys/pal/unix/thread.rs:105:17
[INFO] [stdout]   17: <unknown>
[INFO] [stdout]   18: clone
[INFO] [stdout] ) })
[INFO] [stdout] stack backtrace:
[INFO] [stdout]    0:     0x64f27cd0108a - std::backtrace_rs::backtrace::libunwind::trace::h8810477743020387
[INFO] [stdout]                                at /rustc/202008a1b8de96d2e5b6bc02d379db03a877d34d/library/std/src/../../backtrace/src/backtrace/libunwind.rs:116:5
[INFO] [stdout]    1:     0x64f27cd0108a - std::backtrace_rs::backtrace::trace_unsynchronized::h3aa55355dd6c54a6
[INFO] [stdout]                                at /rustc/202008a1b8de96d2e5b6bc02d379db03a877d34d/library/std/src/../../backtrace/src/backtrace/mod.rs:66:5
[INFO] [stdout]    2:     0x64f27cd0108a - std::sys::backtrace::_print_fmt::h8588b0f62410823f
[INFO] [stdout]                                at /rustc/202008a1b8de96d2e5b6bc02d379db03a877d34d/library/std/src/sys/backtrace.rs:66:9
[INFO] [stdout]    3:     0x64f27cd0108a - <std::sys::backtrace::BacktraceLock::print::DisplayBacktrace as core::fmt::Display>::fmt::h98c26ac25ffe89bb
[INFO] [stdout]                                at /rustc/202008a1b8de96d2e5b6bc02d379db03a877d34d/library/std/src/sys/backtrace.rs:39:26
[INFO] [stdout]    4:     0x64f27cd27823 - core::fmt::rt::Argument::fmt::hf95377f4aebd453b
[INFO] [stdout]                                at /rustc/202008a1b8de96d2e5b6bc02d379db03a877d34d/library/core/src/fmt/rt.rs:177:76
[INFO] [stdout]    5:     0x64f27cd27823 - core::fmt::write::h0dd5f6e2238c7982
[INFO] [stdout]                                at /rustc/202008a1b8de96d2e5b6bc02d379db03a877d34d/library/core/src/fmt/mod.rs:1189:21
[INFO] [stdout]    6:     0x64f27ccfded3 - std::io::Write::write_fmt::h03bb0ca26e6faf8c
[INFO] [stdout]                                at /rustc/202008a1b8de96d2e5b6bc02d379db03a877d34d/library/std/src/io/mod.rs:1884:15
[INFO] [stdout]    7:     0x64f27cd00ed2 - std::sys::backtrace::BacktraceLock::print::h5c19c1c038ee186d
[INFO] [stdout]                                at /rustc/202008a1b8de96d2e5b6bc02d379db03a877d34d/library/std/src/sys/backtrace.rs:42:9
[INFO] [stdout]    8:     0x64f27cd0250d - std::panicking::default_hook::{{closure}}::h77172f079a1fcb13
[INFO] [stdout]                                at /rustc/202008a1b8de96d2e5b6bc02d379db03a877d34d/library/std/src/panicking.rs:268:22
[INFO] [stdout]    9:     0x64f27cd02317 - std::panicking::default_hook::he5f8e3b203ccddba
[INFO] [stdout]                                at /rustc/202008a1b8de96d2e5b6bc02d379db03a877d34d/library/std/src/panicking.rs:292:9
[INFO] [stdout]   10:     0x64f27cbbc977 - <alloc::boxed::Box<F,A> as core::ops::function::Fn<Args>>::call::h7a3c7b4a1ae77f2f
[INFO] [stdout]                                at /rustc/202008a1b8de96d2e5b6bc02d379db03a877d34d/library/alloc/src/boxed.rs:1986:9
[INFO] [stdout]   11:     0x64f27cbbc977 - test::test_main::{{closure}}::hf0d3b69ae9b353d1
[INFO] [stdout]                                at /rustc/202008a1b8de96d2e5b6bc02d379db03a877d34d/library/test/src/lib.rs:134:21
[INFO] [stdout]   12:     0x64f27cd02bb8 - <alloc::boxed::Box<F,A> as core::ops::function::Fn<Args>>::call::h6332e82e7b189abd
[INFO] [stdout]                                at /rustc/202008a1b8de96d2e5b6bc02d379db03a877d34d/library/alloc/src/boxed.rs:1986:9
[INFO] [stdout]   13:     0x64f27cd02bb8 - std::panicking::rust_panic_with_hook::h53863d4e9018df39
[INFO] [stdout]                                at /rustc/202008a1b8de96d2e5b6bc02d379db03a877d34d/library/std/src/panicking.rs:809:13
[INFO] [stdout]   14:     0x64f27cd0297a - std::panicking::begin_panic_handler::{{closure}}::h67280e6fa0757873
[INFO] [stdout]                                at /rustc/202008a1b8de96d2e5b6bc02d379db03a877d34d/library/std/src/panicking.rs:674:13
[INFO] [stdout]   15:     0x64f27cd01569 - std::sys::backtrace::__rust_end_short_backtrace::h1dac3f54d6fbbeb2
[INFO] [stdout]                                at /rustc/202008a1b8de96d2e5b6bc02d379db03a877d34d/library/std/src/sys/backtrace.rs:170:18
[INFO] [stdout]   16:     0x64f27cd0260c - rust_begin_unwind
[INFO] [stdout]                                at /rustc/202008a1b8de96d2e5b6bc02d379db03a877d34d/library/std/src/panicking.rs:665:5
[INFO] [stdout]   17:     0x64f27cb27170 - core::panicking::panic_fmt::h6792bd1b2bf01041
[INFO] [stdout]                                at /rustc/202008a1b8de96d2e5b6bc02d379db03a877d34d/library/core/src/panicking.rs:76:14
[INFO] [stdout]   18:     0x64f27cb275b6 - core::result::unwrap_failed::h05e0602ed34287c5
[INFO] [stdout]                                at /rustc/202008a1b8de96d2e5b6bc02d379db03a877d34d/library/core/src/result.rs:1699:5
[INFO] [stdout]   19:     0x64f27cb4ea56 - core::result::Result<T,E>::expect::h16725955a981fbbe
[INFO] [stdout]                                at /rustc/202008a1b8de96d2e5b6bc02d379db03a877d34d/library/core/src/result.rs:1061:23
[INFO] [stdout]   20:     0x64f27cb6d710 - follow::worker::tests::with_setup::hc4eeb139e10eb806
[INFO] [stdout]                                at /opt/rustwide/workdir/src/worker.rs:245:13
[INFO] [stdout]   21:     0x64f27cb72d86 - follow::worker::tests::it_reads_a_byte_of_text::h91403d46424a9f53
[INFO] [stdout]                                at /opt/rustwide/workdir/src/worker.rs:451:9
[INFO] [stdout]   22:     0x64f27cb72d67 - follow::worker::tests::it_reads_a_byte_of_text::{{closure}}::h865cc79756732814
[INFO] [stdout]                                at /opt/rustwide/workdir/src/worker.rs:450:33
[INFO] [stdout]   23:     0x64f27cb57c06 - core::ops::function::FnOnce::call_once::h09fbab2f52663dda
[INFO] [stdout]                                at /rustc/202008a1b8de96d2e5b6bc02d379db03a877d34d/library/core/src/ops/function.rs:250:5
[INFO] [stdout]   24:     0x64f27cbc149b - core::ops::function::FnOnce::call_once::h871bf86719ec9aa4
[INFO] [stdout]                                at /rustc/202008a1b8de96d2e5b6bc02d379db03a877d34d/library/core/src/ops/function.rs:250:5
[INFO] [stdout]   25:     0x64f27cbc149b - test::__rust_begin_short_backtrace::h2167df1e2b7d76fd
[INFO] [stdout]                                at /rustc/202008a1b8de96d2e5b6bc02d379db03a877d34d/library/test/src/lib.rs:632:18
[INFO] [stdout]   26:     0x64f27cbc0e88 - test::run_test_in_process::{{closure}}::h15d92f75a3adfb79
[INFO] [stdout]                                at /rustc/202008a1b8de96d2e5b6bc02d379db03a877d34d/library/test/src/lib.rs:655:60
[INFO] [stdout]   27:     0x64f27cbc0e88 - <core::panic::unwind_safe::AssertUnwindSafe<F> as core::ops::function::FnOnce<()>>::call_once::hb6c8955835a8dbbb
[INFO] [stdout]                                at /rustc/202008a1b8de96d2e5b6bc02d379db03a877d34d/library/core/src/panic/unwind_safe.rs:272:9
[INFO] [stdout]   28:     0x64f27cbc0e88 - std::panicking::try::do_call::hc79d0fc888a0bd30
[INFO] [stdout]                                at /rustc/202008a1b8de96d2e5b6bc02d379db03a877d34d/library/std/src/panicking.rs:557:40
[INFO] [stdout]   29:     0x64f27cbc0e88 - std::panicking::try::hb8a7878e3a8589d6
[INFO] [stdout]                                at /rustc/202008a1b8de96d2e5b6bc02d379db03a877d34d/library/std/src/panicking.rs:520:19
[INFO] [stdout]   30:     0x64f27cbc0e88 - std::panic::catch_unwind::hb8e4600ff0ff5cfa
[INFO] [stdout]                                at /rustc/202008a1b8de96d2e5b6bc02d379db03a877d34d/library/std/src/panic.rs:358:14
[INFO] [stdout]   31:     0x64f27cbc0e88 - test::run_test_in_process::hc2900b0b18688dd6
[INFO] [stdout]                                at /rustc/202008a1b8de96d2e5b6bc02d379db03a877d34d/library/test/src/lib.rs:655:27
[INFO] [stdout]   32:     0x64f27cbc0e88 - test::run_test::{{closure}}::hac2a9cb07be3d48d
[INFO] [stdout]                                at /rustc/202008a1b8de96d2e5b6bc02d379db03a877d34d/library/test/src/lib.rs:576:43
[INFO] [stdout]   33:     0x64f27cb8492a - test::run_test::{{closure}}::h4a5b729e66a38cd8
[INFO] [stdout]                                at /rustc/202008a1b8de96d2e5b6bc02d379db03a877d34d/library/test/src/lib.rs:606:41
[INFO] [stdout]   34:     0x64f27cb8492a - std::sys::backtrace::__rust_begin_short_backtrace::h0496fb742492f573
[INFO] [stdout]                                at /rustc/202008a1b8de96d2e5b6bc02d379db03a877d34d/library/std/src/sys/backtrace.rs:154:18
[INFO] [stdout]   35:     0x64f27cb882a4 - std::thread::Builder::spawn_unchecked_::{{closure}}::{{closure}}::hbb6d257c550a54bd
[INFO] [stdout]                                at /rustc/202008a1b8de96d2e5b6bc02d379db03a877d34d/library/std/src/thread/mod.rs:561:17
[INFO] [stdout]   36:     0x64f27cb882a4 - <core::panic::unwind_safe::AssertUnwindSafe<F> as core::ops::function::FnOnce<()>>::call_once::h46696fe4a6832328
[INFO] [stdout]                                at /rustc/202008a1b8de96d2e5b6bc02d379db03a877d34d/library/core/src/panic/unwind_safe.rs:272:9
[INFO] [stdout]   37:     0x64f27cb882a4 - std::panicking::try::do_call::h2625a51b667bfb64
[INFO] [stdout]                                at /rustc/202008a1b8de96d2e5b6bc02d379db03a877d34d/library/std/src/panicking.rs:557:40
[INFO] [stdout]   38:     0x64f27cb882a4 - std::panicking::try::hb956a59a1973aa4c
[INFO] [stdout]                                at /rustc/202008a1b8de96d2e5b6bc02d379db03a877d34d/library/std/src/panicking.rs:520:19
[INFO] [stdout]   39:     0x64f27cb882a4 - std::panic::catch_unwind::h64f3b9d1067ef6a0
[INFO] [stdout]                                at /rustc/202008a1b8de96d2e5b6bc02d379db03a877d34d/library/std/src/panic.rs:358:14
[INFO] [stdout]   40:     0x64f27cb882a4 - std::thread::Builder::spawn_unchecked_::{{closure}}::h42b2841295b6c0b2
[INFO] [stdout]                                at /rustc/202008a1b8de96d2e5b6bc02d379db03a877d34d/library/std/src/thread/mod.rs:559:30
[INFO] [stdout]   41:     0x64f27cb882a4 - core::ops::function::FnOnce::call_once{{vtable.shim}}::h6127de71b8124639
[INFO] [stdout]                                at /rustc/202008a1b8de96d2e5b6bc02d379db03a877d34d/library/core/src/ops/function.rs:250:5
[INFO] [stdout]   42:     0x64f27cd0759b - <alloc::boxed::Box<F,A> as core::ops::function::FnOnce<Args>>::call_once::h42f0ba71002a1b2c
[INFO] [stdout]                                at /rustc/202008a1b8de96d2e5b6bc02d379db03a877d34d/library/alloc/src/boxed.rs:1972:9
[INFO] [stdout]   43:     0x64f27cd0759b - <alloc::boxed::Box<F,A> as core::ops::function::FnOnce<Args>>::call_once::had9e47d7a3dcecb8
[INFO] [stdout]                                at /rustc/202008a1b8de96d2e5b6bc02d379db03a877d34d/library/alloc/src/boxed.rs:1972:9
[INFO] [stdout]   44:     0x64f27cd0759b - std::sys::pal::unix::thread::Thread::new::thread_start::h48cf765408f6f5f2
[INFO] [stdout]                                at /rustc/202008a1b8de96d2e5b6bc02d379db03a877d34d/library/std/src/sys/pal/unix/thread.rs:105:17
[INFO] [stdout]   45:     0x77cd274b1ac3 - <unknown>
[INFO] [stdout]   46:     0x77cd27542a04 - clone
[INFO] [stdout]   47:                0x0 - <unknown>
[INFO] [stdout] 
[INFO] [stdout] 
[INFO] [stdout] failures:
[INFO] [stdout]     worker::tests::it_reads_a_byte_of_text
[INFO] [stdout] 
[INFO] [stdout] test result: FAILED. 12 passed; 1 failed; 0 ignored; 0 measured; 0 filtered out; finished in 0.31s
[INFO] [stdout] 
[INFO] [stderr] error: test failed, to rerun pass `--bin follow`
[INFO] running `Command { std: "docker" "inspect" "4db7e27ebaf34152381c0c976ca7e2bf9643c25827ba57d54e0a04a2858ede28", kill_on_drop: false }`
[INFO] running `Command { std: "docker" "rm" "-f" "4db7e27ebaf34152381c0c976ca7e2bf9643c25827ba57d54e0a04a2858ede28", kill_on_drop: false }`
[INFO] [stdout] 4db7e27ebaf34152381c0c976ca7e2bf9643c25827ba57d54e0a04a2858ede28
