[INFO] fetching crate fogo 0.1.3...
[INFO] testing fogo-0.1.3 against beta-2024-12-08 for beta-1.84.0-4-retry
[INFO] extracting crate fogo 0.1.3 into /workspace/builds/worker-6-tc2/source
[INFO] validating manifest of crates.io crate fogo 0.1.3 on toolchain beta-2024-12-08
[INFO] running `Command { std: CARGO_HOME="/workspace/cargo-home" RUSTUP_HOME="/workspace/rustup-home" "/workspace/cargo-home/bin/cargo" "+beta-2024-12-08" "metadata" "--manifest-path" "Cargo.toml" "--no-deps", kill_on_drop: false }`
[INFO] removed /workspace/builds/worker-6-tc2/source/.cargo/config.toml
[INFO] started tweaking crates.io crate fogo 0.1.3
[INFO] removed 0 missing tests
[INFO] finished tweaking crates.io crate fogo 0.1.3
[INFO] tweaked toml for crates.io crate fogo 0.1.3 written to /workspace/builds/worker-6-tc2/source/Cargo.toml
[INFO] crate crates.io crate fogo 0.1.3 already has a lockfile, it will not be regenerated
[INFO] running `Command { std: CARGO_HOME="/workspace/cargo-home" RUSTUP_HOME="/workspace/rustup-home" "/workspace/cargo-home/bin/cargo" "+beta-2024-12-08" "fetch" "--manifest-path" "Cargo.toml", kill_on_drop: false }`
[INFO] running `Command { std: "docker" "create" "-v" "/var/lib/crater-agent-workspace/builds/worker-6-tc2/target:/opt/rustwide/target:rw,Z" "-v" "/var/lib/crater-agent-workspace/builds/worker-6-tc2/source:/opt/rustwide/workdir:ro,Z" "-v" "/var/lib/crater-agent-workspace/cargo-home:/opt/rustwide/cargo-home:ro,Z" "-v" "/var/lib/crater-agent-workspace/rustup-home:/opt/rustwide/rustup-home:ro,Z" "-e" "SOURCE_DIR=/opt/rustwide/workdir" "-e" "CARGO_TARGET_DIR=/opt/rustwide/target" "-e" "CARGO_HOME=/opt/rustwide/cargo-home" "-e" "RUSTUP_HOME=/opt/rustwide/rustup-home" "-w" "/opt/rustwide/workdir" "-m" "1610612736" "--user" "0:0" "--network" "none" "ghcr.io/rust-lang/crates-build-env/linux@sha256:f3a9d4ad9d972b27faf3965f35b62e55ba32bbce8f20bc8fe909558a86702fde" "/opt/rustwide/cargo-home/bin/cargo" "+beta-2024-12-08" "metadata" "--no-deps" "--format-version=1", kill_on_drop: false }`
[INFO] [stdout] fc815282431a3dcebd20558be8250b91c29bf6c390d92fafc2a7da0f0bf387fa
[INFO] running `Command { std: "docker" "start" "-a" "fc815282431a3dcebd20558be8250b91c29bf6c390d92fafc2a7da0f0bf387fa", kill_on_drop: false }`
[INFO] running `Command { std: "docker" "inspect" "fc815282431a3dcebd20558be8250b91c29bf6c390d92fafc2a7da0f0bf387fa", kill_on_drop: false }`
[INFO] running `Command { std: "docker" "rm" "-f" "fc815282431a3dcebd20558be8250b91c29bf6c390d92fafc2a7da0f0bf387fa", kill_on_drop: false }`
[INFO] [stdout] fc815282431a3dcebd20558be8250b91c29bf6c390d92fafc2a7da0f0bf387fa
[INFO] running `Command { std: "docker" "create" "-v" "/var/lib/crater-agent-workspace/builds/worker-6-tc2/target:/opt/rustwide/target:rw,Z" "-v" "/var/lib/crater-agent-workspace/builds/worker-6-tc2/source:/opt/rustwide/workdir:ro,Z" "-v" "/var/lib/crater-agent-workspace/cargo-home:/opt/rustwide/cargo-home:ro,Z" "-v" "/var/lib/crater-agent-workspace/rustup-home:/opt/rustwide/rustup-home:ro,Z" "-e" "SOURCE_DIR=/opt/rustwide/workdir" "-e" "CARGO_TARGET_DIR=/opt/rustwide/target" "-e" "CARGO_INCREMENTAL=0" "-e" "RUST_BACKTRACE=full" "-e" "RUSTFLAGS=--cap-lints=warn" "-e" "RUSTDOCFLAGS=--cap-lints=warn" "-e" "CARGO_HOME=/opt/rustwide/cargo-home" "-e" "RUSTUP_HOME=/opt/rustwide/rustup-home" "-w" "/opt/rustwide/workdir" "-m" "1610612736" "--user" "0:0" "--network" "none" "ghcr.io/rust-lang/crates-build-env/linux@sha256:f3a9d4ad9d972b27faf3965f35b62e55ba32bbce8f20bc8fe909558a86702fde" "/opt/rustwide/cargo-home/bin/cargo" "+beta-2024-12-08" "build" "--frozen" "--message-format=json", kill_on_drop: false }`
[INFO] [stdout] 3a48025a4bc5e7110412d4da19b552a4f93b9ae4c5a3154a04526c2b563bf783
[INFO] running `Command { std: "docker" "start" "-a" "3a48025a4bc5e7110412d4da19b552a4f93b9ae4c5a3154a04526c2b563bf783", kill_on_drop: false }`
[INFO] [stderr]    Compiling proc-macro2 v1.0.92
[INFO] [stderr]    Compiling unicode-ident v1.0.13
[INFO] [stderr]    Compiling libc v0.2.164
[INFO] [stderr]    Compiling autocfg v1.3.0
[INFO] [stderr]    Compiling parking_lot_core v0.9.10
[INFO] [stderr]    Compiling rustix v0.38.41
[INFO] [stderr]    Compiling signal-hook v0.3.17
[INFO] [stderr]    Compiling heck v0.5.0
[INFO] [stderr]    Compiling log v0.4.22
[INFO] [stderr]    Compiling smallvec v1.13.2
[INFO] [stderr]    Compiling scopeguard v1.2.0
[INFO] [stderr]    Compiling cfg-if v1.0.0
[INFO] [stderr]    Compiling linux-raw-sys v0.4.14
[INFO] [stderr]    Compiling rustversion v1.0.17
[INFO] [stderr]    Compiling syn v1.0.109
[INFO] [stderr]    Compiling memchr v2.7.4
[INFO] [stderr]    Compiling bitflags v2.6.0
[INFO] [stderr]    Compiling serde v1.0.215
[INFO] [stderr]    Compiling anstyle v1.0.8
[INFO] [stderr]    Compiling serde_json v1.0.128
[INFO] [stderr]    Compiling strsim v0.11.1
[INFO] [stderr]    Compiling regex-syntax v0.8.4
[INFO] [stderr]    Compiling option-ext v0.2.0
[INFO] [stderr]    Compiling clap_lex v0.7.2
[INFO] [stderr]    Compiling bitflags v1.3.2
[INFO] [stderr]    Compiling itoa v1.0.11
[INFO] [stderr]    Compiling ryu v1.0.18
[INFO] [stderr]    Compiling smawk v0.3.2
[INFO] [stderr]    Compiling unicode-linebreak v0.1.5
[INFO] [stderr]    Compiling lock_api v0.4.12
[INFO] [stderr]    Compiling once_cell v1.20.0
[INFO] [stderr]    Compiling unicode-width v0.1.13
[INFO] [stderr]    Compiling unicode-segmentation v1.12.0
[INFO] [stderr]    Compiling textwrap v0.16.1
[INFO] [stderr]    Compiling aho-corasick v1.1.3
[INFO] [stderr]    Compiling quote v1.0.37
[INFO] [stderr]    Compiling syn v2.0.89
[INFO] [stderr]    Compiling crokey-proc_macros v0.5.1
[INFO] [stderr]    Compiling signal-hook-registry v1.4.2
[INFO] [stderr]    Compiling mio v0.8.11
[INFO] [stderr]    Compiling dirs-sys v0.4.1
[INFO] [stderr]    Compiling dirs v5.0.1
[INFO] [stderr]    Compiling parking_lot v0.12.3
[INFO] [stderr]    Compiling terminal_size v0.3.0
[INFO] [stderr]    Compiling clap_builder v4.5.17
[INFO] [stderr]    Compiling regex-automata v0.4.7
[INFO] [stderr]    Compiling signal-hook-mio v0.2.4
[INFO] [stderr]    Compiling crossterm v0.24.0
[INFO] [stderr]    Compiling serde_derive v1.0.215
[INFO] [stderr]    Compiling strum_macros v0.26.4
[INFO] [stderr]    Compiling clap_derive v4.5.13
[INFO] [stderr]    Compiling regex v1.10.6
[INFO] [stderr]    Compiling strum v0.26.3
[INFO] [stderr]    Compiling clap v4.5.17
[INFO] [stderr]    Compiling crokey v0.5.1
[INFO] [stderr]    Compiling fogo v0.1.3 (/opt/rustwide/workdir)
[INFO] [stdout] warning: use of deprecated type alias `std::panic::PanicInfo`: use `PanicHookInfo` instead
[INFO] [stdout]  --> src/panic_guard.rs:3:58
[INFO] [stdout]   |
[INFO] [stdout] 3 | type PanicHookType = (dyn for<'r, 's> Fn(&'r std::panic::PanicInfo<'s>) + Send + Sync + 'static);
[INFO] [stdout]   |                                                          ^^^^^^^^^
[INFO] [stdout]   |
[INFO] [stdout]   = note: `#[warn(deprecated)]` on by default
[INFO] [stdout] 
[INFO] [stdout] 
[INFO] [stderr]     Finished `dev` profile [unoptimized + debuginfo] target(s) in 41.16s
[INFO] running `Command { std: "docker" "inspect" "3a48025a4bc5e7110412d4da19b552a4f93b9ae4c5a3154a04526c2b563bf783", kill_on_drop: false }`
[INFO] running `Command { std: "docker" "rm" "-f" "3a48025a4bc5e7110412d4da19b552a4f93b9ae4c5a3154a04526c2b563bf783", kill_on_drop: false }`
[INFO] [stdout] 3a48025a4bc5e7110412d4da19b552a4f93b9ae4c5a3154a04526c2b563bf783
[INFO] running `Command { std: "docker" "create" "-v" "/var/lib/crater-agent-workspace/builds/worker-6-tc2/target:/opt/rustwide/target:rw,Z" "-v" "/var/lib/crater-agent-workspace/builds/worker-6-tc2/source:/opt/rustwide/workdir:ro,Z" "-v" "/var/lib/crater-agent-workspace/cargo-home:/opt/rustwide/cargo-home:ro,Z" "-v" "/var/lib/crater-agent-workspace/rustup-home:/opt/rustwide/rustup-home:ro,Z" "-e" "SOURCE_DIR=/opt/rustwide/workdir" "-e" "CARGO_TARGET_DIR=/opt/rustwide/target" "-e" "CARGO_INCREMENTAL=0" "-e" "RUST_BACKTRACE=full" "-e" "RUSTFLAGS=--cap-lints=warn" "-e" "RUSTDOCFLAGS=--cap-lints=warn" "-e" "CARGO_HOME=/opt/rustwide/cargo-home" "-e" "RUSTUP_HOME=/opt/rustwide/rustup-home" "-w" "/opt/rustwide/workdir" "-m" "1610612736" "--user" "0:0" "--network" "none" "ghcr.io/rust-lang/crates-build-env/linux@sha256:f3a9d4ad9d972b27faf3965f35b62e55ba32bbce8f20bc8fe909558a86702fde" "/opt/rustwide/cargo-home/bin/cargo" "+beta-2024-12-08" "test" "--frozen" "--no-run" "--message-format=json", kill_on_drop: false }`
[INFO] [stdout] 51d75c426f4b1455b902603d9b21dc1b2f8589923d9c9430c8427a3611ec75ad
[INFO] running `Command { std: "docker" "start" "-a" "51d75c426f4b1455b902603d9b21dc1b2f8589923d9c9430c8427a3611ec75ad", kill_on_drop: false }`
[INFO] [stderr]    Compiling memoffset v0.6.5
[INFO] [stderr]    Compiling thiserror v1.0.63
[INFO] [stderr]    Compiling thiserror-impl v1.0.63
[INFO] [stderr]    Compiling fastrand v2.1.1
[INFO] [stderr]    Compiling pin-utils v0.1.0
[INFO] [stderr]    Compiling comma v1.0.0
[INFO] [stdout] warning: use of deprecated type alias `std::panic::PanicInfo`: use `PanicHookInfo` instead
[INFO] [stdout]  --> src/panic_guard.rs:3:58
[INFO] [stdout]   |
[INFO] [stdout] 3 | type PanicHookType = (dyn for<'r, 's> Fn(&'r std::panic::PanicInfo<'s>) + Send + Sync + 'static);
[INFO] [stdout]   |                                                          ^^^^^^^^^
[INFO] [stdout]   |
[INFO] [stdout]   = note: `#[warn(deprecated)]` on by default
[INFO] [stdout] 
[INFO] [stdout] 
[INFO] [stderr]    Compiling tempfile v3.14.0
[INFO] [stderr]    Compiling nix v0.25.1
[INFO] [stderr]    Compiling rexpect v0.5.0
[INFO] [stderr]    Compiling fogo v0.1.3 (/opt/rustwide/workdir)
[INFO] [stdout] warning: use of deprecated type alias `std::panic::PanicInfo`: use `PanicHookInfo` instead
[INFO] [stdout]  --> src/panic_guard.rs:3:58
[INFO] [stdout]   |
[INFO] [stdout] 3 | type PanicHookType = (dyn for<'r, 's> Fn(&'r std::panic::PanicInfo<'s>) + Send + Sync + 'static);
[INFO] [stdout]   |                                                          ^^^^^^^^^
[INFO] [stdout]   |
[INFO] [stdout]   = note: `#[warn(deprecated)]` on by default
[INFO] [stdout] 
[INFO] [stdout] 
[INFO] [stderr]     Finished `test` profile [unoptimized + debuginfo] target(s) in 12.45s
[INFO] running `Command { std: "docker" "inspect" "51d75c426f4b1455b902603d9b21dc1b2f8589923d9c9430c8427a3611ec75ad", kill_on_drop: false }`
[INFO] running `Command { std: "docker" "rm" "-f" "51d75c426f4b1455b902603d9b21dc1b2f8589923d9c9430c8427a3611ec75ad", kill_on_drop: false }`
[INFO] [stdout] 51d75c426f4b1455b902603d9b21dc1b2f8589923d9c9430c8427a3611ec75ad
[INFO] running `Command { std: "docker" "create" "-v" "/var/lib/crater-agent-workspace/builds/worker-6-tc2/target:/opt/rustwide/target:rw,Z" "-v" "/var/lib/crater-agent-workspace/builds/worker-6-tc2/source:/opt/rustwide/workdir:ro,Z" "-v" "/var/lib/crater-agent-workspace/cargo-home:/opt/rustwide/cargo-home:ro,Z" "-v" "/var/lib/crater-agent-workspace/rustup-home:/opt/rustwide/rustup-home:ro,Z" "-e" "SOURCE_DIR=/opt/rustwide/workdir" "-e" "CARGO_TARGET_DIR=/opt/rustwide/target" "-e" "CARGO_INCREMENTAL=0" "-e" "RUST_BACKTRACE=full" "-e" "RUSTFLAGS=--cap-lints=warn" "-e" "RUSTDOCFLAGS=--cap-lints=warn" "-e" "CARGO_HOME=/opt/rustwide/cargo-home" "-e" "RUSTUP_HOME=/opt/rustwide/rustup-home" "-w" "/opt/rustwide/workdir" "-m" "1610612736" "--user" "0:0" "--network" "none" "ghcr.io/rust-lang/crates-build-env/linux@sha256:f3a9d4ad9d972b27faf3965f35b62e55ba32bbce8f20bc8fe909558a86702fde" "/opt/rustwide/cargo-home/bin/cargo" "+beta-2024-12-08" "test" "--frozen", kill_on_drop: false }`
[INFO] [stdout] afefb23694957dd1cc315b5fd1d97fb82e5dfff83f4daa0562514deb572f18b4
[INFO] running `Command { std: "docker" "start" "-a" "afefb23694957dd1cc315b5fd1d97fb82e5dfff83f4daa0562514deb572f18b4", kill_on_drop: false }`
[INFO] [stderr] warning: use of deprecated type alias `std::panic::PanicInfo`: use `PanicHookInfo` instead
[INFO] [stderr]  --> src/panic_guard.rs:3:58
[INFO] [stderr]   |
[INFO] [stderr] 3 | type PanicHookType = (dyn for<'r, 's> Fn(&'r std::panic::PanicInfo<'s>) + Send + Sync + 'static);
[INFO] [stderr]   |                                                          ^^^^^^^^^
[INFO] [stderr]   |
[INFO] [stderr]   = note: `#[warn(deprecated)]` on by default
[INFO] [stderr] 
[INFO] [stderr] warning: `fogo` (bin "fogo" test) generated 1 warning
[INFO] [stderr] warning: `fogo` (bin "fogo") generated 1 warning (1 duplicate)
[INFO] [stderr]     Finished `test` profile [unoptimized + debuginfo] target(s) in 0.10s
[INFO] [stderr]      Running unittests src/main.rs (/opt/rustwide/target/debug/deps/fogo-780829a108034e2a)
[INFO] [stdout] 
[INFO] [stdout] running 93 tests
[INFO] [stdout] test app_state::history::tests_for_history_tree::test_change_dir ... ok
[INFO] [stdout] test app_state::history::tests_for_history_tree::test_debug_print ... ok
[INFO] [stdout] test app_state::history::tests_for_history_tree::test_go_to_root ... ok
[INFO] [stdout] test app_state::history::tests_for_history_tree::test_history_tree_go_up_down ... ok
[INFO] [stdout] test app_state::history::tests_for_history_tree::test_from_abs_path ... ok
[INFO] [stdout] test app_state::history::tests_for_history_tree::test_serialize ... ok
[INFO] [stdout] test app_state::history::tests_for_history_tree::test_deserialize ... ok
[INFO] [stdout] test app_state::tests::test_advance_and_erase_search_with_filter_and_cursor_on_match3 ... ignored
[INFO] [stdout] test app_state::history::tests_for_history_tree::test_tree_pointer_counts ... ok
[INFO] [stdout] test app_state::history::tests_for_history_tree::test_history_tree_visit ... ok
[INFO] [stdout] test app_state::history::tests_for_history_tree::test_last_visisted_child ... ok
[INFO] [stdout] test app_state::tests::test_advance_search_with_filter_search_and_scrolling ... ok
[INFO] [stdout] test app_state::tests::test_case_sensitive_mode_change ... ok
[INFO] [stdout] test app_state::tests::test_advance_search_with_filter_search_and_scrolling2 ... ok
[INFO] [stdout] test app_state::tests::test_advance_search_wrap ... ok
[INFO] [stdout] test app_state::tests::test_basic_advance_search ... ok
[INFO] [stdout] test app_state::tests::test_advance_and_erase_with_filter_search ... ok
[INFO] [stdout] test app_state::tests::test_cd_basic ... ok
[INFO] [stdout] test app_state::tests::test_advance_and_erase_search_with_filter_and_cursor_on_match ... ok
[INFO] [stdout] test app_state::tests::test_cd_parent ... ok
[INFO] [stdout] test app_state::tests::test_advance_and_erase_search_with_cursor_on_match ... ok
[INFO] [stdout] test app_state::tests::test_cd_current_dir_deleted ... ok
[INFO] [stdout] test app_state::tests::test_cd_root ... ok
[INFO] [stdout] test app_state::tests::test_cd_current_dir_parent_deleted ... ok
[INFO] [stdout] test app_state::tests::test_scrolling_bufsize_equal_to_window_size ... ok
[INFO] [stdout] test app_state::tests::test_cd_item_under_cursor ... ok
[INFO] [stdout] test app_state::tests::test_advance_and_erase_search_with_filter_and_scrolling ... ok
[INFO] [stdout] test app_state::tests::test_find_valid_cd_target ... ok
[INFO] [stdout] test app_state::tests::test_cd_nonexistent ... ok
[INFO] [stdout] test app_state::tests::test_scrolling_bufsize_larger_than_window_size1 ... ok
[INFO] [stdout] test app_state::tests::test_advance_and_erase_search_with_filter_and_cursor_on_match2 ... ok
[INFO] [stdout] test app_state::tests::test_advance_and_clear_with_filter_search ... ok
[INFO] [stdout] test app_state::tests::test_scrolling_bufsize_larger_than_window_size5 ... ok
[INFO] [stdout] test app_state::tests::test_scrolling_bufsize_larger_than_window_size_wrap ... ok
[INFO] [stdout] test app_state::tests::test_scrolling_bufsize_larger_than_window_size3 ... ok
[INFO] [stdout] test app_state::tests::test_scrolling_bufsize_less_than_window_size ... ok
[INFO] [stdout] test app_state::tests::test_gap_search_mode_change ... ok
[INFO] [stdout] test cli_args::tests::verify_cli ... ok
[INFO] [stdout] test app_state::tests::test_search_default_file_handling_mode ... ok
[INFO] [stdout] test app_state::tests::test_search_file_handling_mode_match ... ok
[INFO] [stdout] test app_state::tests::test_scrolling_bufsize_less_than_window_size_wrap ... ok
[INFO] [stdout] test first_run_check::tests::test_shell_snippet_found ... ok
[INFO] [stdout] test app_state::tests::test_search_file_handling_mode_hide ... ok
[INFO] [stdout] test app_state::tests::test_filter_search_toggle ... ok
[INFO] [stdout] test settings::tests::check_all_actions_have_default_keymap ... ok
[INFO] [stdout] test settings::tests::check_default_keymap_keys_unique ... ok
[INFO] [stdout] test settings::tests::test_case_sensitive_mode_override ... ok
[INFO] [stdout] test app_state::tests::test_scrolling_bufsize_larger_than_window_size2 ... ok
[INFO] [stdout] test app_state::tests::test_scrolling_bufsize_larger_than_window_size4 ... ok
[INFO] [stdout] test settings::tests::test_empty_keymap_is_error ... ok
[INFO] [stdout] test settings::tests::test_clear_default_keymap ... ok
[INFO] [stdout] test settings::tests::test_folders_only_deprecated ... ok
[INFO] [stdout] test settings::tests::test_keyboard_mapping_cli_option1 ... ok
[INFO] [stdout] test settings::tests::test_keyboard_mapping_cli_option3 ... ok
[INFO] [stdout] test settings::tests::test_keyboard_mapping_cli_option4 ... ok
[INFO] [stdout] test settings::tests::test_keyboard_mapping_cli_option_wrong1 ... ok
[INFO] [stdout] test settings::tests::test_files_override ... ok
[INFO] [stdout] test settings::tests::test_gap_search_mode_override ... ok
[INFO] [stdout] test settings::tests::test_filter_search_override ... ok
[INFO] [stdout] test settings::tests::test_files_parse ... ok
[INFO] [stdout] test settings::tests::test_keyboard_mapping_cli_option_wrong2 ... ok
[INFO] [stdout] test settings::tests::test_keyboard_mapping_cli_option2 ... ok
[INFO] [stdout] test settings::tests::test_keyboard_mapping_cli_option_wrong3 ... ok
[INFO] [stdout] test settings::tests::test_parse_keymap_arg1 ... ok
[INFO] [stdout] test settings::tests::test_no_gap_search_deprecated ... ok
[INFO] [stdout] test settings::tests::test_keyboard_mapping_cli_option_wrong5 ... ok
[INFO] [stdout] test settings::tests::test_keyboard_mapping_cli_option_wrong4 ... ok
[INFO] [stdout] test settings::tests::test_keyboard_mapping_cli_option_wrong6 ... ok
[INFO] [stdout] test settings::tests::test_parse_keymap_arg2 ... ok
[INFO] [stdout] test settings::tests::test_mouse_override ... ok
[INFO] [stdout] test settings::tests::test_unmap1 ... ok
[INFO] [stdout] test settings::tests::test_skip_first_run_prompt ... ok
[INFO] [stdout] test settings::tests::test_unmap_exit_is_error ... ok
[INFO] [stdout] test ui::help_window::tests::test_replace_works_as_expected ... ok
[INFO] [stdout] test settings::tests::test_sort_mode_override ... ok
[INFO] [stdout] test ui::help_window::tests::test_all_key_mappings_listed_in_readme ... ok
[INFO] [stdout] test settings::tests::test_unmap2 ... ok
[INFO] [stdout] test ui::markup_render::tests::test_strip_markup2 ... ok
[INFO] [stdout] test ui::markup_render::tests::test_stylize_wrapped_lines ... ok
[INFO] [stdout] test ui::markup_render::tests::test_stylize_wrapped_lines2 ... ok
[INFO] [stdout] test ui::markup_render::tests::test_strip_markup ... ok
[INFO] [stdout] test ui::help_window::tests::test_keyboard_shortcuts_table_fond ... ok
[INFO] [stdout] test ui::markup_render::tests::test_wrap_and_stylize ... ok
[INFO] [stdout] test ui::help_window::tests::test_user_guide_found ... ok
[INFO] [stdout] test app_state::tests::test_cd_current_dir_permission_denied ... FAILED
[INFO] [stdout] test panic_guard::tests::test_callback_called_on_drop ... ok
[INFO] [stdout] test settings::tests::test_files_invalid - should panic ... ok
[INFO] [stdout] test panic_guard::tests::test_nested_callback ... ok
[INFO] [stdout] test panic_guard::tests::test_callback_called_before_panic_hook ... ok
[INFO] [stdout] test settings::tests::test_files_missing - should panic ... ok
[INFO] [stdout] test panic_guard::tests::test_callback_called_once_only_panic ... ok
[INFO] [stdout] test panic_guard::tests::test_nested_callback_hook_restored ... ok
[INFO] [stdout] test panic_guard::tests::test_nested_callback_with_panic ... ok
[INFO] [stdout] 
[INFO] [stdout] failures:
[INFO] [stdout] 
[INFO] [stdout] ---- app_state::tests::test_cd_current_dir_permission_denied stdout ----
[INFO] [stdout] thread 'app_state::tests::test_cd_current_dir_permission_denied' panicked at src/app_state.rs:1941:9:
[INFO] [stdout] assertion `left == right` failed
[INFO] [stdout]   left: "/tmp/.tmp8LETsh/foo"
[INFO] [stdout]  right: "/tmp/.tmp8LETsh"
[INFO] [stdout] stack backtrace:
[INFO] [stdout]    0:     0x570321d83d9a - std::backtrace_rs::backtrace::libunwind::trace::h8810477743020387
[INFO] [stdout]                                at /rustc/202008a1b8de96d2e5b6bc02d379db03a877d34d/library/std/src/../../backtrace/src/backtrace/libunwind.rs:116:5
[INFO] [stdout]    1:     0x570321d83d9a - std::backtrace_rs::backtrace::trace_unsynchronized::h3aa55355dd6c54a6
[INFO] [stdout]                                at /rustc/202008a1b8de96d2e5b6bc02d379db03a877d34d/library/std/src/../../backtrace/src/backtrace/mod.rs:66:5
[INFO] [stdout]    2:     0x570321d83d9a - std::sys::backtrace::_print_fmt::h8588b0f62410823f
[INFO] [stdout]                                at /rustc/202008a1b8de96d2e5b6bc02d379db03a877d34d/library/std/src/sys/backtrace.rs:66:9
[INFO] [stdout]    3:     0x570321d83d9a - <std::sys::backtrace::BacktraceLock::print::DisplayBacktrace as core::fmt::Display>::fmt::h98c26ac25ffe89bb
[INFO] [stdout]                                at /rustc/202008a1b8de96d2e5b6bc02d379db03a877d34d/library/std/src/sys/backtrace.rs:39:26
[INFO] [stdout]    4:     0x570321dabba3 - core::fmt::rt::Argument::fmt::hf95377f4aebd453b
[INFO] [stdout]                                at /rustc/202008a1b8de96d2e5b6bc02d379db03a877d34d/library/core/src/fmt/rt.rs:177:76
[INFO] [stdout]    5:     0x570321dabba3 - core::fmt::write::h0dd5f6e2238c7982
[INFO] [stdout]                                at /rustc/202008a1b8de96d2e5b6bc02d379db03a877d34d/library/core/src/fmt/mod.rs:1189:21
[INFO] [stdout]    6:     0x570321d80b03 - std::io::Write::write_fmt::h03bb0ca26e6faf8c
[INFO] [stdout]                                at /rustc/202008a1b8de96d2e5b6bc02d379db03a877d34d/library/std/src/io/mod.rs:1884:15
[INFO] [stdout]    7:     0x570321d83be2 - std::sys::backtrace::BacktraceLock::print::h5c19c1c038ee186d
[INFO] [stdout]                                at /rustc/202008a1b8de96d2e5b6bc02d379db03a877d34d/library/std/src/sys/backtrace.rs:42:9
[INFO] [stdout]    8:     0x570321d8521d - std::panicking::default_hook::{{closure}}::h77172f079a1fcb13
[INFO] [stdout]                                at /rustc/202008a1b8de96d2e5b6bc02d379db03a877d34d/library/std/src/panicking.rs:268:22
[INFO] [stdout]    9:     0x570321d85027 - std::panicking::default_hook::he5f8e3b203ccddba
[INFO] [stdout]                                at /rustc/202008a1b8de96d2e5b6bc02d379db03a877d34d/library/std/src/panicking.rs:292:9
[INFO] [stdout]   10:     0x5703219827f7 - <alloc::boxed::Box<F,A> as core::ops::function::Fn<Args>>::call::h7a3c7b4a1ae77f2f
[INFO] [stdout]                                at /rustc/202008a1b8de96d2e5b6bc02d379db03a877d34d/library/alloc/src/boxed.rs:1986:9
[INFO] [stdout]   11:     0x5703219827f7 - test::test_main::{{closure}}::hf0d3b69ae9b353d1
[INFO] [stdout]                                at /rustc/202008a1b8de96d2e5b6bc02d379db03a877d34d/library/test/src/lib.rs:134:21
[INFO] [stdout]   12:     0x570321d858c8 - <alloc::boxed::Box<F,A> as core::ops::function::Fn<Args>>::call::h6332e82e7b189abd
[INFO] [stdout]                                at /rustc/202008a1b8de96d2e5b6bc02d379db03a877d34d/library/alloc/src/boxed.rs:1986:9
[INFO] [stdout]   13:     0x570321d858c8 - std::panicking::rust_panic_with_hook::h53863d4e9018df39
[INFO] [stdout]                                at /rustc/202008a1b8de96d2e5b6bc02d379db03a877d34d/library/std/src/panicking.rs:809:13
[INFO] [stdout]   14:     0x570321d8568a - std::panicking::begin_panic_handler::{{closure}}::h67280e6fa0757873
[INFO] [stdout]                                at /rustc/202008a1b8de96d2e5b6bc02d379db03a877d34d/library/std/src/panicking.rs:674:13
[INFO] [stdout]   15:     0x570321d84279 - std::sys::backtrace::__rust_end_short_backtrace::h1dac3f54d6fbbeb2
[INFO] [stdout]                                at /rustc/202008a1b8de96d2e5b6bc02d379db03a877d34d/library/std/src/sys/backtrace.rs:170:18
[INFO] [stdout]   16:     0x570321d8531c - rust_begin_unwind
[INFO] [stdout]                                at /rustc/202008a1b8de96d2e5b6bc02d379db03a877d34d/library/std/src/panicking.rs:665:5
[INFO] [stdout]   17:     0x5703218763d0 - core::panicking::panic_fmt::h6792bd1b2bf01041
[INFO] [stdout]                                at /rustc/202008a1b8de96d2e5b6bc02d379db03a877d34d/library/core/src/panicking.rs:76:14
[INFO] [stdout]   18:     0x5703218767d4 - core::panicking::assert_failed_inner::hf2c17e6d30928787
[INFO] [stdout]   19:     0x57032189f861 - core::panicking::assert_failed::h347ff83d5610a525
[INFO] [stdout]                                at /rustc/202008a1b8de96d2e5b6bc02d379db03a877d34d/library/core/src/panicking.rs:373:5
[INFO] [stdout]   20:     0x5703219191ff - fogo::app_state::tests::test_cd_current_dir_permission_denied::ha484f8d99ddb971b
[INFO] [stdout]                                at /opt/rustwide/workdir/src/app_state.rs:1941:9
[INFO] [stdout]   21:     0x5703219188c7 - fogo::app_state::tests::test_cd_current_dir_permission_denied::{{closure}}::h5153269ba801b81e
[INFO] [stdout]                                at /opt/rustwide/workdir/src/app_state.rs:1924:47
[INFO] [stdout]   22:     0x5703218a40c6 - core::ops::function::FnOnce::call_once::h436a8ecc6f209596
[INFO] [stdout]                                at /rustc/202008a1b8de96d2e5b6bc02d379db03a877d34d/library/core/src/ops/function.rs:250:5
[INFO] [stdout]   23:     0x57032198731b - core::ops::function::FnOnce::call_once::h871bf86719ec9aa4
[INFO] [stdout]                                at /rustc/202008a1b8de96d2e5b6bc02d379db03a877d34d/library/core/src/ops/function.rs:250:5
[INFO] [stdout]   24:     0x57032198731b - test::__rust_begin_short_backtrace::h2167df1e2b7d76fd
[INFO] [stdout]                                at /rustc/202008a1b8de96d2e5b6bc02d379db03a877d34d/library/test/src/lib.rs:632:18
[INFO] [stdout]   25:     0x570321986d08 - test::run_test_in_process::{{closure}}::h15d92f75a3adfb79
[INFO] [stdout]                                at /rustc/202008a1b8de96d2e5b6bc02d379db03a877d34d/library/test/src/lib.rs:655:60
[INFO] [stdout]   26:     0x570321986d08 - <core::panic::unwind_safe::AssertUnwindSafe<F> as core::ops::function::FnOnce<()>>::call_once::hb6c8955835a8dbbb
[INFO] [stdout]                                at /rustc/202008a1b8de96d2e5b6bc02d379db03a877d34d/library/core/src/panic/unwind_safe.rs:272:9
[INFO] [stdout]   27:     0x570321986d08 - std::panicking::try::do_call::hc79d0fc888a0bd30
[INFO] [stdout]                                at /rustc/202008a1b8de96d2e5b6bc02d379db03a877d34d/library/std/src/panicking.rs:557:40
[INFO] [stdout]   28:     0x570321986d08 - std::panicking::try::hb8a7878e3a8589d6
[INFO] [stdout]                                at /rustc/202008a1b8de96d2e5b6bc02d379db03a877d34d/library/std/src/panicking.rs:520:19
[INFO] [stdout]   29:     0x570321986d08 - std::panic::catch_unwind::hb8e4600ff0ff5cfa
[INFO] [stdout]                                at /rustc/202008a1b8de96d2e5b6bc02d379db03a877d34d/library/std/src/panic.rs:358:14
[INFO] [stdout]   30:     0x570321986d08 - test::run_test_in_process::hc2900b0b18688dd6
[INFO] [stdout]                                at /rustc/202008a1b8de96d2e5b6bc02d379db03a877d34d/library/test/src/lib.rs:655:27
[INFO] [stdout]   31:     0x570321986d08 - test::run_test::{{closure}}::hac2a9cb07be3d48d
[INFO] [stdout]                                at /rustc/202008a1b8de96d2e5b6bc02d379db03a877d34d/library/test/src/lib.rs:576:43
[INFO] [stdout]   32:     0x57032194a7aa - test::run_test::{{closure}}::h4a5b729e66a38cd8
[INFO] [stdout]                                at /rustc/202008a1b8de96d2e5b6bc02d379db03a877d34d/library/test/src/lib.rs:606:41
[INFO] [stdout]   33:     0x57032194a7aa - std::sys::backtrace::__rust_begin_short_backtrace::h0496fb742492f573
[INFO] [stdout]                                at /rustc/202008a1b8de96d2e5b6bc02d379db03a877d34d/library/std/src/sys/backtrace.rs:154:18
[INFO] [stdout]   34:     0x57032194e124 - std::thread::Builder::spawn_unchecked_::{{closure}}::{{closure}}::hbb6d257c550a54bd
[INFO] [stdout]                                at /rustc/202008a1b8de96d2e5b6bc02d379db03a877d34d/library/std/src/thread/mod.rs:561:17
[INFO] [stdout]   35:     0x57032194e124 - <core::panic::unwind_safe::AssertUnwindSafe<F> as core::ops::function::FnOnce<()>>::call_once::h46696fe4a6832328
[INFO] [stdout]                                at /rustc/202008a1b8de96d2e5b6bc02d379db03a877d34d/library/core/src/panic/unwind_safe.rs:272:9
[INFO] [stdout]   36:     0x57032194e124 - std::panicking::try::do_call::h2625a51b667bfb64
[INFO] [stdout]                                at /rustc/202008a1b8de96d2e5b6bc02d379db03a877d34d/library/std/src/panicking.rs:557:40
[INFO] [stdout]   37:     0x57032194e124 - std::panicking::try::hb956a59a1973aa4c
[INFO] [stdout]                                at /rustc/202008a1b8de96d2e5b6bc02d379db03a877d34d/library/std/src/panicking.rs:520:19
[INFO] [stdout]   38:     0x57032194e124 - std::panic::catch_unwind::h64f3b9d1067ef6a0
[INFO] [stdout]                                at /rustc/202008a1b8de96d2e5b6bc02d379db03a877d34d/library/std/src/panic.rs:358:14
[INFO] [stdout]   39:     0x57032194e124 - std::thread::Builder::spawn_unchecked_::{{closure}}::h42b2841295b6c0b2
[INFO] [stdout]                                at /rustc/202008a1b8de96d2e5b6bc02d379db03a877d34d/library/std/src/thread/mod.rs:559:30
[INFO] [stdout]   40:     0x57032194e124 - core::ops::function::FnOnce::call_once{{vtable.shim}}::h6127de71b8124639
[INFO] [stdout]                                at /rustc/202008a1b8de96d2e5b6bc02d379db03a877d34d/library/core/src/ops/function.rs:250:5
[INFO] [stdout]   41:     0x570321d8a77b - <alloc::boxed::Box<F,A> as core::ops::function::FnOnce<Args>>::call_once::h42f0ba71002a1b2c
[INFO] [stdout]                                at /rustc/202008a1b8de96d2e5b6bc02d379db03a877d34d/library/alloc/src/boxed.rs:1972:9
[INFO] [stdout]   42:     0x570321d8a77b - <alloc::boxed::Box<F,A> as core::ops::function::FnOnce<Args>>::call_once::had9e47d7a3dcecb8
[INFO] [stdout]                                at /rustc/202008a1b8de96d2e5b6bc02d379db03a877d34d/library/alloc/src/boxed.rs:1972:9
[INFO] [stdout]   43:     0x570321d8a77b - std::sys::pal::unix::thread::Thread::new::thread_start::h48cf765408f6f5f2
[INFO] [stdout]                                at /rustc/202008a1b8de96d2e5b6bc02d379db03a877d34d/library/std/src/sys/pal/unix/thread.rs:105:17
[INFO] [stdout]   44:     0x74e46eef9ac3 - <unknown>
[INFO] [stdout]   45:     0x74e46ef8aa04 - clone
[INFO] [stdout]   46:                0x0 - <unknown>
[INFO] [stdout] 
[INFO] [stdout] 
[INFO] [stdout] failures:
[INFO] [stdout]     app_state::tests::test_cd_current_dir_permission_denied
[INFO] [stdout] 
[INFO] [stdout] test result: FAILED. 91 passed; 1 failed; 1 ignored; 0 measured; 0 filtered out; finished in 0.17s
[INFO] [stdout] 
[INFO] [stderr] error: test failed, to rerun pass `--bin fogo`
[INFO] running `Command { std: "docker" "inspect" "afefb23694957dd1cc315b5fd1d97fb82e5dfff83f4daa0562514deb572f18b4", kill_on_drop: false }`
[INFO] running `Command { std: "docker" "rm" "-f" "afefb23694957dd1cc315b5fd1d97fb82e5dfff83f4daa0562514deb572f18b4", kill_on_drop: false }`
[INFO] [stdout] afefb23694957dd1cc315b5fd1d97fb82e5dfff83f4daa0562514deb572f18b4
