[INFO] fetching crate focustrace 0.2.0...
[INFO] testing focustrace-0.2.0 against 1.83.0 for beta-1.84.0-4-retry
[INFO] extracting crate focustrace 0.2.0 into /workspace/builds/worker-3-tc1/source
[INFO] validating manifest of crates.io crate focustrace 0.2.0 on toolchain 1.83.0
[INFO] running `Command { std: CARGO_HOME="/workspace/cargo-home" RUSTUP_HOME="/workspace/rustup-home" "/workspace/cargo-home/bin/cargo" "+1.83.0" "metadata" "--manifest-path" "Cargo.toml" "--no-deps", kill_on_drop: false }`
[INFO] started tweaking crates.io crate focustrace 0.2.0
[INFO] finished tweaking crates.io crate focustrace 0.2.0
[INFO] tweaked toml for crates.io crate focustrace 0.2.0 written to /workspace/builds/worker-3-tc1/source/Cargo.toml
[INFO] running `Command { std: CARGO_HOME="/workspace/cargo-home" RUSTUP_HOME="/workspace/rustup-home" "/workspace/cargo-home/bin/cargo" "+1.83.0" "generate-lockfile" "--manifest-path" "Cargo.toml", kill_on_drop: false }`
[INFO] [stderr]     Updating crates.io index
[INFO] [stderr]      Locking 19 packages to latest compatible versions
[INFO] running `Command { std: CARGO_HOME="/workspace/cargo-home" RUSTUP_HOME="/workspace/rustup-home" "/workspace/cargo-home/bin/cargo" "+1.83.0" "fetch" "--manifest-path" "Cargo.toml", kill_on_drop: false }`
[INFO] running `Command { std: "docker" "create" "-v" "/var/lib/crater-agent-workspace/builds/worker-3-tc1/target:/opt/rustwide/target:rw,Z" "-v" "/var/lib/crater-agent-workspace/builds/worker-3-tc1/source:/opt/rustwide/workdir:ro,Z" "-v" "/var/lib/crater-agent-workspace/cargo-home:/opt/rustwide/cargo-home:ro,Z" "-v" "/var/lib/crater-agent-workspace/rustup-home:/opt/rustwide/rustup-home:ro,Z" "-e" "SOURCE_DIR=/opt/rustwide/workdir" "-e" "CARGO_TARGET_DIR=/opt/rustwide/target" "-e" "CARGO_HOME=/opt/rustwide/cargo-home" "-e" "RUSTUP_HOME=/opt/rustwide/rustup-home" "-w" "/opt/rustwide/workdir" "-m" "1610612736" "--user" "0:0" "--network" "none" "ghcr.io/rust-lang/crates-build-env/linux@sha256:f3a9d4ad9d972b27faf3965f35b62e55ba32bbce8f20bc8fe909558a86702fde" "/opt/rustwide/cargo-home/bin/cargo" "+1.83.0" "metadata" "--no-deps" "--format-version=1", kill_on_drop: false }`
[INFO] [stdout] 9e0f1b8f92839be835cc4961f5625639b6bac8222d26fa7d420741671604fc6a
[INFO] running `Command { std: "docker" "start" "-a" "9e0f1b8f92839be835cc4961f5625639b6bac8222d26fa7d420741671604fc6a", kill_on_drop: false }`
[INFO] running `Command { std: "docker" "inspect" "9e0f1b8f92839be835cc4961f5625639b6bac8222d26fa7d420741671604fc6a", kill_on_drop: false }`
[INFO] running `Command { std: "docker" "rm" "-f" "9e0f1b8f92839be835cc4961f5625639b6bac8222d26fa7d420741671604fc6a", kill_on_drop: false }`
[INFO] [stdout] 9e0f1b8f92839be835cc4961f5625639b6bac8222d26fa7d420741671604fc6a
[INFO] running `Command { std: "docker" "create" "-v" "/var/lib/crater-agent-workspace/builds/worker-3-tc1/target:/opt/rustwide/target:rw,Z" "-v" "/var/lib/crater-agent-workspace/builds/worker-3-tc1/source:/opt/rustwide/workdir:ro,Z" "-v" "/var/lib/crater-agent-workspace/cargo-home:/opt/rustwide/cargo-home:ro,Z" "-v" "/var/lib/crater-agent-workspace/rustup-home:/opt/rustwide/rustup-home:ro,Z" "-e" "SOURCE_DIR=/opt/rustwide/workdir" "-e" "CARGO_TARGET_DIR=/opt/rustwide/target" "-e" "CARGO_INCREMENTAL=0" "-e" "RUST_BACKTRACE=full" "-e" "RUSTFLAGS=--cap-lints=warn" "-e" "RUSTDOCFLAGS=--cap-lints=warn" "-e" "CARGO_HOME=/opt/rustwide/cargo-home" "-e" "RUSTUP_HOME=/opt/rustwide/rustup-home" "-w" "/opt/rustwide/workdir" "-m" "1610612736" "--user" "0:0" "--network" "none" "ghcr.io/rust-lang/crates-build-env/linux@sha256:f3a9d4ad9d972b27faf3965f35b62e55ba32bbce8f20bc8fe909558a86702fde" "/opt/rustwide/cargo-home/bin/cargo" "+1.83.0" "build" "--frozen" "--message-format=json", kill_on_drop: false }`
[INFO] [stdout] f5cd082c7e6e57ce52ccb312fe3b46c1c821fa6f5e84ede943d9e3aa019a556f
[INFO] running `Command { std: "docker" "start" "-a" "f5cd082c7e6e57ce52ccb312fe3b46c1c821fa6f5e84ede943d9e3aa019a556f", kill_on_drop: false }`
[INFO] [stderr]    Compiling libc v0.2.168
[INFO] [stderr]    Compiling memchr v2.7.4
[INFO] [stderr]    Compiling gimli v0.31.1
[INFO] [stderr]    Compiling adler2 v2.0.0
[INFO] [stderr]    Compiling cfg-if v1.0.0
[INFO] [stderr]    Compiling rustc-demangle v0.1.24
[INFO] [stderr]    Compiling miniz_oxide v0.8.0
[INFO] [stderr]    Compiling object v0.36.5
[INFO] [stderr]    Compiling addr2line v0.24.2
[INFO] [stderr]    Compiling backtrace v0.3.74
[INFO] [stderr]    Compiling focustrace v0.2.0 (/opt/rustwide/workdir)
[INFO] [stderr]     Finished `dev` profile [unoptimized + debuginfo] target(s) in 10.64s
[INFO] running `Command { std: "docker" "inspect" "f5cd082c7e6e57ce52ccb312fe3b46c1c821fa6f5e84ede943d9e3aa019a556f", kill_on_drop: false }`
[INFO] running `Command { std: "docker" "rm" "-f" "f5cd082c7e6e57ce52ccb312fe3b46c1c821fa6f5e84ede943d9e3aa019a556f", kill_on_drop: false }`
[INFO] [stdout] f5cd082c7e6e57ce52ccb312fe3b46c1c821fa6f5e84ede943d9e3aa019a556f
[INFO] running `Command { std: "docker" "create" "-v" "/var/lib/crater-agent-workspace/builds/worker-3-tc1/target:/opt/rustwide/target:rw,Z" "-v" "/var/lib/crater-agent-workspace/builds/worker-3-tc1/source:/opt/rustwide/workdir:ro,Z" "-v" "/var/lib/crater-agent-workspace/cargo-home:/opt/rustwide/cargo-home:ro,Z" "-v" "/var/lib/crater-agent-workspace/rustup-home:/opt/rustwide/rustup-home:ro,Z" "-e" "SOURCE_DIR=/opt/rustwide/workdir" "-e" "CARGO_TARGET_DIR=/opt/rustwide/target" "-e" "CARGO_INCREMENTAL=0" "-e" "RUST_BACKTRACE=full" "-e" "RUSTFLAGS=--cap-lints=warn" "-e" "RUSTDOCFLAGS=--cap-lints=warn" "-e" "CARGO_HOME=/opt/rustwide/cargo-home" "-e" "RUSTUP_HOME=/opt/rustwide/rustup-home" "-w" "/opt/rustwide/workdir" "-m" "1610612736" "--user" "0:0" "--network" "none" "ghcr.io/rust-lang/crates-build-env/linux@sha256:f3a9d4ad9d972b27faf3965f35b62e55ba32bbce8f20bc8fe909558a86702fde" "/opt/rustwide/cargo-home/bin/cargo" "+1.83.0" "test" "--frozen" "--no-run" "--message-format=json", kill_on_drop: false }`
[INFO] [stdout] ad9b51c0fd03b26bcc605eb0764cbbaa72f3659f0fc45e79cde490abf32ff0e7
[INFO] running `Command { std: "docker" "start" "-a" "ad9b51c0fd03b26bcc605eb0764cbbaa72f3659f0fc45e79cde490abf32ff0e7", kill_on_drop: false }`
[INFO] [stderr]    Compiling focustrace v0.2.0 (/opt/rustwide/workdir)
[INFO] [stderr]     Finished `test` profile [unoptimized + debuginfo] target(s) in 1.34s
[INFO] running `Command { std: "docker" "inspect" "ad9b51c0fd03b26bcc605eb0764cbbaa72f3659f0fc45e79cde490abf32ff0e7", kill_on_drop: false }`
[INFO] running `Command { std: "docker" "rm" "-f" "ad9b51c0fd03b26bcc605eb0764cbbaa72f3659f0fc45e79cde490abf32ff0e7", kill_on_drop: false }`
[INFO] [stdout] ad9b51c0fd03b26bcc605eb0764cbbaa72f3659f0fc45e79cde490abf32ff0e7
[INFO] running `Command { std: "docker" "create" "-v" "/var/lib/crater-agent-workspace/builds/worker-3-tc1/target:/opt/rustwide/target:rw,Z" "-v" "/var/lib/crater-agent-workspace/builds/worker-3-tc1/source:/opt/rustwide/workdir:ro,Z" "-v" "/var/lib/crater-agent-workspace/cargo-home:/opt/rustwide/cargo-home:ro,Z" "-v" "/var/lib/crater-agent-workspace/rustup-home:/opt/rustwide/rustup-home:ro,Z" "-e" "SOURCE_DIR=/opt/rustwide/workdir" "-e" "CARGO_TARGET_DIR=/opt/rustwide/target" "-e" "CARGO_INCREMENTAL=0" "-e" "RUST_BACKTRACE=full" "-e" "RUSTFLAGS=--cap-lints=warn" "-e" "RUSTDOCFLAGS=--cap-lints=warn" "-e" "CARGO_HOME=/opt/rustwide/cargo-home" "-e" "RUSTUP_HOME=/opt/rustwide/rustup-home" "-w" "/opt/rustwide/workdir" "-m" "1610612736" "--user" "0:0" "--network" "none" "ghcr.io/rust-lang/crates-build-env/linux@sha256:f3a9d4ad9d972b27faf3965f35b62e55ba32bbce8f20bc8fe909558a86702fde" "/opt/rustwide/cargo-home/bin/cargo" "+1.83.0" "test" "--frozen", kill_on_drop: false }`
[INFO] [stdout] 4ddd5a2883b01972015c174267eb768f78eeed0efbdaed8d22745a32e56b19d6
[INFO] running `Command { std: "docker" "start" "-a" "4ddd5a2883b01972015c174267eb768f78eeed0efbdaed8d22745a32e56b19d6", kill_on_drop: false }`
[INFO] [stderr]     Finished `test` profile [unoptimized + debuginfo] target(s) in 0.10s
[INFO] [stderr]      Running unittests src/lib.rs (/opt/rustwide/target/debug/deps/focustrace-ece88dc85b238588)
[INFO] [stdout] 
[INFO] [stdout] running 1 test
[INFO] [stdout] test tests::test_setup ... FAILED
[INFO] [stdout] 
[INFO] [stdout] failures:
[INFO] [stdout] 
[INFO] [stdout] ---- tests::test_setup stdout ----
[INFO] [stdout] panicked at src/lib.rs:43:9:
[INFO] [stdout] Test panic
[INFO] [stdout] 
[INFO] [stdout] /opt/rustwide/workdir/src/lib.rs:4: focustrace::setup::{{closure}}::h081826a84ae09fec
[INFO] [stdout] /opt/rustwide/workdir/src/lib.rs:43: focustrace::tests::test_setup::h02474a0aa41d4cb9
[INFO] [stdout] /opt/rustwide/workdir/src/lib.rs:41: focustrace::tests::test_setup::{{closure}}::h8efb86f14a347595
[INFO] [stdout] 
[INFO] [stdout] 
[INFO] [stdout] failures:
[INFO] [stdout]     tests::test_setup
[INFO] [stdout] 
[INFO] [stdout] test result: FAILED. 0 passed; 1 failed; 0 ignored; 0 measured; 0 filtered out; finished in 0.29s
[INFO] [stdout] 
[INFO] [stderr] error: test failed, to rerun pass `--lib`
[INFO] running `Command { std: "docker" "inspect" "4ddd5a2883b01972015c174267eb768f78eeed0efbdaed8d22745a32e56b19d6", kill_on_drop: false }`
[INFO] running `Command { std: "docker" "rm" "-f" "4ddd5a2883b01972015c174267eb768f78eeed0efbdaed8d22745a32e56b19d6", kill_on_drop: false }`
[INFO] [stdout] 4ddd5a2883b01972015c174267eb768f78eeed0efbdaed8d22745a32e56b19d6
