[INFO] fetching crate fn_overloads 0.2.0...
[INFO] testing fn_overloads-0.2.0 against 1.83.0 for beta-1.84.0-4-retry
[INFO] extracting crate fn_overloads 0.2.0 into /workspace/builds/worker-3-tc1/source
[INFO] validating manifest of crates.io crate fn_overloads 0.2.0 on toolchain 1.83.0
[INFO] running `Command { std: CARGO_HOME="/workspace/cargo-home" RUSTUP_HOME="/workspace/rustup-home" "/workspace/cargo-home/bin/cargo" "+1.83.0" "metadata" "--manifest-path" "Cargo.toml" "--no-deps", kill_on_drop: false }`
[INFO] started tweaking crates.io crate fn_overloads 0.2.0
[INFO] finished tweaking crates.io crate fn_overloads 0.2.0
[INFO] tweaked toml for crates.io crate fn_overloads 0.2.0 written to /workspace/builds/worker-3-tc1/source/Cargo.toml
[INFO] running `Command { std: CARGO_HOME="/workspace/cargo-home" RUSTUP_HOME="/workspace/rustup-home" "/workspace/cargo-home/bin/cargo" "+1.83.0" "generate-lockfile" "--manifest-path" "Cargo.toml", kill_on_drop: false }`
[INFO] [stderr]     Updating crates.io index
[INFO] [stderr]      Locking 59 packages to latest compatible versions
[INFO] running `Command { std: CARGO_HOME="/workspace/cargo-home" RUSTUP_HOME="/workspace/rustup-home" "/workspace/cargo-home/bin/cargo" "+1.83.0" "fetch" "--manifest-path" "Cargo.toml", kill_on_drop: false }`
[INFO] running `Command { std: "docker" "create" "-v" "/var/lib/crater-agent-workspace/builds/worker-3-tc1/target:/opt/rustwide/target:rw,Z" "-v" "/var/lib/crater-agent-workspace/builds/worker-3-tc1/source:/opt/rustwide/workdir:ro,Z" "-v" "/var/lib/crater-agent-workspace/cargo-home:/opt/rustwide/cargo-home:ro,Z" "-v" "/var/lib/crater-agent-workspace/rustup-home:/opt/rustwide/rustup-home:ro,Z" "-e" "SOURCE_DIR=/opt/rustwide/workdir" "-e" "CARGO_TARGET_DIR=/opt/rustwide/target" "-e" "CARGO_HOME=/opt/rustwide/cargo-home" "-e" "RUSTUP_HOME=/opt/rustwide/rustup-home" "-w" "/opt/rustwide/workdir" "-m" "1610612736" "--user" "0:0" "--network" "none" "ghcr.io/rust-lang/crates-build-env/linux@sha256:f3a9d4ad9d972b27faf3965f35b62e55ba32bbce8f20bc8fe909558a86702fde" "/opt/rustwide/cargo-home/bin/cargo" "+1.83.0" "metadata" "--no-deps" "--format-version=1", kill_on_drop: false }`
[INFO] [stdout] 4d1095e57922eacb3c09780471e5a70f62ebf32e3ce341bf75e1b9700b6d91cb
[INFO] running `Command { std: "docker" "start" "-a" "4d1095e57922eacb3c09780471e5a70f62ebf32e3ce341bf75e1b9700b6d91cb", kill_on_drop: false }`
[INFO] running `Command { std: "docker" "inspect" "4d1095e57922eacb3c09780471e5a70f62ebf32e3ce341bf75e1b9700b6d91cb", kill_on_drop: false }`
[INFO] running `Command { std: "docker" "rm" "-f" "4d1095e57922eacb3c09780471e5a70f62ebf32e3ce341bf75e1b9700b6d91cb", kill_on_drop: false }`
[INFO] [stdout] 4d1095e57922eacb3c09780471e5a70f62ebf32e3ce341bf75e1b9700b6d91cb
[INFO] running `Command { std: "docker" "create" "-v" "/var/lib/crater-agent-workspace/builds/worker-3-tc1/target:/opt/rustwide/target:rw,Z" "-v" "/var/lib/crater-agent-workspace/builds/worker-3-tc1/source:/opt/rustwide/workdir:ro,Z" "-v" "/var/lib/crater-agent-workspace/cargo-home:/opt/rustwide/cargo-home:ro,Z" "-v" "/var/lib/crater-agent-workspace/rustup-home:/opt/rustwide/rustup-home:ro,Z" "-e" "SOURCE_DIR=/opt/rustwide/workdir" "-e" "CARGO_TARGET_DIR=/opt/rustwide/target" "-e" "CARGO_INCREMENTAL=0" "-e" "RUST_BACKTRACE=full" "-e" "RUSTFLAGS=--cap-lints=warn" "-e" "RUSTDOCFLAGS=--cap-lints=warn" "-e" "CARGO_HOME=/opt/rustwide/cargo-home" "-e" "RUSTUP_HOME=/opt/rustwide/rustup-home" "-w" "/opt/rustwide/workdir" "-m" "1610612736" "--user" "0:0" "--network" "none" "ghcr.io/rust-lang/crates-build-env/linux@sha256:f3a9d4ad9d972b27faf3965f35b62e55ba32bbce8f20bc8fe909558a86702fde" "/opt/rustwide/cargo-home/bin/cargo" "+1.83.0" "build" "--frozen" "--message-format=json", kill_on_drop: false }`
[INFO] [stdout] 9cdb47be0d123e492b258674963ce03707d5481f32728fc1224630999cbbd95b
[INFO] running `Command { std: "docker" "start" "-a" "9cdb47be0d123e492b258674963ce03707d5481f32728fc1224630999cbbd95b", kill_on_drop: false }`
[INFO] [stderr]    Compiling proc-macro2 v1.0.92
[INFO] [stderr]    Compiling quote v1.0.37
[INFO] [stderr]    Compiling syn v2.0.90
[INFO] [stderr]    Compiling fn_overloads v0.2.0 (/opt/rustwide/workdir)
[INFO] [stderr]     Finished `dev` profile [unoptimized + debuginfo] target(s) in 5.33s
[INFO] running `Command { std: "docker" "inspect" "9cdb47be0d123e492b258674963ce03707d5481f32728fc1224630999cbbd95b", kill_on_drop: false }`
[INFO] running `Command { std: "docker" "rm" "-f" "9cdb47be0d123e492b258674963ce03707d5481f32728fc1224630999cbbd95b", kill_on_drop: false }`
[INFO] [stdout] 9cdb47be0d123e492b258674963ce03707d5481f32728fc1224630999cbbd95b
[INFO] running `Command { std: "docker" "create" "-v" "/var/lib/crater-agent-workspace/builds/worker-3-tc1/target:/opt/rustwide/target:rw,Z" "-v" "/var/lib/crater-agent-workspace/builds/worker-3-tc1/source:/opt/rustwide/workdir:ro,Z" "-v" "/var/lib/crater-agent-workspace/cargo-home:/opt/rustwide/cargo-home:ro,Z" "-v" "/var/lib/crater-agent-workspace/rustup-home:/opt/rustwide/rustup-home:ro,Z" "-e" "SOURCE_DIR=/opt/rustwide/workdir" "-e" "CARGO_TARGET_DIR=/opt/rustwide/target" "-e" "CARGO_INCREMENTAL=0" "-e" "RUST_BACKTRACE=full" "-e" "RUSTFLAGS=--cap-lints=warn" "-e" "RUSTDOCFLAGS=--cap-lints=warn" "-e" "CARGO_HOME=/opt/rustwide/cargo-home" "-e" "RUSTUP_HOME=/opt/rustwide/rustup-home" "-w" "/opt/rustwide/workdir" "-m" "1610612736" "--user" "0:0" "--network" "none" "ghcr.io/rust-lang/crates-build-env/linux@sha256:f3a9d4ad9d972b27faf3965f35b62e55ba32bbce8f20bc8fe909558a86702fde" "/opt/rustwide/cargo-home/bin/cargo" "+1.83.0" "test" "--frozen" "--no-run" "--message-format=json", kill_on_drop: false }`
[INFO] [stdout] c8a4e325b36428ea5c69c04fac706d65a222384de224f209139a00fec2915241
[INFO] running `Command { std: "docker" "start" "-a" "c8a4e325b36428ea5c69c04fac706d65a222384de224f209139a00fec2915241", kill_on_drop: false }`
[INFO] [stderr]    Compiling proc-macro2 v1.0.92
[INFO] [stderr]    Compiling unicode-ident v1.0.14
[INFO] [stderr]    Compiling serde v1.0.216
[INFO] [stderr]    Compiling libc v0.2.168
[INFO] [stderr]    Compiling autocfg v1.4.0
[INFO] [stderr]    Compiling equivalent v1.0.1
[INFO] [stderr]    Compiling hashbrown v0.15.2
[INFO] [stderr]    Compiling parking_lot_core v0.9.10
[INFO] [stderr]    Compiling target-triple v0.1.3
[INFO] [stderr]    Compiling winnow v0.6.20
[INFO] [stderr]    Compiling serde_json v1.0.133
[INFO] [stderr]    Compiling scopeguard v1.2.0
[INFO] [stderr]    Compiling smallvec v1.13.2
[INFO] [stderr]    Compiling ryu v1.0.18
[INFO] [stderr]    Compiling itoa v1.0.14
[INFO] [stderr]    Compiling glob v0.3.1
[INFO] [stderr]    Compiling pin-project-lite v0.2.15
[INFO] [stderr]    Compiling termcolor v1.4.1
[INFO] [stderr]    Compiling bytes v1.9.0
[INFO] [stderr]    Compiling lock_api v0.4.12
[INFO] [stderr]    Compiling quote v1.0.37
[INFO] [stderr]    Compiling indexmap v2.7.0
[INFO] [stderr]    Compiling syn v2.0.90
[INFO] [stderr]    Compiling socket2 v0.5.8
[INFO] [stderr]    Compiling mio v1.0.3
[INFO] [stderr]    Compiling signal-hook-registry v1.4.2
[INFO] [stderr]    Compiling parking_lot v0.12.3
[INFO] [stderr]    Compiling toml_datetime v0.6.8
[INFO] [stderr]    Compiling serde_spanned v0.6.8
[INFO] [stderr]    Compiling toml_edit v0.22.22
[INFO] [stderr]    Compiling serde_derive v1.0.216
[INFO] [stderr]    Compiling tokio-macros v2.4.0
[INFO] [stderr]    Compiling fn_overloads v0.2.0 (/opt/rustwide/workdir)
[INFO] [stderr]    Compiling tokio v1.42.0
[INFO] [stderr]    Compiling toml v0.8.19
[INFO] [stderr]    Compiling trybuild v1.0.101
[INFO] [stderr]     Finished `test` profile [unoptimized + debuginfo] target(s) in 13.66s
[INFO] running `Command { std: "docker" "inspect" "c8a4e325b36428ea5c69c04fac706d65a222384de224f209139a00fec2915241", kill_on_drop: false }`
[INFO] running `Command { std: "docker" "rm" "-f" "c8a4e325b36428ea5c69c04fac706d65a222384de224f209139a00fec2915241", kill_on_drop: false }`
[INFO] [stdout] c8a4e325b36428ea5c69c04fac706d65a222384de224f209139a00fec2915241
[INFO] running `Command { std: "docker" "create" "-v" "/var/lib/crater-agent-workspace/builds/worker-3-tc1/target:/opt/rustwide/target:rw,Z" "-v" "/var/lib/crater-agent-workspace/builds/worker-3-tc1/source:/opt/rustwide/workdir:ro,Z" "-v" "/var/lib/crater-agent-workspace/cargo-home:/opt/rustwide/cargo-home:ro,Z" "-v" "/var/lib/crater-agent-workspace/rustup-home:/opt/rustwide/rustup-home:ro,Z" "-e" "SOURCE_DIR=/opt/rustwide/workdir" "-e" "CARGO_TARGET_DIR=/opt/rustwide/target" "-e" "CARGO_INCREMENTAL=0" "-e" "RUST_BACKTRACE=full" "-e" "RUSTFLAGS=--cap-lints=warn" "-e" "RUSTDOCFLAGS=--cap-lints=warn" "-e" "CARGO_HOME=/opt/rustwide/cargo-home" "-e" "RUSTUP_HOME=/opt/rustwide/rustup-home" "-w" "/opt/rustwide/workdir" "-m" "1610612736" "--user" "0:0" "--network" "none" "ghcr.io/rust-lang/crates-build-env/linux@sha256:f3a9d4ad9d972b27faf3965f35b62e55ba32bbce8f20bc8fe909558a86702fde" "/opt/rustwide/cargo-home/bin/cargo" "+1.83.0" "test" "--frozen", kill_on_drop: false }`
[INFO] [stdout] 6d73ee27407b0a6a4e3bb912388261e0ca27223d809deacfe923ec027bedab28
[INFO] running `Command { std: "docker" "start" "-a" "6d73ee27407b0a6a4e3bb912388261e0ca27223d809deacfe923ec027bedab28", kill_on_drop: false }`
[INFO] [stderr]     Finished `test` profile [unoptimized + debuginfo] target(s) in 0.07s
[INFO] [stderr]      Running unittests src/lib.rs (/opt/rustwide/target/debug/deps/fn_overloads-9c7356a1c52dbce0)
[INFO] [stdout] 
[INFO] [stdout] running 0 tests
[INFO] [stdout] 
[INFO] [stdout] test result: ok. 0 passed; 0 failed; 0 ignored; 0 measured; 0 filtered out; finished in 0.00s
[INFO] [stdout] 
[INFO] [stderr]      Running tests/test.rs (/opt/rustwide/target/debug/deps/test-5971facfaa76eb8b)
[INFO] [stdout] 
[INFO] [stdout] running 1 test
[INFO] [stderr]    Compiling proc-macro2 v1.0.92
[INFO] [stderr]    Compiling libc v0.2.168
[INFO] [stderr]    Compiling unicode-ident v1.0.14
[INFO] [stderr]    Compiling autocfg v1.4.0
[INFO] [stderr]    Compiling parking_lot_core v0.9.10
[INFO] [stderr]    Compiling cfg-if v1.0.0
[INFO] [stderr]    Compiling scopeguard v1.2.0
[INFO] [stderr]    Compiling smallvec v1.13.2
[INFO] [stderr]    Compiling bytes v1.9.0
[INFO] [stderr]    Compiling pin-project-lite v0.2.15
[INFO] [stderr]    Compiling lock_api v0.4.12
[INFO] [stderr]    Compiling quote v1.0.37
[INFO] [stderr]    Compiling socket2 v0.5.8
[INFO] [stderr]    Compiling signal-hook-registry v1.4.2
[INFO] [stderr]    Compiling mio v1.0.3
[INFO] [stderr]    Compiling parking_lot v0.12.3
[INFO] [stderr]    Compiling syn v2.0.90
[INFO] [stderr]    Compiling tokio-macros v2.4.0
[INFO] [stderr]    Compiling fn_overloads v0.2.0 (/opt/rustwide/workdir)
[INFO] [stderr]    Compiling tokio v1.42.0
[INFO] [stderr]    Compiling fn_overloads-tests v0.0.0 (/opt/rustwide/target/tests/trybuild/fn_overloads)
[INFO] [stderr]     Finished `dev` profile [unoptimized + debuginfo] target(s) in 18.08s
[INFO] [stderr] 
[INFO] [stderr] 
[INFO] [stderr] test tests/pass/async.rs [should pass] ... error
[INFO] [stderr] ┈┈┈┈┈┈┈┈┈┈┈┈┈┈┈┈┈┈┈┈┈┈┈┈┈┈┈┈┈┈┈┈┈┈┈┈┈┈┈┈┈┈┈┈┈┈┈┈┈┈┈┈┈┈┈┈┈┈┈┈
[INFO] [stderr] error[E0554]: `#![feature]` may not be used on the stable release channel
[INFO] [stderr]  --> tests/pass/async.rs:1:1
[INFO] [stderr]   |
[INFO] [stderr] 1 | #![feature(unboxed_closures, fn_traits)]
[INFO] [stderr]   | ^^^^^^^^^^^^^^^^^^^^^^^^^^^^^^^^^^^^^^^^
[INFO] [stderr] ┈┈┈┈┈┈┈┈┈┈┈┈┈┈┈┈┈┈┈┈┈┈┈┈┈┈┈┈┈┈┈┈┈┈┈┈┈┈┈┈┈┈┈┈┈┈┈┈┈┈┈┈┈┈┈┈┈┈┈┈
[INFO] [stderr] 
[INFO] [stderr] test tests/pass/async_not_send.rs [should pass] ... error
[INFO] [stderr] ┈┈┈┈┈┈┈┈┈┈┈┈┈┈┈┈┈┈┈┈┈┈┈┈┈┈┈┈┈┈┈┈┈┈┈┈┈┈┈┈┈┈┈┈┈┈┈┈┈┈┈┈┈┈┈┈┈┈┈┈
[INFO] [stderr] error[E0554]: `#![feature]` may not be used on the stable release channel
[INFO] [stderr]  --> tests/pass/async_not_send.rs:1:1
[INFO] [stderr]   |
[INFO] [stderr] 1 | #![feature(unboxed_closures, fn_traits)]
[INFO] [stderr]   | ^^^^^^^^^^^^^^^^^^^^^^^^^^^^^^^^^^^^^^^^
[INFO] [stderr] ┈┈┈┈┈┈┈┈┈┈┈┈┈┈┈┈┈┈┈┈┈┈┈┈┈┈┈┈┈┈┈┈┈┈┈┈┈┈┈┈┈┈┈┈┈┈┈┈┈┈┈┈┈┈┈┈┈┈┈┈
[INFO] [stderr] 
[INFO] [stderr] test tests/pass/generics.rs [should pass] ... error
[INFO] [stderr] ┈┈┈┈┈┈┈┈┈┈┈┈┈┈┈┈┈┈┈┈┈┈┈┈┈┈┈┈┈┈┈┈┈┈┈┈┈┈┈┈┈┈┈┈┈┈┈┈┈┈┈┈┈┈┈┈┈┈┈┈
[INFO] [stderr] error[E0554]: `#![feature]` may not be used on the stable release channel
[INFO] [stderr]  --> tests/pass/generics.rs:1:1
[INFO] [stderr]   |
[INFO] [stderr] 1 | #![feature(unboxed_closures, fn_traits)]
[INFO] [stderr]   | ^^^^^^^^^^^^^^^^^^^^^^^^^^^^^^^^^^^^^^^^
[INFO] [stderr] ┈┈┈┈┈┈┈┈┈┈┈┈┈┈┈┈┈┈┈┈┈┈┈┈┈┈┈┈┈┈┈┈┈┈┈┈┈┈┈┈┈┈┈┈┈┈┈┈┈┈┈┈┈┈┈┈┈┈┈┈
[INFO] [stderr] 
[INFO] [stderr] test tests/pass/no_args.rs [should pass] ... error
[INFO] [stderr] ┈┈┈┈┈┈┈┈┈┈┈┈┈┈┈┈┈┈┈┈┈┈┈┈┈┈┈┈┈┈┈┈┈┈┈┈┈┈┈┈┈┈┈┈┈┈┈┈┈┈┈┈┈┈┈┈┈┈┈┈
[INFO] [stderr] error[E0554]: `#![feature]` may not be used on the stable release channel
[INFO] [stderr]  --> tests/pass/no_args.rs:1:1
[INFO] [stderr]   |
[INFO] [stderr] 1 | #![feature(unboxed_closures, fn_traits)]
[INFO] [stderr]   | ^^^^^^^^^^^^^^^^^^^^^^^^^^^^^^^^^^^^^^^^
[INFO] [stderr] ┈┈┈┈┈┈┈┈┈┈┈┈┈┈┈┈┈┈┈┈┈┈┈┈┈┈┈┈┈┈┈┈┈┈┈┈┈┈┈┈┈┈┈┈┈┈┈┈┈┈┈┈┈┈┈┈┈┈┈┈
[INFO] [stderr] 
[INFO] [stderr] test tests/pass/no_return.rs [should pass] ... error
[INFO] [stderr] ┈┈┈┈┈┈┈┈┈┈┈┈┈┈┈┈┈┈┈┈┈┈┈┈┈┈┈┈┈┈┈┈┈┈┈┈┈┈┈┈┈┈┈┈┈┈┈┈┈┈┈┈┈┈┈┈┈┈┈┈
[INFO] [stderr] error[E0554]: `#![feature]` may not be used on the stable release channel
[INFO] [stderr]  --> tests/pass/no_return.rs:1:1
[INFO] [stderr]   |
[INFO] [stderr] 1 | #![feature(unboxed_closures, fn_traits)]
[INFO] [stderr]   | ^^^^^^^^^^^^^^^^^^^^^^^^^^^^^^^^^^^^^^^^
[INFO] [stderr] ┈┈┈┈┈┈┈┈┈┈┈┈┈┈┈┈┈┈┈┈┈┈┈┈┈┈┈┈┈┈┈┈┈┈┈┈┈┈┈┈┈┈┈┈┈┈┈┈┈┈┈┈┈┈┈┈┈┈┈┈
[INFO] [stderr] 
[INFO] [stderr] test tests/pass/overloads.rs [should pass] ... error
[INFO] [stderr] ┈┈┈┈┈┈┈┈┈┈┈┈┈┈┈┈┈┈┈┈┈┈┈┈┈┈┈┈┈┈┈┈┈┈┈┈┈┈┈┈┈┈┈┈┈┈┈┈┈┈┈┈┈┈┈┈┈┈┈┈
[INFO] [stderr] error[E0554]: `#![feature]` may not be used on the stable release channel
[INFO] [stderr]  --> tests/pass/overloads.rs:1:1
[INFO] [stderr]   |
[INFO] [stderr] 1 | #![feature(unboxed_closures, fn_traits)]
[INFO] [stderr]   | ^^^^^^^^^^^^^^^^^^^^^^^^^^^^^^^^^^^^^^^^
[INFO] [stderr] ┈┈┈┈┈┈┈┈┈┈┈┈┈┈┈┈┈┈┈┈┈┈┈┈┈┈┈┈┈┈┈┈┈┈┈┈┈┈┈┈┈┈┈┈┈┈┈┈┈┈┈┈┈┈┈┈┈┈┈┈
[INFO] [stderr] 
[INFO] [stderr] test tests/pass/publicity.rs [should pass] ... error
[INFO] [stderr] ┈┈┈┈┈┈┈┈┈┈┈┈┈┈┈┈┈┈┈┈┈┈┈┈┈┈┈┈┈┈┈┈┈┈┈┈┈┈┈┈┈┈┈┈┈┈┈┈┈┈┈┈┈┈┈┈┈┈┈┈
[INFO] [stderr] error[E0554]: `#![feature]` may not be used on the stable release channel
[INFO] [stderr]  --> tests/pass/publicity.rs:1:1
[INFO] [stderr]   |
[INFO] [stderr] 1 | #![feature(unboxed_closures, fn_traits)]
[INFO] [stderr]   | ^^^^^^^^^^^^^^^^^^^^^^^^^^^^^^^^^^^^^^^^
[INFO] [stderr] ┈┈┈┈┈┈┈┈┈┈┈┈┈┈┈┈┈┈┈┈┈┈┈┈┈┈┈┈┈┈┈┈┈┈┈┈┈┈┈┈┈┈┈┈┈┈┈┈┈┈┈┈┈┈┈┈┈┈┈┈
[INFO] [stderr] 
[INFO] [stderr] test tests/pass/single_arg.rs [should pass] ... error
[INFO] [stderr] ┈┈┈┈┈┈┈┈┈┈┈┈┈┈┈┈┈┈┈┈┈┈┈┈┈┈┈┈┈┈┈┈┈┈┈┈┈┈┈┈┈┈┈┈┈┈┈┈┈┈┈┈┈┈┈┈┈┈┈┈
[INFO] [stderr] error[E0554]: `#![feature]` may not be used on the stable release channel
[INFO] [stderr]  --> tests/pass/single_arg.rs:1:1
[INFO] [stderr]   |
[INFO] [stderr] 1 | #![feature(unboxed_closures, fn_traits)]
[INFO] [stderr]   | ^^^^^^^^^^^^^^^^^^^^^^^^^^^^^^^^^^^^^^^^
[INFO] [stderr] ┈┈┈┈┈┈┈┈┈┈┈┈┈┈┈┈┈┈┈┈┈┈┈┈┈┈┈┈┈┈┈┈┈┈┈┈┈┈┈┈┈┈┈┈┈┈┈┈┈┈┈┈┈┈┈┈┈┈┈┈
[INFO] [stderr] 
[INFO] [stderr] test tests/compile_fail/async_send_bound.rs [should fail to compile] ... mismatch
[INFO] [stderr] 
[INFO] [stderr] EXPECTED:
[INFO] [stderr] ┈┈┈┈┈┈┈┈┈┈┈┈┈┈┈┈┈┈┈┈┈┈┈┈┈┈┈┈┈┈┈┈┈┈┈┈┈┈┈┈┈┈┈┈┈┈┈┈┈┈┈┈┈┈┈┈┈┈┈┈
[INFO] [stderr] error: future cannot be sent between threads safely
[INFO] [stderr]   --> tests/compile_fail/async_send_bound.rs:6:1
[INFO] [stderr]    |
[INFO] [stderr] 6  | / fn_overloads! {
[INFO] [stderr] 7  | |     fn wait_identity {
[INFO] [stderr] 8  | |         async (data: Rc<&'static str>) -> String {
[INFO] [stderr] 9  | |             sleep(Duration::from_millis(10)).await;
[INFO] [stderr] ...  |
[INFO] [stderr] 12 | |     }
[INFO] [stderr] 13 | | }
[INFO] [stderr]    | |_^ future returned by `inner` is not `Send`
[INFO] [stderr]    |
[INFO] [stderr]    = help: within `impl Future<Output = String>`, the trait `Send` is not implemented for `Rc<&'static str>`
[INFO] [stderr]    = note: use `std::sync::Arc` instead of `std::rc::Rc`
[INFO] [stderr] note: future is not `Send` as this value is used across an await
[INFO] [stderr]   --> tests/compile_fail/async_send_bound.rs:9:46
[INFO] [stderr]    |
[INFO] [stderr] 8  |         async (data: Rc<&'static str>) -> String {
[INFO] [stderr]    |                ---- has type `Rc<&'static str>` which is not `Send`
[INFO] [stderr] 9  |             sleep(Duration::from_millis(10)).await;
[INFO] [stderr]    |                                              ^^^^^ await occurs here, with `data` maybe used later
[INFO] [stderr] 10 |             data.to_string()
[INFO] [stderr] 11 |         }
[INFO] [stderr]    |         - `data` is later dropped here
[INFO] [stderr]    = note: required for the cast from `Pin<Box<impl Future<Output = String>>>` to `Pin<Box<(dyn Future<Output = String> + Send + 'static)>>`
[INFO] [stderr]    = note: this error originates in the macro `fn_overloads` (in Nightly builds, run with -Z macro-backtrace for more info)
[INFO] [stderr] ┈┈┈┈┈┈┈┈┈┈┈┈┈┈┈┈┈┈┈┈┈┈┈┈┈┈┈┈┈┈┈┈┈┈┈┈┈┈┈┈┈┈┈┈┈┈┈┈┈┈┈┈┈┈┈┈┈┈┈┈
[INFO] [stderr] 
[INFO] [stderr] ACTUAL OUTPUT:
[INFO] [stderr] ┈┈┈┈┈┈┈┈┈┈┈┈┈┈┈┈┈┈┈┈┈┈┈┈┈┈┈┈┈┈┈┈┈┈┈┈┈┈┈┈┈┈┈┈┈┈┈┈┈┈┈┈┈┈┈┈┈┈┈┈
[INFO] [stderr] error[E0554]: `#![feature]` may not be used on the stable release channel
[INFO] [stderr]  --> tests/compile_fail/async_send_bound.rs:1:1
[INFO] [stderr]   |
[INFO] [stderr] 1 | #![feature(unboxed_closures, fn_traits)]
[INFO] [stderr]   | ^^^^^^^^^^^^^^^^^^^^^^^^^^^^^^^^^^^^^^^^
[INFO] [stderr] 
[INFO] [stderr] error: future cannot be sent between threads safely
[INFO] [stderr]   --> tests/compile_fail/async_send_bound.rs:6:1
[INFO] [stderr]    |
[INFO] [stderr] 6  | / fn_overloads! {
[INFO] [stderr] 7  | |     fn wait_identity {
[INFO] [stderr] 8  | |         async (data: Rc<&'static str>) -> String {
[INFO] [stderr] 9  | |             sleep(Duration::from_millis(10)).await;
[INFO] [stderr] ...  |
[INFO] [stderr] 12 | |     }
[INFO] [stderr] 13 | | }
[INFO] [stderr]    | |_^ future returned by `inner` is not `Send`
[INFO] [stderr]    |
[INFO] [stderr]    = help: within `impl Future<Output = String>`, the trait `Send` is not implemented for `Rc<&'static str>`, which is required by `impl Future<Output = String>: Send`
[INFO] [stderr] note: future is not `Send` as this value is used across an await
[INFO] [stderr]   --> tests/compile_fail/async_send_bound.rs:9:46
[INFO] [stderr]    |
[INFO] [stderr] 8  |         async (data: Rc<&'static str>) -> String {
[INFO] [stderr]    |                ---- has type `Rc<&'static str>` which is not `Send`
[INFO] [stderr] 9  |             sleep(Duration::from_millis(10)).await;
[INFO] [stderr]    |                                              ^^^^^ await occurs here, with `data` maybe used later
[INFO] [stderr]    = note: required for the cast from `Pin<Box<impl Future<Output = String>>>` to `Pin<Box<(dyn Future<Output = String> + Send + 'static)>>`
[INFO] [stderr]    = note: this error originates in the macro `fn_overloads` (in Nightly builds, run with -Z macro-backtrace for more info)
[INFO] [stderr] ┈┈┈┈┈┈┈┈┈┈┈┈┈┈┈┈┈┈┈┈┈┈┈┈┈┈┈┈┈┈┈┈┈┈┈┈┈┈┈┈┈┈┈┈┈┈┈┈┈┈┈┈┈┈┈┈┈┈┈┈
[INFO] [stderr] note: If the actual output is the correct output you can bless it by rerunning
[INFO] [stderr]       your test with the environment variable TRYBUILD=overwrite
[INFO] [stderr] 
[INFO] [stderr] test tests/compile_fail/not_public.rs [should fail to compile] ... mismatch
[INFO] [stderr] 
[INFO] [stderr] EXPECTED:
[INFO] [stderr] ┈┈┈┈┈┈┈┈┈┈┈┈┈┈┈┈┈┈┈┈┈┈┈┈┈┈┈┈┈┈┈┈┈┈┈┈┈┈┈┈┈┈┈┈┈┈┈┈┈┈┈┈┈┈┈┈┈┈┈┈
[INFO] [stderr] error[E0603]: unit struct `not_public` is private
[INFO] [stderr]   --> tests/compile_fail/not_public.rs:14:13
[INFO] [stderr]    |
[INFO] [stderr] 14 |     hidden::not_public(1);
[INFO] [stderr]    |             ^^^^^^^^^^ private unit struct
[INFO] [stderr]    |
[INFO] [stderr] note: the unit struct `not_public` is defined here
[INFO] [stderr]   --> tests/compile_fail/not_public.rs:6:5
[INFO] [stderr]    |
[INFO] [stderr] 6  |     fn_overloads! {
[INFO] [stderr]    |     ^^^^^^^^^^^^^
[INFO] [stderr]    = note: this error originates in the macro `fn_overloads` (in Nightly builds, run with -Z macro-backtrace for more info)
[INFO] [stderr] ┈┈┈┈┈┈┈┈┈┈┈┈┈┈┈┈┈┈┈┈┈┈┈┈┈┈┈┈┈┈┈┈┈┈┈┈┈┈┈┈┈┈┈┈┈┈┈┈┈┈┈┈┈┈┈┈┈┈┈┈
[INFO] [stderr] 
[INFO] [stderr] ACTUAL OUTPUT:
[INFO] [stderr] ┈┈┈┈┈┈┈┈┈┈┈┈┈┈┈┈┈┈┈┈┈┈┈┈┈┈┈┈┈┈┈┈┈┈┈┈┈┈┈┈┈┈┈┈┈┈┈┈┈┈┈┈┈┈┈┈┈┈┈┈
[INFO] [stderr] error[E0603]: unit struct `not_public` is private
[INFO] [stderr]   --> tests/compile_fail/not_public.rs:14:13
[INFO] [stderr]    |
[INFO] [stderr] 14 |     hidden::not_public(1);
[INFO] [stderr]    |             ^^^^^^^^^^ private unit struct
[INFO] [stderr]    |
[INFO] [stderr] note: the unit struct `not_public` is defined here
[INFO] [stderr]   --> tests/compile_fail/not_public.rs:6:5
[INFO] [stderr]    |
[INFO] [stderr] 6  |     fn_overloads! {
[INFO] [stderr]    |     ^^^^^^^^^^^^^
[INFO] [stderr]    = note: this error originates in the macro `fn_overloads` (in Nightly builds, run with -Z macro-backtrace for more info)
[INFO] [stderr] 
[INFO] [stderr] error[E0554]: `#![feature]` may not be used on the stable release channel
[INFO] [stderr]  --> tests/compile_fail/not_public.rs:1:1
[INFO] [stderr]   |
[INFO] [stderr] 1 | #![feature(unboxed_closures, fn_traits)]
[INFO] [stderr]   | ^^^^^^^^^^^^^^^^^^^^^^^^^^^^^^^^^^^^^^^^
[INFO] [stderr] ┈┈┈┈┈┈┈┈┈┈┈┈┈┈┈┈┈┈┈┈┈┈┈┈┈┈┈┈┈┈┈┈┈┈┈┈┈┈┈┈┈┈┈┈┈┈┈┈┈┈┈┈┈┈┈┈┈┈┈┈
[INFO] [stderr] note: If the actual output is the correct output you can bless it by rerunning
[INFO] [stderr]       your test with the environment variable TRYBUILD=overwrite
[INFO] [stderr] 
[INFO] [stderr] test tests/compile_fail/unconstrained_generic.rs [should fail to compile] ... mismatch
[INFO] [stderr] 
[INFO] [stderr] EXPECTED:
[INFO] [stderr] ┈┈┈┈┈┈┈┈┈┈┈┈┈┈┈┈┈┈┈┈┈┈┈┈┈┈┈┈┈┈┈┈┈┈┈┈┈┈┈┈┈┈┈┈┈┈┈┈┈┈┈┈┈┈┈┈┈┈┈┈
[INFO] [stderr] error[E0207]: the type parameter `R` is not constrained by the impl trait, self type, or predicates
[INFO] [stderr]  --> tests/compile_fail/unconstrained_generic.rs:7:10
[INFO] [stderr]   |
[INFO] [stderr] 7 |         <R: FromStr + Mul<u32>>(value: &str) -> Option<R> {
[INFO] [stderr]   |          ^ unconstrained type parameter
[INFO] [stderr] ┈┈┈┈┈┈┈┈┈┈┈┈┈┈┈┈┈┈┈┈┈┈┈┈┈┈┈┈┈┈┈┈┈┈┈┈┈┈┈┈┈┈┈┈┈┈┈┈┈┈┈┈┈┈┈┈┈┈┈┈
[INFO] [stderr] 
[INFO] [stderr] ACTUAL OUTPUT:
[INFO] [stderr] ┈┈┈┈┈┈┈┈┈┈┈┈┈┈┈┈┈┈┈┈┈┈┈┈┈┈┈┈┈┈┈┈┈┈┈┈┈┈┈┈┈┈┈┈┈┈┈┈┈┈┈┈┈┈┈┈┈┈┈┈
[INFO] [stderr] error[E0554]: `#![feature]` may not be used on the stable release channel
[INFO] [stderr]  --> tests/compile_fail/unconstrained_generic.rs:1:1
[INFO] [stderr]   |
[INFO] [stderr] 1 | #![feature(unboxed_closures, fn_traits)]
[INFO] [stderr]   | ^^^^^^^^^^^^^^^^^^^^^^^^^^^^^^^^^^^^^^^^
[INFO] [stderr] 
[INFO] [stderr] error[E0207]: the type parameter `R` is not constrained by the impl trait, self type, or predicates
[INFO] [stderr]  --> tests/compile_fail/unconstrained_generic.rs:7:10
[INFO] [stderr]   |
[INFO] [stderr] 7 |         <R: FromStr + Mul<u32>>(value: &str) -> Option<R> {
[INFO] [stderr]   |          ^ unconstrained type parameter
[INFO] [stderr] 
[INFO] [stderr] error[E0283]: type annotations needed
[INFO] [stderr]   --> tests/compile_fail/unconstrained_generic.rs:5:1
[INFO] [stderr]    |
[INFO] [stderr] 5  | / fn_overloads! {
[INFO] [stderr] 6  | |     fn double {
[INFO] [stderr] 7  | |         <R: FromStr + Mul<u32>>(value: &str) -> Option<R> {
[INFO] [stderr] 8  | |             Some(value.parse::<R>().ok()? * 2)
[INFO] [stderr] 9  | |         }
[INFO] [stderr] 10 | |     }
[INFO] [stderr] 11 | | }
[INFO] [stderr]    | |_^ cannot infer type
[INFO] [stderr]    |
[INFO] [stderr]    = note: cannot satisfy `_: FromStr`
[INFO] [stderr]    = help: the following types implement trait `FromStr`:
[INFO] [stderr]              IpAddr
[INFO] [stderr]              Ipv4Addr
[INFO] [stderr]              Ipv6Addr
[INFO] [stderr]              NonZero<i128>
[INFO] [stderr]              NonZero<i16>
[INFO] [stderr]              NonZero<i32>
[INFO] [stderr]              NonZero<i64>
[INFO] [stderr]              NonZero<i8>
[INFO] [stderr]            and $N others
[INFO] [stderr] note: required for `double` to implement `FnOnce(&str)`
[INFO] [stderr]   --> tests/compile_fail/unconstrained_generic.rs:5:1
[INFO] [stderr]    |
[INFO] [stderr] 5  | / fn_overloads! {
[INFO] [stderr] 6  | |     fn double {
[INFO] [stderr]    | |        ^^^^^^
[INFO] [stderr] 7  | |         <R: FromStr + Mul<u32>>(value: &str) -> Option<R> {
[INFO] [stderr]    | |             ------- unsatisfied trait bound introduced here
[INFO] [stderr] 8  | |             Some(value.parse::<R>().ok()? * 2)
[INFO] [stderr] 9  | |         }
[INFO] [stderr] 10 | |     }
[INFO] [stderr] 11 | | }
[INFO] [stderr]    | |_^
[INFO] [stderr]    = note: this error originates in the macro `fn_overloads` (in Nightly builds, run with -Z macro-backtrace for more info)
[INFO] [stderr] 
[INFO] [stderr] error[E0308]: mismatched types
[INFO] [stderr]  --> tests/compile_fail/unconstrained_generic.rs:8:18
[INFO] [stderr]   |
[INFO] [stderr] 7 |         <R: FromStr + Mul<u32>>(value: &str) -> Option<R> {
[INFO] [stderr]   |          - expected this type parameter
[INFO] [stderr] 8 |             Some(value.parse::<R>().ok()? * 2)
[INFO] [stderr]   |             ---- ^^^^^^^^^^^^^^^^^^^^^^^^^^^^ expected type parameter `R`, found associated type
[INFO] [stderr]   |             |
[INFO] [stderr]   |             arguments to this enum variant are incorrect
[INFO] [stderr]   |
[INFO] [stderr]   = note: expected type parameter `R`
[INFO] [stderr]             found associated type `<R as Mul<u32>>::Output`
[INFO] [stderr] help: the type constructed contains `<R as Mul<u32>>::Output` due to the type of the argument passed
[INFO] [stderr]  --> tests/compile_fail/unconstrained_generic.rs:8:13
[INFO] [stderr]   |
[INFO] [stderr] 8 |             Some(value.parse::<R>().ok()? * 2)
[INFO] [stderr]   |             ^^^^^----------------------------^
[INFO] [stderr]   |                  |
[INFO] [stderr]   |                  this argument influences the type of `Some`
[INFO] [stderr] note: tuple variant defined here
[INFO] [stderr]  --> $RUST/core/src/option.rs
[INFO] [stderr] help: consider further restricting this bound
[INFO] [stderr]   |
[INFO] [stderr] 7 |         <R: FromStr + Mul<u32, Output = R>>(value: &str) -> Option<R> {
[INFO] [stderr]   |                              ++++++++++++
[INFO] [stderr] 
[INFO] [stderr] error[E0283]: type annotations needed
[INFO] [stderr]   --> tests/compile_fail/unconstrained_generic.rs:23:5
[INFO] [stderr]    |
[INFO] [stderr] 23 |     double("asdf");
[INFO] [stderr]    |     ^^^^^^^^^^^^^^ cannot infer type for type parameter `R`
[INFO] [stderr]    |
[INFO] [stderr]    = note: cannot satisfy `_: FromStr`
[INFO] [stderr]    = help: the following types implement trait `FromStr`:
[INFO] [stderr]              IpAddr
[INFO] [stderr]              Ipv4Addr
[INFO] [stderr]              Ipv6Addr
[INFO] [stderr]              NonZero<i128>
[INFO] [stderr]              NonZero<i16>
[INFO] [stderr]              NonZero<i32>
[INFO] [stderr]              NonZero<i64>
[INFO] [stderr]              NonZero<i8>
[INFO] [stderr]            and $N others
[INFO] [stderr] note: required for `double` to implement `FnOnce(&str)`
[INFO] [stderr]   --> tests/compile_fail/unconstrained_generic.rs:5:1
[INFO] [stderr]    |
[INFO] [stderr] 5  | / fn_overloads! {
[INFO] [stderr] 6  | |     fn double {
[INFO] [stderr]    | |        ^^^^^^
[INFO] [stderr] 7  | |         <R: FromStr + Mul<u32>>(value: &str) -> Option<R> {
[INFO] [stderr]    | |             ------- unsatisfied trait bound introduced here
[INFO] [stderr] 8  | |             Some(value.parse::<R>().ok()? * 2)
[INFO] [stderr] 9  | |         }
[INFO] [stderr] 10 | |     }
[INFO] [stderr] 11 | | }
[INFO] [stderr]    | |_^
[INFO] [stderr]    = note: this error originates in the macro `fn_overloads` (in Nightly builds, run with -Z macro-backtrace for more info)
[INFO] [stderr] ┈┈┈┈┈┈┈┈┈┈┈┈┈┈┈┈┈┈┈┈┈┈┈┈┈┈┈┈┈┈┈┈┈┈┈┈┈┈┈┈┈┈┈┈┈┈┈┈┈┈┈┈┈┈┈┈┈┈┈┈
[INFO] [stderr] note: If the actual output is the correct output you can bless it by rerunning
[INFO] [stderr]       your test with the environment variable TRYBUILD=overwrite
[INFO] [stderr] 
[INFO] [stderr] 
[INFO] [stderr] 
[INFO] [stdout] test macro_test ... FAILED
[INFO] [stdout] 
[INFO] [stdout] failures:
[INFO] [stdout] 
[INFO] [stdout] ---- macro_test stdout ----
[INFO] [stdout] thread 'macro_test' panicked at /opt/rustwide/cargo-home/registry/src/index.crates.io-6f17d22bba15001f/trybuild-1.0.101/src/run.rs:101:13:
[INFO] [stdout] 11 of 11 tests failed
[INFO] [stdout] stack backtrace:
[INFO] [stdout]    0:     0x571f5dd81b8a - std::backtrace_rs::backtrace::libunwind::trace::h5a5b8284f2d0c266
[INFO] [stdout]                                at /rustc/90b35a6239c3d8bdabc530a6a0816f7ff89a0aaf/library/std/src/../../backtrace/src/backtrace/libunwind.rs:116:5
[INFO] [stdout]    1:     0x571f5dd81b8a - std::backtrace_rs::backtrace::trace_unsynchronized::h76d4f1c9b0b875e3
[INFO] [stdout]                                at /rustc/90b35a6239c3d8bdabc530a6a0816f7ff89a0aaf/library/std/src/../../backtrace/src/backtrace/mod.rs:66:5
[INFO] [stdout]    2:     0x571f5dd81b8a - std::sys::backtrace::_print_fmt::hc4546b8364a537c6
[INFO] [stdout]                                at /rustc/90b35a6239c3d8bdabc530a6a0816f7ff89a0aaf/library/std/src/sys/backtrace.rs:66:9
[INFO] [stdout]    3:     0x571f5dd81b8a - <std::sys::backtrace::BacktraceLock::print::DisplayBacktrace as core::fmt::Display>::fmt::h5b6bd5631a6d1f6b
[INFO] [stdout]                                at /rustc/90b35a6239c3d8bdabc530a6a0816f7ff89a0aaf/library/std/src/sys/backtrace.rs:39:26
[INFO] [stdout]    4:     0x571f5ddaa793 - core::fmt::rt::Argument::fmt::h270f6602a2b96f62
[INFO] [stdout]                                at /rustc/90b35a6239c3d8bdabc530a6a0816f7ff89a0aaf/library/core/src/fmt/rt.rs:177:76
[INFO] [stdout]    5:     0x571f5ddaa793 - core::fmt::write::h7550c97b06c86515
[INFO] [stdout]                                at /rustc/90b35a6239c3d8bdabc530a6a0816f7ff89a0aaf/library/core/src/fmt/mod.rs:1186:21
[INFO] [stdout]    6:     0x571f5dd7e263 - std::io::Write::write_fmt::h509ff860e5956e5e
[INFO] [stdout]                                at /rustc/90b35a6239c3d8bdabc530a6a0816f7ff89a0aaf/library/std/src/io/mod.rs:1839:15
[INFO] [stdout]    7:     0x571f5dd819d2 - std::sys::backtrace::BacktraceLock::print::h2395ccd2c84ba3aa
[INFO] [stdout]                                at /rustc/90b35a6239c3d8bdabc530a6a0816f7ff89a0aaf/library/std/src/sys/backtrace.rs:42:9
[INFO] [stdout]    8:     0x571f5dd835ea - std::panicking::default_hook::{{closure}}::he19d4c7230e07961
[INFO] [stdout]                                at /rustc/90b35a6239c3d8bdabc530a6a0816f7ff89a0aaf/library/std/src/panicking.rs:268:22
[INFO] [stdout]    9:     0x571f5dd833f4 - std::panicking::default_hook::hf614597d3c67bbdb
[INFO] [stdout]                                at /rustc/90b35a6239c3d8bdabc530a6a0816f7ff89a0aaf/library/std/src/panicking.rs:292:9
[INFO] [stdout]   10:     0x571f5dd4bd19 - <alloc::boxed::Box<F,A> as core::ops::function::Fn<Args>>::call::h39b51ce4599c23d1
[INFO] [stdout]                                at /rustc/90b35a6239c3d8bdabc530a6a0816f7ff89a0aaf/library/alloc/src/boxed.rs:2468:9
[INFO] [stdout]   11:     0x571f5dd4bd19 - test::test_main::{{closure}}::he977ae839a582784
[INFO] [stdout]                                at /rustc/90b35a6239c3d8bdabc530a6a0816f7ff89a0aaf/library/test/src/lib.rs:133:21
[INFO] [stdout]   12:     0x571f5dd83c88 - <alloc::boxed::Box<F,A> as core::ops::function::Fn<Args>>::call::h9455091b6b06f9fb
[INFO] [stdout]                                at /rustc/90b35a6239c3d8bdabc530a6a0816f7ff89a0aaf/library/alloc/src/boxed.rs:2468:9
[INFO] [stdout]   13:     0x571f5dd83c88 - std::panicking::rust_panic_with_hook::h8942133a8b252070
[INFO] [stdout]                                at /rustc/90b35a6239c3d8bdabc530a6a0816f7ff89a0aaf/library/std/src/panicking.rs:809:13
[INFO] [stdout]   14:     0x571f5dd83a4a - std::panicking::begin_panic_handler::{{closure}}::hb5f5963570096b29
[INFO] [stdout]                                at /rustc/90b35a6239c3d8bdabc530a6a0816f7ff89a0aaf/library/std/src/panicking.rs:674:13
[INFO] [stdout]   15:     0x571f5dd82069 - std::sys::backtrace::__rust_end_short_backtrace::h6208cedc1922feda
[INFO] [stdout]                                at /rustc/90b35a6239c3d8bdabc530a6a0816f7ff89a0aaf/library/std/src/sys/backtrace.rs:170:18
[INFO] [stdout]   16:     0x571f5dd836dc - rust_begin_unwind
[INFO] [stdout]                                at /rustc/90b35a6239c3d8bdabc530a6a0816f7ff89a0aaf/library/std/src/panicking.rs:665:5
[INFO] [stdout]   17:     0x571f5da5e210 - core::panicking::panic_fmt::h0c3082644d1bf418
[INFO] [stdout]                                at /rustc/90b35a6239c3d8bdabc530a6a0816f7ff89a0aaf/library/core/src/panicking.rs:74:14
[INFO] [stdout]   18:     0x571f5da6c20f - trybuild::run::<impl trybuild::Runner>::run::h70e08e68764529b9
[INFO] [stdout]                                at /opt/rustwide/cargo-home/registry/src/index.crates.io-6f17d22bba15001f/trybuild-1.0.101/src/run.rs:101:13
[INFO] [stdout]   19:     0x571f5da71718 - <trybuild::TestCases as core::ops::drop::Drop>::drop::hbf26ffa6f9705e5a
[INFO] [stdout]                                at /opt/rustwide/cargo-home/registry/src/index.crates.io-6f17d22bba15001f/trybuild-1.0.101/src/lib.rs:340:13
[INFO] [stdout]   20:     0x571f5da5ee57 - core::ptr::drop_in_place<trybuild::TestCases>::hb824b20588de3b82
[INFO] [stdout]                                at /rustc/90b35a6239c3d8bdabc530a6a0816f7ff89a0aaf/library/core/src/ptr/mod.rs:574:1
[INFO] [stdout]   21:     0x571f5da5f6eb - test::macro_test::hc3ccf8aba70af2ca
[INFO] [stdout]                                at /opt/rustwide/workdir/tests/test.rs:6:1
[INFO] [stdout]   22:     0x571f5da5f667 - test::macro_test::{{closure}}::hfee07e16d91b63c0
[INFO] [stdout]                                at /opt/rustwide/workdir/tests/test.rs:2:16
[INFO] [stdout]   23:     0x571f5da5edb6 - core::ops::function::FnOnce::call_once::h2f5ba3b15047edcc
[INFO] [stdout]                                at /rustc/90b35a6239c3d8bdabc530a6a0816f7ff89a0aaf/library/core/src/ops/function.rs:250:5
[INFO] [stdout]   24:     0x571f5dd506db - core::ops::function::FnOnce::call_once::h109cf8051a59b34e
[INFO] [stdout]                                at /rustc/90b35a6239c3d8bdabc530a6a0816f7ff89a0aaf/library/core/src/ops/function.rs:250:5
[INFO] [stdout]   25:     0x571f5dd506db - test::__rust_begin_short_backtrace::hf4fff89d377446ba
[INFO] [stdout]                                at /rustc/90b35a6239c3d8bdabc530a6a0816f7ff89a0aaf/library/test/src/lib.rs:621:18
[INFO] [stdout]   26:     0x571f5dd4ff17 - test::run_test_in_process::{{closure}}::h0e39181dd7ee5a43
[INFO] [stdout]                                at /rustc/90b35a6239c3d8bdabc530a6a0816f7ff89a0aaf/library/test/src/lib.rs:644:60
[INFO] [stdout]   27:     0x571f5dd4ff17 - <core::panic::unwind_safe::AssertUnwindSafe<F> as core::ops::function::FnOnce<()>>::call_once::hc5a66a30f0bdfd1f
[INFO] [stdout]                                at /rustc/90b35a6239c3d8bdabc530a6a0816f7ff89a0aaf/library/core/src/panic/unwind_safe.rs:272:9
[INFO] [stdout]   28:     0x571f5dd4ff17 - std::panicking::try::do_call::h873b7cf639554a5e
[INFO] [stdout]                                at /rustc/90b35a6239c3d8bdabc530a6a0816f7ff89a0aaf/library/std/src/panicking.rs:557:40
[INFO] [stdout]   29:     0x571f5dd4ff17 - std::panicking::try::hdb19862fad9c8bd1
[INFO] [stdout]                                at /rustc/90b35a6239c3d8bdabc530a6a0816f7ff89a0aaf/library/std/src/panicking.rs:520:19
[INFO] [stdout]   30:     0x571f5dd4ff17 - std::panic::catch_unwind::h281fe732d236d260
[INFO] [stdout]                                at /rustc/90b35a6239c3d8bdabc530a6a0816f7ff89a0aaf/library/std/src/panic.rs:358:14
[INFO] [stdout]   31:     0x571f5dd4ff17 - test::run_test_in_process::h949b6df8457ed338
[INFO] [stdout]                                at /rustc/90b35a6239c3d8bdabc530a6a0816f7ff89a0aaf/library/test/src/lib.rs:644:27
[INFO] [stdout]   32:     0x571f5dd4ff17 - test::run_test::{{closure}}::h52c556a6d4740e10
[INFO] [stdout]                                at /rustc/90b35a6239c3d8bdabc530a6a0816f7ff89a0aaf/library/test/src/lib.rs:565:43
[INFO] [stdout]   33:     0x571f5dd151f4 - test::run_test::{{closure}}::h4237f6381c45ccb9
[INFO] [stdout]                                at /rustc/90b35a6239c3d8bdabc530a6a0816f7ff89a0aaf/library/test/src/lib.rs:595:41
[INFO] [stdout]   34:     0x571f5dd151f4 - std::sys::backtrace::__rust_begin_short_backtrace::h505c97a579eca628
[INFO] [stdout]                                at /rustc/90b35a6239c3d8bdabc530a6a0816f7ff89a0aaf/library/std/src/sys/backtrace.rs:154:18
[INFO] [stdout]   35:     0x571f5dd188be - std::thread::Builder::spawn_unchecked_::{{closure}}::{{closure}}::h9e86b2e2bc107ea3
[INFO] [stdout]                                at /rustc/90b35a6239c3d8bdabc530a6a0816f7ff89a0aaf/library/std/src/thread/mod.rs:538:17
[INFO] [stdout]   36:     0x571f5dd188be - <core::panic::unwind_safe::AssertUnwindSafe<F> as core::ops::function::FnOnce<()>>::call_once::h8b06ddb275ff4a25
[INFO] [stdout]                                at /rustc/90b35a6239c3d8bdabc530a6a0816f7ff89a0aaf/library/core/src/panic/unwind_safe.rs:272:9
[INFO] [stdout]   37:     0x571f5dd188be - std::panicking::try::do_call::hb26ecd7cd9a9355d
[INFO] [stdout]                                at /rustc/90b35a6239c3d8bdabc530a6a0816f7ff89a0aaf/library/std/src/panicking.rs:557:40
[INFO] [stdout]   38:     0x571f5dd188be - std::panicking::try::h8ddeca9d705f9069
[INFO] [stdout]                                at /rustc/90b35a6239c3d8bdabc530a6a0816f7ff89a0aaf/library/std/src/panicking.rs:520:19
[INFO] [stdout]   39:     0x571f5dd188be - std::panic::catch_unwind::h49e1c33078844c46
[INFO] [stdout]                                at /rustc/90b35a6239c3d8bdabc530a6a0816f7ff89a0aaf/library/std/src/panic.rs:358:14
[INFO] [stdout]   40:     0x571f5dd188be - std::thread::Builder::spawn_unchecked_::{{closure}}::h6073db6ff56ad35d
[INFO] [stdout]                                at /rustc/90b35a6239c3d8bdabc530a6a0816f7ff89a0aaf/library/std/src/thread/mod.rs:537:30
[INFO] [stdout]   41:     0x571f5dd188be - core::ops::function::FnOnce::call_once{{vtable.shim}}::h2c5a5f3779c774f1
[INFO] [stdout]                                at /rustc/90b35a6239c3d8bdabc530a6a0816f7ff89a0aaf/library/core/src/ops/function.rs:250:5
[INFO] [stdout]   42:     0x571f5dd8897b - <alloc::boxed::Box<F,A> as core::ops::function::FnOnce<Args>>::call_once::hf75717d9f28faebf
[INFO] [stdout]                                at /rustc/90b35a6239c3d8bdabc530a6a0816f7ff89a0aaf/library/alloc/src/boxed.rs:2454:9
[INFO] [stdout]   43:     0x571f5dd8897b - <alloc::boxed::Box<F,A> as core::ops::function::FnOnce<Args>>::call_once::h7bd883a5f3c5f3c1
[INFO] [stdout]                                at /rustc/90b35a6239c3d8bdabc530a6a0816f7ff89a0aaf/library/alloc/src/boxed.rs:2454:9
[INFO] [stdout]   44:     0x571f5dd8897b - std::sys::pal::unix::thread::Thread::new::thread_start::hcc78f3943333fa94
[INFO] [stdout]                                at /rustc/90b35a6239c3d8bdabc530a6a0816f7ff89a0aaf/library/std/src/sys/pal/unix/thread.rs:105:17
[INFO] [stdout]   45:     0x7643f0292ac3 - <unknown>
[INFO] [stdout]   46:     0x7643f0323a04 - clone
[INFO] [stdout]   47:                0x0 - <unknown>
[INFO] [stdout] 
[INFO] [stdout] 
[INFO] [stdout] failures:
[INFO] [stdout]     macro_test
[INFO] [stdout] 
[INFO] [stdout] test result: FAILED. 0 passed; 1 failed; 0 ignored; 0 measured; 0 filtered out; finished in 20.28s
[INFO] [stdout] 
[INFO] [stderr] error: test failed, to rerun pass `--test test`
[INFO] running `Command { std: "docker" "inspect" "6d73ee27407b0a6a4e3bb912388261e0ca27223d809deacfe923ec027bedab28", kill_on_drop: false }`
[INFO] running `Command { std: "docker" "rm" "-f" "6d73ee27407b0a6a4e3bb912388261e0ca27223d809deacfe923ec027bedab28", kill_on_drop: false }`
[INFO] [stdout] 6d73ee27407b0a6a4e3bb912388261e0ca27223d809deacfe923ec027bedab28
