[INFO] fetching crate fn_has_this 0.1.1...
[INFO] testing fn_has_this-0.1.1 against 1.83.0 for beta-1.84.0-4-retry
[INFO] extracting crate fn_has_this 0.1.1 into /workspace/builds/worker-3-tc1/source
[INFO] validating manifest of crates.io crate fn_has_this 0.1.1 on toolchain 1.83.0
[INFO] running `Command { std: CARGO_HOME="/workspace/cargo-home" RUSTUP_HOME="/workspace/rustup-home" "/workspace/cargo-home/bin/cargo" "+1.83.0" "metadata" "--manifest-path" "Cargo.toml" "--no-deps", kill_on_drop: false }`
[INFO] started tweaking crates.io crate fn_has_this 0.1.1
[INFO] finished tweaking crates.io crate fn_has_this 0.1.1
[INFO] tweaked toml for crates.io crate fn_has_this 0.1.1 written to /workspace/builds/worker-3-tc1/source/Cargo.toml
[INFO] running `Command { std: CARGO_HOME="/workspace/cargo-home" RUSTUP_HOME="/workspace/rustup-home" "/workspace/cargo-home/bin/cargo" "+1.83.0" "generate-lockfile" "--manifest-path" "Cargo.toml", kill_on_drop: false }`
[INFO] [stderr]     Blocking waiting for file lock on package cache
[INFO] [stderr]     Updating crates.io index
[INFO] [stderr]     Blocking waiting for file lock on package cache
[INFO] [stderr]      Locking 5 packages to latest compatible versions
[INFO] [stderr]       Adding syn v1.0.109 (available: v2.0.90)
[INFO] running `Command { std: CARGO_HOME="/workspace/cargo-home" RUSTUP_HOME="/workspace/rustup-home" "/workspace/cargo-home/bin/cargo" "+1.83.0" "fetch" "--manifest-path" "Cargo.toml", kill_on_drop: false }`
[INFO] [stderr]  Downloading crates ...
[INFO] [stderr]   Downloaded syn_squash v0.1.0
[INFO] running `Command { std: "docker" "create" "-v" "/var/lib/crater-agent-workspace/builds/worker-3-tc1/target:/opt/rustwide/target:rw,Z" "-v" "/var/lib/crater-agent-workspace/builds/worker-3-tc1/source:/opt/rustwide/workdir:ro,Z" "-v" "/var/lib/crater-agent-workspace/cargo-home:/opt/rustwide/cargo-home:ro,Z" "-v" "/var/lib/crater-agent-workspace/rustup-home:/opt/rustwide/rustup-home:ro,Z" "-e" "SOURCE_DIR=/opt/rustwide/workdir" "-e" "CARGO_TARGET_DIR=/opt/rustwide/target" "-e" "CARGO_HOME=/opt/rustwide/cargo-home" "-e" "RUSTUP_HOME=/opt/rustwide/rustup-home" "-w" "/opt/rustwide/workdir" "-m" "1610612736" "--user" "0:0" "--network" "none" "ghcr.io/rust-lang/crates-build-env/linux@sha256:f3a9d4ad9d972b27faf3965f35b62e55ba32bbce8f20bc8fe909558a86702fde" "/opt/rustwide/cargo-home/bin/cargo" "+1.83.0" "metadata" "--no-deps" "--format-version=1", kill_on_drop: false }`
[INFO] [stdout] 340de57ef139fad81e1e35bba01b53dbdc422ceed23c8c76ff9311a819db59ef
[INFO] running `Command { std: "docker" "start" "-a" "340de57ef139fad81e1e35bba01b53dbdc422ceed23c8c76ff9311a819db59ef", kill_on_drop: false }`
[INFO] running `Command { std: "docker" "inspect" "340de57ef139fad81e1e35bba01b53dbdc422ceed23c8c76ff9311a819db59ef", kill_on_drop: false }`
[INFO] running `Command { std: "docker" "rm" "-f" "340de57ef139fad81e1e35bba01b53dbdc422ceed23c8c76ff9311a819db59ef", kill_on_drop: false }`
[INFO] [stdout] 340de57ef139fad81e1e35bba01b53dbdc422ceed23c8c76ff9311a819db59ef
[INFO] running `Command { std: "docker" "create" "-v" "/var/lib/crater-agent-workspace/builds/worker-3-tc1/target:/opt/rustwide/target:rw,Z" "-v" "/var/lib/crater-agent-workspace/builds/worker-3-tc1/source:/opt/rustwide/workdir:ro,Z" "-v" "/var/lib/crater-agent-workspace/cargo-home:/opt/rustwide/cargo-home:ro,Z" "-v" "/var/lib/crater-agent-workspace/rustup-home:/opt/rustwide/rustup-home:ro,Z" "-e" "SOURCE_DIR=/opt/rustwide/workdir" "-e" "CARGO_TARGET_DIR=/opt/rustwide/target" "-e" "CARGO_INCREMENTAL=0" "-e" "RUST_BACKTRACE=full" "-e" "RUSTFLAGS=--cap-lints=warn" "-e" "RUSTDOCFLAGS=--cap-lints=warn" "-e" "CARGO_HOME=/opt/rustwide/cargo-home" "-e" "RUSTUP_HOME=/opt/rustwide/rustup-home" "-w" "/opt/rustwide/workdir" "-m" "1610612736" "--user" "0:0" "--network" "none" "ghcr.io/rust-lang/crates-build-env/linux@sha256:f3a9d4ad9d972b27faf3965f35b62e55ba32bbce8f20bc8fe909558a86702fde" "/opt/rustwide/cargo-home/bin/cargo" "+1.83.0" "build" "--frozen" "--message-format=json", kill_on_drop: false }`
[INFO] [stdout] 4fef575a04f6a322675bc16dcea240c79359918b55ead2119dd7e82a499c33a7
[INFO] running `Command { std: "docker" "start" "-a" "4fef575a04f6a322675bc16dcea240c79359918b55ead2119dd7e82a499c33a7", kill_on_drop: false }`
[INFO] [stderr]    Compiling proc-macro2 v1.0.92
[INFO] [stderr]    Compiling unicode-ident v1.0.14
[INFO] [stderr]    Compiling syn v1.0.109
[INFO] [stderr]    Compiling syn_squash v0.1.0
[INFO] [stderr]    Compiling quote v1.0.37
[INFO] [stderr]    Compiling fn_has_this v0.1.1 (/opt/rustwide/workdir)
[INFO] [stderr]     Finished `dev` profile [unoptimized + debuginfo] target(s) in 4.10s
[INFO] running `Command { std: "docker" "inspect" "4fef575a04f6a322675bc16dcea240c79359918b55ead2119dd7e82a499c33a7", kill_on_drop: false }`
[INFO] running `Command { std: "docker" "rm" "-f" "4fef575a04f6a322675bc16dcea240c79359918b55ead2119dd7e82a499c33a7", kill_on_drop: false }`
[INFO] [stdout] 4fef575a04f6a322675bc16dcea240c79359918b55ead2119dd7e82a499c33a7
[INFO] running `Command { std: "docker" "create" "-v" "/var/lib/crater-agent-workspace/builds/worker-3-tc1/target:/opt/rustwide/target:rw,Z" "-v" "/var/lib/crater-agent-workspace/builds/worker-3-tc1/source:/opt/rustwide/workdir:ro,Z" "-v" "/var/lib/crater-agent-workspace/cargo-home:/opt/rustwide/cargo-home:ro,Z" "-v" "/var/lib/crater-agent-workspace/rustup-home:/opt/rustwide/rustup-home:ro,Z" "-e" "SOURCE_DIR=/opt/rustwide/workdir" "-e" "CARGO_TARGET_DIR=/opt/rustwide/target" "-e" "CARGO_INCREMENTAL=0" "-e" "RUST_BACKTRACE=full" "-e" "RUSTFLAGS=--cap-lints=warn" "-e" "RUSTDOCFLAGS=--cap-lints=warn" "-e" "CARGO_HOME=/opt/rustwide/cargo-home" "-e" "RUSTUP_HOME=/opt/rustwide/rustup-home" "-w" "/opt/rustwide/workdir" "-m" "1610612736" "--user" "0:0" "--network" "none" "ghcr.io/rust-lang/crates-build-env/linux@sha256:f3a9d4ad9d972b27faf3965f35b62e55ba32bbce8f20bc8fe909558a86702fde" "/opt/rustwide/cargo-home/bin/cargo" "+1.83.0" "test" "--frozen" "--no-run" "--message-format=json", kill_on_drop: false }`
[INFO] [stdout] da4a359840423d52df59fd3c437e8b0712aad82d5d485763a945b6c95b083e23
[INFO] running `Command { std: "docker" "start" "-a" "da4a359840423d52df59fd3c437e8b0712aad82d5d485763a945b6c95b083e23", kill_on_drop: false }`
[INFO] [stderr]    Compiling fn_has_this v0.1.1 (/opt/rustwide/workdir)
[INFO] [stderr]     Finished `test` profile [unoptimized + debuginfo] target(s) in 0.46s
[INFO] running `Command { std: "docker" "inspect" "da4a359840423d52df59fd3c437e8b0712aad82d5d485763a945b6c95b083e23", kill_on_drop: false }`
[INFO] running `Command { std: "docker" "rm" "-f" "da4a359840423d52df59fd3c437e8b0712aad82d5d485763a945b6c95b083e23", kill_on_drop: false }`
[INFO] [stdout] da4a359840423d52df59fd3c437e8b0712aad82d5d485763a945b6c95b083e23
[INFO] running `Command { std: "docker" "create" "-v" "/var/lib/crater-agent-workspace/builds/worker-3-tc1/target:/opt/rustwide/target:rw,Z" "-v" "/var/lib/crater-agent-workspace/builds/worker-3-tc1/source:/opt/rustwide/workdir:ro,Z" "-v" "/var/lib/crater-agent-workspace/cargo-home:/opt/rustwide/cargo-home:ro,Z" "-v" "/var/lib/crater-agent-workspace/rustup-home:/opt/rustwide/rustup-home:ro,Z" "-e" "SOURCE_DIR=/opt/rustwide/workdir" "-e" "CARGO_TARGET_DIR=/opt/rustwide/target" "-e" "CARGO_INCREMENTAL=0" "-e" "RUST_BACKTRACE=full" "-e" "RUSTFLAGS=--cap-lints=warn" "-e" "RUSTDOCFLAGS=--cap-lints=warn" "-e" "CARGO_HOME=/opt/rustwide/cargo-home" "-e" "RUSTUP_HOME=/opt/rustwide/rustup-home" "-w" "/opt/rustwide/workdir" "-m" "1610612736" "--user" "0:0" "--network" "none" "ghcr.io/rust-lang/crates-build-env/linux@sha256:f3a9d4ad9d972b27faf3965f35b62e55ba32bbce8f20bc8fe909558a86702fde" "/opt/rustwide/cargo-home/bin/cargo" "+1.83.0" "test" "--frozen", kill_on_drop: false }`
[INFO] [stdout] 3eb0920c898a73904e7bc4e62682fb9f8f3bf05287f7a12dc8141074d00cd59c
[INFO] running `Command { std: "docker" "start" "-a" "3eb0920c898a73904e7bc4e62682fb9f8f3bf05287f7a12dc8141074d00cd59c", kill_on_drop: false }`
[INFO] [stderr]     Finished `test` profile [unoptimized + debuginfo] target(s) in 0.01s
[INFO] [stderr]      Running unittests src/lib.rs (/opt/rustwide/target/debug/deps/fn_has_this-68d10a17982c927e)
[INFO] [stdout] 
[INFO] [stdout] running 0 tests
[INFO] [stdout] 
[INFO] [stdout] test result: ok. 0 passed; 0 failed; 0 ignored; 0 measured; 0 filtered out; finished in 0.00s
[INFO] [stdout] 
[INFO] [stderr]    Doc-tests fn_has_this
[INFO] [stdout] 
[INFO] [stdout] running 2 tests
[INFO] [stdout] test src/../README.md - (line 11) ... FAILED
[INFO] [stdout] test src/../README.md - has_this (line 11) ... FAILED
[INFO] [stdout] 
[INFO] [stdout] failures:
[INFO] [stdout] 
[INFO] [stdout] ---- src/../README.md - (line 11) stdout ----
[INFO] [stdout] error[E0468]: an `extern crate` loading macros must be at the crate root
[INFO] [stdout]  --> src/../README.md:13:1
[INFO] [stdout]   |
[INFO] [stdout] 4 | extern crate fn_has_this;
[INFO] [stdout]   | ^^^^^^^^^^^^^^^^^^^^^^^^^
[INFO] [stdout] 
[INFO] [stdout] error[E0428]: the name `print_pointer` is defined multiple times
[INFO] [stdout]   --> src/../README.md:28:1
[INFO] [stdout]    |
[INFO] [stdout] 9  | pub unsafe extern "fastcall" fn print_pointer() {
[INFO] [stdout]    | ----------------------------------------------- previous definition of the value `print_pointer` here
[INFO] [stdout] ...
[INFO] [stdout] 19 | pub unsafe extern "thiscall" fn print_pointer() {
[INFO] [stdout]    | ^^^^^^^^^^^^^^^^^^^^^^^^^^^^^^^^^^^^^^^^^^^^^^^ `print_pointer` redefined here
[INFO] [stdout]    |
[INFO] [stdout]    = note: `print_pointer` must be defined only once in the value namespace of this block
[INFO] [stdout] 
[INFO] [stdout] error[E0425]: cannot find value `me` in this scope
[INFO] [stdout]   --> src/../README.md:29:23
[INFO] [stdout]    |
[INFO] [stdout] 20 |     println!("{:x?}", me);
[INFO] [stdout]    |                       ^^ not found in this scope
[INFO] [stdout] 
[INFO] [stdout] warning: use of calling convention not supported on this target
[INFO] [stdout]  --> src/../README.md:18:1
[INFO] [stdout]   |
[INFO] [stdout] 9 | pub unsafe extern "fastcall" fn print_pointer() {
[INFO] [stdout]   | ^^^^^^^^^^^^^^^^^^^^^^^^^^^^^^^^^^^^^^^^^^^^^^^
[INFO] [stdout]   |
[INFO] [stdout]   = warning: this was previously accepted by the compiler but is being phased out; it will become a hard error in a future release!
[INFO] [stdout]   = note: for more information, see issue #87678 <https://github.com/rust-lang/rust/issues/87678>
[INFO] [stdout]   = note: `#[warn(unsupported_calling_conventions)]` on by default
[INFO] [stdout] 
[INFO] [stdout] error[E0570]: `"thiscall"` is not a supported ABI for the current target
[INFO] [stdout]   --> src/../README.md:23:1
[INFO] [stdout]    |
[INFO] [stdout] 14 | pub unsafe extern "thiscall" fn print_pointer() {
[INFO] [stdout]    | ^^^^^^^^^^^^^^^^^^^^^^^^^^^^^^^^^^^^^^^^^^^^^^^
[INFO] [stdout] 
[INFO] [stdout] error[E0570]: `"thiscall"` is not a supported ABI for the current target
[INFO] [stdout]   --> src/../README.md:28:1
[INFO] [stdout]    |
[INFO] [stdout] 19 | pub unsafe extern "thiscall" fn print_pointer() {
[INFO] [stdout]    | ^^^^^^^^^^^^^^^^^^^^^^^^^^^^^^^^^^^^^^^^^^^^^^^
[INFO] [stdout] 
[INFO] [stdout] error: aborting due to 5 previous errors; 1 warning emitted
[INFO] [stdout] 
[INFO] [stdout] Some errors have detailed explanations: E0425, E0428, E0468, E0570.
[INFO] [stdout] For more information about an error, try `rustc --explain E0425`.
[INFO] [stdout] Couldn't compile the test.
[INFO] [stdout] ---- src/../README.md - has_this (line 11) stdout ----
[INFO] [stdout] error[E0468]: an `extern crate` loading macros must be at the crate root
[INFO] [stdout]  --> src/../README.md:13:1
[INFO] [stdout]   |
[INFO] [stdout] 4 | extern crate fn_has_this;
[INFO] [stdout]   | ^^^^^^^^^^^^^^^^^^^^^^^^^
[INFO] [stdout] 
[INFO] [stdout] error[E0428]: the name `print_pointer` is defined multiple times
[INFO] [stdout]   --> src/../README.md:28:1
[INFO] [stdout]    |
[INFO] [stdout] 9  | pub unsafe extern "fastcall" fn print_pointer() {
[INFO] [stdout]    | ----------------------------------------------- previous definition of the value `print_pointer` here
[INFO] [stdout] ...
[INFO] [stdout] 19 | pub unsafe extern "thiscall" fn print_pointer() {
[INFO] [stdout]    | ^^^^^^^^^^^^^^^^^^^^^^^^^^^^^^^^^^^^^^^^^^^^^^^ `print_pointer` redefined here
[INFO] [stdout]    |
[INFO] [stdout]    = note: `print_pointer` must be defined only once in the value namespace of this block
[INFO] [stdout] 
[INFO] [stdout] error[E0425]: cannot find value `me` in this scope
[INFO] [stdout]   --> src/../README.md:29:23
[INFO] [stdout]    |
[INFO] [stdout] 20 |     println!("{:x?}", me);
[INFO] [stdout]    |                       ^^ not found in this scope
[INFO] [stdout] 
[INFO] [stdout] warning: use of calling convention not supported on this target
[INFO] [stdout]  --> src/../README.md:18:1
[INFO] [stdout]   |
[INFO] [stdout] 9 | pub unsafe extern "fastcall" fn print_pointer() {
[INFO] [stdout]   | ^^^^^^^^^^^^^^^^^^^^^^^^^^^^^^^^^^^^^^^^^^^^^^^
[INFO] [stdout]   |
[INFO] [stdout]   = warning: this was previously accepted by the compiler but is being phased out; it will become a hard error in a future release!
[INFO] [stdout]   = note: for more information, see issue #87678 <https://github.com/rust-lang/rust/issues/87678>
[INFO] [stdout]   = note: `#[warn(unsupported_calling_conventions)]` on by default
[INFO] [stdout] 
[INFO] [stdout] error[E0570]: `"thiscall"` is not a supported ABI for the current target
[INFO] [stdout]   --> src/../README.md:23:1
[INFO] [stdout]    |
[INFO] [stdout] 14 | pub unsafe extern "thiscall" fn print_pointer() {
[INFO] [stdout]    | ^^^^^^^^^^^^^^^^^^^^^^^^^^^^^^^^^^^^^^^^^^^^^^^
[INFO] [stdout] 
[INFO] [stdout] error[E0570]: `"thiscall"` is not a supported ABI for the current target
[INFO] [stdout]   --> src/../README.md:28:1
[INFO] [stdout]    |
[INFO] [stdout] 19 | pub unsafe extern "thiscall" fn print_pointer() {
[INFO] [stdout]    | ^^^^^^^^^^^^^^^^^^^^^^^^^^^^^^^^^^^^^^^^^^^^^^^
[INFO] [stdout] 
[INFO] [stdout] error: aborting due to 5 previous errors; 1 warning emitted
[INFO] [stdout] 
[INFO] [stdout] Some errors have detailed explanations: E0425, E0428, E0468, E0570.
[INFO] [stdout] For more information about an error, try `rustc --explain E0425`.
[INFO] [stdout] Couldn't compile the test.
[INFO] [stdout] 
[INFO] [stdout] failures:
[INFO] [stdout]     src/../README.md - (line 11)
[INFO] [stdout]     src/../README.md - has_this (line 11)
[INFO] [stdout] 
[INFO] [stdout] test result: FAILED. 0 passed; 2 failed; 0 ignored; 0 measured; 0 filtered out; finished in 0.08s
[INFO] [stdout] 
[INFO] [stderr] error: doctest failed, to rerun pass `--doc`
[INFO] running `Command { std: "docker" "inspect" "3eb0920c898a73904e7bc4e62682fb9f8f3bf05287f7a12dc8141074d00cd59c", kill_on_drop: false }`
[INFO] running `Command { std: "docker" "rm" "-f" "3eb0920c898a73904e7bc4e62682fb9f8f3bf05287f7a12dc8141074d00cd59c", kill_on_drop: false }`
[INFO] [stdout] 3eb0920c898a73904e7bc4e62682fb9f8f3bf05287f7a12dc8141074d00cd59c
