[INFO] fetching crate fluvio 0.24.0...
[INFO] testing fluvio-0.24.0 against 1.83.0 for beta-1.84.0-4-retry
[INFO] extracting crate fluvio 0.24.0 into /workspace/builds/worker-0-tc1/source
[INFO] validating manifest of crates.io crate fluvio 0.24.0 on toolchain 1.83.0
[INFO] running `Command { std: CARGO_HOME="/workspace/cargo-home" RUSTUP_HOME="/workspace/rustup-home" "/workspace/cargo-home/bin/cargo" "+1.83.0" "metadata" "--manifest-path" "Cargo.toml" "--no-deps", kill_on_drop: false }`
[INFO] started tweaking crates.io crate fluvio 0.24.0
[INFO] finished tweaking crates.io crate fluvio 0.24.0
[INFO] tweaked toml for crates.io crate fluvio 0.24.0 written to /workspace/builds/worker-0-tc1/source/Cargo.toml
[INFO] running `Command { std: CARGO_HOME="/workspace/cargo-home" RUSTUP_HOME="/workspace/rustup-home" "/workspace/cargo-home/bin/cargo" "+1.83.0" "generate-lockfile" "--manifest-path" "Cargo.toml", kill_on_drop: false }`
[INFO] [stderr]     Updating crates.io index
[INFO] [stderr]      Locking 394 packages to latest compatible versions
[INFO] [stderr]       Adding async-channel v1.9.0 (available: v2.3.1)
[INFO] [stderr]       Adding thiserror v1.0.69 (available: v2.0.7)
[INFO] running `Command { std: CARGO_HOME="/workspace/cargo-home" RUSTUP_HOME="/workspace/rustup-home" "/workspace/cargo-home/bin/cargo" "+1.83.0" "fetch" "--manifest-path" "Cargo.toml", kill_on_drop: false }`
[INFO] [stderr]  Downloading crates ...
[INFO] [stderr]   Downloaded send_wrapper v0.5.0
[INFO] [stderr]   Downloaded k8-types v0.8.7
[INFO] [stderr]   Downloaded wasmtime-asm-macros v27.0.0
[INFO] [stderr]   Downloaded fluvio_ws_stream_wasm v0.7.0
[INFO] [stderr]   Downloaded lenient_semver_version_builder v0.4.2
[INFO] [stderr]   Downloaded lenient_semver_parser v0.4.2
[INFO] [stderr]   Downloaded cap-fs-ext v3.4.2
[INFO] [stderr]   Downloaded fluvio-controlplane-metadata v0.30.1
[INFO] [stderr]   Downloaded io-extras v0.18.4
[INFO] [stderr]   Downloaded wasm-encoder v0.219.1
[INFO] [stderr]   Downloaded wasi-common v27.0.0
[INFO] [stderr]   Downloaded cap-primitives v3.4.2
[INFO] [stderr]   Downloaded regalloc2 v0.10.2
[INFO] [stderr]   Downloaded wit-parser v0.219.1
[INFO] [stderr]   Downloaded wasmtime-cranelift v27.0.0
[INFO] [stderr]   Downloaded wasmtime-component-macro v27.0.0
[INFO] [stderr]   Downloaded aws-lc-rs v1.11.1
[INFO] [stderr]   Downloaded wasmparser v0.219.1
[INFO] [stderr]   Downloaded wasmtime-environ v27.0.0
[INFO] [stderr]   Downloaded winch-codegen v27.0.0
[INFO] [stderr]   Downloaded lenient_semver v0.4.2
[INFO] [stderr]   Downloaded cranelift-codegen-meta v0.114.0
[INFO] [stderr]   Downloaded fluvio-smartmodule v0.8.0
[INFO] [stderr]   Downloaded cranelift-isle v0.114.0
[INFO] [stderr]   Downloaded cpp_demangle v0.4.4
[INFO] [stderr]   Downloaded fluvio-socket v0.15.0
[INFO] [stderr]   Downloaded educe v0.6.0
[INFO] [stderr]   Downloaded system-interface v0.27.3
[INFO] [stderr]   Downloaded pulley-interpreter v27.0.0
[INFO] [stderr]   Downloaded wasmtime-cache v27.0.0
[INFO] [stderr]   Downloaded wasmtime v27.0.0
[INFO] [stderr]   Downloaded cranelift-frontend v0.114.0
[INFO] [stderr]   Downloaded cranelift-native v0.114.0
[INFO] [stderr]   Downloaded fluvio-wasm-timer v0.2.5
[INFO] [stderr]   Downloaded cap-time-ext v3.4.2
[INFO] [stderr]   Downloaded cap-std v3.4.2
[INFO] [stderr]   Downloaded winx v0.36.4
[INFO] [stderr]   Downloaded wiggle-macro v27.0.0
[INFO] [stderr]   Downloaded wasmtime-wit-bindgen v27.0.0
[INFO] [stderr]   Downloaded cranelift-codegen v0.114.0
[INFO] [stderr]   Downloaded cranelift-bforest v0.114.0
[INFO] [stderr]   Downloaded cranelift-entity v0.114.0
[INFO] [stderr]   Downloaded wasmprinter v0.219.1
[INFO] [stderr]   Downloaded wasmtime-winch v27.0.0
[INFO] [stderr]   Downloaded wiggle v27.0.0
[INFO] [stderr]   Downloaded fluvio-spu-schema v0.17.0
[INFO] [stderr]   Downloaded async-net v2.0.0
[INFO] [stderr]   Downloaded cap-rand v3.4.2
[INFO] [stderr]   Downloaded fs-set-times v0.20.2
[INFO] [stderr]   Downloaded wiggle-generate v27.0.0
[INFO] [stderr]   Downloaded wasmtime-fiber v27.0.0
[INFO] [stderr]   Downloaded cranelift-control v0.114.0
[INFO] [stderr]   Downloaded fluvio-smartengine v0.8.3
[INFO] [stderr]   Downloaded fluvio-protocol-derive v0.5.4
[INFO] [stderr]   Downloaded flv-util v0.5.2
[INFO] [stderr]   Downloaded fluvio-stream-model v0.11.4
[INFO] [stderr]   Downloaded fluvio-types v0.5.2
[INFO] [stderr]   Downloaded wasmtime-jit-debug v27.0.0
[INFO] [stderr]   Downloaded wasmtime-jit-icache-coherence v27.0.0
[INFO] [stderr]   Downloaded wasmtime-slab v27.0.0
[INFO] [stderr]   Downloaded cranelift-codegen-shared v0.114.0
[INFO] [stderr]   Downloaded wasmtime-component-util v27.0.0
[INFO] [stderr]   Downloaded fluvio-compression v0.3.4
[INFO] [stderr]   Downloaded fluvio-future-derive v0.1.0
[INFO] [stderr]   Downloaded wasmtime-versioned-export-macros v27.0.0
[INFO] [stderr]   Downloaded cranelift-bitset v0.114.0
[INFO] [stderr]   Downloaded fluvio-smartmodule-derive v0.6.4
[INFO] [stderr]   Downloaded fluvio-future v0.7.0
[INFO] [stderr]   Downloaded fluvio-stream-dispatcher v0.13.7
[INFO] [stderr]   Downloaded siphasher v1.0.1
[INFO] [stderr]   Downloaded fluvio-sc-schema v0.25.0
[INFO] [stderr]   Downloaded aws-lc-sys v0.23.1
[INFO] [stderr]   Downloaded fluvio-protocol v0.12.0
[INFO] running `Command { std: "docker" "create" "-v" "/var/lib/crater-agent-workspace/builds/worker-0-tc1/target:/opt/rustwide/target:rw,Z" "-v" "/var/lib/crater-agent-workspace/builds/worker-0-tc1/source:/opt/rustwide/workdir:ro,Z" "-v" "/var/lib/crater-agent-workspace/cargo-home:/opt/rustwide/cargo-home:ro,Z" "-v" "/var/lib/crater-agent-workspace/rustup-home:/opt/rustwide/rustup-home:ro,Z" "-e" "SOURCE_DIR=/opt/rustwide/workdir" "-e" "CARGO_TARGET_DIR=/opt/rustwide/target" "-e" "CARGO_HOME=/opt/rustwide/cargo-home" "-e" "RUSTUP_HOME=/opt/rustwide/rustup-home" "-w" "/opt/rustwide/workdir" "-m" "1610612736" "--user" "0:0" "--network" "none" "ghcr.io/rust-lang/crates-build-env/linux@sha256:f3a9d4ad9d972b27faf3965f35b62e55ba32bbce8f20bc8fe909558a86702fde" "/opt/rustwide/cargo-home/bin/cargo" "+1.83.0" "metadata" "--no-deps" "--format-version=1", kill_on_drop: false }`
[INFO] [stdout] 5dab1e80a4c3f4070c6c2775bd08b7e98b3979fe2129b1214308c032d47a2d01
[INFO] running `Command { std: "docker" "start" "-a" "5dab1e80a4c3f4070c6c2775bd08b7e98b3979fe2129b1214308c032d47a2d01", kill_on_drop: false }`
[INFO] running `Command { std: "docker" "inspect" "5dab1e80a4c3f4070c6c2775bd08b7e98b3979fe2129b1214308c032d47a2d01", kill_on_drop: false }`
[INFO] running `Command { std: "docker" "rm" "-f" "5dab1e80a4c3f4070c6c2775bd08b7e98b3979fe2129b1214308c032d47a2d01", kill_on_drop: false }`
[INFO] [stdout] 5dab1e80a4c3f4070c6c2775bd08b7e98b3979fe2129b1214308c032d47a2d01
[INFO] running `Command { std: "docker" "create" "-v" "/var/lib/crater-agent-workspace/builds/worker-0-tc1/target:/opt/rustwide/target:rw,Z" "-v" "/var/lib/crater-agent-workspace/builds/worker-0-tc1/source:/opt/rustwide/workdir:ro,Z" "-v" "/var/lib/crater-agent-workspace/cargo-home:/opt/rustwide/cargo-home:ro,Z" "-v" "/var/lib/crater-agent-workspace/rustup-home:/opt/rustwide/rustup-home:ro,Z" "-e" "SOURCE_DIR=/opt/rustwide/workdir" "-e" "CARGO_TARGET_DIR=/opt/rustwide/target" "-e" "CARGO_INCREMENTAL=0" "-e" "RUST_BACKTRACE=full" "-e" "RUSTFLAGS=--cap-lints=warn" "-e" "RUSTDOCFLAGS=--cap-lints=warn" "-e" "CARGO_HOME=/opt/rustwide/cargo-home" "-e" "RUSTUP_HOME=/opt/rustwide/rustup-home" "-w" "/opt/rustwide/workdir" "-m" "1610612736" "--user" "0:0" "--network" "none" "ghcr.io/rust-lang/crates-build-env/linux@sha256:f3a9d4ad9d972b27faf3965f35b62e55ba32bbce8f20bc8fe909558a86702fde" "/opt/rustwide/cargo-home/bin/cargo" "+1.83.0" "build" "--frozen" "--message-format=json", kill_on_drop: false }`
[INFO] [stdout] e285a9081d43ea7f64553b3c3bd73f875927c28f9e4fe85264e70a1e7da48b37
[INFO] running `Command { std: "docker" "start" "-a" "e285a9081d43ea7f64553b3c3bd73f875927c28f9e4fe85264e70a1e7da48b37", kill_on_drop: false }`
[INFO] [stderr]    Compiling proc-macro2 v1.0.92
[INFO] [stderr]    Compiling unicode-ident v1.0.14
[INFO] [stderr]    Compiling pin-project-lite v0.2.15
[INFO] [stderr]    Compiling crossbeam-utils v0.8.20
[INFO] [stderr]    Compiling once_cell v1.20.2
[INFO] [stderr]    Compiling serde v1.0.216
[INFO] [stderr]    Compiling libc v0.2.168
[INFO] [stderr]    Compiling parking v2.2.1
[INFO] [stderr]    Compiling futures-core v0.3.31
[INFO] [stderr]    Compiling futures-io v0.3.31
[INFO] [stderr]    Compiling tracing-core v0.1.33
[INFO] [stderr]    Compiling bitflags v2.6.0
[INFO] [stderr]    Compiling fastrand v2.3.0
[INFO] [stderr]    Compiling slab v0.4.9
[INFO] [stderr]    Compiling rustix v0.38.42
[INFO] [stderr]    Compiling linux-raw-sys v0.4.14
[INFO] [stderr]    Compiling jobserver v0.1.32
[INFO] [stderr]    Compiling quote v1.0.37
[INFO] [stderr]    Compiling concurrent-queue v2.5.0
[INFO] [stderr]    Compiling event-listener v5.3.1
[INFO] [stderr]    Compiling cc v1.2.4
[INFO] [stderr]    Compiling syn v2.0.90
[INFO] [stderr]    Compiling futures-lite v2.5.0
[INFO] [stderr]    Compiling async-task v4.7.1
[INFO] [stderr]    Compiling memchr v2.7.4
[INFO] [stderr]    Compiling event-listener-strategy v0.5.3
[INFO] [stderr]    Compiling hashbrown v0.15.2
[INFO] [stderr]    Compiling async-lock v3.4.0
[INFO] [stderr]    Compiling async-channel v2.3.1
[INFO] [stderr]    Compiling indexmap v2.7.0
[INFO] [stderr]    Compiling piper v0.2.4
[INFO] [stderr]    Compiling semver v1.0.24
[INFO] [stderr]    Compiling thiserror v1.0.69
[INFO] [stderr]    Compiling openssl-src v300.4.1+3.4.0
[INFO] [stderr]    Compiling value-bag v1.10.0
[INFO] [stderr]    Compiling signal-hook-registry v1.4.2
[INFO] [stderr]    Compiling blocking v1.6.1
[INFO] [stderr]    Compiling log v0.4.22
[INFO] [stderr]    Compiling winnow v0.6.20
[INFO] [stderr]    Compiling async-executor v1.13.1
[INFO] [stderr]    Compiling zstd-safe v7.2.1
[INFO] [stderr]    Compiling event-listener v2.5.3
[INFO] [stderr]    Compiling futures-sink v0.3.31
[INFO] [stderr]    Compiling anyhow v1.0.94
[INFO] [stderr]    Compiling openssl v0.10.68
[INFO] [stderr]    Compiling async-channel v1.9.0
[INFO] [stderr]    Compiling zstd-sys v2.0.13+zstd.1.5.6
[INFO] [stderr]    Compiling openssl-sys v0.9.104
[INFO] [stderr]    Compiling rustc_version v0.4.1
[INFO] [stderr]    Compiling kv-log-macro v1.0.7
[INFO] [stderr]    Compiling ident_case v1.0.1
[INFO] [stderr]    Compiling fnv v1.0.7
[INFO] [stderr]    Compiling strsim v0.11.1
[INFO] [stderr]    Compiling snap v1.1.1
[INFO] [stderr]    Compiling static_assertions v1.1.0
[INFO] [stderr]    Compiling futures-task v0.3.31
[INFO] [stderr]    Compiling twox-hash v1.6.3
[INFO] [stderr]    Compiling miniz_oxide v0.8.0
[INFO] [stderr]    Compiling crc32c v0.6.8
[INFO] [stderr]    Compiling socket2 v0.5.8
[INFO] [stderr]    Compiling bytes v1.9.0
[INFO] [stderr]    Compiling eyre v0.6.12
[INFO] [stderr]    Compiling flate2 v1.0.35
[INFO] [stderr]    Compiling lz4_flex v0.11.3
[INFO] [stderr]    Compiling syn v1.0.109
[INFO] [stderr]    Compiling itoa v1.0.14
[INFO] [stderr]    Compiling serde_json v1.0.133
[INFO] [stderr]    Compiling indenter v0.3.3
[INFO] [stderr]    Compiling darling_core v0.20.10
[INFO] [stderr]    Compiling content_inspector v0.2.4
[INFO] [stderr]    Compiling cfg_aliases v0.2.1
[INFO] [stderr]    Compiling lock_api v0.4.12
[INFO] [stderr]    Compiling nix v0.29.0
[INFO] [stderr]    Compiling unsafe-libyaml v0.2.11
[INFO] [stderr]    Compiling built v0.7.5
[INFO] [stderr]    Compiling fluvio-socket v0.15.0
[INFO] [stderr]    Compiling num-traits v0.2.19
[INFO] [stderr]    Compiling smallvec v1.13.2
[INFO] [stderr]    Compiling paste v1.0.15
[INFO] [stderr]    Compiling humantime v2.1.0
[INFO] [stderr]    Compiling parking_lot_core v0.9.10
[INFO] [stderr]    Compiling option-ext v0.2.0
[INFO] [stderr]    Compiling dirs-sys v0.4.1
[INFO] [stderr]    Compiling parking_lot v0.12.3
[INFO] [stderr]    Compiling serde_derive v1.0.216
[INFO] [stderr]    Compiling tracing-attributes v0.1.28
[INFO] [stderr]    Compiling thiserror-impl v1.0.69
[INFO] [stderr]    Compiling openssl-macros v0.1.1
[INFO] [stderr]    Compiling tokio-macros v2.4.0
[INFO] [stderr]    Compiling futures-macro v0.3.31
[INFO] [stderr]    Compiling pin-project-internal v1.1.7
[INFO] [stderr]    Compiling tokio v1.42.0
[INFO] [stderr]    Compiling tracing v0.1.41
[INFO] [stderr]    Compiling polling v3.7.4
[INFO] [stderr]    Compiling async-io v2.4.0
[INFO] [stderr]    Compiling async-trait v0.1.83
[INFO] [stderr]    Compiling futures-util v0.3.31
[INFO] [stderr]    Compiling async-signal v0.2.10
[INFO] [stderr]    Compiling async-process v2.3.0
[INFO] [stderr]    Compiling async-global-executor v2.4.1
[INFO] [stderr]    Compiling pin-project v1.1.7
[INFO] [stderr]    Compiling async-net v2.0.0
[INFO] [stderr]    Compiling darling_macro v0.20.10
[INFO] [stderr]    Compiling async-std v1.13.0
[INFO] [stderr]    Compiling tokio-util v0.7.13
[INFO] [stderr]    Compiling fluvio-protocol-derive v0.5.4
[INFO] [stderr]    Compiling darling v0.20.10
[INFO] [stderr]    Compiling flv-util v0.5.2
[INFO] [stderr]    Compiling derive_builder_core v0.20.2
[INFO] [stderr]    Compiling enum-ordinalize-derive v4.3.1
[INFO] [stderr]    Compiling fluvio-smartmodule-derive v0.6.4
[INFO] [stderr]    Compiling enum-ordinalize v4.3.0
[INFO] [stderr]    Compiling educe v0.6.0
[INFO] [stderr]    Compiling zstd v0.13.2
[INFO] [stderr]    Compiling derive_builder_macro v0.20.2
[INFO] [stderr]    Compiling tempfile v3.14.0
[INFO] [stderr]    Compiling fluvio v0.24.0 (/opt/rustwide/workdir)
[INFO] [stderr]    Compiling chrono v0.4.39
[INFO] [stderr]    Compiling dirs v5.0.1
[INFO] [stderr]    Compiling derive_builder v0.20.2
[INFO] [stderr]    Compiling siphasher v1.0.1
[INFO] [stderr]    Compiling serde_spanned v0.6.8
[INFO] [stderr]    Compiling toml_datetime v0.6.8
[INFO] [stderr]    Compiling serde_yaml v0.9.34+deprecated
[INFO] [stderr]    Compiling humantime-serde v1.1.1
[INFO] [stderr]    Compiling toml_edit v0.22.22
[INFO] [stderr]    Compiling bytesize v1.3.0
[INFO] [stderr]    Compiling lenient_semver_version_builder v0.4.2
[INFO] [stderr]    Compiling lenient_semver_parser v0.4.2
[INFO] [stderr]    Compiling lenient_semver v0.4.2
[INFO] [stderr]    Compiling k8-types v0.8.7
[INFO] [stderr]    Compiling toml v0.8.19
[INFO] [stderr]    Compiling fluvio-types v0.5.2
[INFO] [stderr]    Compiling fluvio-compression v0.3.4
[INFO] [stderr]    Compiling fluvio-stream-model v0.11.4
[INFO] [stderr]    Compiling fluvio-future v0.7.0
[INFO] [stderr]    Compiling fluvio-protocol v0.12.0
[INFO] [stderr]    Compiling fluvio-stream-dispatcher v0.13.7
[INFO] [stderr]    Compiling fluvio-smartmodule v0.8.0
[INFO] [stderr]    Compiling fluvio-controlplane-metadata v0.30.1
[INFO] [stderr]    Compiling fluvio-spu-schema v0.17.0
[INFO] [stderr]    Compiling fluvio-sc-schema v0.25.0
[INFO] [stderr]     Finished `dev` profile [unoptimized + debuginfo] target(s) in 6m 11s
[INFO] running `Command { std: "docker" "inspect" "e285a9081d43ea7f64553b3c3bd73f875927c28f9e4fe85264e70a1e7da48b37", kill_on_drop: false }`
[INFO] running `Command { std: "docker" "rm" "-f" "e285a9081d43ea7f64553b3c3bd73f875927c28f9e4fe85264e70a1e7da48b37", kill_on_drop: false }`
[INFO] [stdout] e285a9081d43ea7f64553b3c3bd73f875927c28f9e4fe85264e70a1e7da48b37
[INFO] running `Command { std: "docker" "create" "-v" "/var/lib/crater-agent-workspace/builds/worker-0-tc1/target:/opt/rustwide/target:rw,Z" "-v" "/var/lib/crater-agent-workspace/builds/worker-0-tc1/source:/opt/rustwide/workdir:ro,Z" "-v" "/var/lib/crater-agent-workspace/cargo-home:/opt/rustwide/cargo-home:ro,Z" "-v" "/var/lib/crater-agent-workspace/rustup-home:/opt/rustwide/rustup-home:ro,Z" "-e" "SOURCE_DIR=/opt/rustwide/workdir" "-e" "CARGO_TARGET_DIR=/opt/rustwide/target" "-e" "CARGO_INCREMENTAL=0" "-e" "RUST_BACKTRACE=full" "-e" "RUSTFLAGS=--cap-lints=warn" "-e" "RUSTDOCFLAGS=--cap-lints=warn" "-e" "CARGO_HOME=/opt/rustwide/cargo-home" "-e" "RUSTUP_HOME=/opt/rustwide/rustup-home" "-w" "/opt/rustwide/workdir" "-m" "1610612736" "--user" "0:0" "--network" "none" "ghcr.io/rust-lang/crates-build-env/linux@sha256:f3a9d4ad9d972b27faf3965f35b62e55ba32bbce8f20bc8fe909558a86702fde" "/opt/rustwide/cargo-home/bin/cargo" "+1.83.0" "test" "--frozen" "--no-run" "--message-format=json", kill_on_drop: false }`
[INFO] [stdout] 8dc0375759b54baba6c234f136c8cb31b77a6e897d3a9e5778f685e92667c91f
[INFO] running `Command { std: "docker" "start" "-a" "8dc0375759b54baba6c234f136c8cb31b77a6e897d3a9e5778f685e92667c91f", kill_on_drop: false }`
[INFO] [stderr]    Compiling tracing-core v0.1.33
[INFO] [stderr]    Compiling log v0.4.22
[INFO] [stderr]    Compiling regex-syntax v0.8.5
[INFO] [stderr]    Compiling regex-automata v0.1.10
[INFO] [stderr]    Compiling lazy_static v1.5.0
[INFO] [stderr]    Compiling overload v0.1.1
[INFO] [stderr]    Compiling thread_local v1.1.8
[INFO] [stderr]    Compiling fluvio-future-derive v0.1.0
[INFO] [stderr]    Compiling nu-ansi-term v0.46.0
[INFO] [stderr]    Compiling sharded-slab v0.1.7
[INFO] [stderr]    Compiling kv-log-macro v1.0.7
[INFO] [stderr]    Compiling tracing v0.1.41
[INFO] [stderr]    Compiling tracing-log v0.2.0
[INFO] [stderr]    Compiling matchers v0.1.0
[INFO] [stderr]    Compiling polling v3.7.4
[INFO] [stderr]    Compiling fluvio-types v0.5.2
[INFO] [stderr]    Compiling flv-util v0.5.2
[INFO] [stderr]    Compiling fluvio-stream-model v0.11.4
[INFO] [stderr]    Compiling async-io v2.4.0
[INFO] [stderr]    Compiling fluvio-compression v0.3.4
[INFO] [stderr]    Compiling fluvio-protocol-derive v0.5.4
[INFO] [stderr]    Compiling async-signal v0.2.10
[INFO] [stderr]    Compiling async-global-executor v2.4.1
[INFO] [stderr]    Compiling async-net v2.0.0
[INFO] [stderr]    Compiling async-process v2.3.0
[INFO] [stderr]    Compiling regex-automata v0.4.9
[INFO] [stderr]    Compiling async-std v1.13.0
[INFO] [stderr]    Compiling regex v1.11.1
[INFO] [stderr]    Compiling tracing-subscriber v0.3.19
[INFO] [stderr]    Compiling fluvio-future v0.7.0
[INFO] [stderr]    Compiling fluvio-protocol v0.12.0
[INFO] [stderr]    Compiling fluvio-stream-dispatcher v0.13.7
[INFO] [stderr]    Compiling fluvio-smartmodule v0.8.0
[INFO] [stderr]    Compiling fluvio-controlplane-metadata v0.30.1
[INFO] [stderr]    Compiling fluvio-socket v0.15.0
[INFO] [stderr]    Compiling fluvio-spu-schema v0.17.0
[INFO] [stderr]    Compiling fluvio-sc-schema v0.25.0
[INFO] [stderr]    Compiling fluvio v0.24.0 (/opt/rustwide/workdir)
[INFO] [stderr]     Finished `test` profile [unoptimized + debuginfo] target(s) in 1m 03s
[INFO] running `Command { std: "docker" "inspect" "8dc0375759b54baba6c234f136c8cb31b77a6e897d3a9e5778f685e92667c91f", kill_on_drop: false }`
[INFO] running `Command { std: "docker" "rm" "-f" "8dc0375759b54baba6c234f136c8cb31b77a6e897d3a9e5778f685e92667c91f", kill_on_drop: false }`
[INFO] [stdout] 8dc0375759b54baba6c234f136c8cb31b77a6e897d3a9e5778f685e92667c91f
[INFO] running `Command { std: "docker" "create" "-v" "/var/lib/crater-agent-workspace/builds/worker-0-tc1/target:/opt/rustwide/target:rw,Z" "-v" "/var/lib/crater-agent-workspace/builds/worker-0-tc1/source:/opt/rustwide/workdir:ro,Z" "-v" "/var/lib/crater-agent-workspace/cargo-home:/opt/rustwide/cargo-home:ro,Z" "-v" "/var/lib/crater-agent-workspace/rustup-home:/opt/rustwide/rustup-home:ro,Z" "-e" "SOURCE_DIR=/opt/rustwide/workdir" "-e" "CARGO_TARGET_DIR=/opt/rustwide/target" "-e" "CARGO_INCREMENTAL=0" "-e" "RUST_BACKTRACE=full" "-e" "RUSTFLAGS=--cap-lints=warn" "-e" "RUSTDOCFLAGS=--cap-lints=warn" "-e" "CARGO_HOME=/opt/rustwide/cargo-home" "-e" "RUSTUP_HOME=/opt/rustwide/rustup-home" "-w" "/opt/rustwide/workdir" "-m" "1610612736" "--user" "0:0" "--network" "none" "ghcr.io/rust-lang/crates-build-env/linux@sha256:f3a9d4ad9d972b27faf3965f35b62e55ba32bbce8f20bc8fe909558a86702fde" "/opt/rustwide/cargo-home/bin/cargo" "+1.83.0" "test" "--frozen", kill_on_drop: false }`
[INFO] [stdout] 663d11908b324143192bac29388b14f91d229a989d8f77d76649550c308ba588
[INFO] running `Command { std: "docker" "start" "-a" "663d11908b324143192bac29388b14f91d229a989d8f77d76649550c308ba588", kill_on_drop: false }`
[INFO] [stderr]     Finished `test` profile [unoptimized + debuginfo] target(s) in 0.48s
[INFO] [stderr]      Running unittests src/lib.rs (/opt/rustwide/target/debug/deps/fluvio-bd0f9731a2b2eba3)
[INFO] [stdout] 
[INFO] [stdout] running 59 tests
[INFO] [stdout] test config::cluster::test_metadata::test_create_metadata ... ok
[INFO] [stdout] test config::cluster::test_metadata::test_get_metadata_path ... ok
[INFO] [stdout] test config::config::test::test_default_path_home ... ok
[INFO] [stdout] test config::cluster::test_metadata::test_update_with_new_metadata ... ok
[INFO] [stdout] test config::config::test::test_config ... ok
[INFO] [stdout] test config::config::test::test_rename_profile ... ok
[INFO] [stdout] test config::config::test::test_local_cluster ... ok
[INFO] [stdout] test config::cluster::test_metadata::test_profile_with_metadata ... ok
[INFO] [stdout] test config::cluster::test_metadata::test_update_old_metadata ... ok
[INFO] [stdout] test config::config::test::test_set_tls ... ok
[INFO] [stdout] test consumer::offset::tests::test_flush_ignores_initial_state_sync ... ok
[INFO] [stdout] test consumer::offset::tests::test_flush_avoid_repeats_sync ... ok
[INFO] [stdout] test consumer::offset::tests::test_monotonic_update ... ok
[INFO] [stdout] test consumer::offset::tests::test_try_flush ... ok
[INFO] [stdout] test consumer::offset::tests::test_try_flush_avoid_repeats ... ok
[INFO] [stdout] test consumer::offset::tests::test_flush_sync ... ok
[INFO] [stdout] test consumer::offset::tests::test_flush_error_propagated_sync ... ok
[INFO] [stdout] test config::config::test::test_tls_save ... ok
[INFO] [stdout] test consumer::offset::tests::test_try_flush_ignores_initial_state ... ok
[INFO] [stdout] test consumer::stream::tests::test_multi_partition_stream_auto_commit_and_flush_on_drop_sync ... ok
[INFO] [stdout] test consumer::stream::tests::test_multi_partition_stream_commit_and_flush_on_manual_sync ... ok
[INFO] [stdout] test consumer::stream::tests::test_single_partition_stream_auto_commit_and_flush_on_drop_sync ... ok
[INFO] [stderr] [2m2024-12-15T04:38:41.611710Z[0m [31mERROR[0m [2mfluvio::consumer[0m[2m:[0m stream callback error: SendError(..)
[INFO] [stdout] test consumer::stream::tests::test_multi_partition_stream_flush_error_propagated_sync ... ok
[INFO] [stdout] test consumer::stream::tests::test_multi_partition_stream_works_sync ... ok
[INFO] [stdout] test consumer::stream::tests::test_none_offset_strategy_raise_error_on_commit_sync ... ok
[INFO] [stdout] test consumer::stream::tests::test_single_partition_stream_flush_error_propagated_sync ... ok
[INFO] [stdout] test consumer::tests::test_consumer_config_default ... ok
[INFO] [stdout] test offset::tests::test_offset_beginning ... ok
[INFO] [stdout] test consumer::stream::tests::test_none_offset_strategy_raise_error_on_flush_sync ... ok
[INFO] [stdout] test consumer::stream::tests::test_single_partition_stream_commit_and_flush_on_manual_sync ... ok
[INFO] [stdout] test consumer::stream::tests::test_single_partition_stream_works_sync ... ok
[INFO] [stdout] test offset::tests::test_offset_beginning_end_short_nonzero ... ok
[INFO] [stdout] test offset::tests::test_offset_beginning_start_nonzero ... ok
[INFO] [stdout] test offset::tests::test_offset_end ... ok
[INFO] [stdout] test offset::tests::test_offset_end_start_nonzero ... ok
[INFO] [stdout] test offset::tests::test_offset_end_short ... ok
[INFO] [stdout] test producer::accumulator::test::test_produce_partition_response_future_on_error_sync ... ok
[INFO] [stdout] test producer::accumulator::test::test_produce_partition_response_future_ready_sync ... ok
[INFO] [stdout] test producer::accumulator::test::test_produce_partition_response_future_not_found_sync ... ok
[INFO] [stdout] test offset::tests::test_offset_beginning_end_short ... ok
[INFO] [stdout] test producer::accumulator::test::test_produce_partition_response_future_resolved_sync ... ok
[INFO] [stdout] test producer::accumulator::test::test_producer_batch_push_and_not_full ... ok
[INFO] [stdout] test producer::accumulator::test::test_producer_batch_push_and_full ... ok
[INFO] [stdout] test producer::config::tests::test_retry_policy_exponential_iter ... ok
[INFO] [stdout] test producer::config::tests::test_retry_policy_fibonacci_iter ... ok
[INFO] [stdout] test producer::config::tests::test_retry_policy_fixed_iter ... ok
[INFO] [stdout] test producer::accumulator::test::test_producer_write_limit ... ok
[INFO] [stdout] test producer::config::tests::test_retry_policy_never_retry ... ok
[INFO] [stdout] test producer::memory_batch::test::test_convert_memory_batch_to_batch ... ok
[INFO] [stdout] test producer::partitioning::tests::test_parallel_partitioning ... ok
[INFO] [stdout] test producer::partitioning::tests::test_round_robin_individual ... ok
[INFO] [stdout] test producer::tests::test_topic_producer_should_detect_new_partitions_sync ... ok
[INFO] [stdout] test producer::memory_batch::test::test_is_the_first_record_from_batch_and_actual_batch_size_larger_then_batch_limit ... ok
[INFO] [stdout] test producer::memory_batch::test::test_memory_batch ... ok
[INFO] [stdout] test config::cluster::test_metadata::test_save_updated_metadata ... FAILED
[INFO] [stdout] test producer::event::test::test_event_handler_sync ... ok
[INFO] [stdout] test producer::accumulator::test::test_record_accumulator_sync ... ok
[INFO] [stdout] test consumer::stream::tests::test_multi_partition_stream_periodic_and_drop_flush_sync ... ok
[INFO] [stdout] test consumer::stream::tests::test_single_partition_stream_periodic_and_drop_flush_sync ... ok
[INFO] [stdout] 
[INFO] [stdout] failures:
[INFO] [stdout] 
[INFO] [stdout] ---- config::cluster::test_metadata::test_save_updated_metadata stdout ----
[INFO] [stdout] thread 'config::cluster::test_metadata::test_save_updated_metadata' panicked at src/config/cluster.rs:337:28:
[INFO] [stdout] failed to save config file: ClientConfig(ConfigFileError { msg: "\"test-data/profiles/updatable_config.toml\"", source: Os { code: 30, kind: ReadOnlyFilesystem, message: "Read-only file system" } })
[INFO] [stdout] stack backtrace:
[INFO] [stdout]    0:     0x6449f6edbfda - std::backtrace_rs::backtrace::libunwind::trace::h5a5b8284f2d0c266
[INFO] [stdout]                                at /rustc/90b35a6239c3d8bdabc530a6a0816f7ff89a0aaf/library/std/src/../../backtrace/src/backtrace/libunwind.rs:116:5
[INFO] [stdout]    1:     0x6449f6edbfda - std::backtrace_rs::backtrace::trace_unsynchronized::h76d4f1c9b0b875e3
[INFO] [stdout]                                at /rustc/90b35a6239c3d8bdabc530a6a0816f7ff89a0aaf/library/std/src/../../backtrace/src/backtrace/mod.rs:66:5
[INFO] [stdout]    2:     0x6449f6edbfda - std::sys::backtrace::_print_fmt::hc4546b8364a537c6
[INFO] [stdout]                                at /rustc/90b35a6239c3d8bdabc530a6a0816f7ff89a0aaf/library/std/src/sys/backtrace.rs:66:9
[INFO] [stdout]    3:     0x6449f6edbfda - <std::sys::backtrace::BacktraceLock::print::DisplayBacktrace as core::fmt::Display>::fmt::h5b6bd5631a6d1f6b
[INFO] [stdout]                                at /rustc/90b35a6239c3d8bdabc530a6a0816f7ff89a0aaf/library/std/src/sys/backtrace.rs:39:26
[INFO] [stdout]    4:     0x6449f6f03773 - core::fmt::rt::Argument::fmt::h270f6602a2b96f62
[INFO] [stdout]                                at /rustc/90b35a6239c3d8bdabc530a6a0816f7ff89a0aaf/library/core/src/fmt/rt.rs:177:76
[INFO] [stdout]    5:     0x6449f6f03773 - core::fmt::write::h7550c97b06c86515
[INFO] [stdout]                                at /rustc/90b35a6239c3d8bdabc530a6a0816f7ff89a0aaf/library/core/src/fmt/mod.rs:1186:21
[INFO] [stdout]    6:     0x6449f6ed8c33 - std::io::Write::write_fmt::h509ff860e5956e5e
[INFO] [stdout]                                at /rustc/90b35a6239c3d8bdabc530a6a0816f7ff89a0aaf/library/std/src/io/mod.rs:1839:15
[INFO] [stdout]    7:     0x6449f6edbe22 - std::sys::backtrace::BacktraceLock::print::h2395ccd2c84ba3aa
[INFO] [stdout]                                at /rustc/90b35a6239c3d8bdabc530a6a0816f7ff89a0aaf/library/std/src/sys/backtrace.rs:42:9
[INFO] [stdout]    8:     0x6449f6edd43a - std::panicking::default_hook::{{closure}}::he19d4c7230e07961
[INFO] [stdout]                                at /rustc/90b35a6239c3d8bdabc530a6a0816f7ff89a0aaf/library/std/src/panicking.rs:268:22
[INFO] [stdout]    9:     0x6449f6edd244 - std::panicking::default_hook::hf614597d3c67bbdb
[INFO] [stdout]                                at /rustc/90b35a6239c3d8bdabc530a6a0816f7ff89a0aaf/library/std/src/panicking.rs:292:9
[INFO] [stdout]   10:     0x6449f68e1b59 - <alloc::boxed::Box<F,A> as core::ops::function::Fn<Args>>::call::h39b51ce4599c23d1
[INFO] [stdout]                                at /rustc/90b35a6239c3d8bdabc530a6a0816f7ff89a0aaf/library/alloc/src/boxed.rs:2468:9
[INFO] [stdout]   11:     0x6449f68e1b59 - test::test_main::{{closure}}::he977ae839a582784
[INFO] [stdout]                                at /rustc/90b35a6239c3d8bdabc530a6a0816f7ff89a0aaf/library/test/src/lib.rs:133:21
[INFO] [stdout]   12:     0x6449f6eddad8 - <alloc::boxed::Box<F,A> as core::ops::function::Fn<Args>>::call::h9455091b6b06f9fb
[INFO] [stdout]                                at /rustc/90b35a6239c3d8bdabc530a6a0816f7ff89a0aaf/library/alloc/src/boxed.rs:2468:9
[INFO] [stdout]   13:     0x6449f6eddad8 - std::panicking::rust_panic_with_hook::h8942133a8b252070
[INFO] [stdout]                                at /rustc/90b35a6239c3d8bdabc530a6a0816f7ff89a0aaf/library/std/src/panicking.rs:809:13
[INFO] [stdout]   14:     0x6449f6edd89a - std::panicking::begin_panic_handler::{{closure}}::hb5f5963570096b29
[INFO] [stdout]                                at /rustc/90b35a6239c3d8bdabc530a6a0816f7ff89a0aaf/library/std/src/panicking.rs:674:13
[INFO] [stdout]   15:     0x6449f6edc4b9 - std::sys::backtrace::__rust_end_short_backtrace::h6208cedc1922feda
[INFO] [stdout]                                at /rustc/90b35a6239c3d8bdabc530a6a0816f7ff89a0aaf/library/std/src/sys/backtrace.rs:170:18
[INFO] [stdout]   16:     0x6449f6edd52c - rust_begin_unwind
[INFO] [stdout]                                at /rustc/90b35a6239c3d8bdabc530a6a0816f7ff89a0aaf/library/std/src/panicking.rs:665:5
[INFO] [stdout]   17:     0x6449f6615270 - core::panicking::panic_fmt::h0c3082644d1bf418
[INFO] [stdout]                                at /rustc/90b35a6239c3d8bdabc530a6a0816f7ff89a0aaf/library/core/src/panicking.rs:74:14
[INFO] [stdout]   18:     0x6449f66156f6 - core::result::unwrap_failed::hd20b4aa073bda1e2
[INFO] [stdout]                                at /rustc/90b35a6239c3d8bdabc530a6a0816f7ff89a0aaf/library/core/src/result.rs:1700:5
[INFO] [stdout]   19:     0x6449f67316a0 - core::result::Result<T,E>::expect::hfc6aeb2cbe7decaa
[INFO] [stdout]                                at /rustc/90b35a6239c3d8bdabc530a6a0816f7ff89a0aaf/library/core/src/result.rs:1061:23
[INFO] [stdout]   20:     0x6449f67250d1 - fluvio::config::cluster::test_metadata::test_save_updated_metadata::he12d043375c37dbe
[INFO] [stdout]                                at /opt/rustwide/workdir/src/config/cluster.rs:337:9
[INFO] [stdout]   21:     0x6449f6724417 - fluvio::config::cluster::test_metadata::test_save_updated_metadata::{{closure}}::h9296e7fa742e42da
[INFO] [stdout]                                at /opt/rustwide/workdir/src/config/cluster.rs:299:36
[INFO] [stdout]   22:     0x6449f6617b16 - core::ops::function::FnOnce::call_once::h5e3325cf41cf27a0
[INFO] [stdout]                                at /rustc/90b35a6239c3d8bdabc530a6a0816f7ff89a0aaf/library/core/src/ops/function.rs:250:5
[INFO] [stdout]   23:     0x6449f68e651b - core::ops::function::FnOnce::call_once::h109cf8051a59b34e
[INFO] [stdout]                                at /rustc/90b35a6239c3d8bdabc530a6a0816f7ff89a0aaf/library/core/src/ops/function.rs:250:5
[INFO] [stdout]   24:     0x6449f68e651b - test::__rust_begin_short_backtrace::hf4fff89d377446ba
[INFO] [stdout]                                at /rustc/90b35a6239c3d8bdabc530a6a0816f7ff89a0aaf/library/test/src/lib.rs:621:18
[INFO] [stdout]   25:     0x6449f68e5d57 - test::run_test_in_process::{{closure}}::h0e39181dd7ee5a43
[INFO] [stdout]                                at /rustc/90b35a6239c3d8bdabc530a6a0816f7ff89a0aaf/library/test/src/lib.rs:644:60
[INFO] [stdout]   26:     0x6449f68e5d57 - <core::panic::unwind_safe::AssertUnwindSafe<F> as core::ops::function::FnOnce<()>>::call_once::hc5a66a30f0bdfd1f
[INFO] [stdout]                                at /rustc/90b35a6239c3d8bdabc530a6a0816f7ff89a0aaf/library/core/src/panic/unwind_safe.rs:272:9
[INFO] [stdout]   27:     0x6449f68e5d57 - std::panicking::try::do_call::h873b7cf639554a5e
[INFO] [stdout]                                at /rustc/90b35a6239c3d8bdabc530a6a0816f7ff89a0aaf/library/std/src/panicking.rs:557:40
[INFO] [stdout]   28:     0x6449f68e5d57 - std::panicking::try::hdb19862fad9c8bd1
[INFO] [stdout]                                at /rustc/90b35a6239c3d8bdabc530a6a0816f7ff89a0aaf/library/std/src/panicking.rs:520:19
[INFO] [stdout]   29:     0x6449f68e5d57 - std::panic::catch_unwind::h281fe732d236d260
[INFO] [stdout]                                at /rustc/90b35a6239c3d8bdabc530a6a0816f7ff89a0aaf/library/std/src/panic.rs:358:14
[INFO] [stdout]   30:     0x6449f68e5d57 - test::run_test_in_process::h949b6df8457ed338
[INFO] [stdout]                                at /rustc/90b35a6239c3d8bdabc530a6a0816f7ff89a0aaf/library/test/src/lib.rs:644:27
[INFO] [stdout]   31:     0x6449f68e5d57 - test::run_test::{{closure}}::h52c556a6d4740e10
[INFO] [stdout]                                at /rustc/90b35a6239c3d8bdabc530a6a0816f7ff89a0aaf/library/test/src/lib.rs:565:43
[INFO] [stdout]   32:     0x6449f68ab034 - test::run_test::{{closure}}::h4237f6381c45ccb9
[INFO] [stdout]                                at /rustc/90b35a6239c3d8bdabc530a6a0816f7ff89a0aaf/library/test/src/lib.rs:595:41
[INFO] [stdout]   33:     0x6449f68ab034 - std::sys::backtrace::__rust_begin_short_backtrace::h505c97a579eca628
[INFO] [stdout]                                at /rustc/90b35a6239c3d8bdabc530a6a0816f7ff89a0aaf/library/std/src/sys/backtrace.rs:154:18
[INFO] [stdout]   34:     0x6449f68ae6fe - std::thread::Builder::spawn_unchecked_::{{closure}}::{{closure}}::h9e86b2e2bc107ea3
[INFO] [stdout]                                at /rustc/90b35a6239c3d8bdabc530a6a0816f7ff89a0aaf/library/std/src/thread/mod.rs:538:17
[INFO] [stdout]   35:     0x6449f68ae6fe - <core::panic::unwind_safe::AssertUnwindSafe<F> as core::ops::function::FnOnce<()>>::call_once::h8b06ddb275ff4a25
[INFO] [stdout]                                at /rustc/90b35a6239c3d8bdabc530a6a0816f7ff89a0aaf/library/core/src/panic/unwind_safe.rs:272:9
[INFO] [stdout]   36:     0x6449f68ae6fe - std::panicking::try::do_call::hb26ecd7cd9a9355d
[INFO] [stdout]                                at /rustc/90b35a6239c3d8bdabc530a6a0816f7ff89a0aaf/library/std/src/panicking.rs:557:40
[INFO] [stdout]   37:     0x6449f68ae6fe - std::panicking::try::h8ddeca9d705f9069
[INFO] [stdout]                                at /rustc/90b35a6239c3d8bdabc530a6a0816f7ff89a0aaf/library/std/src/panicking.rs:520:19
[INFO] [stdout]   38:     0x6449f68ae6fe - std::panic::catch_unwind::h49e1c33078844c46
[INFO] [stdout]                                at /rustc/90b35a6239c3d8bdabc530a6a0816f7ff89a0aaf/library/std/src/panic.rs:358:14
[INFO] [stdout]   39:     0x6449f68ae6fe - std::thread::Builder::spawn_unchecked_::{{closure}}::h6073db6ff56ad35d
[INFO] [stdout]                                at /rustc/90b35a6239c3d8bdabc530a6a0816f7ff89a0aaf/library/std/src/thread/mod.rs:537:30
[INFO] [stdout]   40:     0x6449f68ae6fe - core::ops::function::FnOnce::call_once{{vtable.shim}}::h2c5a5f3779c774f1
[INFO] [stdout]                                at /rustc/90b35a6239c3d8bdabc530a6a0816f7ff89a0aaf/library/core/src/ops/function.rs:250:5
[INFO] [stdout]   41:     0x6449f6ee18eb - <alloc::boxed::Box<F,A> as core::ops::function::FnOnce<Args>>::call_once::hf75717d9f28faebf
[INFO] [stdout]                                at /rustc/90b35a6239c3d8bdabc530a6a0816f7ff89a0aaf/library/alloc/src/boxed.rs:2454:9
[INFO] [stdout]   42:     0x6449f6ee18eb - <alloc::boxed::Box<F,A> as core::ops::function::FnOnce<Args>>::call_once::h7bd883a5f3c5f3c1
[INFO] [stdout]                                at /rustc/90b35a6239c3d8bdabc530a6a0816f7ff89a0aaf/library/alloc/src/boxed.rs:2454:9
[INFO] [stdout]   43:     0x6449f6ee18eb - std::sys::pal::unix::thread::Thread::new::thread_start::hcc78f3943333fa94
[INFO] [stdout]                                at /rustc/90b35a6239c3d8bdabc530a6a0816f7ff89a0aaf/library/std/src/sys/pal/unix/thread.rs:105:17
[INFO] [stdout]   44:     0x72f8b7201ac3 - <unknown>
[INFO] [stdout]   45:     0x72f8b7292a04 - clone
[INFO] [stdout]   46:                0x0 - <unknown>
[INFO] [stdout] 
[INFO] [stdout] 
[INFO] [stdout] failures:
[INFO] [stdout]     config::cluster::test_metadata::test_save_updated_metadata
[INFO] [stdout] 
[INFO] [stdout] test result: FAILED. 58 passed; 1 failed; 0 ignored; 0 measured; 0 filtered out; finished in 2.08s
[INFO] [stdout] 
[INFO] [stderr] error: test failed, to rerun pass `--lib`
[INFO] running `Command { std: "docker" "inspect" "663d11908b324143192bac29388b14f91d229a989d8f77d76649550c308ba588", kill_on_drop: false }`
[INFO] running `Command { std: "docker" "rm" "-f" "663d11908b324143192bac29388b14f91d229a989d8f77d76649550c308ba588", kill_on_drop: false }`
[INFO] [stdout] 663d11908b324143192bac29388b14f91d229a989d8f77d76649550c308ba588
