[INFO] fetching crate fluentbit 0.1.1...
[INFO] testing fluentbit-0.1.1 against 1.83.0 for beta-1.84.0-4-retry
[INFO] extracting crate fluentbit 0.1.1 into /workspace/builds/worker-3-tc1/source
[INFO] validating manifest of crates.io crate fluentbit 0.1.1 on toolchain 1.83.0
[INFO] running `Command { std: CARGO_HOME="/workspace/cargo-home" RUSTUP_HOME="/workspace/rustup-home" "/workspace/cargo-home/bin/cargo" "+1.83.0" "metadata" "--manifest-path" "Cargo.toml" "--no-deps", kill_on_drop: false }`
[INFO] started tweaking crates.io crate fluentbit 0.1.1
[INFO] finished tweaking crates.io crate fluentbit 0.1.1
[INFO] tweaked toml for crates.io crate fluentbit 0.1.1 written to /workspace/builds/worker-3-tc1/source/Cargo.toml
[INFO] running `Command { std: CARGO_HOME="/workspace/cargo-home" RUSTUP_HOME="/workspace/rustup-home" "/workspace/cargo-home/bin/cargo" "+1.83.0" "generate-lockfile" "--manifest-path" "Cargo.toml", kill_on_drop: false }`
[INFO] [stderr]     Updating crates.io index
[INFO] [stderr]      Locking 2 packages to latest compatible versions
[INFO] running `Command { std: CARGO_HOME="/workspace/cargo-home" RUSTUP_HOME="/workspace/rustup-home" "/workspace/cargo-home/bin/cargo" "+1.83.0" "fetch" "--manifest-path" "Cargo.toml", kill_on_drop: false }`
[INFO] [stderr]     Blocking waiting for file lock on package cache
[INFO] [stderr]     Blocking waiting for file lock on package cache
[INFO] running `Command { std: "docker" "create" "-v" "/var/lib/crater-agent-workspace/builds/worker-3-tc1/target:/opt/rustwide/target:rw,Z" "-v" "/var/lib/crater-agent-workspace/builds/worker-3-tc1/source:/opt/rustwide/workdir:ro,Z" "-v" "/var/lib/crater-agent-workspace/cargo-home:/opt/rustwide/cargo-home:ro,Z" "-v" "/var/lib/crater-agent-workspace/rustup-home:/opt/rustwide/rustup-home:ro,Z" "-e" "SOURCE_DIR=/opt/rustwide/workdir" "-e" "CARGO_TARGET_DIR=/opt/rustwide/target" "-e" "CARGO_HOME=/opt/rustwide/cargo-home" "-e" "RUSTUP_HOME=/opt/rustwide/rustup-home" "-w" "/opt/rustwide/workdir" "-m" "1610612736" "--user" "0:0" "--network" "none" "ghcr.io/rust-lang/crates-build-env/linux@sha256:f3a9d4ad9d972b27faf3965f35b62e55ba32bbce8f20bc8fe909558a86702fde" "/opt/rustwide/cargo-home/bin/cargo" "+1.83.0" "metadata" "--no-deps" "--format-version=1", kill_on_drop: false }`
[INFO] [stdout] b167557434c52340040d6b6f3fbf42a191548205e0a0727f33be0e0e9d9d166f
[INFO] running `Command { std: "docker" "start" "-a" "b167557434c52340040d6b6f3fbf42a191548205e0a0727f33be0e0e9d9d166f", kill_on_drop: false }`
[INFO] running `Command { std: "docker" "inspect" "b167557434c52340040d6b6f3fbf42a191548205e0a0727f33be0e0e9d9d166f", kill_on_drop: false }`
[INFO] running `Command { std: "docker" "rm" "-f" "b167557434c52340040d6b6f3fbf42a191548205e0a0727f33be0e0e9d9d166f", kill_on_drop: false }`
[INFO] [stdout] b167557434c52340040d6b6f3fbf42a191548205e0a0727f33be0e0e9d9d166f
[INFO] running `Command { std: "docker" "create" "-v" "/var/lib/crater-agent-workspace/builds/worker-3-tc1/target:/opt/rustwide/target:rw,Z" "-v" "/var/lib/crater-agent-workspace/builds/worker-3-tc1/source:/opt/rustwide/workdir:ro,Z" "-v" "/var/lib/crater-agent-workspace/cargo-home:/opt/rustwide/cargo-home:ro,Z" "-v" "/var/lib/crater-agent-workspace/rustup-home:/opt/rustwide/rustup-home:ro,Z" "-e" "SOURCE_DIR=/opt/rustwide/workdir" "-e" "CARGO_TARGET_DIR=/opt/rustwide/target" "-e" "CARGO_INCREMENTAL=0" "-e" "RUST_BACKTRACE=full" "-e" "RUSTFLAGS=--cap-lints=warn" "-e" "RUSTDOCFLAGS=--cap-lints=warn" "-e" "CARGO_HOME=/opt/rustwide/cargo-home" "-e" "RUSTUP_HOME=/opt/rustwide/rustup-home" "-w" "/opt/rustwide/workdir" "-m" "1610612736" "--user" "0:0" "--network" "none" "ghcr.io/rust-lang/crates-build-env/linux@sha256:f3a9d4ad9d972b27faf3965f35b62e55ba32bbce8f20bc8fe909558a86702fde" "/opt/rustwide/cargo-home/bin/cargo" "+1.83.0" "build" "--frozen" "--message-format=json", kill_on_drop: false }`
[INFO] [stdout] 10d571d17e43bc898ec4c26a446cdf1a3fe3b05e86adef32c2efb3eea19e8f93
[INFO] running `Command { std: "docker" "start" "-a" "10d571d17e43bc898ec4c26a446cdf1a3fe3b05e86adef32c2efb3eea19e8f93", kill_on_drop: false }`
[INFO] [stderr]    Compiling libc v0.2.168
[INFO] [stderr]    Compiling lazy_static v1.5.0
[INFO] [stderr]    Compiling fluentbit v0.1.1 (/opt/rustwide/workdir)
[INFO] [stderr]     Finished `dev` profile [unoptimized + debuginfo] target(s) in 1.65s
[INFO] running `Command { std: "docker" "inspect" "10d571d17e43bc898ec4c26a446cdf1a3fe3b05e86adef32c2efb3eea19e8f93", kill_on_drop: false }`
[INFO] running `Command { std: "docker" "rm" "-f" "10d571d17e43bc898ec4c26a446cdf1a3fe3b05e86adef32c2efb3eea19e8f93", kill_on_drop: false }`
[INFO] [stdout] 10d571d17e43bc898ec4c26a446cdf1a3fe3b05e86adef32c2efb3eea19e8f93
[INFO] running `Command { std: "docker" "create" "-v" "/var/lib/crater-agent-workspace/builds/worker-3-tc1/target:/opt/rustwide/target:rw,Z" "-v" "/var/lib/crater-agent-workspace/builds/worker-3-tc1/source:/opt/rustwide/workdir:ro,Z" "-v" "/var/lib/crater-agent-workspace/cargo-home:/opt/rustwide/cargo-home:ro,Z" "-v" "/var/lib/crater-agent-workspace/rustup-home:/opt/rustwide/rustup-home:ro,Z" "-e" "SOURCE_DIR=/opt/rustwide/workdir" "-e" "CARGO_TARGET_DIR=/opt/rustwide/target" "-e" "CARGO_INCREMENTAL=0" "-e" "RUST_BACKTRACE=full" "-e" "RUSTFLAGS=--cap-lints=warn" "-e" "RUSTDOCFLAGS=--cap-lints=warn" "-e" "CARGO_HOME=/opt/rustwide/cargo-home" "-e" "RUSTUP_HOME=/opt/rustwide/rustup-home" "-w" "/opt/rustwide/workdir" "-m" "1610612736" "--user" "0:0" "--network" "none" "ghcr.io/rust-lang/crates-build-env/linux@sha256:f3a9d4ad9d972b27faf3965f35b62e55ba32bbce8f20bc8fe909558a86702fde" "/opt/rustwide/cargo-home/bin/cargo" "+1.83.0" "test" "--frozen" "--no-run" "--message-format=json", kill_on_drop: false }`
[INFO] [stdout] ba9a5cf3766a353116e813b2b47a3c84b8aff7b976c698031d754164a8988d7d
[INFO] running `Command { std: "docker" "start" "-a" "ba9a5cf3766a353116e813b2b47a3c84b8aff7b976c698031d754164a8988d7d", kill_on_drop: false }`
[INFO] [stderr]    Compiling fluentbit v0.1.1 (/opt/rustwide/workdir)
[INFO] [stderr]     Finished `test` profile [unoptimized + debuginfo] target(s) in 0.33s
[INFO] running `Command { std: "docker" "inspect" "ba9a5cf3766a353116e813b2b47a3c84b8aff7b976c698031d754164a8988d7d", kill_on_drop: false }`
[INFO] running `Command { std: "docker" "rm" "-f" "ba9a5cf3766a353116e813b2b47a3c84b8aff7b976c698031d754164a8988d7d", kill_on_drop: false }`
[INFO] [stdout] ba9a5cf3766a353116e813b2b47a3c84b8aff7b976c698031d754164a8988d7d
[INFO] running `Command { std: "docker" "create" "-v" "/var/lib/crater-agent-workspace/builds/worker-3-tc1/target:/opt/rustwide/target:rw,Z" "-v" "/var/lib/crater-agent-workspace/builds/worker-3-tc1/source:/opt/rustwide/workdir:ro,Z" "-v" "/var/lib/crater-agent-workspace/cargo-home:/opt/rustwide/cargo-home:ro,Z" "-v" "/var/lib/crater-agent-workspace/rustup-home:/opt/rustwide/rustup-home:ro,Z" "-e" "SOURCE_DIR=/opt/rustwide/workdir" "-e" "CARGO_TARGET_DIR=/opt/rustwide/target" "-e" "CARGO_INCREMENTAL=0" "-e" "RUST_BACKTRACE=full" "-e" "RUSTFLAGS=--cap-lints=warn" "-e" "RUSTDOCFLAGS=--cap-lints=warn" "-e" "CARGO_HOME=/opt/rustwide/cargo-home" "-e" "RUSTUP_HOME=/opt/rustwide/rustup-home" "-w" "/opt/rustwide/workdir" "-m" "1610612736" "--user" "0:0" "--network" "none" "ghcr.io/rust-lang/crates-build-env/linux@sha256:f3a9d4ad9d972b27faf3965f35b62e55ba32bbce8f20bc8fe909558a86702fde" "/opt/rustwide/cargo-home/bin/cargo" "+1.83.0" "test" "--frozen", kill_on_drop: false }`
[INFO] [stdout] 8a0776db1feed5e546f83a09647ad400aa89fe1196f4f2fbd9df2964836b9b97
[INFO] running `Command { std: "docker" "start" "-a" "8a0776db1feed5e546f83a09647ad400aa89fe1196f4f2fbd9df2964836b9b97", kill_on_drop: false }`
[INFO] [stderr]     Finished `test` profile [unoptimized + debuginfo] target(s) in 0.02s
[INFO] [stderr]      Running unittests src/lib.rs (/opt/rustwide/target/debug/deps/fluentbit-9ca5303e4104d965)
[INFO] [stdout] 
[INFO] [stdout] running 0 tests
[INFO] [stdout] 
[INFO] [stdout] test result: ok. 0 passed; 0 failed; 0 ignored; 0 measured; 0 filtered out; finished in 0.00s
[INFO] [stdout] 
[INFO] [stderr]    Doc-tests fluentbit
[INFO] [stdout] 
[INFO] [stdout] running 5 tests
[INFO] [stdout] test src/lib.rs - (line 31) ... FAILED
[INFO] [stdout] test src/lib.rs - (line 17) ... FAILED
[INFO] [stdout] test src/lib.rs - (line 25) ... FAILED
[INFO] [stdout] test src/lib.rs - (line 95) ... FAILED
[INFO] [stdout] test src/lib.rs - (line 48) ... FAILED
[INFO] [stdout] 
[INFO] [stdout] failures:
[INFO] [stdout] 
[INFO] [stdout] ---- src/lib.rs - (line 31) stdout ----
[INFO] [stdout] error: character literal may only contain one codepoint
[INFO] [stdout]   --> src/lib.rs:39:46
[INFO] [stdout]    |
[INFO] [stdout] 10 |  -m, --match=MATCH    set plugin match, same as '-p match=abc'
[INFO] [stdout]    |                                                 ^^^^^^^^^^^^^^
[INFO] [stdout]    |
[INFO] [stdout] help: if you meant to write a string literal, use double quotes
[INFO] [stdout]    |
[INFO] [stdout] 10 |  -m, --match=MATCH    set plugin match, same as "-p match=abc"
[INFO] [stdout]    |                                                 ~            ~
[INFO] [stdout] 
[INFO] [stdout] error: expected expression, found `$`
[INFO] [stdout]  --> src/lib.rs:32:1
[INFO] [stdout]   |
[INFO] [stdout] 3 | $ bin/fluent-bit -h
[INFO] [stdout]   | ^ expected expression
[INFO] [stdout] 
[INFO] [stdout] error: aborting due to 2 previous errors
[INFO] [stdout] 
[INFO] [stdout] Couldn't compile the test.
[INFO] [stdout] ---- src/lib.rs - (line 17) stdout ----
[INFO] [stdout] error: expected `;`, found keyword `crate`
[INFO] [stdout]  --> src/lib.rs:18:6
[INFO] [stdout]   |
[INFO] [stdout] 3 | [lib]
[INFO] [stdout]   |      ^ help: add `;` here
[INFO] [stdout] 4 | crate-type=["cdylib"]
[INFO] [stdout]   | ----- unexpected token
[INFO] [stdout] 
[INFO] [stdout] error: expected expression, found keyword `type`
[INFO] [stdout]  --> src/lib.rs:19:7
[INFO] [stdout]   |
[INFO] [stdout] 4 | crate-type=["cdylib"]
[INFO] [stdout]   |       ^^^^ expected expression
[INFO] [stdout] 
[INFO] [stdout] error: aborting due to 2 previous errors
[INFO] [stdout] 
[INFO] [stdout] Couldn't compile the test.
[INFO] [stdout] ---- src/lib.rs - (line 25) stdout ----
[INFO] [stdout] error: expected expression, found `$`
[INFO] [stdout]  --> src/lib.rs:26:1
[INFO] [stdout]   |
[INFO] [stdout] 3 | $ cd build/
[INFO] [stdout]   | ^ expected expression
[INFO] [stdout] 
[INFO] [stdout] error: aborting due to 1 previous error
[INFO] [stdout] 
[INFO] [stdout] Couldn't compile the test.
[INFO] [stdout] ---- src/lib.rs - (line 95) stdout ----
[INFO] [stdout] error: expected one of `!`, `.`, `::`, `;`, `?`, `{`, `}`, or an operator, found `build`
[INFO] [stdout]  --> src/lib.rs:96:7
[INFO] [stdout]   |
[INFO] [stdout] 3 | cargo build --release
[INFO] [stdout]   |       ^^^^^ expected one of 8 possible tokens
[INFO] [stdout] 
[INFO] [stdout] error: aborting due to 1 previous error
[INFO] [stdout] 
[INFO] [stdout] Couldn't compile the test.
[INFO] [stdout] ---- src/lib.rs - (line 48) stdout ----
[INFO] [stdout] error[E0463]: can't find crate for `rmpv`
[INFO] [stdout]  --> src/lib.rs:52:1
[INFO] [stdout]   |
[INFO] [stdout] 6 | extern crate rmpv;
[INFO] [stdout]   | ^^^^^^^^^^^^^^^^^^ can't find crate
[INFO] [stdout] 
[INFO] [stdout] error[E0463]: can't find crate for `serde_json`
[INFO] [stdout]  --> src/lib.rs:53:1
[INFO] [stdout]   |
[INFO] [stdout] 7 | extern crate serde_json;
[INFO] [stdout]   | ^^^^^^^^^^^^^^^^^^^^^^^^ can't find crate
[INFO] [stdout] 
[INFO] [stdout] error[E0463]: can't find crate for `serde`
[INFO] [stdout]  --> src/lib.rs:55:1
[INFO] [stdout]   |
[INFO] [stdout] 9 | extern crate serde;
[INFO] [stdout]   | ^^^^^^^^^^^^^^^^^^^ can't find crate
[INFO] [stdout] 
[INFO] [stdout] error[E0468]: an `extern crate` loading macros must be at the crate root
[INFO] [stdout]   --> src/lib.rs:91:1
[INFO] [stdout]    |
[INFO] [stdout] 45 | create_boilerplate!(JsonExample::default());
[INFO] [stdout]    | ^^^^^^^^^^^^^^^^^^^^^^^^^^^^^^^^^^^^^^^^^^^
[INFO] [stdout]    |
[INFO] [stdout]    = note: this error originates in the macro `create_boilerplate` (in Nightly builds, run with -Z macro-backtrace for more info)
[INFO] [stdout] 
[INFO] [stdout] error: aborting due to 4 previous errors
[INFO] [stdout] 
[INFO] [stdout] Some errors have detailed explanations: E0463, E0468.
[INFO] [stdout] For more information about an error, try `rustc --explain E0463`.
[INFO] [stdout] Couldn't compile the test.
[INFO] [stdout] 
[INFO] [stdout] failures:
[INFO] [stdout]     src/lib.rs - (line 17)
[INFO] [stdout]     src/lib.rs - (line 25)
[INFO] [stdout]     src/lib.rs - (line 31)
[INFO] [stdout]     src/lib.rs - (line 48)
[INFO] [stdout]     src/lib.rs - (line 95)
[INFO] [stdout] 
[INFO] [stdout] test result: FAILED. 0 passed; 5 failed; 0 ignored; 0 measured; 0 filtered out; finished in 0.10s
[INFO] [stdout] 
[INFO] [stderr] error: doctest failed, to rerun pass `--doc`
[INFO] running `Command { std: "docker" "inspect" "8a0776db1feed5e546f83a09647ad400aa89fe1196f4f2fbd9df2964836b9b97", kill_on_drop: false }`
[INFO] running `Command { std: "docker" "rm" "-f" "8a0776db1feed5e546f83a09647ad400aa89fe1196f4f2fbd9df2964836b9b97", kill_on_drop: false }`
[INFO] [stdout] 8a0776db1feed5e546f83a09647ad400aa89fe1196f4f2fbd9df2964836b9b97
