[INFO] fetching crate fltk-extras 0.1.8...
[INFO] testing fltk-extras-0.1.8 against 1.83.0 for beta-1.84.0-4-retry
[INFO] extracting crate fltk-extras 0.1.8 into /workspace/builds/worker-6-tc1/source
[INFO] validating manifest of crates.io crate fltk-extras 0.1.8 on toolchain 1.83.0
[INFO] running `Command { std: CARGO_HOME="/workspace/cargo-home" RUSTUP_HOME="/workspace/rustup-home" "/workspace/cargo-home/bin/cargo" "+1.83.0" "metadata" "--manifest-path" "Cargo.toml" "--no-deps", kill_on_drop: false }`
[INFO] started tweaking crates.io crate fltk-extras 0.1.8
[INFO] finished tweaking crates.io crate fltk-extras 0.1.8
[INFO] tweaked toml for crates.io crate fltk-extras 0.1.8 written to /workspace/builds/worker-6-tc1/source/Cargo.toml
[INFO] crate crates.io crate fltk-extras 0.1.8 already has a lockfile, it will not be regenerated
[INFO] running `Command { std: CARGO_HOME="/workspace/cargo-home" RUSTUP_HOME="/workspace/rustup-home" "/workspace/cargo-home/bin/cargo" "+1.83.0" "fetch" "--manifest-path" "Cargo.toml", kill_on_drop: false }`
[INFO] [stderr]  Downloading crates ...
[INFO] [stderr]   Downloaded bitflags v2.1.0
[INFO] [stderr]   Downloaded tiny-skia-path v0.11.1
[INFO] [stderr]   Downloaded tiny-skia v0.11.1
[INFO] [stderr]   Downloaded fltk v1.4.10
[INFO] [stderr]   Downloaded fltk-sys v1.4.10
[INFO] running `Command { std: "docker" "create" "-v" "/var/lib/crater-agent-workspace/builds/worker-6-tc1/target:/opt/rustwide/target:rw,Z" "-v" "/var/lib/crater-agent-workspace/builds/worker-6-tc1/source:/opt/rustwide/workdir:ro,Z" "-v" "/var/lib/crater-agent-workspace/cargo-home:/opt/rustwide/cargo-home:ro,Z" "-v" "/var/lib/crater-agent-workspace/rustup-home:/opt/rustwide/rustup-home:ro,Z" "-e" "SOURCE_DIR=/opt/rustwide/workdir" "-e" "CARGO_TARGET_DIR=/opt/rustwide/target" "-e" "CARGO_HOME=/opt/rustwide/cargo-home" "-e" "RUSTUP_HOME=/opt/rustwide/rustup-home" "-w" "/opt/rustwide/workdir" "-m" "1610612736" "--user" "0:0" "--network" "none" "ghcr.io/rust-lang/crates-build-env/linux@sha256:f3a9d4ad9d972b27faf3965f35b62e55ba32bbce8f20bc8fe909558a86702fde" "/opt/rustwide/cargo-home/bin/cargo" "+1.83.0" "metadata" "--no-deps" "--format-version=1", kill_on_drop: false }`
[INFO] [stdout] fda747a69fa4a1eedd45066a18067e922c210905079ce94a783259608dbea279
[INFO] running `Command { std: "docker" "start" "-a" "fda747a69fa4a1eedd45066a18067e922c210905079ce94a783259608dbea279", kill_on_drop: false }`
[INFO] running `Command { std: "docker" "inspect" "fda747a69fa4a1eedd45066a18067e922c210905079ce94a783259608dbea279", kill_on_drop: false }`
[INFO] running `Command { std: "docker" "rm" "-f" "fda747a69fa4a1eedd45066a18067e922c210905079ce94a783259608dbea279", kill_on_drop: false }`
[INFO] [stdout] fda747a69fa4a1eedd45066a18067e922c210905079ce94a783259608dbea279
[INFO] running `Command { std: "docker" "create" "-v" "/var/lib/crater-agent-workspace/builds/worker-6-tc1/target:/opt/rustwide/target:rw,Z" "-v" "/var/lib/crater-agent-workspace/builds/worker-6-tc1/source:/opt/rustwide/workdir:ro,Z" "-v" "/var/lib/crater-agent-workspace/cargo-home:/opt/rustwide/cargo-home:ro,Z" "-v" "/var/lib/crater-agent-workspace/rustup-home:/opt/rustwide/rustup-home:ro,Z" "-e" "SOURCE_DIR=/opt/rustwide/workdir" "-e" "CARGO_TARGET_DIR=/opt/rustwide/target" "-e" "CARGO_INCREMENTAL=0" "-e" "RUST_BACKTRACE=full" "-e" "RUSTFLAGS=--cap-lints=warn" "-e" "RUSTDOCFLAGS=--cap-lints=warn" "-e" "CARGO_HOME=/opt/rustwide/cargo-home" "-e" "RUSTUP_HOME=/opt/rustwide/rustup-home" "-w" "/opt/rustwide/workdir" "-m" "1610612736" "--user" "0:0" "--network" "none" "ghcr.io/rust-lang/crates-build-env/linux@sha256:f3a9d4ad9d972b27faf3965f35b62e55ba32bbce8f20bc8fe909558a86702fde" "/opt/rustwide/cargo-home/bin/cargo" "+1.83.0" "build" "--frozen" "--message-format=json", kill_on_drop: false }`
[INFO] [stdout] e260cddef64cdd98620eaf2af1c3ff36d43ff2c8d809a26bb0bf77d88d264ca3
[INFO] running `Command { std: "docker" "start" "-a" "e260cddef64cdd98620eaf2af1c3ff36d43ff2c8d809a26bb0bf77d88d264ca3", kill_on_drop: false }`
[INFO] [stderr]    Compiling crc32fast v1.3.2
[INFO] [stderr]    Compiling simd-adler32 v0.3.7
[INFO] [stderr]    Compiling cc v1.0.78
[INFO] [stderr]    Compiling crossbeam-utils v0.8.14
[INFO] [stderr]    Compiling adler v1.0.2
[INFO] [stderr]    Compiling paste v1.0.11
[INFO] [stderr]    Compiling strict-num v0.1.1
[INFO] [stderr]    Compiling bitflags v1.3.2
[INFO] [stderr]    Compiling arrayref v0.3.7
[INFO] [stderr]    Compiling bytemuck v1.13.1
[INFO] [stderr]    Compiling log v0.4.20
[INFO] [stderr]    Compiling arrayvec v0.7.4
[INFO] [stderr]    Compiling ttf-parser v0.19.1
[INFO] [stderr]    Compiling bitflags v2.1.0
[INFO] [stderr]    Compiling tiny-skia-path v0.11.1
[INFO] [stderr]    Compiling miniz_oxide v0.7.1
[INFO] [stderr]    Compiling fdeflate v0.3.0
[INFO] [stderr]    Compiling crossbeam-channel v0.5.6
[INFO] [stderr]    Compiling cmake v0.1.49
[INFO] [stderr]    Compiling flate2 v1.0.27
[INFO] [stderr]    Compiling fltk-sys v1.4.10
[INFO] [stderr]    Compiling png v0.17.10
[INFO] [stderr]    Compiling tiny-skia v0.11.1
[INFO] [stderr]    Compiling fltk v1.4.10
[INFO] [stderr]    Compiling fltk-extras v0.1.8 (/opt/rustwide/workdir)
[INFO] [stderr]     Finished `dev` profile [unoptimized + debuginfo] target(s) in 1m 39s
[INFO] running `Command { std: "docker" "inspect" "e260cddef64cdd98620eaf2af1c3ff36d43ff2c8d809a26bb0bf77d88d264ca3", kill_on_drop: false }`
[INFO] running `Command { std: "docker" "rm" "-f" "e260cddef64cdd98620eaf2af1c3ff36d43ff2c8d809a26bb0bf77d88d264ca3", kill_on_drop: false }`
[INFO] [stdout] e260cddef64cdd98620eaf2af1c3ff36d43ff2c8d809a26bb0bf77d88d264ca3
[INFO] running `Command { std: "docker" "create" "-v" "/var/lib/crater-agent-workspace/builds/worker-6-tc1/target:/opt/rustwide/target:rw,Z" "-v" "/var/lib/crater-agent-workspace/builds/worker-6-tc1/source:/opt/rustwide/workdir:ro,Z" "-v" "/var/lib/crater-agent-workspace/cargo-home:/opt/rustwide/cargo-home:ro,Z" "-v" "/var/lib/crater-agent-workspace/rustup-home:/opt/rustwide/rustup-home:ro,Z" "-e" "SOURCE_DIR=/opt/rustwide/workdir" "-e" "CARGO_TARGET_DIR=/opt/rustwide/target" "-e" "CARGO_INCREMENTAL=0" "-e" "RUST_BACKTRACE=full" "-e" "RUSTFLAGS=--cap-lints=warn" "-e" "RUSTDOCFLAGS=--cap-lints=warn" "-e" "CARGO_HOME=/opt/rustwide/cargo-home" "-e" "RUSTUP_HOME=/opt/rustwide/rustup-home" "-w" "/opt/rustwide/workdir" "-m" "1610612736" "--user" "0:0" "--network" "none" "ghcr.io/rust-lang/crates-build-env/linux@sha256:f3a9d4ad9d972b27faf3965f35b62e55ba32bbce8f20bc8fe909558a86702fde" "/opt/rustwide/cargo-home/bin/cargo" "+1.83.0" "test" "--frozen" "--no-run" "--message-format=json", kill_on_drop: false }`
[INFO] [stdout] 6905f34ba93a5af676cbfc12623c3be7bc5ec10d1d39d85c5f932ec1e32afdfe
[INFO] running `Command { std: "docker" "start" "-a" "6905f34ba93a5af676cbfc12623c3be7bc5ec10d1d39d85c5f932ec1e32afdfe", kill_on_drop: false }`
[INFO] [stderr]    Compiling fltk-extras v0.1.8 (/opt/rustwide/workdir)
[INFO] [stderr]     Finished `test` profile [unoptimized + debuginfo] target(s) in 5.84s
[INFO] running `Command { std: "docker" "inspect" "6905f34ba93a5af676cbfc12623c3be7bc5ec10d1d39d85c5f932ec1e32afdfe", kill_on_drop: false }`
[INFO] running `Command { std: "docker" "rm" "-f" "6905f34ba93a5af676cbfc12623c3be7bc5ec10d1d39d85c5f932ec1e32afdfe", kill_on_drop: false }`
[INFO] [stdout] 6905f34ba93a5af676cbfc12623c3be7bc5ec10d1d39d85c5f932ec1e32afdfe
[INFO] running `Command { std: "docker" "create" "-v" "/var/lib/crater-agent-workspace/builds/worker-6-tc1/target:/opt/rustwide/target:rw,Z" "-v" "/var/lib/crater-agent-workspace/builds/worker-6-tc1/source:/opt/rustwide/workdir:ro,Z" "-v" "/var/lib/crater-agent-workspace/cargo-home:/opt/rustwide/cargo-home:ro,Z" "-v" "/var/lib/crater-agent-workspace/rustup-home:/opt/rustwide/rustup-home:ro,Z" "-e" "SOURCE_DIR=/opt/rustwide/workdir" "-e" "CARGO_TARGET_DIR=/opt/rustwide/target" "-e" "CARGO_INCREMENTAL=0" "-e" "RUST_BACKTRACE=full" "-e" "RUSTFLAGS=--cap-lints=warn" "-e" "RUSTDOCFLAGS=--cap-lints=warn" "-e" "CARGO_HOME=/opt/rustwide/cargo-home" "-e" "RUSTUP_HOME=/opt/rustwide/rustup-home" "-w" "/opt/rustwide/workdir" "-m" "1610612736" "--user" "0:0" "--network" "none" "ghcr.io/rust-lang/crates-build-env/linux@sha256:f3a9d4ad9d972b27faf3965f35b62e55ba32bbce8f20bc8fe909558a86702fde" "/opt/rustwide/cargo-home/bin/cargo" "+1.83.0" "test" "--frozen", kill_on_drop: false }`
[INFO] [stdout] 6735180b33b024bde55d793234dc4bbda3b8a2d0c68eecc1e81cd8aee4208a45
[INFO] running `Command { std: "docker" "start" "-a" "6735180b33b024bde55d793234dc4bbda3b8a2d0c68eecc1e81cd8aee4208a45", kill_on_drop: false }`
[INFO] [stderr]     Finished `test` profile [unoptimized + debuginfo] target(s) in 0.04s
[INFO] [stderr]      Running unittests src/lib.rs (/opt/rustwide/target/debug/deps/fltk_extras-0ff2e0d34ab5789f)
[INFO] [stderr]    Doc-tests fltk_extras
[INFO] [stdout] 
[INFO] [stdout] running 0 tests
[INFO] [stdout] 
[INFO] [stdout] test result: ok. 0 passed; 0 failed; 0 ignored; 0 measured; 0 filtered out; finished in 0.00s
[INFO] [stdout] 
[INFO] [stdout] 
[INFO] [stdout] running 4 tests
[INFO] [stdout] test src/../README.md - (line 38) ... FAILED
[INFO] [stdout] test src/../README.md - (line 7) ... FAILED
[INFO] [stdout] test src/../README.md - (line 65) ... FAILED
[INFO] [stdout] test src/../README.md - (line 95) ... FAILED
[INFO] [stdout] 
[INFO] [stdout] failures:
[INFO] [stdout] 
[INFO] [stdout] ---- src/../README.md - (line 38) stdout ----
[INFO] [stdout] Test executable failed (exit status: 1).
[INFO] [stdout] 
[INFO] [stdout] stderr:
[INFO] [stdout] Can't open display: 
[INFO] [stdout] 
[INFO] [stdout] 
[INFO] [stdout] ---- src/../README.md - (line 7) stdout ----
[INFO] [stdout] Test executable failed (exit status: 1).
[INFO] [stdout] 
[INFO] [stdout] stderr:
[INFO] [stdout] Can't open display: 
[INFO] [stdout] 
[INFO] [stdout] 
[INFO] [stdout] ---- src/../README.md - (line 65) stdout ----
[INFO] [stdout] Test executable failed (exit status: 1).
[INFO] [stdout] 
[INFO] [stdout] stderr:
[INFO] [stdout] Can't open display: 
[INFO] [stdout] 
[INFO] [stdout] 
[INFO] [stdout] ---- src/../README.md - (line 95) stdout ----
[INFO] [stdout] Test executable failed (exit status: 1).
[INFO] [stdout] 
[INFO] [stdout] stderr:
[INFO] [stdout] Can't open display: 
[INFO] [stdout] 
[INFO] [stdout] 
[INFO] [stdout] 
[INFO] [stdout] failures:
[INFO] [stdout]     src/../README.md - (line 38)
[INFO] [stdout]     src/../README.md - (line 65)
[INFO] [stdout]     src/../README.md - (line 7)
[INFO] [stdout]     src/../README.md - (line 95)
[INFO] [stdout] 
[INFO] [stdout] test result: FAILED. 0 passed; 4 failed; 0 ignored; 0 measured; 0 filtered out; finished in 6.96s
[INFO] [stdout] 
[INFO] [stderr] error: doctest failed, to rerun pass `--doc`
[INFO] running `Command { std: "docker" "inspect" "6735180b33b024bde55d793234dc4bbda3b8a2d0c68eecc1e81cd8aee4208a45", kill_on_drop: false }`
[INFO] running `Command { std: "docker" "rm" "-f" "6735180b33b024bde55d793234dc4bbda3b8a2d0c68eecc1e81cd8aee4208a45", kill_on_drop: false }`
[INFO] [stdout] 6735180b33b024bde55d793234dc4bbda3b8a2d0c68eecc1e81cd8aee4208a45
