[INFO] fetching crate flowcontrol 0.2.2...
[INFO] testing flowcontrol-0.2.2 against 1.83.0 for beta-1.84.0-4-retry
[INFO] extracting crate flowcontrol 0.2.2 into /workspace/builds/worker-6-tc1/source
[INFO] validating manifest of crates.io crate flowcontrol 0.2.2 on toolchain 1.83.0
[INFO] running `Command { std: CARGO_HOME="/workspace/cargo-home" RUSTUP_HOME="/workspace/rustup-home" "/workspace/cargo-home/bin/cargo" "+1.83.0" "metadata" "--manifest-path" "Cargo.toml" "--no-deps", kill_on_drop: false }`
[INFO] started tweaking crates.io crate flowcontrol 0.2.2
[INFO] finished tweaking crates.io crate flowcontrol 0.2.2
[INFO] tweaked toml for crates.io crate flowcontrol 0.2.2 written to /workspace/builds/worker-6-tc1/source/Cargo.toml
[INFO] running `Command { std: CARGO_HOME="/workspace/cargo-home" RUSTUP_HOME="/workspace/rustup-home" "/workspace/cargo-home/bin/cargo" "+1.83.0" "generate-lockfile" "--manifest-path" "Cargo.toml", kill_on_drop: false }`
[INFO] running `Command { std: CARGO_HOME="/workspace/cargo-home" RUSTUP_HOME="/workspace/rustup-home" "/workspace/cargo-home/bin/cargo" "+1.83.0" "fetch" "--manifest-path" "Cargo.toml", kill_on_drop: false }`
[INFO] running `Command { std: "docker" "create" "-v" "/var/lib/crater-agent-workspace/builds/worker-6-tc1/target:/opt/rustwide/target:rw,Z" "-v" "/var/lib/crater-agent-workspace/builds/worker-6-tc1/source:/opt/rustwide/workdir:ro,Z" "-v" "/var/lib/crater-agent-workspace/cargo-home:/opt/rustwide/cargo-home:ro,Z" "-v" "/var/lib/crater-agent-workspace/rustup-home:/opt/rustwide/rustup-home:ro,Z" "-e" "SOURCE_DIR=/opt/rustwide/workdir" "-e" "CARGO_TARGET_DIR=/opt/rustwide/target" "-e" "CARGO_HOME=/opt/rustwide/cargo-home" "-e" "RUSTUP_HOME=/opt/rustwide/rustup-home" "-w" "/opt/rustwide/workdir" "-m" "1610612736" "--user" "0:0" "--network" "none" "ghcr.io/rust-lang/crates-build-env/linux@sha256:f3a9d4ad9d972b27faf3965f35b62e55ba32bbce8f20bc8fe909558a86702fde" "/opt/rustwide/cargo-home/bin/cargo" "+1.83.0" "metadata" "--no-deps" "--format-version=1", kill_on_drop: false }`
[INFO] [stdout] ab8531e3659e61fd104b92ff3f0e610d1d5096e68f6ff91551f903d7b947aa9d
[INFO] running `Command { std: "docker" "start" "-a" "ab8531e3659e61fd104b92ff3f0e610d1d5096e68f6ff91551f903d7b947aa9d", kill_on_drop: false }`
[INFO] running `Command { std: "docker" "inspect" "ab8531e3659e61fd104b92ff3f0e610d1d5096e68f6ff91551f903d7b947aa9d", kill_on_drop: false }`
[INFO] running `Command { std: "docker" "rm" "-f" "ab8531e3659e61fd104b92ff3f0e610d1d5096e68f6ff91551f903d7b947aa9d", kill_on_drop: false }`
[INFO] [stdout] ab8531e3659e61fd104b92ff3f0e610d1d5096e68f6ff91551f903d7b947aa9d
[INFO] running `Command { std: "docker" "create" "-v" "/var/lib/crater-agent-workspace/builds/worker-6-tc1/target:/opt/rustwide/target:rw,Z" "-v" "/var/lib/crater-agent-workspace/builds/worker-6-tc1/source:/opt/rustwide/workdir:ro,Z" "-v" "/var/lib/crater-agent-workspace/cargo-home:/opt/rustwide/cargo-home:ro,Z" "-v" "/var/lib/crater-agent-workspace/rustup-home:/opt/rustwide/rustup-home:ro,Z" "-e" "SOURCE_DIR=/opt/rustwide/workdir" "-e" "CARGO_TARGET_DIR=/opt/rustwide/target" "-e" "CARGO_INCREMENTAL=0" "-e" "RUST_BACKTRACE=full" "-e" "RUSTFLAGS=--cap-lints=warn" "-e" "RUSTDOCFLAGS=--cap-lints=warn" "-e" "CARGO_HOME=/opt/rustwide/cargo-home" "-e" "RUSTUP_HOME=/opt/rustwide/rustup-home" "-w" "/opt/rustwide/workdir" "-m" "1610612736" "--user" "0:0" "--network" "none" "ghcr.io/rust-lang/crates-build-env/linux@sha256:f3a9d4ad9d972b27faf3965f35b62e55ba32bbce8f20bc8fe909558a86702fde" "/opt/rustwide/cargo-home/bin/cargo" "+1.83.0" "build" "--frozen" "--message-format=json", kill_on_drop: false }`
[INFO] [stdout] c6c63cd47faa45e1bd0fe8d2b864d8e8469fe7b280e473e735c8ae4f4cdc960c
[INFO] running `Command { std: "docker" "start" "-a" "c6c63cd47faa45e1bd0fe8d2b864d8e8469fe7b280e473e735c8ae4f4cdc960c", kill_on_drop: false }`
[INFO] [stderr]    Compiling flowcontrol v0.2.2 (/opt/rustwide/workdir)
[INFO] [stderr]     Finished `dev` profile [unoptimized + debuginfo] target(s) in 0.20s
[INFO] running `Command { std: "docker" "inspect" "c6c63cd47faa45e1bd0fe8d2b864d8e8469fe7b280e473e735c8ae4f4cdc960c", kill_on_drop: false }`
[INFO] running `Command { std: "docker" "rm" "-f" "c6c63cd47faa45e1bd0fe8d2b864d8e8469fe7b280e473e735c8ae4f4cdc960c", kill_on_drop: false }`
[INFO] [stdout] c6c63cd47faa45e1bd0fe8d2b864d8e8469fe7b280e473e735c8ae4f4cdc960c
[INFO] running `Command { std: "docker" "create" "-v" "/var/lib/crater-agent-workspace/builds/worker-6-tc1/target:/opt/rustwide/target:rw,Z" "-v" "/var/lib/crater-agent-workspace/builds/worker-6-tc1/source:/opt/rustwide/workdir:ro,Z" "-v" "/var/lib/crater-agent-workspace/cargo-home:/opt/rustwide/cargo-home:ro,Z" "-v" "/var/lib/crater-agent-workspace/rustup-home:/opt/rustwide/rustup-home:ro,Z" "-e" "SOURCE_DIR=/opt/rustwide/workdir" "-e" "CARGO_TARGET_DIR=/opt/rustwide/target" "-e" "CARGO_INCREMENTAL=0" "-e" "RUST_BACKTRACE=full" "-e" "RUSTFLAGS=--cap-lints=warn" "-e" "RUSTDOCFLAGS=--cap-lints=warn" "-e" "CARGO_HOME=/opt/rustwide/cargo-home" "-e" "RUSTUP_HOME=/opt/rustwide/rustup-home" "-w" "/opt/rustwide/workdir" "-m" "1610612736" "--user" "0:0" "--network" "none" "ghcr.io/rust-lang/crates-build-env/linux@sha256:f3a9d4ad9d972b27faf3965f35b62e55ba32bbce8f20bc8fe909558a86702fde" "/opt/rustwide/cargo-home/bin/cargo" "+1.83.0" "test" "--frozen" "--no-run" "--message-format=json", kill_on_drop: false }`
[INFO] [stdout] 50fa05ad2afbcb1f3ebaefda8ff4e6bcd77cf296933dae0cfbffc92ceb654d19
[INFO] running `Command { std: "docker" "start" "-a" "50fa05ad2afbcb1f3ebaefda8ff4e6bcd77cf296933dae0cfbffc92ceb654d19", kill_on_drop: false }`
[INFO] [stderr]    Compiling flowcontrol v0.2.2 (/opt/rustwide/workdir)
[INFO] [stderr]     Finished `test` profile [unoptimized + debuginfo] target(s) in 0.35s
[INFO] running `Command { std: "docker" "inspect" "50fa05ad2afbcb1f3ebaefda8ff4e6bcd77cf296933dae0cfbffc92ceb654d19", kill_on_drop: false }`
[INFO] running `Command { std: "docker" "rm" "-f" "50fa05ad2afbcb1f3ebaefda8ff4e6bcd77cf296933dae0cfbffc92ceb654d19", kill_on_drop: false }`
[INFO] [stdout] 50fa05ad2afbcb1f3ebaefda8ff4e6bcd77cf296933dae0cfbffc92ceb654d19
[INFO] running `Command { std: "docker" "create" "-v" "/var/lib/crater-agent-workspace/builds/worker-6-tc1/target:/opt/rustwide/target:rw,Z" "-v" "/var/lib/crater-agent-workspace/builds/worker-6-tc1/source:/opt/rustwide/workdir:ro,Z" "-v" "/var/lib/crater-agent-workspace/cargo-home:/opt/rustwide/cargo-home:ro,Z" "-v" "/var/lib/crater-agent-workspace/rustup-home:/opt/rustwide/rustup-home:ro,Z" "-e" "SOURCE_DIR=/opt/rustwide/workdir" "-e" "CARGO_TARGET_DIR=/opt/rustwide/target" "-e" "CARGO_INCREMENTAL=0" "-e" "RUST_BACKTRACE=full" "-e" "RUSTFLAGS=--cap-lints=warn" "-e" "RUSTDOCFLAGS=--cap-lints=warn" "-e" "CARGO_HOME=/opt/rustwide/cargo-home" "-e" "RUSTUP_HOME=/opt/rustwide/rustup-home" "-w" "/opt/rustwide/workdir" "-m" "1610612736" "--user" "0:0" "--network" "none" "ghcr.io/rust-lang/crates-build-env/linux@sha256:f3a9d4ad9d972b27faf3965f35b62e55ba32bbce8f20bc8fe909558a86702fde" "/opt/rustwide/cargo-home/bin/cargo" "+1.83.0" "test" "--frozen", kill_on_drop: false }`
[INFO] [stdout] 4ed5e6a6308dd5b805ca412c19aedbfcfaca1962727ff80ab12635953085683a
[INFO] running `Command { std: "docker" "start" "-a" "4ed5e6a6308dd5b805ca412c19aedbfcfaca1962727ff80ab12635953085683a", kill_on_drop: false }`
[INFO] [stderr]     Finished `test` profile [unoptimized + debuginfo] target(s) in 0.02s
[INFO] [stderr]      Running unittests src/lib.rs (/opt/rustwide/target/debug/deps/flowcontrol-ab159f97745316ea)
[INFO] [stdout] 
[INFO] [stdout] running 1 test
[INFO] [stdout] test test_superif ... ok
[INFO] [stdout] 
[INFO] [stdout] test result: ok. 1 passed; 0 failed; 0 ignored; 0 measured; 0 filtered out; finished in 0.01s
[INFO] [stdout] 
[INFO] [stderr]    Doc-tests flowcontrol
[INFO] [stdout] 
[INFO] [stdout] running 4 tests
[INFO] [stdout] test src/lib.rs - shed (line 6) ... FAILED
[INFO] [stdout] test src/lib.rs - shed (line 15) ... FAILED
[INFO] [stdout] test src/lib.rs - superif (line 47) ... FAILED
[INFO] [stdout] test src/lib.rs - superif (line 61) ... FAILED
[INFO] [stdout] 
[INFO] [stdout] failures:
[INFO] [stdout] 
[INFO] [stdout] ---- src/lib.rs - shed (line 6) stdout ----
[INFO] [stdout] error: cannot find macro `shed` in this scope
[INFO] [stdout]  --> src/lib.rs:7:1
[INFO] [stdout]   |
[INFO] [stdout] 3 | shed!{
[INFO] [stdout]   | ^^^^
[INFO] [stdout]   |
[INFO] [stdout] help: consider importing this macro
[INFO] [stdout]   |
[INFO] [stdout] 2 + use flowcontrol::shed;
[INFO] [stdout]   |
[INFO] [stdout] 
[INFO] [stdout] error: aborting due to 1 previous error
[INFO] [stdout] 
[INFO] [stdout] Couldn't compile the test.
[INFO] [stdout] ---- src/lib.rs - shed (line 15) stdout ----
[INFO] [stdout] error: cannot find macro `shed` in this scope
[INFO] [stdout]  --> src/lib.rs:16:1
[INFO] [stdout]   |
[INFO] [stdout] 3 | shed!{
[INFO] [stdout]   | ^^^^
[INFO] [stdout]   |
[INFO] [stdout] help: consider importing this macro
[INFO] [stdout]   |
[INFO] [stdout] 2 + use flowcontrol::shed;
[INFO] [stdout]   |
[INFO] [stdout] 
[INFO] [stdout] error: aborting due to 1 previous error
[INFO] [stdout] 
[INFO] [stdout] Couldn't compile the test.
[INFO] [stdout] ---- src/lib.rs - superif (line 47) stdout ----
[INFO] [stdout] error: cannot find macro `superif` in this scope
[INFO] [stdout]  --> src/lib.rs:48:1
[INFO] [stdout]   |
[INFO] [stdout] 3 | superif!({
[INFO] [stdout]   | ^^^^^^^
[INFO] [stdout]   |
[INFO] [stdout] help: consider importing this macro
[INFO] [stdout]   |
[INFO] [stdout] 2 + use flowcontrol::superif;
[INFO] [stdout]   |
[INFO] [stdout] 
[INFO] [stdout] error: aborting due to 1 previous error
[INFO] [stdout] 
[INFO] [stdout] Couldn't compile the test.
[INFO] [stdout] ---- src/lib.rs - superif (line 61) stdout ----
[INFO] [stdout] error: cannot find macro `superif` in this scope
[INFO] [stdout]  --> src/lib.rs:62:1
[INFO] [stdout]   |
[INFO] [stdout] 3 | superif!({
[INFO] [stdout]   | ^^^^^^^
[INFO] [stdout]   |
[INFO] [stdout] help: consider importing this macro
[INFO] [stdout]   |
[INFO] [stdout] 2 + use flowcontrol::superif;
[INFO] [stdout]   |
[INFO] [stdout] 
[INFO] [stdout] error: aborting due to 1 previous error
[INFO] [stdout] 
[INFO] [stdout] Couldn't compile the test.
[INFO] [stdout] 
[INFO] [stdout] failures:
[INFO] [stdout]     src/lib.rs - shed (line 15)
[INFO] [stdout]     src/lib.rs - shed (line 6)
[INFO] [stdout]     src/lib.rs - superif (line 47)
[INFO] [stdout]     src/lib.rs - superif (line 61)
[INFO] [stdout] 
[INFO] [stdout] test result: FAILED. 0 passed; 4 failed; 0 ignored; 0 measured; 0 filtered out; finished in 0.22s
[INFO] [stdout] 
[INFO] [stderr] error: doctest failed, to rerun pass `--doc`
[INFO] running `Command { std: "docker" "inspect" "4ed5e6a6308dd5b805ca412c19aedbfcfaca1962727ff80ab12635953085683a", kill_on_drop: false }`
[INFO] running `Command { std: "docker" "rm" "-f" "4ed5e6a6308dd5b805ca412c19aedbfcfaca1962727ff80ab12635953085683a", kill_on_drop: false }`
[INFO] [stdout] 4ed5e6a6308dd5b805ca412c19aedbfcfaca1962727ff80ab12635953085683a
