[INFO] fetching crate floem-editor-core 0.2.0...
[INFO] testing floem-editor-core-0.2.0 against beta-2024-12-08 for beta-1.84.0-4-retry
[INFO] extracting crate floem-editor-core 0.2.0 into /workspace/builds/worker-1-tc2/source
[INFO] validating manifest of crates.io crate floem-editor-core 0.2.0 on toolchain beta-2024-12-08
[INFO] running `Command { std: CARGO_HOME="/workspace/cargo-home" RUSTUP_HOME="/workspace/rustup-home" "/workspace/cargo-home/bin/cargo" "+beta-2024-12-08" "metadata" "--manifest-path" "Cargo.toml" "--no-deps", kill_on_drop: false }`
[INFO] started tweaking crates.io crate floem-editor-core 0.2.0
[INFO] finished tweaking crates.io crate floem-editor-core 0.2.0
[INFO] tweaked toml for crates.io crate floem-editor-core 0.2.0 written to /workspace/builds/worker-1-tc2/source/Cargo.toml
[INFO] running `Command { std: CARGO_HOME="/workspace/cargo-home" RUSTUP_HOME="/workspace/rustup-home" "/workspace/cargo-home/bin/cargo" "+beta-2024-12-08" "generate-lockfile" "--manifest-path" "Cargo.toml", kill_on_drop: false }`
[INFO] [stderr]     Updating crates.io index
[INFO] [stderr]      Locking 21 packages to latest compatible versions
[INFO] [stderr]       Adding itertools v0.12.1 (available: v0.13.0)
[INFO] running `Command { std: CARGO_HOME="/workspace/cargo-home" RUSTUP_HOME="/workspace/rustup-home" "/workspace/cargo-home/bin/cargo" "+beta-2024-12-08" "fetch" "--manifest-path" "Cargo.toml", kill_on_drop: false }`
[INFO] running `Command { std: "docker" "create" "-v" "/var/lib/crater-agent-workspace/builds/worker-1-tc2/target:/opt/rustwide/target:rw,Z" "-v" "/var/lib/crater-agent-workspace/builds/worker-1-tc2/source:/opt/rustwide/workdir:ro,Z" "-v" "/var/lib/crater-agent-workspace/cargo-home:/opt/rustwide/cargo-home:ro,Z" "-v" "/var/lib/crater-agent-workspace/rustup-home:/opt/rustwide/rustup-home:ro,Z" "-e" "SOURCE_DIR=/opt/rustwide/workdir" "-e" "CARGO_TARGET_DIR=/opt/rustwide/target" "-e" "CARGO_HOME=/opt/rustwide/cargo-home" "-e" "RUSTUP_HOME=/opt/rustwide/rustup-home" "-w" "/opt/rustwide/workdir" "-m" "1610612736" "--user" "0:0" "--network" "none" "ghcr.io/rust-lang/crates-build-env/linux@sha256:f3a9d4ad9d972b27faf3965f35b62e55ba32bbce8f20bc8fe909558a86702fde" "/opt/rustwide/cargo-home/bin/cargo" "+beta-2024-12-08" "metadata" "--no-deps" "--format-version=1", kill_on_drop: false }`
[INFO] [stdout] f932b82a6f6d4260d32335f5d6f73ceb159ea10834ab5d5c29bd2fc7dd9a8e5a
[INFO] running `Command { std: "docker" "start" "-a" "f932b82a6f6d4260d32335f5d6f73ceb159ea10834ab5d5c29bd2fc7dd9a8e5a", kill_on_drop: false }`
[INFO] running `Command { std: "docker" "inspect" "f932b82a6f6d4260d32335f5d6f73ceb159ea10834ab5d5c29bd2fc7dd9a8e5a", kill_on_drop: false }`
[INFO] running `Command { std: "docker" "rm" "-f" "f932b82a6f6d4260d32335f5d6f73ceb159ea10834ab5d5c29bd2fc7dd9a8e5a", kill_on_drop: false }`
[INFO] [stdout] f932b82a6f6d4260d32335f5d6f73ceb159ea10834ab5d5c29bd2fc7dd9a8e5a
[INFO] running `Command { std: "docker" "create" "-v" "/var/lib/crater-agent-workspace/builds/worker-1-tc2/target:/opt/rustwide/target:rw,Z" "-v" "/var/lib/crater-agent-workspace/builds/worker-1-tc2/source:/opt/rustwide/workdir:ro,Z" "-v" "/var/lib/crater-agent-workspace/cargo-home:/opt/rustwide/cargo-home:ro,Z" "-v" "/var/lib/crater-agent-workspace/rustup-home:/opt/rustwide/rustup-home:ro,Z" "-e" "SOURCE_DIR=/opt/rustwide/workdir" "-e" "CARGO_TARGET_DIR=/opt/rustwide/target" "-e" "CARGO_INCREMENTAL=0" "-e" "RUST_BACKTRACE=full" "-e" "RUSTFLAGS=--cap-lints=warn" "-e" "RUSTDOCFLAGS=--cap-lints=warn" "-e" "CARGO_HOME=/opt/rustwide/cargo-home" "-e" "RUSTUP_HOME=/opt/rustwide/rustup-home" "-w" "/opt/rustwide/workdir" "-m" "1610612736" "--user" "0:0" "--network" "none" "ghcr.io/rust-lang/crates-build-env/linux@sha256:f3a9d4ad9d972b27faf3965f35b62e55ba32bbce8f20bc8fe909558a86702fde" "/opt/rustwide/cargo-home/bin/cargo" "+beta-2024-12-08" "build" "--frozen" "--message-format=json", kill_on_drop: false }`
[INFO] [stdout] 7eb79e035def675666d3fac735cad5258896a1677dfe9467f25c11a7349d6d28
[INFO] running `Command { std: "docker" "start" "-a" "7eb79e035def675666d3fac735cad5258896a1677dfe9467f25c11a7349d6d28", kill_on_drop: false }`
[INFO] [stderr]    Compiling memchr v2.7.4
[INFO] [stderr]    Compiling serde v1.0.216
[INFO] [stderr]    Compiling rustversion v1.0.18
[INFO] [stderr]    Compiling regex-syntax v0.8.5
[INFO] [stderr]    Compiling unicode-segmentation v1.12.0
[INFO] [stderr]    Compiling bytecount v0.6.8
[INFO] [stderr]    Compiling heck v0.5.0
[INFO] [stderr]    Compiling bitflags v2.6.0
[INFO] [stderr]    Compiling strum v0.26.3
[INFO] [stderr]    Compiling itertools v0.12.1
[INFO] [stderr]    Compiling syn v2.0.90
[INFO] [stderr]    Compiling aho-corasick v1.1.3
[INFO] [stderr]    Compiling regex-automata v0.4.9
[INFO] [stderr]    Compiling serde_derive v1.0.216
[INFO] [stderr]    Compiling strum_macros v0.26.4
[INFO] [stderr]    Compiling regex v1.11.1
[INFO] [stderr]    Compiling lapce-xi-rope v0.3.2
[INFO] [stderr]    Compiling floem-editor-core v0.2.0 (/opt/rustwide/workdir)
[INFO] [stderr]     Finished `dev` profile [unoptimized + debuginfo] target(s) in 19.98s
[INFO] running `Command { std: "docker" "inspect" "7eb79e035def675666d3fac735cad5258896a1677dfe9467f25c11a7349d6d28", kill_on_drop: false }`
[INFO] running `Command { std: "docker" "rm" "-f" "7eb79e035def675666d3fac735cad5258896a1677dfe9467f25c11a7349d6d28", kill_on_drop: false }`
[INFO] [stdout] 7eb79e035def675666d3fac735cad5258896a1677dfe9467f25c11a7349d6d28
[INFO] running `Command { std: "docker" "create" "-v" "/var/lib/crater-agent-workspace/builds/worker-1-tc2/target:/opt/rustwide/target:rw,Z" "-v" "/var/lib/crater-agent-workspace/builds/worker-1-tc2/source:/opt/rustwide/workdir:ro,Z" "-v" "/var/lib/crater-agent-workspace/cargo-home:/opt/rustwide/cargo-home:ro,Z" "-v" "/var/lib/crater-agent-workspace/rustup-home:/opt/rustwide/rustup-home:ro,Z" "-e" "SOURCE_DIR=/opt/rustwide/workdir" "-e" "CARGO_TARGET_DIR=/opt/rustwide/target" "-e" "CARGO_INCREMENTAL=0" "-e" "RUST_BACKTRACE=full" "-e" "RUSTFLAGS=--cap-lints=warn" "-e" "RUSTDOCFLAGS=--cap-lints=warn" "-e" "CARGO_HOME=/opt/rustwide/cargo-home" "-e" "RUSTUP_HOME=/opt/rustwide/rustup-home" "-w" "/opt/rustwide/workdir" "-m" "1610612736" "--user" "0:0" "--network" "none" "ghcr.io/rust-lang/crates-build-env/linux@sha256:f3a9d4ad9d972b27faf3965f35b62e55ba32bbce8f20bc8fe909558a86702fde" "/opt/rustwide/cargo-home/bin/cargo" "+beta-2024-12-08" "test" "--frozen" "--no-run" "--message-format=json", kill_on_drop: false }`
[INFO] [stdout] 9713cc0924da8cb6b7f1bb88a84fc48a1d7695a438fc430abbe3abf35b9cd236
[INFO] running `Command { std: "docker" "start" "-a" "9713cc0924da8cb6b7f1bb88a84fc48a1d7695a438fc430abbe3abf35b9cd236", kill_on_drop: false }`
[INFO] [stderr]    Compiling floem-editor-core v0.2.0 (/opt/rustwide/workdir)
[INFO] [stderr]     Finished `test` profile [unoptimized + debuginfo] target(s) in 3.45s
[INFO] running `Command { std: "docker" "inspect" "9713cc0924da8cb6b7f1bb88a84fc48a1d7695a438fc430abbe3abf35b9cd236", kill_on_drop: false }`
[INFO] running `Command { std: "docker" "rm" "-f" "9713cc0924da8cb6b7f1bb88a84fc48a1d7695a438fc430abbe3abf35b9cd236", kill_on_drop: false }`
[INFO] [stdout] 9713cc0924da8cb6b7f1bb88a84fc48a1d7695a438fc430abbe3abf35b9cd236
[INFO] running `Command { std: "docker" "create" "-v" "/var/lib/crater-agent-workspace/builds/worker-1-tc2/target:/opt/rustwide/target:rw,Z" "-v" "/var/lib/crater-agent-workspace/builds/worker-1-tc2/source:/opt/rustwide/workdir:ro,Z" "-v" "/var/lib/crater-agent-workspace/cargo-home:/opt/rustwide/cargo-home:ro,Z" "-v" "/var/lib/crater-agent-workspace/rustup-home:/opt/rustwide/rustup-home:ro,Z" "-e" "SOURCE_DIR=/opt/rustwide/workdir" "-e" "CARGO_TARGET_DIR=/opt/rustwide/target" "-e" "CARGO_INCREMENTAL=0" "-e" "RUST_BACKTRACE=full" "-e" "RUSTFLAGS=--cap-lints=warn" "-e" "RUSTDOCFLAGS=--cap-lints=warn" "-e" "CARGO_HOME=/opt/rustwide/cargo-home" "-e" "RUSTUP_HOME=/opt/rustwide/rustup-home" "-w" "/opt/rustwide/workdir" "-m" "1610612736" "--user" "0:0" "--network" "none" "ghcr.io/rust-lang/crates-build-env/linux@sha256:f3a9d4ad9d972b27faf3965f35b62e55ba32bbce8f20bc8fe909558a86702fde" "/opt/rustwide/cargo-home/bin/cargo" "+beta-2024-12-08" "test" "--frozen", kill_on_drop: false }`
[INFO] [stdout] aa403724edbf960fa842efc83f26b53a3b20e5205155de1c2cfba531433491f5
[INFO] running `Command { std: "docker" "start" "-a" "aa403724edbf960fa842efc83f26b53a3b20e5205155de1c2cfba531433491f5", kill_on_drop: false }`
[INFO] [stderr]     Finished `test` profile [unoptimized + debuginfo] target(s) in 0.03s
[INFO] [stderr]      Running unittests src/lib.rs (/opt/rustwide/target/debug/deps/floem_editor_core-400e0601e9139ba7)
[INFO] [stdout] 
[INFO] [stdout] running 77 tests
[INFO] [stdout] test buffer::rope_text::tests::test_first_non_blank_character_on_line ... ok
[INFO] [stdout] test buffer::rope_text::tests::test_is_line_whitespace ... ok
[INFO] [stdout] test buffer::rope_text::tests::test_line_content ... ok
[INFO] [stdout] test buffer::rope_text::tests::test_line_end_offset ... ok
[INFO] [stdout] test buffer::rope_text::tests::test_offset_of_line ... ok
[INFO] [stdout] test buffer::rope_text::tests::test_offset_of_line_col ... ok
[INFO] [stdout] test buffer::rope_text::tests::test_prev_grapheme_offset ... ok
[INFO] [stdout] test buffer::test::motion::cannot_move_in_empty_buffer ... ok
[INFO] [stdout] test buffer::test::editing::is_pristine ... ok
[INFO] [stdout] test buffer::test::motion::on_word_boundary_in_either_direction ... ok
[INFO] [stdout] test buffer::test::motion::on_word_end_forward::insertion_mode ... ok
[INFO] [stdout] test buffer::test::motion::on_word_end_forward::non_insertion_mode ... ok
[INFO] [stdout] test editor::test::check_multiple_cursor_match_insertion ... ok
[INFO] [stdout] test editor::test::duplicate_down_multiple_cursors_in_same_line ... ok
[INFO] [stdout] test editor::test::duplicate_down_multiple_with_swapped_cursor_order ... ok
[INFO] [stdout] test editor::test::duplicate_up_multiple ... ok
[INFO] [stdout] test editor::test::duplicate_up_multiple_cursors_in_same_line ... ok
[INFO] [stdout] test editor::test::test_insert_multiple_cursor ... ok
[INFO] [stdout] test editor::test::duplicate_up_simple ... ok
[INFO] [stdout] test editor::test::test_insert_simple ... ok
[INFO] [stdout] test line_ending::tests::chunk_search ... ok
[INFO] [stdout] test editor::test::test_insert_pair_without_auto_closing ... ok
[INFO] [stdout] test movement::test::test_wrapping ... ok
[INFO] [stdout] test editor::test::test_insert_complex ... ok
[INFO] [stdout] test line_ending::tests::normalize ... ok
[INFO] [stdout] test selection::test::selection_should_contains_region ... ok
[INFO] [stdout] test selection::test::selection_should_not_be_caret ... ok
[INFO] [stdout] test selection::test::should_merge_regions ... ok
[INFO] [stdout] test selection::test::should_add_and_merge_regions ... ok
[INFO] [stdout] test selection::test::is_caret_should_return_true ... ok
[INFO] [stdout] test selection::test::is_caret_should_return_false ... ok
[INFO] [stdout] test selection::test::should_delete_regions ... ok
[INFO] [stdout] test editor::test::duplicate_up_multiple_with_swapped_cursor_order ... ok
[INFO] [stdout] test editor::test::test_insert_pair ... ok
[INFO] [stdout] test selection::test::should_return_first_region ... ok
[INFO] [stdout] test movement::test::test_non_wrapping ... ok
[INFO] [stdout] test editor::test::duplicate_down_simple ... ok
[INFO] [stdout] test editor::test::test_insert_pair_with_selection ... ok
[INFO] [stdout] test editor::test::duplicate_down_multiple ... ok
[INFO] [stdout] test selection::test::should_return_last_region ... ok
[INFO] [stdout] test selection::test::should_return_min_selection ... ok
[INFO] [stdout] test selection::test::should_return_regions_in_full_range ... ok
[INFO] [stdout] test selection::test::should_return_regions_in_range ... ok
[INFO] [stdout] test selection::test::should_return_selection_region_max ... ok
[INFO] [stdout] test word::test::find_pair_should_return_next_pair ... ok
[INFO] [stdout] test word::test::find_pair_should_return_none ... ok
[INFO] [stdout] test selection::test::selection_should_be_caret ... ok
[INFO] [stdout] test soft_tab::tests::test_snap_to_soft_tab ... ok
[INFO] [stdout] test word::test::find_pair_should_return_positions ... ok
[INFO] [stdout] test word::test::get_next_non_blank_char_should_return_current_position_on_non_blank_char ... ok
[INFO] [stdout] test selection::test::should_add_regions ... ok
[INFO] [stdout] test soft_tab::tests::test_snap_to_soft_tab_line_col ... ok
[INFO] [stdout] test word::test::match_pair_should_be_none ... ok
[INFO] [stdout] test selection::test::should_apply_delta_after_insertion ... ok
[INFO] [stdout] test selection::test::should_return_selection_region_min ... ok
[INFO] [stdout] test word::test::get_next_non_blank_char_should_skip_whitespace ... ok
[INFO] [stdout] test soft_tab::tests::test_count_spaces_from ... ok
[INFO] [stdout] test word::test::next_word_boundary_should_be_none_at_last_position ... ok
[INFO] [stdout] test word::test::on_whitespace_prev_boundary_should_be_at_line_start_for_non_modal ... ok
[INFO] [stdout] test word::test::on_whitespace_prev_boundary_should_cross_line_for_modal ... ok
[INFO] [stdout] test word::test::prev_boundary_should_be_at_word_start ... ok
[INFO] [stdout] test word::test::prev_boundary_should_be_none_at_position_zero ... ok
[INFO] [stdout] test word::test::prev_boundary_should_be_zero_when_cursor_on_first_word ... ok
[INFO] [stdout] test selection::test::should_return_last_inserted_region ... ok
[INFO] [stdout] test word::test::select_word_should_return_word_boundaries ... ok
[INFO] [stdout] test word::test::should_get_deletion_boundary_backward ... ok
[INFO] [stdout] test word::test::should_get_end_boundary ... ok
[INFO] [stdout] test word::test::should_get_next_code_boundary ... ok
[INFO] [stdout] test word::test::should_get_next_unmatched_char ... ok
[INFO] [stdout] test word::test::should_get_next_unmatched_char_witch_matched_chars ... ok
[INFO] [stdout] test word::test::should_get_next_word_boundary ... ok
[INFO] [stdout] test word::test::should_get_previous_code_boundary ... ok
[INFO] [stdout] test word::test::should_get_previous_unmatched_char_with_inner_matched_chars ... ok
[INFO] [stdout] test word::test::should_match_pair_backward ... ok
[INFO] [stdout] test word::test::should_match_pair_forward ... ok
[INFO] [stdout] test word::test::should_get_previous_unmatched_char ... ok
[INFO] [stdout] test char_buffer::test_char_buffer ... ok
[INFO] [stdout] 
[INFO] [stdout] test result: ok. 77 passed; 0 failed; 0 ignored; 0 measured; 0 filtered out; finished in 0.07s
[INFO] [stdout] 
[INFO] [stderr]    Doc-tests floem_editor_core
[INFO] [stdout] 
[INFO] [stdout] running 50 tests
[INFO] [stdout] test src/char_buffer.rs - char_buffer::CharBuffer::is_empty (line 128) ... ok
[INFO] [stdout] test src/char_buffer.rs - char_buffer::CharBuffer::len (line 109) ... ok
[INFO] [stdout] test src/char_buffer.rs - char_buffer::CharBuffer::from (line 149) ... ok
[INFO] [stdout] test src/char_buffer.rs - char_buffer::CharBuffer (line 24) ... ok
[INFO] [stdout] test src/char_buffer.rs - char_buffer::Box<str> (line 465) ... ok
[INFO] [stdout] test src/buffer/rope_text.rs - buffer::rope_text::RopeText::offset_of_line_col (line 61) ... FAILED
[INFO] [stdout] test src/char_buffer.rs - char_buffer::Box<str> (line 465) ... ok
[INFO] [stdout] test src/char_buffer.rs - char_buffer::CharBuffer::as_str (line 92) ... ok
[INFO] [stdout] test src/char_buffer.rs - char_buffer::&'astr::from (line 365) ... ok
[INFO] [stdout] test src/cursor.rs - cursor::CursorAffinity (line 116) ... ignored
[INFO] [stdout] test src/cursor.rs - cursor::CursorAffinity (line 130) ... ignored
[INFO] [stdout] test src/char_buffer.rs - char_buffer::Cow<'_,CharBuffer>::from (line 403) ... ok
[INFO] [stdout] test src/char_buffer.rs - char_buffer::CharBuffer::from (line 173) ... ok
[INFO] [stdout] test src/char_buffer.rs - char_buffer::CharBuffer::from (line 201) ... ok
[INFO] [stdout] test src/char_buffer.rs - char_buffer::CharBuffer::from (line 305) ... ok
[INFO] [stdout] test src/char_buffer.rs - char_buffer::Arc<str> (line 445) ... ok
[INFO] [stdout] test src/char_buffer.rs - char_buffer::Arc<str> (line 445) ... ok
[INFO] [stdout] test src/buffer/rope_text.rs - buffer::rope_text::RopeText::line_end_offset (line 111) ... ok
[INFO] [stdout] test src/char_buffer.rs - char_buffer::CharBuffer::new (line 68) ... ok
[INFO] [stdout] test src/char_buffer.rs - char_buffer::Cow<'a,str>::from (line 383) ... ok
[INFO] [stdout] test src/char_buffer.rs - char_buffer::char::from (line 237) ... ok
[INFO] [stdout] test src/char_buffer.rs - char_buffer::String::from (line 329) ... ok
[INFO] [stdout] test src/char_buffer.rs - char_buffer::Rc<str> (line 484) ... ok
[INFO] [stdout] test src/char_buffer.rs - char_buffer::Rc<str> (line 484) ... ok
[INFO] [stdout] test src/selection.rs - selection::SelRegion::merge_with (line 110) ... ok
[INFO] [stdout] test src/char_buffer.rs - char_buffer::char::from (line 275) ... ok
[INFO] [stdout] test src/selection.rs - selection::SelRegion::min (line 67) ... ok
[INFO] [stdout] test src/char_buffer.rs - char_buffer::String::from (line 347) ... ok
[INFO] [stdout] test src/selection.rs - selection::SelRegion::is_caret (line 97) ... ok
[INFO] [stdout] test src/selection.rs - selection::Selection::max_offset (line 294) ... ok
[INFO] [stdout] test src/selection.rs - selection::SelRegion::max (line 82) ... ok
[INFO] [stdout] test src/word.rs - word::WordCursor<'a>::next_boundary (line 197) ... FAILED
[INFO] [stdout] test src/selection.rs - selection::Selection::delete_range (line 368) ... ok
[INFO] [stdout] test src/selection.rs - selection::Selection::regions_in_range (line 315) ... ok
[INFO] [stdout] test src/selection.rs - selection::Selection::add_region (line 398) ... ok
[INFO] [stdout] test src/word.rs - word::WordCursor<'a>::end_boundary (line 226) ... ok
[INFO] [stdout] test src/selection.rs - selection::Selection::contains (line 177) ... ok
[INFO] [stdout] test src/selection.rs - selection::Selection::min_offset (line 272) ... ok
[INFO] [stdout] test src/selection.rs - selection::Selection::full_regions_in_range (line 342) ... ok
[INFO] [stdout] test src/word.rs - word::WordCursor<'a>::find_enclosing_pair (line 411) ... ok
[INFO] [stdout] test src/selection.rs - selection::Selection::min (line 209) ... ok
[INFO] [stdout] test src/word.rs - word::WordCursor<'a>::next_code_boundary (line 280) ... ok
[INFO] [stdout] test src/word.rs - word::WordCursor<'a>::next_non_blank_char (line 173) ... ok
[INFO] [stdout] test src/word.rs - word::WordCursor<'a>::match_pairs (line 307) ... ok
[INFO] [stdout] test src/word.rs - word::WordCursor<'a>::prev_boundary (line 70) ... ok
[INFO] [stdout] test src/word.rs - word::WordCursor<'a>::next_unmatched (line 333) ... ok
[INFO] [stdout] test src/word.rs - word::WordCursor<'a>::prev_code_boundary (line 256) ... ok
[INFO] [stdout] test src/word.rs - word::WordCursor<'a>::prev_deletion_boundary (line 110) ... ok
[INFO] [stdout] test src/word.rs - word::WordCursor<'a>::select_word (line 390) ... ok
[INFO] [stdout] test src/word.rs - word::WordCursor<'a>::previous_unmatched (line 362) ... ok
[INFO] [stdout] 
[INFO] [stdout] failures:
[INFO] [stdout] 
[INFO] [stdout] ---- src/buffer/rope_text.rs - buffer::rope_text::RopeText::offset_of_line_col (line 61) stdout ----
[INFO] [stdout] error: linking with `cc` failed: exit status: 1
[INFO] [stdout]   |
[INFO] [stdout]   = note: LC_ALL="C" PATH="/opt/rustwide/rustup-home/toolchains/beta-2024-12-08-x86_64-unknown-linux-gnu/lib/rustlib/x86_64-unknown-linux-gnu/bin:/opt/rustwide/cargo-home/bin:/usr/local/sbin:/usr/local/bin:/usr/sbin:/usr/bin:/sbin:/bin" VSLANG="1033" "cc" "-m64" "/tmp/rustcKaCtoN/symbols.o" "/tmp/rustdoctestPVPJqZ/rust_out.rust_out.9242fac72db2cd11-cgu.0.rcgu.o" "/tmp/rustdoctestPVPJqZ/rust_out.2hl2tb9xdtge7mguxzn2q1kvi.rcgu.o" "-Wl,--as-needed" "-Wl,-Bstatic" "/opt/rustwide/target/debug/deps/libfloem_editor_core-8cc58f5b10f41cd6.rlib" "/opt/rustwide/target/debug/deps/libstrum-bb5d02a617643483.rlib" "/opt/rustwide/target/debug/deps/libbitflags-84877d9103c9f4ef.rlib" "/opt/rustwide/target/debug/deps/libitertools-a4d9787cca7942b1.rlib" "/opt/rustwide/target/debug/deps/libeither-715c6002fba7ac68.rlib" "/opt/rustwide/target/debug/deps/liblapce_xi_rope-909b197f17890727.rlib" "/opt/rustwide/target/debug/deps/libserde-5c8881b17663fe80.rlib" "/opt/rustwide/target/debug/deps/libunicode_segmentation-cb39aac4d70fdcf2.rlib" "/opt/rustwide/target/debug/deps/libregex-efe1db66ebfa54c7.rlib" "/opt/rustwide/target/debug/deps/libregex_automata-877ebb2ba0bf5ace.rlib" "/opt/rustwide/target/debug/deps/libaho_corasick-b7cbf506a5c4f18e.rlib" "/opt/rustwide/target/debug/deps/libregex_syntax-68a2118807cc42f7.rlib" "/opt/rustwide/target/debug/deps/libmemchr-412d53cbfea52259.rlib" "/opt/rustwide/target/debug/deps/libbytecount-bb026d563bdc2e3e.rlib" "/opt/rustwide/rustup-home/toolchains/beta-2024-12-08-x86_64-unknown-linux-gnu/lib/rustlib/x86_64-unknown-linux-gnu/lib/libstd-02dc84f49135b6b8.rlib" "/opt/rustwide/rustup-home/toolchains/beta-2024-12-08-x86_64-unknown-linux-gnu/lib/rustlib/x86_64-unknown-linux-gnu/lib/libpanic_unwind-a8f45b397fae3f81.rlib" "/opt/rustwide/rustup-home/toolchains/beta-2024-12-08-x86_64-unknown-linux-gnu/lib/rustlib/x86_64-unknown-linux-gnu/lib/libobject-089607133c180609.rlib" "/opt/rustwide/rustup-home/toolchains/beta-2024-12-08-x86_64-unknown-linux-gnu/lib/rustlib/x86_64-unknown-linux-gnu/lib/libmemchr-fc89f091bcd86cbb.rlib" "/opt/rustwide/rustup-home/toolchains/beta-2024-12-08-x86_64-unknown-linux-gnu/lib/rustlib/x86_64-unknown-linux-gnu/lib/libaddr2line-5a60949f01c7340c.rlib" "/opt/rustwide/rustup-home/toolchains/beta-2024-12-08-x86_64-unknown-linux-gnu/lib/rustlib/x86_64-unknown-linux-gnu/lib/libgimli-d29e6a55ca253c8c.rlib" "/opt/rustwide/rustup-home/toolchains/beta-2024-12-08-x86_64-unknown-linux-gnu/lib/rustlib/x86_64-unknown-linux-gnu/lib/librustc_demangle-273c078d5f65de7a.rlib" "/opt/rustwide/rustup-home/toolchains/beta-2024-12-08-x86_64-unknown-linux-gnu/lib/rustlib/x86_64-unknown-linux-gnu/lib/libstd_detect-413c950ffbdd4454.rlib" "/opt/rustwide/rustup-home/toolchains/beta-2024-12-08-x86_64-unknown-linux-gnu/lib/rustlib/x86_64-unknown-linux-gnu/lib/libhashbrown-1853c0976a1d88a6.rlib" "/opt/rustwide/rustup-home/toolchains/beta-2024-12-08-x86_64-unknown-linux-gnu/lib/rustlib/x86_64-unknown-linux-gnu/lib/librustc_std_workspace_alloc-ccb3384ddacb0f9e.rlib" "/opt/rustwide/rustup-home/toolchains/beta-2024-12-08-x86_64-unknown-linux-gnu/lib/rustlib/x86_64-unknown-linux-gnu/lib/libminiz_oxide-0b901dfb0ca849e0.rlib" "/opt/rustwide/rustup-home/toolchains/beta-2024-12-08-x86_64-unknown-linux-gnu/lib/rustlib/x86_64-unknown-linux-gnu/lib/libadler-eebeb8d7c64543ad.rlib" "/opt/rustwide/rustup-home/toolchains/beta-2024-12-08-x86_64-unknown-linux-gnu/lib/rustlib/x86_64-unknown-linux-gnu/lib/libunwind-4723ef81d6079867.rlib" "/opt/rustwide/rustup-home/toolchains/beta-2024-12-08-x86_64-unknown-linux-gnu/lib/rustlib/x86_64-unknown-linux-gnu/lib/libcfg_if-54442f8b422f5a54.rlib" "/opt/rustwide/rustup-home/toolchains/beta-2024-12-08-x86_64-unknown-linux-gnu/lib/rustlib/x86_64-unknown-linux-gnu/lib/liblibc-e0bbe034b5282553.rlib" "/opt/rustwide/rustup-home/toolchains/beta-2024-12-08-x86_64-unknown-linux-gnu/lib/rustlib/x86_64-unknown-linux-gnu/lib/liballoc-d0febb68c1c37b90.rlib" "/opt/rustwide/rustup-home/toolchains/beta-2024-12-08-x86_64-unknown-linux-gnu/lib/rustlib/x86_64-unknown-linux-gnu/lib/librustc_std_workspace_core-4cf833632aafa84c.rlib" "/opt/rustwide/rustup-home/toolchains/beta-2024-12-08-x86_64-unknown-linux-gnu/lib/rustlib/x86_64-unknown-linux-gnu/lib/libcore-65c2c6d2d6ae570b.rlib" "/opt/rustwide/rustup-home/toolchains/beta-2024-12-08-x86_64-unknown-linux-gnu/lib/rustlib/x86_64-unknown-linux-gnu/lib/libcompiler_builtins-97929cee0dcfe424.rlib" "-Wl,-Bdynamic" "-lgcc_s" "-lutil" "-lrt" "-lpthread" "-lm" "-ldl" "-lc" "-Wl,--eh-frame-hdr" "-Wl,-z,noexecstack" "-L" "/opt/rustwide/rustup-home/toolchains/beta-2024-12-08-x86_64-unknown-linux-gnu/lib/rustlib/x86_64-unknown-linux-gnu/lib" "-o" "/tmp/rustdoctestPVPJqZ/rust_out" "-Wl,--gc-sections" "-pie" "-Wl,-z,relro,-z,now" "-nodefaultlibs"
[INFO] [stdout]   = note: collect2: fatal error: ld terminated with signal 9 [Killed]
[INFO] [stdout]           compilation terminated.
[INFO] [stdout]           
[INFO] [stdout] 
[INFO] [stdout] error: aborting due to 1 previous error
[INFO] [stdout] 
[INFO] [stdout] Couldn't compile the test.
[INFO] [stdout] ---- src/word.rs - word::WordCursor<'a>::next_boundary (line 197) stdout ----
[INFO] [stdout] error: linking with `cc` failed: exit status: 1
[INFO] [stdout]   |
[INFO] [stdout]   = note: LC_ALL="C" PATH="/opt/rustwide/rustup-home/toolchains/beta-2024-12-08-x86_64-unknown-linux-gnu/lib/rustlib/x86_64-unknown-linux-gnu/bin:/opt/rustwide/cargo-home/bin:/usr/local/sbin:/usr/local/bin:/usr/sbin:/usr/bin:/sbin:/bin" VSLANG="1033" "cc" "-m64" "/tmp/rustcEUdVz9/symbols.o" "/tmp/rustdoctestrNbamN/rust_out.rust_out.9242fac72db2cd11-cgu.0.rcgu.o" "/tmp/rustdoctestrNbamN/rust_out.2hl2tb9xdtge7mguxzn2q1kvi.rcgu.o" "-Wl,--as-needed" "-Wl,-Bstatic" "/opt/rustwide/target/debug/deps/libfloem_editor_core-8cc58f5b10f41cd6.rlib" "/opt/rustwide/target/debug/deps/libstrum-bb5d02a617643483.rlib" "/opt/rustwide/target/debug/deps/libbitflags-84877d9103c9f4ef.rlib" "/opt/rustwide/target/debug/deps/libitertools-a4d9787cca7942b1.rlib" "/opt/rustwide/target/debug/deps/libeither-715c6002fba7ac68.rlib" "/opt/rustwide/target/debug/deps/liblapce_xi_rope-909b197f17890727.rlib" "/opt/rustwide/target/debug/deps/libserde-5c8881b17663fe80.rlib" "/opt/rustwide/target/debug/deps/libunicode_segmentation-cb39aac4d70fdcf2.rlib" "/opt/rustwide/target/debug/deps/libregex-efe1db66ebfa54c7.rlib" "/opt/rustwide/target/debug/deps/libregex_automata-877ebb2ba0bf5ace.rlib" "/opt/rustwide/target/debug/deps/libaho_corasick-b7cbf506a5c4f18e.rlib" "/opt/rustwide/target/debug/deps/libregex_syntax-68a2118807cc42f7.rlib" "/opt/rustwide/target/debug/deps/libmemchr-412d53cbfea52259.rlib" "/opt/rustwide/target/debug/deps/libbytecount-bb026d563bdc2e3e.rlib" "/opt/rustwide/rustup-home/toolchains/beta-2024-12-08-x86_64-unknown-linux-gnu/lib/rustlib/x86_64-unknown-linux-gnu/lib/libstd-02dc84f49135b6b8.rlib" "/opt/rustwide/rustup-home/toolchains/beta-2024-12-08-x86_64-unknown-linux-gnu/lib/rustlib/x86_64-unknown-linux-gnu/lib/libpanic_unwind-a8f45b397fae3f81.rlib" "/opt/rustwide/rustup-home/toolchains/beta-2024-12-08-x86_64-unknown-linux-gnu/lib/rustlib/x86_64-unknown-linux-gnu/lib/libobject-089607133c180609.rlib" "/opt/rustwide/rustup-home/toolchains/beta-2024-12-08-x86_64-unknown-linux-gnu/lib/rustlib/x86_64-unknown-linux-gnu/lib/libmemchr-fc89f091bcd86cbb.rlib" "/opt/rustwide/rustup-home/toolchains/beta-2024-12-08-x86_64-unknown-linux-gnu/lib/rustlib/x86_64-unknown-linux-gnu/lib/libaddr2line-5a60949f01c7340c.rlib" "/opt/rustwide/rustup-home/toolchains/beta-2024-12-08-x86_64-unknown-linux-gnu/lib/rustlib/x86_64-unknown-linux-gnu/lib/libgimli-d29e6a55ca253c8c.rlib" "/opt/rustwide/rustup-home/toolchains/beta-2024-12-08-x86_64-unknown-linux-gnu/lib/rustlib/x86_64-unknown-linux-gnu/lib/librustc_demangle-273c078d5f65de7a.rlib" "/opt/rustwide/rustup-home/toolchains/beta-2024-12-08-x86_64-unknown-linux-gnu/lib/rustlib/x86_64-unknown-linux-gnu/lib/libstd_detect-413c950ffbdd4454.rlib" "/opt/rustwide/rustup-home/toolchains/beta-2024-12-08-x86_64-unknown-linux-gnu/lib/rustlib/x86_64-unknown-linux-gnu/lib/libhashbrown-1853c0976a1d88a6.rlib" "/opt/rustwide/rustup-home/toolchains/beta-2024-12-08-x86_64-unknown-linux-gnu/lib/rustlib/x86_64-unknown-linux-gnu/lib/librustc_std_workspace_alloc-ccb3384ddacb0f9e.rlib" "/opt/rustwide/rustup-home/toolchains/beta-2024-12-08-x86_64-unknown-linux-gnu/lib/rustlib/x86_64-unknown-linux-gnu/lib/libminiz_oxide-0b901dfb0ca849e0.rlib" "/opt/rustwide/rustup-home/toolchains/beta-2024-12-08-x86_64-unknown-linux-gnu/lib/rustlib/x86_64-unknown-linux-gnu/lib/libadler-eebeb8d7c64543ad.rlib" "/opt/rustwide/rustup-home/toolchains/beta-2024-12-08-x86_64-unknown-linux-gnu/lib/rustlib/x86_64-unknown-linux-gnu/lib/libunwind-4723ef81d6079867.rlib" "/opt/rustwide/rustup-home/toolchains/beta-2024-12-08-x86_64-unknown-linux-gnu/lib/rustlib/x86_64-unknown-linux-gnu/lib/libcfg_if-54442f8b422f5a54.rlib" "/opt/rustwide/rustup-home/toolchains/beta-2024-12-08-x86_64-unknown-linux-gnu/lib/rustlib/x86_64-unknown-linux-gnu/lib/liblibc-e0bbe034b5282553.rlib" "/opt/rustwide/rustup-home/toolchains/beta-2024-12-08-x86_64-unknown-linux-gnu/lib/rustlib/x86_64-unknown-linux-gnu/lib/liballoc-d0febb68c1c37b90.rlib" "/opt/rustwide/rustup-home/toolchains/beta-2024-12-08-x86_64-unknown-linux-gnu/lib/rustlib/x86_64-unknown-linux-gnu/lib/librustc_std_workspace_core-4cf833632aafa84c.rlib" "/opt/rustwide/rustup-home/toolchains/beta-2024-12-08-x86_64-unknown-linux-gnu/lib/rustlib/x86_64-unknown-linux-gnu/lib/libcore-65c2c6d2d6ae570b.rlib" "/opt/rustwide/rustup-home/toolchains/beta-2024-12-08-x86_64-unknown-linux-gnu/lib/rustlib/x86_64-unknown-linux-gnu/lib/libcompiler_builtins-97929cee0dcfe424.rlib" "-Wl,-Bdynamic" "-lgcc_s" "-lutil" "-lrt" "-lpthread" "-lm" "-ldl" "-lc" "-Wl,--eh-frame-hdr" "-Wl,-z,noexecstack" "-L" "/opt/rustwide/rustup-home/toolchains/beta-2024-12-08-x86_64-unknown-linux-gnu/lib/rustlib/x86_64-unknown-linux-gnu/lib" "-o" "/tmp/rustdoctestrNbamN/rust_out" "-Wl,--gc-sections" "-pie" "-Wl,-z,relro,-z,now" "-nodefaultlibs"
[INFO] [stdout]   = note: collect2: fatal error: ld terminated with signal 9 [Killed]
[INFO] [stdout]           compilation terminated.
[INFO] [stdout]           
[INFO] [stdout] 
[INFO] [stdout] error: aborting due to 1 previous error
[INFO] [stdout] 
[INFO] [stdout] Couldn't compile the test.
[INFO] [stdout] 
[INFO] [stdout] failures:
[INFO] [stdout]     src/buffer/rope_text.rs - buffer::rope_text::RopeText::offset_of_line_col (line 61)
[INFO] [stdout]     src/word.rs - word::WordCursor<'a>::next_boundary (line 197)
[INFO] [stdout] 
[INFO] [stdout] test result: FAILED. 46 passed; 2 failed; 2 ignored; 0 measured; 0 filtered out; finished in 9.19s
[INFO] [stdout] 
[INFO] [stderr] error: doctest failed, to rerun pass `--doc`
[INFO] running `Command { std: "docker" "inspect" "aa403724edbf960fa842efc83f26b53a3b20e5205155de1c2cfba531433491f5", kill_on_drop: false }`
[INFO] running `Command { std: "docker" "rm" "-f" "aa403724edbf960fa842efc83f26b53a3b20e5205155de1c2cfba531433491f5", kill_on_drop: false }`
[INFO] [stdout] aa403724edbf960fa842efc83f26b53a3b20e5205155de1c2cfba531433491f5
