[INFO] fetching crate floating-ui-leptos 0.1.3...
[INFO] testing floating-ui-leptos-0.1.3 against 1.83.0 for beta-1.84.0-4-retry
[INFO] extracting crate floating-ui-leptos 0.1.3 into /workspace/builds/worker-0-tc1/source
[INFO] validating manifest of crates.io crate floating-ui-leptos 0.1.3 on toolchain 1.83.0
[INFO] running `Command { std: CARGO_HOME="/workspace/cargo-home" RUSTUP_HOME="/workspace/rustup-home" "/workspace/cargo-home/bin/cargo" "+1.83.0" "metadata" "--manifest-path" "Cargo.toml" "--no-deps", kill_on_drop: false }`
[INFO] started tweaking crates.io crate floating-ui-leptos 0.1.3
[INFO] removed 0 missing tests
[INFO] finished tweaking crates.io crate floating-ui-leptos 0.1.3
[INFO] tweaked toml for crates.io crate floating-ui-leptos 0.1.3 written to /workspace/builds/worker-0-tc1/source/Cargo.toml
[INFO] running `Command { std: CARGO_HOME="/workspace/cargo-home" RUSTUP_HOME="/workspace/rustup-home" "/workspace/cargo-home/bin/cargo" "+1.83.0" "generate-lockfile" "--manifest-path" "Cargo.toml", kill_on_drop: false }`
[INFO] [stderr]     Updating crates.io index
[INFO] [stderr]      Locking 195 packages to latest compatible versions
[INFO] [stderr]       Adding leptos v0.6.15 (available: v0.7.0)
[INFO] running `Command { std: CARGO_HOME="/workspace/cargo-home" RUSTUP_HOME="/workspace/rustup-home" "/workspace/cargo-home/bin/cargo" "+1.83.0" "fetch" "--manifest-path" "Cargo.toml", kill_on_drop: false }`
[INFO] [stderr]  Downloading crates ...
[INFO] [stderr]   Downloaded dyn_std v0.3.3
[INFO] [stderr]   Downloaded floating-ui-utils v0.1.3
[INFO] [stderr]   Downloaded dyn_derive v0.3.4
[INFO] [stderr]   Downloaded floating-ui-dom v0.1.3
[INFO] [stderr]   Downloaded floating-ui-core v0.1.3
[INFO] running `Command { std: "docker" "create" "-v" "/var/lib/crater-agent-workspace/builds/worker-0-tc1/target:/opt/rustwide/target:rw,Z" "-v" "/var/lib/crater-agent-workspace/builds/worker-0-tc1/source:/opt/rustwide/workdir:ro,Z" "-v" "/var/lib/crater-agent-workspace/cargo-home:/opt/rustwide/cargo-home:ro,Z" "-v" "/var/lib/crater-agent-workspace/rustup-home:/opt/rustwide/rustup-home:ro,Z" "-e" "SOURCE_DIR=/opt/rustwide/workdir" "-e" "CARGO_TARGET_DIR=/opt/rustwide/target" "-e" "CARGO_HOME=/opt/rustwide/cargo-home" "-e" "RUSTUP_HOME=/opt/rustwide/rustup-home" "-w" "/opt/rustwide/workdir" "-m" "1610612736" "--user" "0:0" "--network" "none" "ghcr.io/rust-lang/crates-build-env/linux@sha256:f3a9d4ad9d972b27faf3965f35b62e55ba32bbce8f20bc8fe909558a86702fde" "/opt/rustwide/cargo-home/bin/cargo" "+1.83.0" "metadata" "--no-deps" "--format-version=1", kill_on_drop: false }`
[INFO] [stdout] e8a1d8ee27604dd8e9700d6e55c07de915b1f9918eba26940a2487dab4407c2b
[INFO] running `Command { std: "docker" "start" "-a" "e8a1d8ee27604dd8e9700d6e55c07de915b1f9918eba26940a2487dab4407c2b", kill_on_drop: false }`
[INFO] running `Command { std: "docker" "inspect" "e8a1d8ee27604dd8e9700d6e55c07de915b1f9918eba26940a2487dab4407c2b", kill_on_drop: false }`
[INFO] running `Command { std: "docker" "rm" "-f" "e8a1d8ee27604dd8e9700d6e55c07de915b1f9918eba26940a2487dab4407c2b", kill_on_drop: false }`
[INFO] [stdout] e8a1d8ee27604dd8e9700d6e55c07de915b1f9918eba26940a2487dab4407c2b
[INFO] running `Command { std: "docker" "create" "-v" "/var/lib/crater-agent-workspace/builds/worker-0-tc1/target:/opt/rustwide/target:rw,Z" "-v" "/var/lib/crater-agent-workspace/builds/worker-0-tc1/source:/opt/rustwide/workdir:ro,Z" "-v" "/var/lib/crater-agent-workspace/cargo-home:/opt/rustwide/cargo-home:ro,Z" "-v" "/var/lib/crater-agent-workspace/rustup-home:/opt/rustwide/rustup-home:ro,Z" "-e" "SOURCE_DIR=/opt/rustwide/workdir" "-e" "CARGO_TARGET_DIR=/opt/rustwide/target" "-e" "CARGO_INCREMENTAL=0" "-e" "RUST_BACKTRACE=full" "-e" "RUSTFLAGS=--cap-lints=warn" "-e" "RUSTDOCFLAGS=--cap-lints=warn" "-e" "CARGO_HOME=/opt/rustwide/cargo-home" "-e" "RUSTUP_HOME=/opt/rustwide/rustup-home" "-w" "/opt/rustwide/workdir" "-m" "1610612736" "--user" "0:0" "--network" "none" "ghcr.io/rust-lang/crates-build-env/linux@sha256:f3a9d4ad9d972b27faf3965f35b62e55ba32bbce8f20bc8fe909558a86702fde" "/opt/rustwide/cargo-home/bin/cargo" "+1.83.0" "build" "--frozen" "--message-format=json", kill_on_drop: false }`
[INFO] [stdout] ef099fa78624540ad951b8472832b30c5149408cd88a7bca4012fd3bd46601e6
[INFO] running `Command { std: "docker" "start" "-a" "ef099fa78624540ad951b8472832b30c5149408cd88a7bca4012fd3bd46601e6", kill_on_drop: false }`
[INFO] [stderr]    Compiling proc-macro2 v1.0.92
[INFO] [stderr]    Compiling unicode-ident v1.0.14
[INFO] [stderr]    Compiling cfg-if v1.0.0
[INFO] [stderr]    Compiling serde v1.0.216
[INFO] [stderr]    Compiling smallvec v1.13.2
[INFO] [stderr]    Compiling wasm-bindgen-shared v0.2.99
[INFO] [stderr]    Compiling version_check v0.9.5
[INFO] [stderr]    Compiling memchr v2.7.4
[INFO] [stderr]    Compiling once_cell v1.20.2
[INFO] [stderr]    Compiling bumpalo v3.16.0
[INFO] [stderr]    Compiling autocfg v1.4.0
[INFO] [stderr]    Compiling log v0.4.22
[INFO] [stderr]    Compiling wasm-bindgen v0.2.99
[INFO] [stderr]    Compiling stable_deref_trait v1.2.0
[INFO] [stderr]    Compiling thiserror v1.0.69
[INFO] [stderr]    Compiling libc v0.2.168
[INFO] [stderr]    Compiling litemap v0.7.4
[INFO] [stderr]    Compiling futures-core v0.3.31
[INFO] [stderr]    Compiling writeable v0.5.5
[INFO] [stderr]    Compiling futures-sink v0.3.31
[INFO] [stderr]    Compiling slab v0.4.9
[INFO] [stderr]    Compiling itoa v1.0.14
[INFO] [stderr]    Compiling equivalent v1.0.1
[INFO] [stderr]    Compiling serde_json v1.0.133
[INFO] [stderr]    Compiling pin-project-lite v0.2.15
[INFO] [stderr]    Compiling hashbrown v0.15.2
[INFO] [stderr]    Compiling lock_api v0.4.12
[INFO] [stderr]    Compiling futures-channel v0.3.31
[INFO] [stderr]    Compiling icu_locid_transform_data v1.5.0
[INFO] [stderr]    Compiling parking_lot_core v0.9.10
[INFO] [stderr]    Compiling ryu v1.0.18
[INFO] [stderr]    Compiling unicode-segmentation v1.12.0
[INFO] [stderr]    Compiling quote v1.0.37
[INFO] [stderr]    Compiling proc-macro-error-attr v1.0.4
[INFO] [stderr]    Compiling futures-io v0.3.31
[INFO] [stderr]    Compiling syn v2.0.90
[INFO] [stderr]    Compiling convert_case v0.6.0
[INFO] [stderr]    Compiling pin-utils v0.1.0
[INFO] [stderr]    Compiling futures-task v0.3.31
[INFO] [stderr]    Compiling unicode-xid v0.2.6
[INFO] [stderr]    Compiling indexmap v2.7.0
[INFO] [stderr]    Compiling icu_properties_data v1.5.0
[INFO] [stderr]    Compiling scopeguard v1.2.0
[INFO] [stderr]    Compiling const_format_proc_macros v0.2.34
[INFO] [stderr]    Compiling proc-macro-error v1.0.4
[INFO] [stderr]    Compiling write16 v1.0.0
[INFO] [stderr]    Compiling icu_normalizer_data v1.5.0
[INFO] [stderr]    Compiling utf16_iter v1.0.5
[INFO] [stderr]    Compiling utf8_iter v1.0.4
[INFO] [stderr]    Compiling proc-macro-utils v0.8.0
[INFO] [stderr]    Compiling proc-macro-utils v0.10.0
[INFO] [stderr]    Compiling proc-macro2-diagnostics v0.10.1
[INFO] [stderr]    Compiling percent-encoding v2.3.1
[INFO] [stderr]    Compiling xxhash-rust v0.8.12
[INFO] [stderr]    Compiling slotmap v1.0.7
[INFO] [stderr]    Compiling tracing-core v0.1.33
[INFO] [stderr]    Compiling half v2.4.1
[INFO] [stderr]    Compiling camino v1.1.9
[INFO] [stderr]    Compiling bytes v1.9.0
[INFO] [stderr]    Compiling manyhow-macros v0.10.4
[INFO] [stderr]    Compiling paste v1.0.15
[INFO] [stderr]    Compiling anyhow v1.0.94
[INFO] [stderr]    Compiling ciborium-io v0.2.2
[INFO] [stderr]    Compiling fnv v1.0.7
[INFO] [stderr]    Compiling yansi v1.0.1
[INFO] [stderr]    Compiling ciborium-ll v0.2.2
[INFO] [stderr]    Compiling const_format v0.2.34
[INFO] [stderr]    Compiling http v1.2.0
[INFO] [stderr]    Compiling form_urlencoded v1.2.1
[INFO] [stderr]    Compiling same-file v1.0.6
[INFO] [stderr]    Compiling either v1.13.0
[INFO] [stderr]    Compiling collection_literals v1.0.1
[INFO] [stderr]    Compiling utf8-width v0.1.7
[INFO] [stderr]    Compiling interpolator v0.5.0
[INFO] [stderr]    Compiling winnow v0.6.20
[INFO] [stderr]    Compiling hashbrown v0.14.5
[INFO] [stderr]    Compiling prettyplease v0.2.25
[INFO] [stderr]    Compiling html-escape v0.2.13
[INFO] [stderr]    Compiling itertools v0.12.1
[INFO] [stderr]    Compiling walkdir v2.5.0
[INFO] [stderr]    Compiling dashmap v5.5.3
[INFO] [stderr]    Compiling parking_lot v0.12.3
[INFO] [stderr]    Compiling getrandom v0.2.15
[INFO] [stderr]    Compiling proc-macro-error-attr2 v2.0.0
[INFO] [stderr]    Compiling aho-corasick v1.1.3
[INFO] [stderr]    Compiling send_wrapper v0.6.0
[INFO] [stderr]    Compiling base64 v0.22.1
[INFO] [stderr]    Compiling minimal-lexical v0.2.1
[INFO] [stderr]    Compiling rustc-hash v1.1.0
[INFO] [stderr]    Compiling regex-syntax v0.8.5
[INFO] [stderr]    Compiling self_cell v1.1.0
[INFO] [stderr]    Compiling dyn_std v0.3.3
[INFO] [stderr]    Compiling proc-macro-error2 v2.0.1
[INFO] [stderr]    Compiling nom v7.1.3
[INFO] [stderr]    Compiling uuid v1.11.0
[INFO] [stderr]    Compiling pathdiff v0.2.3
[INFO] [stderr]    Compiling pad-adapter v0.1.1
[INFO] [stderr]    Compiling inventory v0.3.15
[INFO] [stderr]    Compiling lazy_static v1.5.0
[INFO] [stderr]    Compiling drain_filter_polyfill v0.1.3
[INFO] [stderr]    Compiling synstructure v0.13.1
[INFO] [stderr]    Compiling wasm-bindgen-backend v0.2.99
[INFO] [stderr]    Compiling server_fn_macro v0.6.15
[INFO] [stderr]    Compiling manyhow v0.10.4
[INFO] [stderr]    Compiling regex-automata v0.4.9
[INFO] [stderr]    Compiling wasm-bindgen-macro-support v0.2.99
[INFO] [stderr]    Compiling serde_derive v1.0.216
[INFO] [stderr]    Compiling zerofrom-derive v0.1.5
[INFO] [stderr]    Compiling yoke-derive v0.7.5
[INFO] [stderr]    Compiling zerovec-derive v0.10.3
[INFO] [stderr]    Compiling displaydoc v0.2.5
[INFO] [stderr]    Compiling wasm-bindgen-macro v0.2.99
[INFO] [stderr]    Compiling thiserror-impl v1.0.69
[INFO] [stderr]    Compiling icu_provider_macros v1.5.0
[INFO] [stderr]    Compiling zerofrom v0.1.5
[INFO] [stderr]    Compiling futures-macro v0.3.31
[INFO] [stderr]    Compiling pin-project-internal v1.1.7
[INFO] [stderr]    Compiling yoke v0.7.5
[INFO] [stderr]    Compiling zerovec v0.10.4
[INFO] [stderr]    Compiling quote-use-macros v0.8.4
[INFO] [stderr]    Compiling tracing-attributes v0.1.28
[INFO] [stderr]    Compiling js-sys v0.3.76
[INFO] [stderr]    Compiling tinystr v0.7.6
[INFO] [stderr]    Compiling icu_collections v1.5.0
[INFO] [stderr]    Compiling futures-util v0.3.31
[INFO] [stderr]    Compiling pin-project v1.1.7
[INFO] [stderr]    Compiling quote-use v0.8.4
[INFO] [stderr]    Compiling icu_locid v1.5.0
[INFO] [stderr]    Compiling syn_derive v0.1.8
[INFO] [stderr]    Compiling icu_provider v1.5.0
[INFO] [stderr]    Compiling rstml v0.11.2
[INFO] [stderr]    Compiling icu_locid_transform v1.5.0
[INFO] [stderr]    Compiling attribute-derive-macro v0.9.2
[INFO] [stderr]    Compiling tracing v0.1.41
[INFO] [stderr]    Compiling server_fn_macro_default v0.6.15
[INFO] [stderr]    Compiling icu_properties v1.5.1
[INFO] [stderr]    Compiling derive-where v1.2.7
[INFO] [stderr]    Compiling dyn_derive v0.3.4
[INFO] [stderr]    Compiling typed-builder-macro v0.18.2
[INFO] [stderr]    Compiling futures-executor v0.3.31
[INFO] [stderr]    Compiling futures v0.3.31
[INFO] [stderr]    Compiling regex v1.11.1
[INFO] [stderr]    Compiling web-sys v0.3.76
[INFO] [stderr]    Compiling icu_normalizer v1.5.0
[INFO] [stderr]    Compiling wasm-bindgen-futures v0.4.49
[INFO] [stderr]    Compiling attribute-derive v0.9.2
[INFO] [stderr]    Compiling idna_adapter v1.2.0
[INFO] [stderr]    Compiling idna v1.0.3
[INFO] [stderr]    Compiling typed-builder v0.18.2
[INFO] [stderr]    Compiling async-recursion v1.1.1
[INFO] [stderr]    Compiling leptos_hot_reload v0.6.15
[INFO] [stderr]    Compiling toml_datetime v0.6.8
[INFO] [stderr]    Compiling serde_spanned v0.6.8
[INFO] [stderr]    Compiling url v2.5.4
[INFO] [stderr]    Compiling toml_edit v0.22.22
[INFO] [stderr]    Compiling ciborium v0.2.2
[INFO] [stderr]    Compiling serde-wasm-bindgen v0.6.5
[INFO] [stderr]    Compiling serde_qs v0.12.0
[INFO] [stderr]    Compiling oco_ref v0.1.1
[INFO] [stderr]    Compiling leptos_macro v0.6.15
[INFO] [stderr]    Compiling leptos_reactive v0.6.15
[INFO] [stderr]    Compiling toml v0.8.19
[INFO] [stderr]    Compiling config v0.14.1
[INFO] [stderr]    Compiling leptos_config v0.6.15
[INFO] [stderr]    Compiling gloo-utils v0.2.0
[INFO] [stderr]    Compiling floating-ui-utils v0.1.3
[INFO] [stderr]    Compiling gloo-net v0.6.0
[INFO] [stderr]    Compiling floating-ui-core v0.1.3
[INFO] [stderr]    Compiling floating-ui-dom v0.1.3
[INFO] [stderr]    Compiling wasm-streams v0.4.2
[INFO] [stderr]    Compiling server_fn v0.6.15
[INFO] [stderr]    Compiling leptos_server v0.6.15
[INFO] [stderr]    Compiling leptos_dom v0.6.15
[INFO] [stderr]    Compiling leptos v0.6.15
[INFO] [stderr]    Compiling floating-ui-leptos v0.1.3 (/opt/rustwide/workdir)
[INFO] [stderr]     Finished `dev` profile [unoptimized + debuginfo] target(s) in 2m 24s
[INFO] running `Command { std: "docker" "inspect" "ef099fa78624540ad951b8472832b30c5149408cd88a7bca4012fd3bd46601e6", kill_on_drop: false }`
[INFO] running `Command { std: "docker" "rm" "-f" "ef099fa78624540ad951b8472832b30c5149408cd88a7bca4012fd3bd46601e6", kill_on_drop: false }`
[INFO] [stdout] ef099fa78624540ad951b8472832b30c5149408cd88a7bca4012fd3bd46601e6
[INFO] running `Command { std: "docker" "create" "-v" "/var/lib/crater-agent-workspace/builds/worker-0-tc1/target:/opt/rustwide/target:rw,Z" "-v" "/var/lib/crater-agent-workspace/builds/worker-0-tc1/source:/opt/rustwide/workdir:ro,Z" "-v" "/var/lib/crater-agent-workspace/cargo-home:/opt/rustwide/cargo-home:ro,Z" "-v" "/var/lib/crater-agent-workspace/rustup-home:/opt/rustwide/rustup-home:ro,Z" "-e" "SOURCE_DIR=/opt/rustwide/workdir" "-e" "CARGO_TARGET_DIR=/opt/rustwide/target" "-e" "CARGO_INCREMENTAL=0" "-e" "RUST_BACKTRACE=full" "-e" "RUSTFLAGS=--cap-lints=warn" "-e" "RUSTDOCFLAGS=--cap-lints=warn" "-e" "CARGO_HOME=/opt/rustwide/cargo-home" "-e" "RUSTUP_HOME=/opt/rustwide/rustup-home" "-w" "/opt/rustwide/workdir" "-m" "1610612736" "--user" "0:0" "--network" "none" "ghcr.io/rust-lang/crates-build-env/linux@sha256:f3a9d4ad9d972b27faf3965f35b62e55ba32bbce8f20bc8fe909558a86702fde" "/opt/rustwide/cargo-home/bin/cargo" "+1.83.0" "test" "--frozen" "--no-run" "--message-format=json", kill_on_drop: false }`
[INFO] [stdout] 01109b351f18ae0cefc16e72a3d6a9c79557ec420fdbb045bf381e3d61c79738
[INFO] running `Command { std: "docker" "start" "-a" "01109b351f18ae0cefc16e72a3d6a9c79557ec420fdbb045bf381e3d61c79738", kill_on_drop: false }`
[INFO] [stderr]    Compiling wasm-bindgen-test-macro v0.3.49
[INFO] [stderr]    Compiling scoped-tls v1.0.1
[INFO] [stderr]    Compiling wasm-bindgen-test v0.3.49
[INFO] [stderr]    Compiling floating-ui-leptos v0.1.3 (/opt/rustwide/workdir)
[INFO] [stdout] warning: function `updates_is_positioned_when_position_is_computed` is never used
[INFO] [stdout]    --> src/use_floating.rs:388:8
[INFO] [stdout]     |
[INFO] [stdout] 388 |     fn updates_is_positioned_when_position_is_computed() {
[INFO] [stdout]     |        ^^^^^^^^^^^^^^^^^^^^^^^^^^^^^^^^^^^^^^^^^^^^^^^
[INFO] [stdout]     |
[INFO] [stdout]     = note: `#[warn(dead_code)]` on by default
[INFO] [stdout] 
[INFO] [stdout] 
[INFO] [stderr]     Finished `test` profile [unoptimized + debuginfo] target(s) in 3.64s
[INFO] running `Command { std: "docker" "inspect" "01109b351f18ae0cefc16e72a3d6a9c79557ec420fdbb045bf381e3d61c79738", kill_on_drop: false }`
[INFO] running `Command { std: "docker" "rm" "-f" "01109b351f18ae0cefc16e72a3d6a9c79557ec420fdbb045bf381e3d61c79738", kill_on_drop: false }`
[INFO] [stdout] 01109b351f18ae0cefc16e72a3d6a9c79557ec420fdbb045bf381e3d61c79738
[INFO] running `Command { std: "docker" "create" "-v" "/var/lib/crater-agent-workspace/builds/worker-0-tc1/target:/opt/rustwide/target:rw,Z" "-v" "/var/lib/crater-agent-workspace/builds/worker-0-tc1/source:/opt/rustwide/workdir:ro,Z" "-v" "/var/lib/crater-agent-workspace/cargo-home:/opt/rustwide/cargo-home:ro,Z" "-v" "/var/lib/crater-agent-workspace/rustup-home:/opt/rustwide/rustup-home:ro,Z" "-e" "SOURCE_DIR=/opt/rustwide/workdir" "-e" "CARGO_TARGET_DIR=/opt/rustwide/target" "-e" "CARGO_INCREMENTAL=0" "-e" "RUST_BACKTRACE=full" "-e" "RUSTFLAGS=--cap-lints=warn" "-e" "RUSTDOCFLAGS=--cap-lints=warn" "-e" "CARGO_HOME=/opt/rustwide/cargo-home" "-e" "RUSTUP_HOME=/opt/rustwide/rustup-home" "-w" "/opt/rustwide/workdir" "-m" "1610612736" "--user" "0:0" "--network" "none" "ghcr.io/rust-lang/crates-build-env/linux@sha256:f3a9d4ad9d972b27faf3965f35b62e55ba32bbce8f20bc8fe909558a86702fde" "/opt/rustwide/cargo-home/bin/cargo" "+1.83.0" "test" "--frozen", kill_on_drop: false }`
[INFO] [stdout] dcc425d25c15a7a524962c2010fc20ef3171602dc495be53556809931a74c5c7
[INFO] running `Command { std: "docker" "start" "-a" "dcc425d25c15a7a524962c2010fc20ef3171602dc495be53556809931a74c5c7", kill_on_drop: false }`
[INFO] [stderr] warning: function `updates_is_positioned_when_position_is_computed` is never used
[INFO] [stderr]    --> src/use_floating.rs:388:8
[INFO] [stderr]     |
[INFO] [stderr] 388 |     fn updates_is_positioned_when_position_is_computed() {
[INFO] [stderr]     |        ^^^^^^^^^^^^^^^^^^^^^^^^^^^^^^^^^^^^^^^^^^^^^^^
[INFO] [stderr]     |
[INFO] [stderr]     = note: `#[warn(dead_code)]` on by default
[INFO] [stderr] 
[INFO] [stderr] warning: `floating-ui-leptos` (lib test) generated 1 warning
[INFO] [stderr]     Finished `test` profile [unoptimized + debuginfo] target(s) in 0.23s
[INFO] [stderr]      Running unittests src/lib.rs (/opt/rustwide/target/debug/deps/floating_ui_leptos-9d2c32c28df68521)
[INFO] [stdout] 
[INFO] [stdout] running 0 tests
[INFO] [stdout] 
[INFO] [stdout] test result: ok. 0 passed; 0 failed; 0 ignored; 0 measured; 0 filtered out; finished in 0.00s
[INFO] [stdout] 
[INFO] [stderr]      Running tests/playwright.rs (/opt/rustwide/target/debug/deps/playwright-e645497a2ee2c215)
[INFO] [stdout] 
[INFO] [stdout] running 1 test
[INFO] [stderr] Cloning into '/opt/rustwide/target/tmp/floating-ui'...
[INFO] [stderr] fatal: unable to access 'https://github.com/floating-ui/floating-ui/': Could not resolve host: github.com
[INFO] [stdout] test playwright ... FAILED
[INFO] [stdout] 
[INFO] [stdout] failures:
[INFO] [stdout] 
[INFO] [stdout] ---- playwright stdout ----
[INFO] [stdout] thread 'playwright' panicked at tests/playwright.rs:46:9:
[INFO] [stdout] Cloning Git repository failed.
[INFO] [stdout] stack backtrace:
[INFO] [stdout]    0:     0x5bfc61cde29a - std::backtrace_rs::backtrace::libunwind::trace::h5a5b8284f2d0c266
[INFO] [stdout]                                at /rustc/90b35a6239c3d8bdabc530a6a0816f7ff89a0aaf/library/std/src/../../backtrace/src/backtrace/libunwind.rs:116:5
[INFO] [stdout]    1:     0x5bfc61cde29a - std::backtrace_rs::backtrace::trace_unsynchronized::h76d4f1c9b0b875e3
[INFO] [stdout]                                at /rustc/90b35a6239c3d8bdabc530a6a0816f7ff89a0aaf/library/std/src/../../backtrace/src/backtrace/mod.rs:66:5
[INFO] [stdout]    2:     0x5bfc61cde29a - std::sys::backtrace::_print_fmt::hc4546b8364a537c6
[INFO] [stdout]                                at /rustc/90b35a6239c3d8bdabc530a6a0816f7ff89a0aaf/library/std/src/sys/backtrace.rs:66:9
[INFO] [stdout]    3:     0x5bfc61cde29a - <std::sys::backtrace::BacktraceLock::print::DisplayBacktrace as core::fmt::Display>::fmt::h5b6bd5631a6d1f6b
[INFO] [stdout]                                at /rustc/90b35a6239c3d8bdabc530a6a0816f7ff89a0aaf/library/std/src/sys/backtrace.rs:39:26
[INFO] [stdout]    4:     0x5bfc61d038c3 - core::fmt::rt::Argument::fmt::h270f6602a2b96f62
[INFO] [stdout]                                at /rustc/90b35a6239c3d8bdabc530a6a0816f7ff89a0aaf/library/core/src/fmt/rt.rs:177:76
[INFO] [stdout]    5:     0x5bfc61d038c3 - core::fmt::write::h7550c97b06c86515
[INFO] [stdout]                                at /rustc/90b35a6239c3d8bdabc530a6a0816f7ff89a0aaf/library/core/src/fmt/mod.rs:1186:21
[INFO] [stdout]    6:     0x5bfc61cdb1c3 - std::io::Write::write_fmt::h509ff860e5956e5e
[INFO] [stdout]                                at /rustc/90b35a6239c3d8bdabc530a6a0816f7ff89a0aaf/library/std/src/io/mod.rs:1839:15
[INFO] [stdout]    7:     0x5bfc61cde0e2 - std::sys::backtrace::BacktraceLock::print::h2395ccd2c84ba3aa
[INFO] [stdout]                                at /rustc/90b35a6239c3d8bdabc530a6a0816f7ff89a0aaf/library/std/src/sys/backtrace.rs:42:9
[INFO] [stdout]    8:     0x5bfc61cdf6fa - std::panicking::default_hook::{{closure}}::he19d4c7230e07961
[INFO] [stdout]                                at /rustc/90b35a6239c3d8bdabc530a6a0816f7ff89a0aaf/library/std/src/panicking.rs:268:22
[INFO] [stdout]    9:     0x5bfc61cdf504 - std::panicking::default_hook::hf614597d3c67bbdb
[INFO] [stdout]                                at /rustc/90b35a6239c3d8bdabc530a6a0816f7ff89a0aaf/library/std/src/panicking.rs:292:9
[INFO] [stdout]   10:     0x5bfc61caa2b9 - <alloc::boxed::Box<F,A> as core::ops::function::Fn<Args>>::call::h39b51ce4599c23d1
[INFO] [stdout]                                at /rustc/90b35a6239c3d8bdabc530a6a0816f7ff89a0aaf/library/alloc/src/boxed.rs:2468:9
[INFO] [stdout]   11:     0x5bfc61caa2b9 - test::test_main::{{closure}}::he977ae839a582784
[INFO] [stdout]                                at /rustc/90b35a6239c3d8bdabc530a6a0816f7ff89a0aaf/library/test/src/lib.rs:133:21
[INFO] [stdout]   12:     0x5bfc61cdfd98 - <alloc::boxed::Box<F,A> as core::ops::function::Fn<Args>>::call::h9455091b6b06f9fb
[INFO] [stdout]                                at /rustc/90b35a6239c3d8bdabc530a6a0816f7ff89a0aaf/library/alloc/src/boxed.rs:2468:9
[INFO] [stdout]   13:     0x5bfc61cdfd98 - std::panicking::rust_panic_with_hook::h8942133a8b252070
[INFO] [stdout]                                at /rustc/90b35a6239c3d8bdabc530a6a0816f7ff89a0aaf/library/std/src/panicking.rs:809:13
[INFO] [stdout]   14:     0x5bfc61cdfb26 - std::panicking::begin_panic_handler::{{closure}}::hb5f5963570096b29
[INFO] [stdout]                                at /rustc/90b35a6239c3d8bdabc530a6a0816f7ff89a0aaf/library/std/src/panicking.rs:667:13
[INFO] [stdout]   15:     0x5bfc61cde779 - std::sys::backtrace::__rust_end_short_backtrace::h6208cedc1922feda
[INFO] [stdout]                                at /rustc/90b35a6239c3d8bdabc530a6a0816f7ff89a0aaf/library/std/src/sys/backtrace.rs:170:18
[INFO] [stdout]   16:     0x5bfc61cdf7ec - rust_begin_unwind
[INFO] [stdout]                                at /rustc/90b35a6239c3d8bdabc530a6a0816f7ff89a0aaf/library/std/src/panicking.rs:665:5
[INFO] [stdout]   17:     0x5bfc61c63a60 - core::panicking::panic_fmt::h0c3082644d1bf418
[INFO] [stdout]                                at /rustc/90b35a6239c3d8bdabc530a6a0816f7ff89a0aaf/library/core/src/panicking.rs:74:14
[INFO] [stdout]   18:     0x5bfc61c68a64 - playwright::playwright::h43168a3929b54c66
[INFO] [stdout]                                at /opt/rustwide/workdir/tests/playwright.rs:46:9
[INFO] [stdout]   19:     0x5bfc61c68527 - playwright::playwright::{{closure}}::h2221ae3adcc5fd21
[INFO] [stdout]                                at /opt/rustwide/workdir/tests/playwright.rs:29:20
[INFO] [stdout]   20:     0x5bfc61c6af56 - core::ops::function::FnOnce::call_once::had151d87d720cd0a
[INFO] [stdout]                                at /rustc/90b35a6239c3d8bdabc530a6a0816f7ff89a0aaf/library/core/src/ops/function.rs:250:5
[INFO] [stdout]   21:     0x5bfc61caec7b - core::ops::function::FnOnce::call_once::h109cf8051a59b34e
[INFO] [stdout]                                at /rustc/90b35a6239c3d8bdabc530a6a0816f7ff89a0aaf/library/core/src/ops/function.rs:250:5
[INFO] [stdout]   22:     0x5bfc61caec7b - test::__rust_begin_short_backtrace::hf4fff89d377446ba
[INFO] [stdout]                                at /rustc/90b35a6239c3d8bdabc530a6a0816f7ff89a0aaf/library/test/src/lib.rs:621:18
[INFO] [stdout]   23:     0x5bfc61cae4b7 - test::run_test_in_process::{{closure}}::h0e39181dd7ee5a43
[INFO] [stdout]                                at /rustc/90b35a6239c3d8bdabc530a6a0816f7ff89a0aaf/library/test/src/lib.rs:644:60
[INFO] [stdout]   24:     0x5bfc61cae4b7 - <core::panic::unwind_safe::AssertUnwindSafe<F> as core::ops::function::FnOnce<()>>::call_once::hc5a66a30f0bdfd1f
[INFO] [stdout]                                at /rustc/90b35a6239c3d8bdabc530a6a0816f7ff89a0aaf/library/core/src/panic/unwind_safe.rs:272:9
[INFO] [stdout]   25:     0x5bfc61cae4b7 - std::panicking::try::do_call::h873b7cf639554a5e
[INFO] [stdout]                                at /rustc/90b35a6239c3d8bdabc530a6a0816f7ff89a0aaf/library/std/src/panicking.rs:557:40
[INFO] [stdout]   26:     0x5bfc61cae4b7 - std::panicking::try::hdb19862fad9c8bd1
[INFO] [stdout]                                at /rustc/90b35a6239c3d8bdabc530a6a0816f7ff89a0aaf/library/std/src/panicking.rs:520:19
[INFO] [stdout]   27:     0x5bfc61cae4b7 - std::panic::catch_unwind::h281fe732d236d260
[INFO] [stdout]                                at /rustc/90b35a6239c3d8bdabc530a6a0816f7ff89a0aaf/library/std/src/panic.rs:358:14
[INFO] [stdout]   28:     0x5bfc61cae4b7 - test::run_test_in_process::h949b6df8457ed338
[INFO] [stdout]                                at /rustc/90b35a6239c3d8bdabc530a6a0816f7ff89a0aaf/library/test/src/lib.rs:644:27
[INFO] [stdout]   29:     0x5bfc61cae4b7 - test::run_test::{{closure}}::h52c556a6d4740e10
[INFO] [stdout]                                at /rustc/90b35a6239c3d8bdabc530a6a0816f7ff89a0aaf/library/test/src/lib.rs:565:43
[INFO] [stdout]   30:     0x5bfc61c73794 - test::run_test::{{closure}}::h4237f6381c45ccb9
[INFO] [stdout]                                at /rustc/90b35a6239c3d8bdabc530a6a0816f7ff89a0aaf/library/test/src/lib.rs:595:41
[INFO] [stdout]   31:     0x5bfc61c73794 - std::sys::backtrace::__rust_begin_short_backtrace::h505c97a579eca628
[INFO] [stdout]                                at /rustc/90b35a6239c3d8bdabc530a6a0816f7ff89a0aaf/library/std/src/sys/backtrace.rs:154:18
[INFO] [stdout]   32:     0x5bfc61c76e5e - std::thread::Builder::spawn_unchecked_::{{closure}}::{{closure}}::h9e86b2e2bc107ea3
[INFO] [stdout]                                at /rustc/90b35a6239c3d8bdabc530a6a0816f7ff89a0aaf/library/std/src/thread/mod.rs:538:17
[INFO] [stdout]   33:     0x5bfc61c76e5e - <core::panic::unwind_safe::AssertUnwindSafe<F> as core::ops::function::FnOnce<()>>::call_once::h8b06ddb275ff4a25
[INFO] [stdout]                                at /rustc/90b35a6239c3d8bdabc530a6a0816f7ff89a0aaf/library/core/src/panic/unwind_safe.rs:272:9
[INFO] [stdout]   34:     0x5bfc61c76e5e - std::panicking::try::do_call::hb26ecd7cd9a9355d
[INFO] [stdout]                                at /rustc/90b35a6239c3d8bdabc530a6a0816f7ff89a0aaf/library/std/src/panicking.rs:557:40
[INFO] [stdout]   35:     0x5bfc61c76e5e - std::panicking::try::h8ddeca9d705f9069
[INFO] [stdout]                                at /rustc/90b35a6239c3d8bdabc530a6a0816f7ff89a0aaf/library/std/src/panicking.rs:520:19
[INFO] [stdout]   36:     0x5bfc61c76e5e - std::panic::catch_unwind::h49e1c33078844c46
[INFO] [stdout]                                at /rustc/90b35a6239c3d8bdabc530a6a0816f7ff89a0aaf/library/std/src/panic.rs:358:14
[INFO] [stdout]   37:     0x5bfc61c76e5e - std::thread::Builder::spawn_unchecked_::{{closure}}::h6073db6ff56ad35d
[INFO] [stdout]                                at /rustc/90b35a6239c3d8bdabc530a6a0816f7ff89a0aaf/library/std/src/thread/mod.rs:537:30
[INFO] [stdout]   38:     0x5bfc61c76e5e - core::ops::function::FnOnce::call_once{{vtable.shim}}::h2c5a5f3779c774f1
[INFO] [stdout]                                at /rustc/90b35a6239c3d8bdabc530a6a0816f7ff89a0aaf/library/core/src/ops/function.rs:250:5
[INFO] [stdout]   39:     0x5bfc61ce3c4b - <alloc::boxed::Box<F,A> as core::ops::function::FnOnce<Args>>::call_once::hf75717d9f28faebf
[INFO] [stdout]                                at /rustc/90b35a6239c3d8bdabc530a6a0816f7ff89a0aaf/library/alloc/src/boxed.rs:2454:9
[INFO] [stdout]   40:     0x5bfc61ce3c4b - <alloc::boxed::Box<F,A> as core::ops::function::FnOnce<Args>>::call_once::h7bd883a5f3c5f3c1
[INFO] [stdout]                                at /rustc/90b35a6239c3d8bdabc530a6a0816f7ff89a0aaf/library/alloc/src/boxed.rs:2454:9
[INFO] [stdout]   41:     0x5bfc61ce3c4b - std::sys::pal::unix::thread::Thread::new::thread_start::hcc78f3943333fa94
[INFO] [stdout]                                at /rustc/90b35a6239c3d8bdabc530a6a0816f7ff89a0aaf/library/std/src/sys/pal/unix/thread.rs:105:17
[INFO] [stdout]   42:     0x7219e4341ac3 - <unknown>
[INFO] [stdout]   43:     0x7219e43d2a04 - clone
[INFO] [stdout]   44:                0x0 - <unknown>
[INFO] [stdout] 
[INFO] [stdout] 
[INFO] [stdout] failures:
[INFO] [stdout]     playwright
[INFO] [stdout] 
[INFO] [stdout] test result: FAILED. 0 passed; 1 failed; 0 ignored; 0 measured; 0 filtered out; finished in 0.11s
[INFO] [stdout] 
[INFO] [stderr] error: test failed, to rerun pass `--test playwright`
[INFO] running `Command { std: "docker" "inspect" "dcc425d25c15a7a524962c2010fc20ef3171602dc495be53556809931a74c5c7", kill_on_drop: false }`
[INFO] running `Command { std: "docker" "rm" "-f" "dcc425d25c15a7a524962c2010fc20ef3171602dc495be53556809931a74c5c7", kill_on_drop: false }`
[INFO] [stdout] dcc425d25c15a7a524962c2010fc20ef3171602dc495be53556809931a74c5c7
