[INFO] fetching crate flaky_test_impl 0.2.2...
[INFO] testing flaky_test_impl-0.2.2 against 1.83.0 for beta-1.84.0-4-retry
[INFO] extracting crate flaky_test_impl 0.2.2 into /workspace/builds/worker-7-tc1/source
[INFO] validating manifest of crates.io crate flaky_test_impl 0.2.2 on toolchain 1.83.0
[INFO] running `Command { std: CARGO_HOME="/workspace/cargo-home" RUSTUP_HOME="/workspace/rustup-home" "/workspace/cargo-home/bin/cargo" "+1.83.0" "metadata" "--manifest-path" "Cargo.toml" "--no-deps", kill_on_drop: false }`
[INFO] started tweaking crates.io crate flaky_test_impl 0.2.2
[INFO] finished tweaking crates.io crate flaky_test_impl 0.2.2
[INFO] tweaked toml for crates.io crate flaky_test_impl 0.2.2 written to /workspace/builds/worker-7-tc1/source/Cargo.toml
[INFO] running `Command { std: CARGO_HOME="/workspace/cargo-home" RUSTUP_HOME="/workspace/rustup-home" "/workspace/cargo-home/bin/cargo" "+1.83.0" "generate-lockfile" "--manifest-path" "Cargo.toml", kill_on_drop: false }`
[INFO] [stderr]     Updating crates.io index
[INFO] [stderr]      Locking 4 packages to latest compatible versions
[INFO] [stderr]       Adding syn v1.0.109 (available: v2.0.90)
[INFO] running `Command { std: CARGO_HOME="/workspace/cargo-home" RUSTUP_HOME="/workspace/rustup-home" "/workspace/cargo-home/bin/cargo" "+1.83.0" "fetch" "--manifest-path" "Cargo.toml", kill_on_drop: false }`
[INFO] running `Command { std: "docker" "create" "-v" "/var/lib/crater-agent-workspace/builds/worker-7-tc1/target:/opt/rustwide/target:rw,Z" "-v" "/var/lib/crater-agent-workspace/builds/worker-7-tc1/source:/opt/rustwide/workdir:ro,Z" "-v" "/var/lib/crater-agent-workspace/cargo-home:/opt/rustwide/cargo-home:ro,Z" "-v" "/var/lib/crater-agent-workspace/rustup-home:/opt/rustwide/rustup-home:ro,Z" "-e" "SOURCE_DIR=/opt/rustwide/workdir" "-e" "CARGO_TARGET_DIR=/opt/rustwide/target" "-e" "CARGO_HOME=/opt/rustwide/cargo-home" "-e" "RUSTUP_HOME=/opt/rustwide/rustup-home" "-w" "/opt/rustwide/workdir" "-m" "1610612736" "--user" "0:0" "--network" "none" "ghcr.io/rust-lang/crates-build-env/linux@sha256:f3a9d4ad9d972b27faf3965f35b62e55ba32bbce8f20bc8fe909558a86702fde" "/opt/rustwide/cargo-home/bin/cargo" "+1.83.0" "metadata" "--no-deps" "--format-version=1", kill_on_drop: false }`
[INFO] [stdout] 5f9a7fdcb537e153077b3f25407fd5f0b98d2f53bb64614550f49f6ab7b792f9
[INFO] running `Command { std: "docker" "start" "-a" "5f9a7fdcb537e153077b3f25407fd5f0b98d2f53bb64614550f49f6ab7b792f9", kill_on_drop: false }`
[INFO] running `Command { std: "docker" "inspect" "5f9a7fdcb537e153077b3f25407fd5f0b98d2f53bb64614550f49f6ab7b792f9", kill_on_drop: false }`
[INFO] running `Command { std: "docker" "rm" "-f" "5f9a7fdcb537e153077b3f25407fd5f0b98d2f53bb64614550f49f6ab7b792f9", kill_on_drop: false }`
[INFO] [stdout] 5f9a7fdcb537e153077b3f25407fd5f0b98d2f53bb64614550f49f6ab7b792f9
[INFO] running `Command { std: "docker" "create" "-v" "/var/lib/crater-agent-workspace/builds/worker-7-tc1/target:/opt/rustwide/target:rw,Z" "-v" "/var/lib/crater-agent-workspace/builds/worker-7-tc1/source:/opt/rustwide/workdir:ro,Z" "-v" "/var/lib/crater-agent-workspace/cargo-home:/opt/rustwide/cargo-home:ro,Z" "-v" "/var/lib/crater-agent-workspace/rustup-home:/opt/rustwide/rustup-home:ro,Z" "-e" "SOURCE_DIR=/opt/rustwide/workdir" "-e" "CARGO_TARGET_DIR=/opt/rustwide/target" "-e" "CARGO_INCREMENTAL=0" "-e" "RUST_BACKTRACE=full" "-e" "RUSTFLAGS=--cap-lints=warn" "-e" "RUSTDOCFLAGS=--cap-lints=warn" "-e" "CARGO_HOME=/opt/rustwide/cargo-home" "-e" "RUSTUP_HOME=/opt/rustwide/rustup-home" "-w" "/opt/rustwide/workdir" "-m" "1610612736" "--user" "0:0" "--network" "none" "ghcr.io/rust-lang/crates-build-env/linux@sha256:f3a9d4ad9d972b27faf3965f35b62e55ba32bbce8f20bc8fe909558a86702fde" "/opt/rustwide/cargo-home/bin/cargo" "+1.83.0" "build" "--frozen" "--message-format=json", kill_on_drop: false }`
[INFO] [stdout] b08893373e453ae32302fcf442de805ece3e74bda496f4a9d6bb098ef76f9b5a
[INFO] running `Command { std: "docker" "start" "-a" "b08893373e453ae32302fcf442de805ece3e74bda496f4a9d6bb098ef76f9b5a", kill_on_drop: false }`
[INFO] [stderr]    Compiling proc-macro2 v1.0.92
[INFO] [stderr]    Compiling unicode-ident v1.0.14
[INFO] [stderr]    Compiling syn v1.0.109
[INFO] [stderr]    Compiling quote v1.0.37
[INFO] [stderr]    Compiling flaky_test_impl v0.2.2 (/opt/rustwide/workdir)
[INFO] [stderr]     Finished `dev` profile [unoptimized + debuginfo] target(s) in 6.09s
[INFO] running `Command { std: "docker" "inspect" "b08893373e453ae32302fcf442de805ece3e74bda496f4a9d6bb098ef76f9b5a", kill_on_drop: false }`
[INFO] running `Command { std: "docker" "rm" "-f" "b08893373e453ae32302fcf442de805ece3e74bda496f4a9d6bb098ef76f9b5a", kill_on_drop: false }`
[INFO] [stdout] b08893373e453ae32302fcf442de805ece3e74bda496f4a9d6bb098ef76f9b5a
[INFO] running `Command { std: "docker" "create" "-v" "/var/lib/crater-agent-workspace/builds/worker-7-tc1/target:/opt/rustwide/target:rw,Z" "-v" "/var/lib/crater-agent-workspace/builds/worker-7-tc1/source:/opt/rustwide/workdir:ro,Z" "-v" "/var/lib/crater-agent-workspace/cargo-home:/opt/rustwide/cargo-home:ro,Z" "-v" "/var/lib/crater-agent-workspace/rustup-home:/opt/rustwide/rustup-home:ro,Z" "-e" "SOURCE_DIR=/opt/rustwide/workdir" "-e" "CARGO_TARGET_DIR=/opt/rustwide/target" "-e" "CARGO_INCREMENTAL=0" "-e" "RUST_BACKTRACE=full" "-e" "RUSTFLAGS=--cap-lints=warn" "-e" "RUSTDOCFLAGS=--cap-lints=warn" "-e" "CARGO_HOME=/opt/rustwide/cargo-home" "-e" "RUSTUP_HOME=/opt/rustwide/rustup-home" "-w" "/opt/rustwide/workdir" "-m" "1610612736" "--user" "0:0" "--network" "none" "ghcr.io/rust-lang/crates-build-env/linux@sha256:f3a9d4ad9d972b27faf3965f35b62e55ba32bbce8f20bc8fe909558a86702fde" "/opt/rustwide/cargo-home/bin/cargo" "+1.83.0" "test" "--frozen" "--no-run" "--message-format=json", kill_on_drop: false }`
[INFO] [stdout] 473bc2d079ff746177b3ac6054ab83bfbc98566b95b078b2c46aa668916fa45e
[INFO] running `Command { std: "docker" "start" "-a" "473bc2d079ff746177b3ac6054ab83bfbc98566b95b078b2c46aa668916fa45e", kill_on_drop: false }`
[INFO] [stderr]    Compiling flaky_test_impl v0.2.2 (/opt/rustwide/workdir)
[INFO] [stderr]     Finished `test` profile [unoptimized + debuginfo] target(s) in 0.90s
[INFO] running `Command { std: "docker" "inspect" "473bc2d079ff746177b3ac6054ab83bfbc98566b95b078b2c46aa668916fa45e", kill_on_drop: false }`
[INFO] running `Command { std: "docker" "rm" "-f" "473bc2d079ff746177b3ac6054ab83bfbc98566b95b078b2c46aa668916fa45e", kill_on_drop: false }`
[INFO] [stdout] 473bc2d079ff746177b3ac6054ab83bfbc98566b95b078b2c46aa668916fa45e
[INFO] running `Command { std: "docker" "create" "-v" "/var/lib/crater-agent-workspace/builds/worker-7-tc1/target:/opt/rustwide/target:rw,Z" "-v" "/var/lib/crater-agent-workspace/builds/worker-7-tc1/source:/opt/rustwide/workdir:ro,Z" "-v" "/var/lib/crater-agent-workspace/cargo-home:/opt/rustwide/cargo-home:ro,Z" "-v" "/var/lib/crater-agent-workspace/rustup-home:/opt/rustwide/rustup-home:ro,Z" "-e" "SOURCE_DIR=/opt/rustwide/workdir" "-e" "CARGO_TARGET_DIR=/opt/rustwide/target" "-e" "CARGO_INCREMENTAL=0" "-e" "RUST_BACKTRACE=full" "-e" "RUSTFLAGS=--cap-lints=warn" "-e" "RUSTDOCFLAGS=--cap-lints=warn" "-e" "CARGO_HOME=/opt/rustwide/cargo-home" "-e" "RUSTUP_HOME=/opt/rustwide/rustup-home" "-w" "/opt/rustwide/workdir" "-m" "1610612736" "--user" "0:0" "--network" "none" "ghcr.io/rust-lang/crates-build-env/linux@sha256:f3a9d4ad9d972b27faf3965f35b62e55ba32bbce8f20bc8fe909558a86702fde" "/opt/rustwide/cargo-home/bin/cargo" "+1.83.0" "test" "--frozen", kill_on_drop: false }`
[INFO] [stdout] 32a6f92a57a027aa69eeb2a1fc93b73550550ed9af7bff4794da524fd25ad15c
[INFO] running `Command { std: "docker" "start" "-a" "32a6f92a57a027aa69eeb2a1fc93b73550550ed9af7bff4794da524fd25ad15c", kill_on_drop: false }`
[INFO] [stderr]     Finished `test` profile [unoptimized + debuginfo] target(s) in 0.02s
[INFO] [stderr]      Running unittests src/lib.rs (/opt/rustwide/target/debug/deps/flaky_test_impl-e6715e35f5faadf9)
[INFO] [stdout] 
[INFO] [stdout] running 0 tests
[INFO] [stdout] 
[INFO] [stdout] test result: ok. 0 passed; 0 failed; 0 ignored; 0 measured; 0 filtered out; finished in 0.00s
[INFO] [stdout] 
[INFO] [stderr]    Doc-tests flaky_test_impl
[INFO] [stdout] 
[INFO] [stdout] running 1 test
[INFO] [stdout] test src/lib.rs - flaky_test (line 85) ... FAILED
[INFO] [stdout] 
[INFO] [stdout] failures:
[INFO] [stdout] 
[INFO] [stdout] ---- src/lib.rs - flaky_test (line 85) stdout ----
[INFO] [stdout] error[E0432]: unresolved import `flaky_test`
[INFO] [stdout]  --> src/lib.rs:86:5
[INFO] [stdout]   |
[INFO] [stdout] 3 | use flaky_test::flaky_test;
[INFO] [stdout]   |     ^^^^^^^^^^ use of undeclared crate or module `flaky_test`
[INFO] [stdout] 
[INFO] [stdout] error: aborting due to 1 previous error
[INFO] [stdout] 
[INFO] [stdout] For more information about this error, try `rustc --explain E0432`.
[INFO] [stdout] Couldn't compile the test.
[INFO] [stdout] 
[INFO] [stdout] failures:
[INFO] [stdout]     src/lib.rs - flaky_test (line 85)
[INFO] [stdout] 
[INFO] [stdout] test result: FAILED. 0 passed; 1 failed; 0 ignored; 0 measured; 0 filtered out; finished in 0.07s
[INFO] [stdout] 
[INFO] [stderr] error: doctest failed, to rerun pass `--doc`
[INFO] running `Command { std: "docker" "inspect" "32a6f92a57a027aa69eeb2a1fc93b73550550ed9af7bff4794da524fd25ad15c", kill_on_drop: false }`
[INFO] running `Command { std: "docker" "rm" "-f" "32a6f92a57a027aa69eeb2a1fc93b73550550ed9af7bff4794da524fd25ad15c", kill_on_drop: false }`
[INFO] [stdout] 32a6f92a57a027aa69eeb2a1fc93b73550550ed9af7bff4794da524fd25ad15c
