[INFO] fetching crate flagsmith-flag-engine 0.4.0...
[INFO] testing flagsmith-flag-engine-0.4.0 against beta-2024-12-08 for beta-1.84.0-4-retry
[INFO] extracting crate flagsmith-flag-engine 0.4.0 into /workspace/builds/worker-0-tc2/source
[INFO] validating manifest of crates.io crate flagsmith-flag-engine 0.4.0 on toolchain beta-2024-12-08
[INFO] running `Command { std: CARGO_HOME="/workspace/cargo-home" RUSTUP_HOME="/workspace/rustup-home" "/workspace/cargo-home/bin/cargo" "+beta-2024-12-08" "metadata" "--manifest-path" "Cargo.toml" "--no-deps", kill_on_drop: false }`
[INFO] started tweaking crates.io crate flagsmith-flag-engine 0.4.0
[INFO] finished tweaking crates.io crate flagsmith-flag-engine 0.4.0
[INFO] tweaked toml for crates.io crate flagsmith-flag-engine 0.4.0 written to /workspace/builds/worker-0-tc2/source/Cargo.toml
[INFO] running `Command { std: CARGO_HOME="/workspace/cargo-home" RUSTUP_HOME="/workspace/rustup-home" "/workspace/cargo-home/bin/cargo" "+beta-2024-12-08" "generate-lockfile" "--manifest-path" "Cargo.toml", kill_on_drop: false }`
[INFO] [stderr]     Updating crates.io index
[INFO] [stderr]      Locking 61 packages to latest compatible versions
[INFO] [stderr]       Adding rstest v0.12.0 (available: v0.23.0)
[INFO] [stderr]       Adding uuid v0.8.2 (available: v1.11.0)
[INFO] running `Command { std: CARGO_HOME="/workspace/cargo-home" RUSTUP_HOME="/workspace/rustup-home" "/workspace/cargo-home/bin/cargo" "+beta-2024-12-08" "fetch" "--manifest-path" "Cargo.toml", kill_on_drop: false }`
[INFO] running `Command { std: "docker" "create" "-v" "/var/lib/crater-agent-workspace/builds/worker-0-tc2/target:/opt/rustwide/target:rw,Z" "-v" "/var/lib/crater-agent-workspace/builds/worker-0-tc2/source:/opt/rustwide/workdir:ro,Z" "-v" "/var/lib/crater-agent-workspace/cargo-home:/opt/rustwide/cargo-home:ro,Z" "-v" "/var/lib/crater-agent-workspace/rustup-home:/opt/rustwide/rustup-home:ro,Z" "-e" "SOURCE_DIR=/opt/rustwide/workdir" "-e" "CARGO_TARGET_DIR=/opt/rustwide/target" "-e" "CARGO_HOME=/opt/rustwide/cargo-home" "-e" "RUSTUP_HOME=/opt/rustwide/rustup-home" "-w" "/opt/rustwide/workdir" "-m" "1610612736" "--user" "0:0" "--network" "none" "ghcr.io/rust-lang/crates-build-env/linux@sha256:f3a9d4ad9d972b27faf3965f35b62e55ba32bbce8f20bc8fe909558a86702fde" "/opt/rustwide/cargo-home/bin/cargo" "+beta-2024-12-08" "metadata" "--no-deps" "--format-version=1", kill_on_drop: false }`
[INFO] [stdout] 601d5ed2ff0b9798b7e8115b383f56896017fb2df3a61a14bf3ef63f549e3755
[INFO] running `Command { std: "docker" "start" "-a" "601d5ed2ff0b9798b7e8115b383f56896017fb2df3a61a14bf3ef63f549e3755", kill_on_drop: false }`
[INFO] running `Command { std: "docker" "inspect" "601d5ed2ff0b9798b7e8115b383f56896017fb2df3a61a14bf3ef63f549e3755", kill_on_drop: false }`
[INFO] running `Command { std: "docker" "rm" "-f" "601d5ed2ff0b9798b7e8115b383f56896017fb2df3a61a14bf3ef63f549e3755", kill_on_drop: false }`
[INFO] [stdout] 601d5ed2ff0b9798b7e8115b383f56896017fb2df3a61a14bf3ef63f549e3755
[INFO] running `Command { std: "docker" "create" "-v" "/var/lib/crater-agent-workspace/builds/worker-0-tc2/target:/opt/rustwide/target:rw,Z" "-v" "/var/lib/crater-agent-workspace/builds/worker-0-tc2/source:/opt/rustwide/workdir:ro,Z" "-v" "/var/lib/crater-agent-workspace/cargo-home:/opt/rustwide/cargo-home:ro,Z" "-v" "/var/lib/crater-agent-workspace/rustup-home:/opt/rustwide/rustup-home:ro,Z" "-e" "SOURCE_DIR=/opt/rustwide/workdir" "-e" "CARGO_TARGET_DIR=/opt/rustwide/target" "-e" "CARGO_INCREMENTAL=0" "-e" "RUST_BACKTRACE=full" "-e" "RUSTFLAGS=--cap-lints=warn" "-e" "RUSTDOCFLAGS=--cap-lints=warn" "-e" "CARGO_HOME=/opt/rustwide/cargo-home" "-e" "RUSTUP_HOME=/opt/rustwide/rustup-home" "-w" "/opt/rustwide/workdir" "-m" "1610612736" "--user" "0:0" "--network" "none" "ghcr.io/rust-lang/crates-build-env/linux@sha256:f3a9d4ad9d972b27faf3965f35b62e55ba32bbce8f20bc8fe909558a86702fde" "/opt/rustwide/cargo-home/bin/cargo" "+beta-2024-12-08" "build" "--frozen" "--message-format=json", kill_on_drop: false }`
[INFO] [stdout] 2d9c3e6026fad7b08f0bea5aa8a5b2e4ede1941b54d1e8c4c3e6cd98e8c6ed5a
[INFO] running `Command { std: "docker" "start" "-a" "2d9c3e6026fad7b08f0bea5aa8a5b2e4ede1941b54d1e8c4c3e6cd98e8c6ed5a", kill_on_drop: false }`
[INFO] [stderr]    Compiling proc-macro2 v1.0.92
[INFO] [stderr]    Compiling unicode-ident v1.0.14
[INFO] [stderr]    Compiling version_check v0.9.5
[INFO] [stderr]    Compiling typenum v1.17.0
[INFO] [stderr]    Compiling autocfg v1.4.0
[INFO] [stderr]    Compiling serde v1.0.216
[INFO] [stderr]    Compiling libc v0.2.168
[INFO] [stderr]    Compiling memchr v2.7.4
[INFO] [stderr]    Compiling cfg-if v1.0.0
[INFO] [stderr]    Compiling regex-syntax v0.8.5
[INFO] [stderr]    Compiling generic-array v0.14.7
[INFO] [stderr]    Compiling serde_json v1.0.133
[INFO] [stderr]    Compiling semver v1.0.24
[INFO] [stderr]    Compiling num-traits v0.2.19
[INFO] [stderr]    Compiling aho-corasick v1.1.3
[INFO] [stderr]    Compiling iana-time-zone v0.1.61
[INFO] [stderr]    Compiling quote v1.0.37
[INFO] [stderr]    Compiling syn v2.0.90
[INFO] [stderr]    Compiling getrandom v0.2.15
[INFO] [stderr]    Compiling ryu v1.0.18
[INFO] [stderr]    Compiling itoa v1.0.14
[INFO] [stderr]    Compiling num-integer v0.1.46
[INFO] [stderr]    Compiling num-bigint v0.4.6
[INFO] [stderr]    Compiling crypto-common v0.1.6
[INFO] [stderr]    Compiling block-buffer v0.10.4
[INFO] [stderr]    Compiling digest v0.10.7
[INFO] [stderr]    Compiling md-5 v0.10.6
[INFO] [stderr]    Compiling regex-automata v0.4.9
[INFO] [stderr]    Compiling serde_derive v1.0.216
[INFO] [stderr]    Compiling regex v1.11.1
[INFO] [stderr]    Compiling uuid v0.8.2
[INFO] [stderr]    Compiling chrono v0.4.39
[INFO] [stderr]    Compiling flagsmith-flag-engine v0.4.0 (/opt/rustwide/workdir)
[INFO] [stderr]     Finished `dev` profile [unoptimized + debuginfo] target(s) in 27.44s
[INFO] running `Command { std: "docker" "inspect" "2d9c3e6026fad7b08f0bea5aa8a5b2e4ede1941b54d1e8c4c3e6cd98e8c6ed5a", kill_on_drop: false }`
[INFO] running `Command { std: "docker" "rm" "-f" "2d9c3e6026fad7b08f0bea5aa8a5b2e4ede1941b54d1e8c4c3e6cd98e8c6ed5a", kill_on_drop: false }`
[INFO] [stdout] 2d9c3e6026fad7b08f0bea5aa8a5b2e4ede1941b54d1e8c4c3e6cd98e8c6ed5a
[INFO] running `Command { std: "docker" "create" "-v" "/var/lib/crater-agent-workspace/builds/worker-0-tc2/target:/opt/rustwide/target:rw,Z" "-v" "/var/lib/crater-agent-workspace/builds/worker-0-tc2/source:/opt/rustwide/workdir:ro,Z" "-v" "/var/lib/crater-agent-workspace/cargo-home:/opt/rustwide/cargo-home:ro,Z" "-v" "/var/lib/crater-agent-workspace/rustup-home:/opt/rustwide/rustup-home:ro,Z" "-e" "SOURCE_DIR=/opt/rustwide/workdir" "-e" "CARGO_TARGET_DIR=/opt/rustwide/target" "-e" "CARGO_INCREMENTAL=0" "-e" "RUST_BACKTRACE=full" "-e" "RUSTFLAGS=--cap-lints=warn" "-e" "RUSTDOCFLAGS=--cap-lints=warn" "-e" "CARGO_HOME=/opt/rustwide/cargo-home" "-e" "RUSTUP_HOME=/opt/rustwide/rustup-home" "-w" "/opt/rustwide/workdir" "-m" "1610612736" "--user" "0:0" "--network" "none" "ghcr.io/rust-lang/crates-build-env/linux@sha256:f3a9d4ad9d972b27faf3965f35b62e55ba32bbce8f20bc8fe909558a86702fde" "/opt/rustwide/cargo-home/bin/cargo" "+beta-2024-12-08" "test" "--frozen" "--no-run" "--message-format=json", kill_on_drop: false }`
[INFO] [stdout] 43f1303246c39741cd33424ed4e49e04022b27f088372c1ab24256e7d73eb38e
[INFO] running `Command { std: "docker" "start" "-a" "43f1303246c39741cd33424ed4e49e04022b27f088372c1ab24256e7d73eb38e", kill_on_drop: false }`
[INFO] [stderr]    Compiling proc-macro2 v1.0.92
[INFO] [stderr]    Compiling rustc_version v0.4.1
[INFO] [stderr]    Compiling syn v1.0.109
[INFO] [stderr]    Compiling rstest v0.12.0
[INFO] [stderr]    Compiling quote v1.0.37
[INFO] [stderr]    Compiling syn v2.0.90
[INFO] [stderr]    Compiling serde_derive v1.0.216
[INFO] [stderr]    Compiling serde v1.0.216
[INFO] [stderr]    Compiling uuid v0.8.2
[INFO] [stderr]    Compiling chrono v0.4.39
[INFO] [stderr]    Compiling serde_json v1.0.133
[INFO] [stderr]    Compiling flagsmith-flag-engine v0.4.0 (/opt/rustwide/workdir)
[INFO] [stderr]     Finished `test` profile [unoptimized + debuginfo] target(s) in 30.99s
[INFO] running `Command { std: "docker" "inspect" "43f1303246c39741cd33424ed4e49e04022b27f088372c1ab24256e7d73eb38e", kill_on_drop: false }`
[INFO] running `Command { std: "docker" "rm" "-f" "43f1303246c39741cd33424ed4e49e04022b27f088372c1ab24256e7d73eb38e", kill_on_drop: false }`
[INFO] [stdout] 43f1303246c39741cd33424ed4e49e04022b27f088372c1ab24256e7d73eb38e
[INFO] running `Command { std: "docker" "create" "-v" "/var/lib/crater-agent-workspace/builds/worker-0-tc2/target:/opt/rustwide/target:rw,Z" "-v" "/var/lib/crater-agent-workspace/builds/worker-0-tc2/source:/opt/rustwide/workdir:ro,Z" "-v" "/var/lib/crater-agent-workspace/cargo-home:/opt/rustwide/cargo-home:ro,Z" "-v" "/var/lib/crater-agent-workspace/rustup-home:/opt/rustwide/rustup-home:ro,Z" "-e" "SOURCE_DIR=/opt/rustwide/workdir" "-e" "CARGO_TARGET_DIR=/opt/rustwide/target" "-e" "CARGO_INCREMENTAL=0" "-e" "RUST_BACKTRACE=full" "-e" "RUSTFLAGS=--cap-lints=warn" "-e" "RUSTDOCFLAGS=--cap-lints=warn" "-e" "CARGO_HOME=/opt/rustwide/cargo-home" "-e" "RUSTUP_HOME=/opt/rustwide/rustup-home" "-w" "/opt/rustwide/workdir" "-m" "1610612736" "--user" "0:0" "--network" "none" "ghcr.io/rust-lang/crates-build-env/linux@sha256:f3a9d4ad9d972b27faf3965f35b62e55ba32bbce8f20bc8fe909558a86702fde" "/opt/rustwide/cargo-home/bin/cargo" "+beta-2024-12-08" "test" "--frozen", kill_on_drop: false }`
[INFO] [stdout] 5f94df2677c69a8b0c67d11092df406460b897874411975f076bc9ebef04f5b6
[INFO] running `Command { std: "docker" "start" "-a" "5f94df2677c69a8b0c67d11092df406460b897874411975f076bc9ebef04f5b6", kill_on_drop: false }`
[INFO] [stderr]     Finished `test` profile [unoptimized + debuginfo] target(s) in 0.07s
[INFO] [stderr]      Running unittests src/lib.rs (/opt/rustwide/target/debug/deps/flagsmith_flag_engine-25a364e93b9ff64b)
[INFO] [stdout] 
[INFO] [stdout] running 135 tests
[INFO] [stdout] test engine::tests::get_environment_feature_states_only_return_enabled_fs_if_hide_disabled_flags_is_true ... ok
[INFO] [stdout] test engine::tests::get_environment_feature_state_returns_error_if_feature_state_does_not_exists ... ok
[INFO] [stdout] test environments::builders::tests::build_environment_api_key_struct_returns_correct_struct ... ok
[INFO] [stdout] test environments::tests::api_key_is_valid_returns_false_if_key_is_active_but_expired ... ok
[INFO] [stdout] test environments::tests::api_key_is_valid_returns_false_if_key_is_not_active ... ok
[INFO] [stdout] test engine::tests::get_identity_feature_state_returns_correct_feature_state ... ok
[INFO] [stdout] test engine::tests::get_environment_feature_state_returns_correct_feature_state ... ok
[INFO] [stdout] test engine::tests::get_identity_feature_state_returns_error_if_feature_state_does_not_exists ... ok
[INFO] [stdout] test features::tests::feature_state_get_value_mv_values::case_3 ... ok
[INFO] [stdout] test features::tests::feature_state_get_value_mv_values::case_1 ... ok
[INFO] [stdout] test environments::tests::api_key_is_valid_returns_true_if_key_is_active_and_expired_is_null ... ok
[INFO] [stdout] test features::tests::feature_state_get_value_mv_values::case_2 ... ok
[INFO] [stdout] test identities::tests::composite_key_is_correct ... ok
[INFO] [stdout] test organisations::tests::unqiue_slug_is_correct ... ok
[INFO] [stdout] test features::tests::feature_state_get_value_uses_django_id_for_multivariate_value_calculation_if_not_none ... ok
[INFO] [stdout] test features::tests::feature_state_is_higher_segment_priority ... ok
[INFO] [stdout] test features::tests::serialize_and_deserialize_feature_state ... ok
[INFO] [stdout] test segments::evaluator::tests::trait_matches_segmnt_condition_is_and_is_not::case_1 ... ok
[INFO] [stdout] test segments::tests::segemnt_condition_matches_trait_value::case_01 ... ok
[INFO] [stdout] test segments::tests::segemnt_condition_matches_trait_value::case_02 ... ok
[INFO] [stdout] test features::tests::deserializing_fs_creates_default_uuid_if_not_present ... ok
[INFO] [stdout] test segments::tests::segemnt_condition_matches_trait_value::case_06 ... ok
[INFO] [stdout] test segments::tests::segemnt_condition_matches_trait_value::case_04 ... ok
[INFO] [stdout] test segments::tests::segemnt_condition_matches_trait_value::case_07 ... ok
[INFO] [stdout] test segments::tests::segemnt_condition_matches_trait_value::case_05 ... ok
[INFO] [stdout] test segments::tests::segemnt_condition_matches_trait_value::case_03 ... ok
[INFO] [stdout] test segments::tests::segemnt_condition_matches_trait_value::case_08 ... ok
[INFO] [stdout] test segments::tests::segemnt_condition_matches_trait_value::case_09 ... ok
[INFO] [stdout] test segments::tests::segemnt_condition_matches_trait_value::case_12 ... ok
[INFO] [stdout] test segments::tests::segemnt_condition_matches_trait_value::case_14 ... ok
[INFO] [stdout] test segments::tests::segemnt_condition_matches_trait_value::case_15 ... ok
[INFO] [stdout] test segments::tests::segemnt_condition_matches_trait_value::case_16 ... ok
[INFO] [stdout] test segments::tests::segemnt_condition_matches_trait_value::case_17 ... ok
[INFO] [stdout] test segments::tests::segemnt_condition_matches_trait_value::case_18 ... ok
[INFO] [stdout] test segments::evaluator::tests::trait_matches_segmnt_condition_is_and_is_not::case_3 ... ok
[INFO] [stdout] test segments::evaluator::tests::trait_matches_segmnt_condition_is_and_is_not::case_2 ... ok
[INFO] [stdout] test segments::evaluator::tests::trait_matches_segmnt_condition_is_and_is_not::case_4 ... ok
[INFO] [stdout] test segments::tests::segemnt_condition_matches_trait_value::case_10 ... ok
[INFO] [stdout] test segments::tests::segemnt_condition_matches_trait_value::case_13 ... ok
[INFO] [stdout] test segments::tests::segemnt_condition_matches_trait_value::case_11 ... ok
[INFO] [stdout] test segments::tests::segemnt_condition_matches_trait_value::case_19 ... ok
[INFO] [stdout] test segments::tests::segemnt_condition_matches_trait_value::case_20 ... ok
[INFO] [stdout] test segments::tests::segemnt_condition_matches_trait_value::case_22 ... ok
[INFO] [stdout] test segments::tests::segemnt_condition_matches_trait_value::case_21 ... ok
[INFO] [stdout] test segments::tests::segemnt_condition_matches_trait_value::case_24 ... ok
[INFO] [stdout] test segments::tests::segemnt_condition_matches_trait_value::case_25 ... ok
[INFO] [stdout] test segments::tests::segemnt_condition_matches_trait_value::case_28 ... ok
[INFO] [stdout] test segments::tests::segemnt_condition_matches_trait_value::case_23 ... ok
[INFO] [stdout] test segments::tests::segemnt_condition_matches_trait_value::case_29 ... ok
[INFO] [stdout] test segments::tests::segemnt_condition_matches_trait_value::case_31 ... ok
[INFO] [stdout] test segments::tests::segemnt_condition_matches_trait_value::case_26 ... ok
[INFO] [stdout] test segments::tests::segemnt_condition_matches_trait_value::case_33 ... ok
[INFO] [stdout] test segments::tests::segemnt_condition_matches_trait_value::case_34 ... ok
[INFO] [stdout] test segments::tests::segemnt_condition_matches_trait_value::case_35 ... ok
[INFO] [stdout] test segments::tests::segemnt_condition_matches_trait_value::case_37 ... ok
[INFO] [stdout] test segments::tests::segemnt_condition_matches_trait_value::case_36 ... ok
[INFO] [stdout] test segments::tests::segemnt_condition_matches_trait_value::case_40 ... ok
[INFO] [stdout] test segments::tests::segemnt_condition_matches_trait_value::case_41 ... ok
[INFO] [stdout] test segments::tests::segemnt_condition_matches_trait_value::case_42 ... ok
[INFO] [stdout] test segments::tests::segemnt_condition_matches_trait_value::case_44 ... ok
[INFO] [stdout] test segments::tests::segemnt_condition_matches_trait_value::case_43 ... ok
[INFO] [stdout] test segments::tests::segemnt_condition_matches_trait_value::case_45 ... ok
[INFO] [stdout] test segments::tests::segemnt_condition_matches_trait_value::case_46 ... ok
[INFO] [stdout] test segments::tests::segemnt_condition_matches_trait_value::case_38 ... ok
[INFO] [stdout] test segments::tests::segemnt_condition_matches_trait_value::case_47 ... ok
[INFO] [stdout] test segments::tests::segemnt_condition_matches_trait_value::case_48 ... ok
[INFO] [stdout] test segments::tests::segemnt_condition_matches_trait_value::case_49 ... ok
[INFO] [stdout] test segments::tests::segemnt_condition_matches_trait_value::case_50 ... ok
[INFO] [stdout] test segments::tests::segemnt_condition_matches_trait_value::case_51 ... ok
[INFO] [stdout] test segments::tests::segemnt_condition_matches_trait_value::case_52 ... ok
[INFO] [stdout] test segments::tests::segemnt_condition_matches_trait_value::case_53 ... ok
[INFO] [stdout] test segments::tests::segemnt_condition_matches_trait_value::case_54 ... ok
[INFO] [stdout] test segments::tests::segemnt_condition_matches_trait_value::case_55 ... ok
[INFO] [stdout] test segments::tests::segemnt_condition_matches_trait_value::case_56 ... ok
[INFO] [stdout] test segments::tests::segemnt_condition_matches_trait_value::case_30 ... ok
[INFO] [stdout] test segments::tests::segemnt_condition_matches_trait_value::case_58 ... ok
[INFO] [stdout] test segments::tests::segemnt_condition_matches_trait_value::case_60 ... ok
[INFO] [stdout] test segments::tests::segemnt_condition_matches_trait_value::case_57 ... ok
[INFO] [stdout] test segments::tests::segemnt_condition_matches_trait_value::case_61 ... ok
[INFO] [stdout] test segments::tests::segemnt_condition_matches_trait_value::case_59 ... ok
[INFO] [stdout] test segments::tests::segemnt_condition_matches_trait_value::case_62 ... ok
[INFO] [stdout] test segments::tests::segemnt_condition_matches_trait_value::case_63 ... ok
[INFO] [stdout] test segments::tests::segemnt_condition_matches_trait_value::case_64 ... ok
[INFO] [stdout] test segments::tests::segemnt_condition_matches_trait_value::case_32 ... ok
[INFO] [stdout] test segments::tests::segemnt_condition_matches_trait_value::case_66 ... ok
[INFO] [stdout] test segments::tests::segemnt_condition_matches_trait_value::case_67 ... ok
[INFO] [stdout] test segments::tests::segemnt_condition_matches_trait_value_semver::case_01 ... ok
[INFO] [stdout] test segments::tests::segemnt_condition_matches_trait_value_semver::case_02 ... ok
[INFO] [stdout] test segments::tests::segemnt_condition_matches_trait_value::case_27 ... ok
[INFO] [stdout] test segments::tests::segemnt_condition_matches_trait_value::case_39 ... ok
[INFO] [stdout] test segments::tests::segemnt_condition_matches_trait_value::case_65 ... ok
[INFO] [stdout] test segments::tests::segemnt_condition_matches_trait_value_semver::case_03 ... ok
[INFO] [stdout] test segments::tests::segemnt_condition_matches_trait_value_semver::case_05 ... ok
[INFO] [stdout] test segments::tests::segemnt_condition_matches_trait_value_semver::case_04 ... ok
[INFO] [stdout] test segments::tests::segemnt_condition_matches_trait_value_semver::case_06 ... ok
[INFO] [stdout] test segments::tests::segemnt_condition_matches_trait_value_semver::case_07 ... ok
[INFO] [stdout] test segments::tests::segemnt_condition_matches_trait_value_semver::case_09 ... ok
[INFO] [stdout] test segments::tests::segemnt_condition_matches_trait_value_semver::case_10 ... ok
[INFO] [stdout] test segments::tests::segemnt_condition_matches_trait_value_semver::case_11 ... ok
[INFO] [stdout] test segments::tests::segemnt_condition_matches_trait_value_semver::case_13 ... ok
[INFO] [stdout] test segments::tests::segemnt_condition_matches_trait_value_semver::case_14 ... ok
[INFO] [stdout] test segments::tests::segemnt_condition_matches_trait_value_semver::case_15 ... ok
[INFO] [stdout] test segments::tests::segemnt_condition_matches_trait_value_semver::case_16 ... ok
[INFO] [stdout] test segments::tests::segemnt_condition_matches_trait_value_semver::case_17 ... ok
[INFO] [stdout] test segments::tests::segemnt_condition_matches_trait_value_semver::case_18 ... ok
[INFO] [stdout] test segments::tests::segemnt_condition_matches_trait_value_semver::case_19 ... ok
[INFO] [stdout] test segments::tests::segemnt_condition_matches_trait_value_semver::case_20 ... ok
[INFO] [stdout] test segments::tests::segment_condition_matches_trait_value_modulo::case_1 ... ok
[INFO] [stdout] test segments::tests::segment_condition_matches_trait_value_modulo::case_6 ... ok
[INFO] [stdout] test segments::tests::segment_condition_matches_trait_value_modulo::case_4 ... ok
[INFO] [stdout] test segments::tests::segment_condition_matches_trait_value_modulo::case_7 ... ok
[INFO] [stdout] test segments::tests::segment_condition_matches_trait_value_modulo::case_2 ... ok
[INFO] [stdout] test segments::tests::segemnt_condition_matches_trait_value_semver::case_12 ... ok
[INFO] [stdout] test segments::tests::segment_condition_matches_trait_value_modulo::case_3 ... ok
[INFO] [stdout] test segments::tests::segment_condition_matches_trait_value_modulo::case_5 ... ok
[INFO] [stdout] test segments::tests::segment_condition_matches_trait_value_modulo::case_8 ... ok
[INFO] [stdout] test segments::tests::segemnt_condition_matches_trait_value_semver::case_08 ... ok
[INFO] [stdout] test segments::tests::segemnt_condition_matches_trait_value_semver::case_21 ... ok
[INFO] [stdout] test segments::tests::segment_condition_matches_trait_value_modulo::case_9 ... ok
[INFO] [stdout] test types::tests::serialize_deserialize_flagsmith_value::case_03 ... ok
[INFO] [stdout] test types::tests::serialize_deserialize_flagsmith_value::case_01 ... ok
[INFO] [stdout] test types::tests::serialize_deserialize_flagsmith_value::case_06 ... ok
[INFO] [stdout] test types::tests::serialize_deserialize_flagsmith_value::case_07 ... ok
[INFO] [stdout] test types::tests::serialize_deserialize_flagsmith_value::case_08 ... ok
[INFO] [stdout] test types::tests::serialize_deserialize_flagsmith_value::case_09 ... ok
[INFO] [stdout] test types::tests::serialize_deserialize_flagsmith_value::case_10 ... ok
[INFO] [stdout] test types::tests::serialize_deserialize_flagsmith_value::case_11 ... ok
[INFO] [stdout] test types::tests::serialize_deserialize_flagsmith_value::case_05 ... ok
[INFO] [stdout] test utils::datetime::tests::serialize_deserialize_datetime::case_2 ... ok
[INFO] [stdout] test utils::datetime::tests::serialize_deserialize_datetime::case_1 ... ok
[INFO] [stdout] test utils::datetime::tests::serialize_deserialize_datetime::case_3 ... ok
[INFO] [stdout] test types::tests::serialize_deserialize_flagsmith_value::case_02 ... ok
[INFO] [stdout] test utils::hashing::tests::hashed_percentage_for_object_ids_is_same_for_same_ids ... ok
[INFO] [stdout] test utils::hashing::tests::hashed_percentage_for_object_ids_is_different_for_different_ids ... ok
[INFO] [stdout] test types::tests::serialize_deserialize_flagsmith_value::case_04 ... ok
[INFO] [stdout] 
[INFO] [stdout] test result: ok. 135 passed; 0 failed; 0 ignored; 0 measured; 0 filtered out; finished in 0.05s
[INFO] [stdout] 
[INFO] [stderr]      Running tests/segment_evaluator_test.rs (/opt/rustwide/target/debug/deps/segment_evaluator_test-99d2f1cdc511e36f)
[INFO] [stdout] 
[INFO] [stdout] running 20 tests
[INFO] [stdout] test test_evaluate_identity_in_segment::case_01 ... ok
[INFO] [stdout] test test_evaluate_identity_in_segment::case_03 ... ok
[INFO] [stdout] test test_evaluate_identity_in_segment::case_02 ... ok
[INFO] [stdout] test test_evaluate_identity_in_segment::case_04 ... ok
[INFO] [stdout] test test_evaluate_identity_in_segment::case_05 ... ok
[INFO] [stdout] test test_evaluate_identity_in_segment::case_06 ... ok
[INFO] [stdout] test test_evaluate_identity_in_segment::case_07 ... ok
[INFO] [stdout] test test_evaluate_identity_in_segment::case_08 ... ok
[INFO] [stdout] test test_evaluate_identity_in_segment::case_09 ... ok
[INFO] [stdout] test test_evaluate_identity_in_segment::case_11 ... ok
[INFO] [stdout] test test_evaluate_identity_in_segment::case_10 ... ok
[INFO] [stdout] test test_evaluate_identity_in_segment::case_12 ... ok
[INFO] [stdout] test test_evaluate_identity_in_segment::case_13 ... ok
[INFO] [stdout] test test_evaluate_identity_in_segment::case_14 ... ok
[INFO] [stdout] test test_evaluate_identity_in_segment::case_16 ... ok
[INFO] [stdout] test test_evaluate_identity_in_segment::case_19 ... ok
[INFO] [stdout] test test_evaluate_identity_in_segment::case_20 ... ok
[INFO] [stdout] test test_evaluate_identity_in_segment::case_18 ... ok
[INFO] [stdout] test test_evaluate_identity_in_segment::case_15 ... ok
[INFO] [stdout] test test_evaluate_identity_in_segment::case_17 ... ok
[INFO] [stdout] 
[INFO] [stdout] test result: ok. 20 passed; 0 failed; 0 ignored; 0 measured; 0 filtered out; finished in 0.02s
[INFO] [stdout] 
[INFO] [stderr]      Running tests/tests.rs (/opt/rustwide/target/debug/deps/tests-99fb8dabbcd6ea9b)
[INFO] [stdout] 
[INFO] [stdout] running 1 test
[INFO] [stdout] test engine_tests::engine_tests::test_engine ... FAILED
[INFO] [stdout] 
[INFO] [stdout] failures:
[INFO] [stdout] 
[INFO] [stdout] ---- engine_tests::engine_tests::test_engine stdout ----
[INFO] [stdout] thread 'engine_tests::engine_tests::test_engine' panicked at tests/engine_tests/engine_tests.rs:22:38:
[INFO] [stdout] called `Result::unwrap()` on an `Err` value: Os { code: 2, kind: NotFound, message: "No such file or directory" }
[INFO] [stdout] stack backtrace:
[INFO] [stdout]    0:     0x643737e3b95a - std::backtrace_rs::backtrace::libunwind::trace::h8810477743020387
[INFO] [stdout]                                at /rustc/202008a1b8de96d2e5b6bc02d379db03a877d34d/library/std/src/../../backtrace/src/backtrace/libunwind.rs:116:5
[INFO] [stdout]    1:     0x643737e3b95a - std::backtrace_rs::backtrace::trace_unsynchronized::h3aa55355dd6c54a6
[INFO] [stdout]                                at /rustc/202008a1b8de96d2e5b6bc02d379db03a877d34d/library/std/src/../../backtrace/src/backtrace/mod.rs:66:5
[INFO] [stdout]    2:     0x643737e3b95a - std::sys::backtrace::_print_fmt::h8588b0f62410823f
[INFO] [stdout]                                at /rustc/202008a1b8de96d2e5b6bc02d379db03a877d34d/library/std/src/sys/backtrace.rs:66:9
[INFO] [stdout]    3:     0x643737e3b95a - <std::sys::backtrace::BacktraceLock::print::DisplayBacktrace as core::fmt::Display>::fmt::h98c26ac25ffe89bb
[INFO] [stdout]                                at /rustc/202008a1b8de96d2e5b6bc02d379db03a877d34d/library/std/src/sys/backtrace.rs:39:26
[INFO] [stdout]    4:     0x643737e629d3 - core::fmt::rt::Argument::fmt::hf95377f4aebd453b
[INFO] [stdout]                                at /rustc/202008a1b8de96d2e5b6bc02d379db03a877d34d/library/core/src/fmt/rt.rs:177:76
[INFO] [stdout]    5:     0x643737e629d3 - core::fmt::write::h0dd5f6e2238c7982
[INFO] [stdout]                                at /rustc/202008a1b8de96d2e5b6bc02d379db03a877d34d/library/core/src/fmt/mod.rs:1189:21
[INFO] [stdout]    6:     0x643737e38af3 - std::io::Write::write_fmt::h03bb0ca26e6faf8c
[INFO] [stdout]                                at /rustc/202008a1b8de96d2e5b6bc02d379db03a877d34d/library/std/src/io/mod.rs:1884:15
[INFO] [stdout]    7:     0x643737e3b7a2 - std::sys::backtrace::BacktraceLock::print::h5c19c1c038ee186d
[INFO] [stdout]                                at /rustc/202008a1b8de96d2e5b6bc02d379db03a877d34d/library/std/src/sys/backtrace.rs:42:9
[INFO] [stdout]    8:     0x643737e3cddd - std::panicking::default_hook::{{closure}}::h77172f079a1fcb13
[INFO] [stdout]                                at /rustc/202008a1b8de96d2e5b6bc02d379db03a877d34d/library/std/src/panicking.rs:268:22
[INFO] [stdout]    9:     0x643737e3cbe7 - std::panicking::default_hook::he5f8e3b203ccddba
[INFO] [stdout]                                at /rustc/202008a1b8de96d2e5b6bc02d379db03a877d34d/library/std/src/panicking.rs:292:9
[INFO] [stdout]   10:     0x643737ae4b27 - <alloc::boxed::Box<F,A> as core::ops::function::Fn<Args>>::call::h7a3c7b4a1ae77f2f
[INFO] [stdout]                                at /rustc/202008a1b8de96d2e5b6bc02d379db03a877d34d/library/alloc/src/boxed.rs:1986:9
[INFO] [stdout]   11:     0x643737ae4b27 - test::test_main::{{closure}}::hf0d3b69ae9b353d1
[INFO] [stdout]                                at /rustc/202008a1b8de96d2e5b6bc02d379db03a877d34d/library/test/src/lib.rs:134:21
[INFO] [stdout]   12:     0x643737e3d488 - <alloc::boxed::Box<F,A> as core::ops::function::Fn<Args>>::call::h6332e82e7b189abd
[INFO] [stdout]                                at /rustc/202008a1b8de96d2e5b6bc02d379db03a877d34d/library/alloc/src/boxed.rs:1986:9
[INFO] [stdout]   13:     0x643737e3d488 - std::panicking::rust_panic_with_hook::h53863d4e9018df39
[INFO] [stdout]                                at /rustc/202008a1b8de96d2e5b6bc02d379db03a877d34d/library/std/src/panicking.rs:809:13
[INFO] [stdout]   14:     0x643737e3d24a - std::panicking::begin_panic_handler::{{closure}}::h67280e6fa0757873
[INFO] [stdout]                                at /rustc/202008a1b8de96d2e5b6bc02d379db03a877d34d/library/std/src/panicking.rs:674:13
[INFO] [stdout]   15:     0x643737e3be39 - std::sys::backtrace::__rust_end_short_backtrace::h1dac3f54d6fbbeb2
[INFO] [stdout]                                at /rustc/202008a1b8de96d2e5b6bc02d379db03a877d34d/library/std/src/sys/backtrace.rs:170:18
[INFO] [stdout]   16:     0x643737e3cedc - rust_begin_unwind
[INFO] [stdout]                                at /rustc/202008a1b8de96d2e5b6bc02d379db03a877d34d/library/std/src/panicking.rs:665:5
[INFO] [stdout]   17:     0x643737a9a180 - core::panicking::panic_fmt::h6792bd1b2bf01041
[INFO] [stdout]                                at /rustc/202008a1b8de96d2e5b6bc02d379db03a877d34d/library/core/src/panicking.rs:76:14
[INFO] [stdout]   18:     0x643737a9a606 - core::result::unwrap_failed::h05e0602ed34287c5
[INFO] [stdout]                                at /rustc/202008a1b8de96d2e5b6bc02d379db03a877d34d/library/core/src/result.rs:1699:5
[INFO] [stdout]   19:     0x643737aa9d71 - core::result::Result<T,E>::unwrap::hf9154beb963fcf5c
[INFO] [stdout]                                at /rustc/202008a1b8de96d2e5b6bc02d379db03a877d34d/library/core/src/result.rs:1104:23
[INFO] [stdout]   20:     0x643737aa9d71 - tests::engine_tests::engine_tests::test_json::h3ecb77434bf91926
[INFO] [stdout]                                at /opt/rustwide/workdir/tests/engine_tests/engine_tests.rs:22:16
[INFO] [stdout]   21:     0x643737aa9c2d - tests::engine_tests::engine_tests::test_json::get::hfdbc738245fbea47
[INFO] [stdout]                                at /opt/rustwide/workdir/tests/engine_tests/engine_tests.rs:14:1
[INFO] [stdout]   22:     0x643737aa9c4d - tests::engine_tests::engine_tests::test_json::default::h3800e0c52e01fb04
[INFO] [stdout]                                at /opt/rustwide/workdir/tests/engine_tests/engine_tests.rs:14:1
[INFO] [stdout]   23:     0x643737aa9f61 - tests::engine_tests::engine_tests::test_engine::hc66fd172fa1fa619
[INFO] [stdout]                                at /opt/rustwide/workdir/tests/engine_tests/engine_tests.rs:28:1
[INFO] [stdout]   24:     0x643737aa9f27 - tests::engine_tests::engine_tests::test_engine::{{closure}}::hef146583b5bbc157
[INFO] [stdout]                                at /opt/rustwide/workdir/tests/engine_tests/engine_tests.rs:28:10
[INFO] [stdout]   25:     0x643737aa3096 - core::ops::function::FnOnce::call_once::h6f385f06a44ed630
[INFO] [stdout]                                at /rustc/202008a1b8de96d2e5b6bc02d379db03a877d34d/library/core/src/ops/function.rs:250:5
[INFO] [stdout]   26:     0x643737ae964b - core::ops::function::FnOnce::call_once::h871bf86719ec9aa4
[INFO] [stdout]                                at /rustc/202008a1b8de96d2e5b6bc02d379db03a877d34d/library/core/src/ops/function.rs:250:5
[INFO] [stdout]   27:     0x643737ae964b - test::__rust_begin_short_backtrace::h2167df1e2b7d76fd
[INFO] [stdout]                                at /rustc/202008a1b8de96d2e5b6bc02d379db03a877d34d/library/test/src/lib.rs:632:18
[INFO] [stdout]   28:     0x643737ae9038 - test::run_test_in_process::{{closure}}::h15d92f75a3adfb79
[INFO] [stdout]                                at /rustc/202008a1b8de96d2e5b6bc02d379db03a877d34d/library/test/src/lib.rs:655:60
[INFO] [stdout]   29:     0x643737ae9038 - <core::panic::unwind_safe::AssertUnwindSafe<F> as core::ops::function::FnOnce<()>>::call_once::hb6c8955835a8dbbb
[INFO] [stdout]                                at /rustc/202008a1b8de96d2e5b6bc02d379db03a877d34d/library/core/src/panic/unwind_safe.rs:272:9
[INFO] [stdout]   30:     0x643737ae9038 - std::panicking::try::do_call::hc79d0fc888a0bd30
[INFO] [stdout]                                at /rustc/202008a1b8de96d2e5b6bc02d379db03a877d34d/library/std/src/panicking.rs:557:40
[INFO] [stdout]   31:     0x643737ae9038 - std::panicking::try::hb8a7878e3a8589d6
[INFO] [stdout]                                at /rustc/202008a1b8de96d2e5b6bc02d379db03a877d34d/library/std/src/panicking.rs:520:19
[INFO] [stdout]   32:     0x643737ae9038 - std::panic::catch_unwind::hb8e4600ff0ff5cfa
[INFO] [stdout]                                at /rustc/202008a1b8de96d2e5b6bc02d379db03a877d34d/library/std/src/panic.rs:358:14
[INFO] [stdout]   33:     0x643737ae9038 - test::run_test_in_process::hc2900b0b18688dd6
[INFO] [stdout]                                at /rustc/202008a1b8de96d2e5b6bc02d379db03a877d34d/library/test/src/lib.rs:655:27
[INFO] [stdout]   34:     0x643737ae9038 - test::run_test::{{closure}}::hac2a9cb07be3d48d
[INFO] [stdout]                                at /rustc/202008a1b8de96d2e5b6bc02d379db03a877d34d/library/test/src/lib.rs:576:43
[INFO] [stdout]   35:     0x643737aacada - test::run_test::{{closure}}::h4a5b729e66a38cd8
[INFO] [stdout]                                at /rustc/202008a1b8de96d2e5b6bc02d379db03a877d34d/library/test/src/lib.rs:606:41
[INFO] [stdout]   36:     0x643737aacada - std::sys::backtrace::__rust_begin_short_backtrace::h0496fb742492f573
[INFO] [stdout]                                at /rustc/202008a1b8de96d2e5b6bc02d379db03a877d34d/library/std/src/sys/backtrace.rs:154:18
[INFO] [stdout]   37:     0x643737ab0454 - std::thread::Builder::spawn_unchecked_::{{closure}}::{{closure}}::hbb6d257c550a54bd
[INFO] [stdout]                                at /rustc/202008a1b8de96d2e5b6bc02d379db03a877d34d/library/std/src/thread/mod.rs:561:17
[INFO] [stdout]   38:     0x643737ab0454 - <core::panic::unwind_safe::AssertUnwindSafe<F> as core::ops::function::FnOnce<()>>::call_once::h46696fe4a6832328
[INFO] [stdout]                                at /rustc/202008a1b8de96d2e5b6bc02d379db03a877d34d/library/core/src/panic/unwind_safe.rs:272:9
[INFO] [stdout]   39:     0x643737ab0454 - std::panicking::try::do_call::h2625a51b667bfb64
[INFO] [stdout]                                at /rustc/202008a1b8de96d2e5b6bc02d379db03a877d34d/library/std/src/panicking.rs:557:40
[INFO] [stdout]   40:     0x643737ab0454 - std::panicking::try::hb956a59a1973aa4c
[INFO] [stdout]                                at /rustc/202008a1b8de96d2e5b6bc02d379db03a877d34d/library/std/src/panicking.rs:520:19
[INFO] [stdout]   41:     0x643737ab0454 - std::panic::catch_unwind::h64f3b9d1067ef6a0
[INFO] [stdout]                                at /rustc/202008a1b8de96d2e5b6bc02d379db03a877d34d/library/std/src/panic.rs:358:14
[INFO] [stdout]   42:     0x643737ab0454 - std::thread::Builder::spawn_unchecked_::{{closure}}::h42b2841295b6c0b2
[INFO] [stdout]                                at /rustc/202008a1b8de96d2e5b6bc02d379db03a877d34d/library/std/src/thread/mod.rs:559:30
[INFO] [stdout]   43:     0x643737ab0454 - core::ops::function::FnOnce::call_once{{vtable.shim}}::h6127de71b8124639
[INFO] [stdout]                                at /rustc/202008a1b8de96d2e5b6bc02d379db03a877d34d/library/core/src/ops/function.rs:250:5
[INFO] [stdout]   44:     0x643737e413db - <alloc::boxed::Box<F,A> as core::ops::function::FnOnce<Args>>::call_once::h42f0ba71002a1b2c
[INFO] [stdout]                                at /rustc/202008a1b8de96d2e5b6bc02d379db03a877d34d/library/alloc/src/boxed.rs:1972:9
[INFO] [stdout]   45:     0x643737e413db - <alloc::boxed::Box<F,A> as core::ops::function::FnOnce<Args>>::call_once::had9e47d7a3dcecb8
[INFO] [stdout]                                at /rustc/202008a1b8de96d2e5b6bc02d379db03a877d34d/library/alloc/src/boxed.rs:1972:9
[INFO] [stdout]   46:     0x643737e413db - std::sys::pal::unix::thread::Thread::new::thread_start::h48cf765408f6f5f2
[INFO] [stdout]                                at /rustc/202008a1b8de96d2e5b6bc02d379db03a877d34d/library/std/src/sys/pal/unix/thread.rs:105:17
[INFO] [stdout]   47:     0x7545f3c98ac3 - <unknown>
[INFO] [stdout]   48:     0x7545f3d29a04 - clone
[INFO] [stdout]   49:                0x0 - <unknown>
[INFO] [stdout] 
[INFO] [stdout] 
[INFO] [stdout] failures:
[INFO] [stdout]     engine_tests::engine_tests::test_engine
[INFO] [stdout] 
[INFO] [stdout] test result: FAILED. 0 passed; 1 failed; 0 ignored; 0 measured; 0 filtered out; finished in 0.05s
[INFO] [stdout] 
[INFO] [stderr] error: test failed, to rerun pass `--test tests`
[INFO] running `Command { std: "docker" "inspect" "5f94df2677c69a8b0c67d11092df406460b897874411975f076bc9ebef04f5b6", kill_on_drop: false }`
[INFO] running `Command { std: "docker" "rm" "-f" "5f94df2677c69a8b0c67d11092df406460b897874411975f076bc9ebef04f5b6", kill_on_drop: false }`
[INFO] [stdout] 5f94df2677c69a8b0c67d11092df406460b897874411975f076bc9ebef04f5b6
