[INFO] fetching crate fksainetwork 0.2.0...
[INFO] testing fksainetwork-0.2.0 against beta-2024-12-08 for beta-1.84.0-4-retry
[INFO] extracting crate fksainetwork 0.2.0 into /workspace/builds/worker-3-tc2/source
[INFO] validating manifest of crates.io crate fksainetwork 0.2.0 on toolchain beta-2024-12-08
[INFO] running `Command { std: CARGO_HOME="/workspace/cargo-home" RUSTUP_HOME="/workspace/rustup-home" "/workspace/cargo-home/bin/cargo" "+beta-2024-12-08" "metadata" "--manifest-path" "Cargo.toml" "--no-deps", kill_on_drop: false }`
[INFO] started tweaking crates.io crate fksainetwork 0.2.0
[INFO] finished tweaking crates.io crate fksainetwork 0.2.0
[INFO] tweaked toml for crates.io crate fksainetwork 0.2.0 written to /workspace/builds/worker-3-tc2/source/Cargo.toml
[INFO] running `Command { std: CARGO_HOME="/workspace/cargo-home" RUSTUP_HOME="/workspace/rustup-home" "/workspace/cargo-home/bin/cargo" "+beta-2024-12-08" "generate-lockfile" "--manifest-path" "Cargo.toml", kill_on_drop: false }`
[INFO] [stderr]     Updating crates.io index
[INFO] [stderr]      Locking 21 packages to latest compatible versions
[INFO] running `Command { std: CARGO_HOME="/workspace/cargo-home" RUSTUP_HOME="/workspace/rustup-home" "/workspace/cargo-home/bin/cargo" "+beta-2024-12-08" "fetch" "--manifest-path" "Cargo.toml", kill_on_drop: false }`
[INFO] running `Command { std: "docker" "create" "-v" "/var/lib/crater-agent-workspace/builds/worker-3-tc2/target:/opt/rustwide/target:rw,Z" "-v" "/var/lib/crater-agent-workspace/builds/worker-3-tc2/source:/opt/rustwide/workdir:ro,Z" "-v" "/var/lib/crater-agent-workspace/cargo-home:/opt/rustwide/cargo-home:ro,Z" "-v" "/var/lib/crater-agent-workspace/rustup-home:/opt/rustwide/rustup-home:ro,Z" "-e" "SOURCE_DIR=/opt/rustwide/workdir" "-e" "CARGO_TARGET_DIR=/opt/rustwide/target" "-e" "CARGO_HOME=/opt/rustwide/cargo-home" "-e" "RUSTUP_HOME=/opt/rustwide/rustup-home" "-w" "/opt/rustwide/workdir" "-m" "1610612736" "--user" "0:0" "--network" "none" "ghcr.io/rust-lang/crates-build-env/linux@sha256:f3a9d4ad9d972b27faf3965f35b62e55ba32bbce8f20bc8fe909558a86702fde" "/opt/rustwide/cargo-home/bin/cargo" "+beta-2024-12-08" "metadata" "--no-deps" "--format-version=1", kill_on_drop: false }`
[INFO] [stdout] 36f81b48476ad323ae42bdf3bd5d2d16345882b5992cc0350be5a9dcae725cf8
[INFO] running `Command { std: "docker" "start" "-a" "36f81b48476ad323ae42bdf3bd5d2d16345882b5992cc0350be5a9dcae725cf8", kill_on_drop: false }`
[INFO] running `Command { std: "docker" "inspect" "36f81b48476ad323ae42bdf3bd5d2d16345882b5992cc0350be5a9dcae725cf8", kill_on_drop: false }`
[INFO] running `Command { std: "docker" "rm" "-f" "36f81b48476ad323ae42bdf3bd5d2d16345882b5992cc0350be5a9dcae725cf8", kill_on_drop: false }`
[INFO] [stdout] 36f81b48476ad323ae42bdf3bd5d2d16345882b5992cc0350be5a9dcae725cf8
[INFO] running `Command { std: "docker" "create" "-v" "/var/lib/crater-agent-workspace/builds/worker-3-tc2/target:/opt/rustwide/target:rw,Z" "-v" "/var/lib/crater-agent-workspace/builds/worker-3-tc2/source:/opt/rustwide/workdir:ro,Z" "-v" "/var/lib/crater-agent-workspace/cargo-home:/opt/rustwide/cargo-home:ro,Z" "-v" "/var/lib/crater-agent-workspace/rustup-home:/opt/rustwide/rustup-home:ro,Z" "-e" "SOURCE_DIR=/opt/rustwide/workdir" "-e" "CARGO_TARGET_DIR=/opt/rustwide/target" "-e" "CARGO_INCREMENTAL=0" "-e" "RUST_BACKTRACE=full" "-e" "RUSTFLAGS=--cap-lints=warn" "-e" "RUSTDOCFLAGS=--cap-lints=warn" "-e" "CARGO_HOME=/opt/rustwide/cargo-home" "-e" "RUSTUP_HOME=/opt/rustwide/rustup-home" "-w" "/opt/rustwide/workdir" "-m" "1610612736" "--user" "0:0" "--network" "none" "ghcr.io/rust-lang/crates-build-env/linux@sha256:f3a9d4ad9d972b27faf3965f35b62e55ba32bbce8f20bc8fe909558a86702fde" "/opt/rustwide/cargo-home/bin/cargo" "+beta-2024-12-08" "build" "--frozen" "--message-format=json", kill_on_drop: false }`
[INFO] [stdout] 3c286171d5c7a5f42b3d80365e3aa87e7eac66115fdfbd20f9a62400ed0be15c
[INFO] running `Command { std: "docker" "start" "-a" "3c286171d5c7a5f42b3d80365e3aa87e7eac66115fdfbd20f9a62400ed0be15c", kill_on_drop: false }`
[INFO] [stderr]    Compiling proc-macro2 v1.0.92
[INFO] [stderr]    Compiling unicode-ident v1.0.14
[INFO] [stderr]    Compiling libc v0.2.168
[INFO] [stderr]    Compiling byteorder v1.5.0
[INFO] [stderr]    Compiling cfg-if v1.0.0
[INFO] [stderr]    Compiling virtue v0.0.13
[INFO] [stderr]    Compiling bmp v0.5.0
[INFO] [stderr]    Compiling bincode_derive v2.0.0-rc.3
[INFO] [stderr]    Compiling quote v1.0.37
[INFO] [stderr]    Compiling syn v2.0.90
[INFO] [stderr]    Compiling getrandom v0.2.15
[INFO] [stderr]    Compiling bincode v2.0.0-rc.3
[INFO] [stderr]    Compiling rand_core v0.6.4
[INFO] [stderr]    Compiling zerocopy-derive v0.7.35
[INFO] [stderr]    Compiling zerocopy v0.7.35
[INFO] [stderr]    Compiling ppv-lite86 v0.2.20
[INFO] [stderr]    Compiling rand_chacha v0.3.1
[INFO] [stderr]    Compiling rand v0.8.5
[INFO] [stderr]    Compiling fksainetwork v0.2.0 (/opt/rustwide/workdir)
[INFO] [stdout] warning: unused import: `std::cmp::min`
[INFO] [stdout]  --> src/loss.rs:1:5
[INFO] [stdout]   |
[INFO] [stdout] 1 | use std::cmp::min;
[INFO] [stdout]   |     ^^^^^^^^^^^^^
[INFO] [stdout]   |
[INFO] [stdout]   = note: `#[warn(unused_imports)]` on by default
[INFO] [stdout] 
[INFO] [stdout] 
[INFO] [stdout] warning: unused import: `crate::util::max`
[INFO] [stdout]  --> src/loss.rs:3:5
[INFO] [stdout]   |
[INFO] [stdout] 3 | use crate::util::max;
[INFO] [stdout]   |     ^^^^^^^^^^^^^^^^
[INFO] [stdout] 
[INFO] [stdout] 
[INFO] [stdout] warning: variable `error_total` is assigned to, but never used
[INFO] [stdout]    --> src/lib.rs:747:41
[INFO] [stdout]     |
[INFO] [stdout] 747 | ...                   let mut error_total = 0.0f32;
[INFO] [stdout]     |                               ^^^^^^^^^^^
[INFO] [stdout]     |
[INFO] [stdout]     = note: consider using `_error_total` instead
[INFO] [stdout]     = note: `#[warn(unused_variables)]` on by default
[INFO] [stdout] 
[INFO] [stdout] 
[INFO] [stdout] warning: value assigned to `error_total` is never read
[INFO] [stdout]    --> src/lib.rs:807:37
[INFO] [stdout]     |
[INFO] [stdout] 807 | ...                   error_total *= output_layer.normalize_data[value_layer_idx].0;
[INFO] [stdout]     |                       ^^^^^^^^^^^
[INFO] [stdout]     |
[INFO] [stdout]     = help: maybe it is overwritten before being read?
[INFO] [stdout]     = note: `#[warn(unused_assignments)]` on by default
[INFO] [stdout] 
[INFO] [stdout] 
[INFO] [stdout] warning: variable does not need to be mutable
[INFO] [stdout]    --> src/lib.rs:739:37
[INFO] [stdout]     |
[INFO] [stdout] 739 | ...                   let mut err_term_mat = &mut output_layer.error_terms[value_layer_idx];
[INFO] [stdout]     |                           ----^^^^^^^^^^^^
[INFO] [stdout]     |                           |
[INFO] [stdout]     |                           help: remove this `mut`
[INFO] [stdout]     |
[INFO] [stdout]     = note: `#[warn(unused_mut)]` on by default
[INFO] [stdout] 
[INFO] [stdout] 
[INFO] [stdout] warning: variable does not need to be mutable
[INFO] [stdout]    --> src/lib.rs:740:37
[INFO] [stdout]     |
[INFO] [stdout] 740 | ...                   let mut derivative_mat = &output_layer.learning_val[value_layer_idx];
[INFO] [stdout]     |                           ----^^^^^^^^^^^^^^
[INFO] [stdout]     |                           |
[INFO] [stdout]     |                           help: remove this `mut`
[INFO] [stdout] 
[INFO] [stdout] 
[INFO] [stdout] warning: variable does not need to be mutable
[INFO] [stdout]    --> src/lib.rs:741:37
[INFO] [stdout]     |
[INFO] [stdout] 741 | ...                   let mut raw_mat = &output_layer.raws[value_layer_idx];
[INFO] [stdout]     |                           ----^^^^^^^
[INFO] [stdout]     |                           |
[INFO] [stdout]     |                           help: remove this `mut`
[INFO] [stdout] 
[INFO] [stdout] 
[INFO] [stdout] warning: variable does not need to be mutable
[INFO] [stdout]    --> src/lib.rs:742:37
[INFO] [stdout]     |
[INFO] [stdout] 742 | ...                   let mut switch_mat = &output_layer.switch[value_layer_idx];
[INFO] [stdout]     |                           ----^^^^^^^^^^
[INFO] [stdout]     |                           |
[INFO] [stdout]     |                           help: remove this `mut`
[INFO] [stdout] 
[INFO] [stdout] 
[INFO] [stdout] warning: variable does not need to be mutable
[INFO] [stdout]    --> src/lib.rs:743:37
[INFO] [stdout]     |
[INFO] [stdout] 743 | ...                   let mut pool_mat = &output_layer.pooleds[value_layer_idx];
[INFO] [stdout]     |                           ----^^^^^^^^
[INFO] [stdout]     |                           |
[INFO] [stdout]     |                           help: remove this `mut`
[INFO] [stdout] 
[INFO] [stdout] 
[INFO] [stdout] warning: variable does not need to be mutable
[INFO] [stdout]    --> src/lib.rs:803:41
[INFO] [stdout]     |
[INFO] [stdout] 803 | ...                   let mut out = &mut output_layer.normalize_grad[value_layer_idx];
[INFO] [stdout]     |                           ----^^^
[INFO] [stdout]     |                           |
[INFO] [stdout]     |                           help: remove this `mut`
[INFO] [stdout] 
[INFO] [stdout] 
[INFO] [stdout] warning: type `Matrix` is more private than the item `ConvolutionalNetwork::calculate`
[INFO] [stdout]    --> src/lib.rs:661:13
[INFO] [stdout]     |
[INFO] [stdout] 661 |             pub fn calculate(&mut self, inputs: &[&Matrix]) -> Vec<f32> {
[INFO] [stdout]     |             ^^^^^^^^^^^^^^^^^^^^^^^^^^^^^^^^^^^^^^^^^^^^^^^^^^^^^^^^^^^ method `ConvolutionalNetwork::calculate` is reachable at visibility `pub`
[INFO] [stdout]     |
[INFO] [stdout] note: but type `Matrix` is only usable at visibility `pub(crate)`
[INFO] [stdout]    --> src/util.rs:4:1
[INFO] [stdout]     |
[INFO] [stdout] 4   | pub(crate) struct Matrix {
[INFO] [stdout]     | ^^^^^^^^^^^^^^^^^^^^^^^^
[INFO] [stdout]     = note: `#[warn(private_interfaces)]` on by default
[INFO] [stdout] 
[INFO] [stdout] 
[INFO] [stdout] warning: type `Matrix` is more private than the item `ConvolutionalNetwork::learn`
[INFO] [stdout]    --> src/lib.rs:699:13
[INFO] [stdout]     |
[INFO] [stdout] 699 |             pub fn learn(&mut self, learning_rate: f32, inputs: &Vec<Vec<&Matrix>>, expecteds: &Vec<Vec<f32>>) {
[INFO] [stdout]     |             ^^^^^^^^^^^^^^^^^^^^^^^^^^^^^^^^^^^^^^^^^^^^^^^^^^^^^^^^^^^^^^^^^^^^^^^^^^^^^^^^^^^^^^^^^^^^^^^^^^ method `ConvolutionalNetwork::learn` is reachable at visibility `pub`
[INFO] [stdout]     |
[INFO] [stdout] note: but type `Matrix` is only usable at visibility `pub(crate)`
[INFO] [stdout]    --> src/util.rs:4:1
[INFO] [stdout]     |
[INFO] [stdout] 4   | pub(crate) struct Matrix {
[INFO] [stdout]     | ^^^^^^^^^^^^^^^^^^^^^^^^
[INFO] [stdout] 
[INFO] [stdout] 
[INFO] [stdout] warning: method `loss` is never used
[INFO] [stdout]   --> src/loss.rs:14:19
[INFO] [stdout]    |
[INFO] [stdout] 13 | impl Loss {
[INFO] [stdout]    | --------- method in this implementation
[INFO] [stdout] 14 |     pub(crate) fn loss(&self, result: &[f32], expected: &[f32]) -> f32 {
[INFO] [stdout]    |                   ^^^^
[INFO] [stdout]    |
[INFO] [stdout]    = note: `#[warn(dead_code)]` on by default
[INFO] [stdout] 
[INFO] [stdout] 
[INFO] [stderr]     Finished `dev` profile [unoptimized + debuginfo] target(s) in 9.28s
[INFO] running `Command { std: "docker" "inspect" "3c286171d5c7a5f42b3d80365e3aa87e7eac66115fdfbd20f9a62400ed0be15c", kill_on_drop: false }`
[INFO] running `Command { std: "docker" "rm" "-f" "3c286171d5c7a5f42b3d80365e3aa87e7eac66115fdfbd20f9a62400ed0be15c", kill_on_drop: false }`
[INFO] [stdout] 3c286171d5c7a5f42b3d80365e3aa87e7eac66115fdfbd20f9a62400ed0be15c
[INFO] running `Command { std: "docker" "create" "-v" "/var/lib/crater-agent-workspace/builds/worker-3-tc2/target:/opt/rustwide/target:rw,Z" "-v" "/var/lib/crater-agent-workspace/builds/worker-3-tc2/source:/opt/rustwide/workdir:ro,Z" "-v" "/var/lib/crater-agent-workspace/cargo-home:/opt/rustwide/cargo-home:ro,Z" "-v" "/var/lib/crater-agent-workspace/rustup-home:/opt/rustwide/rustup-home:ro,Z" "-e" "SOURCE_DIR=/opt/rustwide/workdir" "-e" "CARGO_TARGET_DIR=/opt/rustwide/target" "-e" "CARGO_INCREMENTAL=0" "-e" "RUST_BACKTRACE=full" "-e" "RUSTFLAGS=--cap-lints=warn" "-e" "RUSTDOCFLAGS=--cap-lints=warn" "-e" "CARGO_HOME=/opt/rustwide/cargo-home" "-e" "RUSTUP_HOME=/opt/rustwide/rustup-home" "-w" "/opt/rustwide/workdir" "-m" "1610612736" "--user" "0:0" "--network" "none" "ghcr.io/rust-lang/crates-build-env/linux@sha256:f3a9d4ad9d972b27faf3965f35b62e55ba32bbce8f20bc8fe909558a86702fde" "/opt/rustwide/cargo-home/bin/cargo" "+beta-2024-12-08" "test" "--frozen" "--no-run" "--message-format=json", kill_on_drop: false }`
[INFO] [stdout] e2b8b54f46e95ef60cb9913f6630ebabdee082720a5add523d25f164af06a15b
[INFO] running `Command { std: "docker" "start" "-a" "e2b8b54f46e95ef60cb9913f6630ebabdee082720a5add523d25f164af06a15b", kill_on_drop: false }`
[INFO] [stdout] warning: unused import: `std::cmp::min`
[INFO] [stdout]  --> src/loss.rs:1:5
[INFO] [stdout]   |
[INFO] [stdout] 1 | use std::cmp::min;
[INFO] [stdout]   |     ^^^^^^^^^^^^^
[INFO] [stdout]   |
[INFO] [stdout]   = note: `#[warn(unused_imports)]` on by default
[INFO] [stdout] 
[INFO] [stdout] 
[INFO] [stdout] warning: unused import: `crate::util::max`
[INFO] [stdout]  --> src/loss.rs:3:5
[INFO] [stdout]   |
[INFO] [stdout] 3 | use crate::util::max;
[INFO] [stdout]   |     ^^^^^^^^^^^^^^^^
[INFO] [stdout] 
[INFO] [stdout] 
[INFO] [stdout] warning: variable `error_total` is assigned to, but never used
[INFO] [stdout]    --> src/lib.rs:747:41
[INFO] [stdout]     |
[INFO] [stdout] 747 | ...                   let mut error_total = 0.0f32;
[INFO] [stdout]     |                               ^^^^^^^^^^^
[INFO] [stdout]     |
[INFO] [stdout]     = note: consider using `_error_total` instead
[INFO] [stdout]     = note: `#[warn(unused_variables)]` on by default
[INFO] [stdout] 
[INFO] [stdout] 
[INFO] [stdout] warning: value assigned to `error_total` is never read
[INFO] [stdout]    --> src/lib.rs:807:37
[INFO] [stdout]     |
[INFO] [stdout] 807 | ...                   error_total *= output_layer.normalize_data[value_layer_idx].0;
[INFO] [stdout]     |                       ^^^^^^^^^^^
[INFO] [stdout]     |
[INFO] [stdout]     = help: maybe it is overwritten before being read?
[INFO] [stdout]     = note: `#[warn(unused_assignments)]` on by default
[INFO] [stdout] 
[INFO] [stdout] 
[INFO] [stdout] warning: variable does not need to be mutable
[INFO] [stdout]    --> src/lib.rs:739:37
[INFO] [stdout]     |
[INFO] [stdout] 739 | ...                   let mut err_term_mat = &mut output_layer.error_terms[value_layer_idx];
[INFO] [stdout]     |                           ----^^^^^^^^^^^^
[INFO] [stdout]     |                           |
[INFO] [stdout]     |                           help: remove this `mut`
[INFO] [stdout]     |
[INFO] [stdout]     = note: `#[warn(unused_mut)]` on by default
[INFO] [stdout] 
[INFO] [stdout] 
[INFO] [stdout] warning: variable does not need to be mutable
[INFO] [stdout]    --> src/lib.rs:740:37
[INFO] [stdout]     |
[INFO] [stdout] 740 | ...                   let mut derivative_mat = &output_layer.learning_val[value_layer_idx];
[INFO] [stdout]     |                           ----^^^^^^^^^^^^^^
[INFO] [stdout]     |                           |
[INFO] [stdout]     |                           help: remove this `mut`
[INFO] [stdout] 
[INFO] [stdout] 
[INFO] [stdout] warning: variable does not need to be mutable
[INFO] [stdout]    --> src/lib.rs:741:37
[INFO] [stdout]     |
[INFO] [stdout] 741 | ...                   let mut raw_mat = &output_layer.raws[value_layer_idx];
[INFO] [stdout]     |                           ----^^^^^^^
[INFO] [stdout]     |                           |
[INFO] [stdout]     |                           help: remove this `mut`
[INFO] [stdout] 
[INFO] [stdout] 
[INFO] [stdout] warning: variable does not need to be mutable
[INFO] [stdout]    --> src/lib.rs:742:37
[INFO] [stdout]     |
[INFO] [stdout] 742 | ...                   let mut switch_mat = &output_layer.switch[value_layer_idx];
[INFO] [stdout]     |                           ----^^^^^^^^^^
[INFO] [stdout]     |                           |
[INFO] [stdout]     |                           help: remove this `mut`
[INFO] [stdout] 
[INFO] [stdout] 
[INFO] [stdout] warning: variable does not need to be mutable
[INFO] [stdout]    --> src/lib.rs:743:37
[INFO] [stdout]     |
[INFO] [stdout] 743 | ...                   let mut pool_mat = &output_layer.pooleds[value_layer_idx];
[INFO] [stdout]     |                           ----^^^^^^^^
[INFO] [stdout]     |                           |
[INFO] [stdout]     |                           help: remove this `mut`
[INFO] [stdout] 
[INFO] [stdout] 
[INFO] [stdout] warning: variable does not need to be mutable
[INFO] [stdout]    --> src/lib.rs:803:41
[INFO] [stdout]     |
[INFO] [stdout] 803 | ...                   let mut out = &mut output_layer.normalize_grad[value_layer_idx];
[INFO] [stdout]     |                           ----^^^
[INFO] [stdout]     |                           |
[INFO] [stdout]     |                           help: remove this `mut`
[INFO] [stdout] 
[INFO] [stdout] 
[INFO] [stdout] warning: type `Matrix` is more private than the item `ConvolutionalNetwork::calculate`
[INFO] [stdout]    --> src/lib.rs:661:13
[INFO] [stdout]     |
[INFO] [stdout] 661 |             pub fn calculate(&mut self, inputs: &[&Matrix]) -> Vec<f32> {
[INFO] [stdout]     |             ^^^^^^^^^^^^^^^^^^^^^^^^^^^^^^^^^^^^^^^^^^^^^^^^^^^^^^^^^^^ method `ConvolutionalNetwork::calculate` is reachable at visibility `pub`
[INFO] [stdout]     |
[INFO] [stdout] note: but type `Matrix` is only usable at visibility `pub(crate)`
[INFO] [stdout]    --> src/util.rs:4:1
[INFO] [stdout]     |
[INFO] [stdout] 4   | pub(crate) struct Matrix {
[INFO] [stdout]     | ^^^^^^^^^^^^^^^^^^^^^^^^
[INFO] [stdout]     = note: `#[warn(private_interfaces)]` on by default
[INFO] [stdout] 
[INFO] [stdout] 
[INFO] [stdout] warning: type `Matrix` is more private than the item `ConvolutionalNetwork::learn`
[INFO] [stdout]    --> src/lib.rs:699:13
[INFO] [stdout]     |
[INFO] [stdout] 699 |             pub fn learn(&mut self, learning_rate: f32, inputs: &Vec<Vec<&Matrix>>, expecteds: &Vec<Vec<f32>>) {
[INFO] [stdout]     |             ^^^^^^^^^^^^^^^^^^^^^^^^^^^^^^^^^^^^^^^^^^^^^^^^^^^^^^^^^^^^^^^^^^^^^^^^^^^^^^^^^^^^^^^^^^^^^^^^^^ method `ConvolutionalNetwork::learn` is reachable at visibility `pub`
[INFO] [stdout]     |
[INFO] [stdout] note: but type `Matrix` is only usable at visibility `pub(crate)`
[INFO] [stdout]    --> src/util.rs:4:1
[INFO] [stdout]     |
[INFO] [stdout] 4   | pub(crate) struct Matrix {
[INFO] [stdout]     | ^^^^^^^^^^^^^^^^^^^^^^^^
[INFO] [stdout] 
[INFO] [stdout] 
[INFO] [stdout] warning: method `loss` is never used
[INFO] [stdout]   --> src/loss.rs:14:19
[INFO] [stdout]    |
[INFO] [stdout] 13 | impl Loss {
[INFO] [stdout]    | --------- method in this implementation
[INFO] [stdout] 14 |     pub(crate) fn loss(&self, result: &[f32], expected: &[f32]) -> f32 {
[INFO] [stdout]    |                   ^^^^
[INFO] [stdout]    |
[INFO] [stdout]    = note: `#[warn(dead_code)]` on by default
[INFO] [stdout] 
[INFO] [stdout] 
[INFO] [stderr]    Compiling fksainetwork v0.2.0 (/opt/rustwide/workdir)
[INFO] [stdout] warning: unused import: `crate::activation::Activation`
[INFO] [stdout]  --> src/tests/dog_cat_face_test.rs:9:9
[INFO] [stdout]   |
[INFO] [stdout] 9 |     use crate::activation::Activation;
[INFO] [stdout]   |         ^^^^^^^^^^^^^^^^^^^^^^^^^^^^^
[INFO] [stdout]   |
[INFO] [stdout]   = note: `#[warn(unused_imports)]` on by default
[INFO] [stdout] 
[INFO] [stdout] 
[INFO] [stdout] warning: unused import: `crate::initialization::Initialization`
[INFO] [stdout]   --> src/tests/dog_cat_face_test.rs:10:9
[INFO] [stdout]    |
[INFO] [stdout] 10 |     use crate::initialization::Initialization;
[INFO] [stdout]    |         ^^^^^^^^^^^^^^^^^^^^^^^^^^^^^^^^^^^^^
[INFO] [stdout] 
[INFO] [stdout] 
[INFO] [stdout] warning: unused import: `ConvolutionalNetwork`
[INFO] [stdout]   --> src/tests/dog_cat_face_test.rs:12:48
[INFO] [stdout]    |
[INFO] [stdout] 12 |     use crate::network::cnn::{cnn_network_bmp, ConvolutionalNetwork, load_cnn_network, save_cnn_network};
[INFO] [stdout]    |                                                ^^^^^^^^^^^^^^^^^^^^
[INFO] [stdout] 
[INFO] [stdout] 
[INFO] [stdout] warning: unused import: `crate::pooling::Pooling`
[INFO] [stdout]   --> src/tests/dog_cat_face_test.rs:13:9
[INFO] [stdout]    |
[INFO] [stdout] 13 |     use crate::pooling::Pooling;
[INFO] [stdout]    |         ^^^^^^^^^^^^^^^^^^^^^^^
[INFO] [stdout] 
[INFO] [stdout] 
[INFO] [stdout] warning: unnecessary parentheses around `if` condition
[INFO] [stdout]    --> src/tests/dog_cat_face_test.rs:148:20
[INFO] [stdout]     |
[INFO] [stdout] 148 |                 if (cur_error < prev_err) {
[INFO] [stdout]     |                    ^                    ^
[INFO] [stdout]     |
[INFO] [stdout]     = note: `#[warn(unused_parens)]` on by default
[INFO] [stdout] help: remove these parentheses
[INFO] [stdout]     |
[INFO] [stdout] 148 -                 if (cur_error < prev_err) {
[INFO] [stdout] 148 +                 if cur_error < prev_err {
[INFO] [stdout]     |
[INFO] [stdout] 
[INFO] [stdout] 
[INFO] [stdout] warning: unnecessary parentheses around `if` condition
[INFO] [stdout]    --> src/tests/dog_cat_face_test.rs:153:24
[INFO] [stdout]     |
[INFO] [stdout] 153 |                     if (chance == 0) {
[INFO] [stdout]     |                        ^           ^
[INFO] [stdout]     |
[INFO] [stdout] help: remove these parentheses
[INFO] [stdout]     |
[INFO] [stdout] 153 -                     if (chance == 0) {
[INFO] [stdout] 153 +                     if chance == 0 {
[INFO] [stdout]     |
[INFO] [stdout] 
[INFO] [stdout] 
[INFO] [stdout] warning: unused import: `std::cmp::min`
[INFO] [stdout]  --> src/loss.rs:1:5
[INFO] [stdout]   |
[INFO] [stdout] 1 | use std::cmp::min;
[INFO] [stdout]   |     ^^^^^^^^^^^^^
[INFO] [stdout] 
[INFO] [stdout] 
[INFO] [stdout] warning: unused import: `crate::util::max`
[INFO] [stdout]  --> src/loss.rs:3:5
[INFO] [stdout]   |
[INFO] [stdout] 3 | use crate::util::max;
[INFO] [stdout]   |     ^^^^^^^^^^^^^^^^
[INFO] [stdout] 
[INFO] [stdout] 
[INFO] [stdout] warning: unreachable statement
[INFO] [stdout]    --> src/tests/dog_cat_face_test.rs:152:21
[INFO] [stdout]     |
[INFO] [stdout] 151 |                     break;
[INFO] [stdout]     |                     ----- any code following this expression is unreachable
[INFO] [stdout] 152 |                     chance -= 1;
[INFO] [stdout]     |                     ^^^^^^^^^^^^ unreachable statement
[INFO] [stdout]     |
[INFO] [stdout]     = note: `#[warn(unreachable_code)]` on by default
[INFO] [stdout] 
[INFO] [stdout] 
[INFO] [stdout] warning: unused variable: `chance`
[INFO] [stdout]    --> src/tests/dog_cat_face_test.rs:116:21
[INFO] [stdout]     |
[INFO] [stdout] 116 |             let mut chance = 3;
[INFO] [stdout]     |                     ^^^^^^ help: if this is intentional, prefix it with an underscore: `_chance`
[INFO] [stdout]     |
[INFO] [stdout]     = note: `#[warn(unused_variables)]` on by default
[INFO] [stdout] 
[INFO] [stdout] 
[INFO] [stdout] warning: value assigned to `chance` is never read
[INFO] [stdout]    --> src/tests/dog_cat_face_test.rs:156:25
[INFO] [stdout]     |
[INFO] [stdout] 156 |                         chance = 3;
[INFO] [stdout]     |                         ^^^^^^
[INFO] [stdout]     |
[INFO] [stdout]     = help: maybe it is overwritten before being read?
[INFO] [stdout]     = note: `#[warn(unused_assignments)]` on by default
[INFO] [stdout] 
[INFO] [stdout] 
[INFO] [stdout] warning: variable does not need to be mutable
[INFO] [stdout]    --> src/tests/dog_cat_face_test.rs:116:17
[INFO] [stdout]     |
[INFO] [stdout] 116 |             let mut chance = 3;
[INFO] [stdout]     |                 ----^^^^^^
[INFO] [stdout]     |                 |
[INFO] [stdout]     |                 help: remove this `mut`
[INFO] [stdout]     |
[INFO] [stdout]     = note: `#[warn(unused_mut)]` on by default
[INFO] [stdout] 
[INFO] [stdout] 
[INFO] [stdout] warning: variable does not need to be mutable
[INFO] [stdout]    --> src/tests/dog_cat_face_test.rs:117:17
[INFO] [stdout]     |
[INFO] [stdout] 117 |             let mut learning_rate = 0.01;
[INFO] [stdout]     |                 ----^^^^^^^^^^^^^
[INFO] [stdout]     |                 |
[INFO] [stdout]     |                 help: remove this `mut`
[INFO] [stdout] 
[INFO] [stdout] 
[INFO] [stdout] warning: variable `error_total` is assigned to, but never used
[INFO] [stdout]    --> src/lib.rs:747:41
[INFO] [stdout]     |
[INFO] [stdout] 747 | ...                   let mut error_total = 0.0f32;
[INFO] [stdout]     |                               ^^^^^^^^^^^
[INFO] [stdout]     |
[INFO] [stdout]     = note: consider using `_error_total` instead
[INFO] [stdout] 
[INFO] [stdout] 
[INFO] [stdout] warning: value assigned to `error_total` is never read
[INFO] [stdout]    --> src/lib.rs:807:37
[INFO] [stdout]     |
[INFO] [stdout] 807 | ...                   error_total *= output_layer.normalize_data[value_layer_idx].0;
[INFO] [stdout]     |                       ^^^^^^^^^^^
[INFO] [stdout]     |
[INFO] [stdout]     = help: maybe it is overwritten before being read?
[INFO] [stdout] 
[INFO] [stdout] 
[INFO] [stdout] warning: variable does not need to be mutable
[INFO] [stdout]    --> src/lib.rs:739:37
[INFO] [stdout]     |
[INFO] [stdout] 739 | ...                   let mut err_term_mat = &mut output_layer.error_terms[value_layer_idx];
[INFO] [stdout]     |                           ----^^^^^^^^^^^^
[INFO] [stdout]     |                           |
[INFO] [stdout]     |                           help: remove this `mut`
[INFO] [stdout] 
[INFO] [stdout] 
[INFO] [stdout] warning: variable does not need to be mutable
[INFO] [stdout]    --> src/lib.rs:740:37
[INFO] [stdout]     |
[INFO] [stdout] 740 | ...                   let mut derivative_mat = &output_layer.learning_val[value_layer_idx];
[INFO] [stdout]     |                           ----^^^^^^^^^^^^^^
[INFO] [stdout]     |                           |
[INFO] [stdout]     |                           help: remove this `mut`
[INFO] [stdout] 
[INFO] [stdout] 
[INFO] [stdout] warning: variable does not need to be mutable
[INFO] [stdout]    --> src/lib.rs:741:37
[INFO] [stdout]     |
[INFO] [stdout] 741 | ...                   let mut raw_mat = &output_layer.raws[value_layer_idx];
[INFO] [stdout]     |                           ----^^^^^^^
[INFO] [stdout]     |                           |
[INFO] [stdout]     |                           help: remove this `mut`
[INFO] [stdout] 
[INFO] [stdout] 
[INFO] [stdout] warning: variable does not need to be mutable
[INFO] [stdout]    --> src/lib.rs:742:37
[INFO] [stdout]     |
[INFO] [stdout] 742 | ...                   let mut switch_mat = &output_layer.switch[value_layer_idx];
[INFO] [stdout]     |                           ----^^^^^^^^^^
[INFO] [stdout]     |                           |
[INFO] [stdout]     |                           help: remove this `mut`
[INFO] [stdout] 
[INFO] [stdout] 
[INFO] [stdout] warning: variable does not need to be mutable
[INFO] [stdout]    --> src/lib.rs:743:37
[INFO] [stdout]     |
[INFO] [stdout] 743 | ...                   let mut pool_mat = &output_layer.pooleds[value_layer_idx];
[INFO] [stdout]     |                           ----^^^^^^^^
[INFO] [stdout]     |                           |
[INFO] [stdout]     |                           help: remove this `mut`
[INFO] [stdout] 
[INFO] [stdout] 
[INFO] [stdout] warning: variable does not need to be mutable
[INFO] [stdout]    --> src/lib.rs:803:41
[INFO] [stdout]     |
[INFO] [stdout] 803 | ...                   let mut out = &mut output_layer.normalize_grad[value_layer_idx];
[INFO] [stdout]     |                           ----^^^
[INFO] [stdout]     |                           |
[INFO] [stdout]     |                           help: remove this `mut`
[INFO] [stdout] 
[INFO] [stdout] 
[INFO] [stdout] warning: type `Matrix` is more private than the item `ConvolutionalNetwork::calculate`
[INFO] [stdout]    --> src/lib.rs:661:13
[INFO] [stdout]     |
[INFO] [stdout] 661 |             pub fn calculate(&mut self, inputs: &[&Matrix]) -> Vec<f32> {
[INFO] [stdout]     |             ^^^^^^^^^^^^^^^^^^^^^^^^^^^^^^^^^^^^^^^^^^^^^^^^^^^^^^^^^^^ method `ConvolutionalNetwork::calculate` is reachable at visibility `pub`
[INFO] [stdout]     |
[INFO] [stdout] note: but type `Matrix` is only usable at visibility `pub(crate)`
[INFO] [stdout]    --> src/util.rs:4:1
[INFO] [stdout]     |
[INFO] [stdout] 4   | pub(crate) struct Matrix {
[INFO] [stdout]     | ^^^^^^^^^^^^^^^^^^^^^^^^
[INFO] [stdout]     = note: `#[warn(private_interfaces)]` on by default
[INFO] [stdout] 
[INFO] [stdout] 
[INFO] [stdout] warning: type `Matrix` is more private than the item `ConvolutionalNetwork::learn`
[INFO] [stdout]    --> src/lib.rs:699:13
[INFO] [stdout]     |
[INFO] [stdout] 699 |             pub fn learn(&mut self, learning_rate: f32, inputs: &Vec<Vec<&Matrix>>, expecteds: &Vec<Vec<f32>>) {
[INFO] [stdout]     |             ^^^^^^^^^^^^^^^^^^^^^^^^^^^^^^^^^^^^^^^^^^^^^^^^^^^^^^^^^^^^^^^^^^^^^^^^^^^^^^^^^^^^^^^^^^^^^^^^^^ method `ConvolutionalNetwork::learn` is reachable at visibility `pub`
[INFO] [stdout]     |
[INFO] [stdout] note: but type `Matrix` is only usable at visibility `pub(crate)`
[INFO] [stdout]    --> src/util.rs:4:1
[INFO] [stdout]     |
[INFO] [stdout] 4   | pub(crate) struct Matrix {
[INFO] [stdout]     | ^^^^^^^^^^^^^^^^^^^^^^^^
[INFO] [stdout] 
[INFO] [stdout] 
[INFO] [stderr]     Finished `test` profile [unoptimized + debuginfo] target(s) in 1.36s
[INFO] running `Command { std: "docker" "inspect" "e2b8b54f46e95ef60cb9913f6630ebabdee082720a5add523d25f164af06a15b", kill_on_drop: false }`
[INFO] running `Command { std: "docker" "rm" "-f" "e2b8b54f46e95ef60cb9913f6630ebabdee082720a5add523d25f164af06a15b", kill_on_drop: false }`
[INFO] [stdout] e2b8b54f46e95ef60cb9913f6630ebabdee082720a5add523d25f164af06a15b
[INFO] running `Command { std: "docker" "create" "-v" "/var/lib/crater-agent-workspace/builds/worker-3-tc2/target:/opt/rustwide/target:rw,Z" "-v" "/var/lib/crater-agent-workspace/builds/worker-3-tc2/source:/opt/rustwide/workdir:ro,Z" "-v" "/var/lib/crater-agent-workspace/cargo-home:/opt/rustwide/cargo-home:ro,Z" "-v" "/var/lib/crater-agent-workspace/rustup-home:/opt/rustwide/rustup-home:ro,Z" "-e" "SOURCE_DIR=/opt/rustwide/workdir" "-e" "CARGO_TARGET_DIR=/opt/rustwide/target" "-e" "CARGO_INCREMENTAL=0" "-e" "RUST_BACKTRACE=full" "-e" "RUSTFLAGS=--cap-lints=warn" "-e" "RUSTDOCFLAGS=--cap-lints=warn" "-e" "CARGO_HOME=/opt/rustwide/cargo-home" "-e" "RUSTUP_HOME=/opt/rustwide/rustup-home" "-w" "/opt/rustwide/workdir" "-m" "1610612736" "--user" "0:0" "--network" "none" "ghcr.io/rust-lang/crates-build-env/linux@sha256:f3a9d4ad9d972b27faf3965f35b62e55ba32bbce8f20bc8fe909558a86702fde" "/opt/rustwide/cargo-home/bin/cargo" "+beta-2024-12-08" "test" "--frozen", kill_on_drop: false }`
[INFO] [stdout] 618e5479772a018876cdb5b3a0d46076060906737060060d914fe004da9802c3
[INFO] running `Command { std: "docker" "start" "-a" "618e5479772a018876cdb5b3a0d46076060906737060060d914fe004da9802c3", kill_on_drop: false }`
[INFO] [stderr] warning: unused import: `std::cmp::min`
[INFO] [stderr]  --> src/loss.rs:1:5
[INFO] [stderr]   |
[INFO] [stderr] 1 | use std::cmp::min;
[INFO] [stderr]   |     ^^^^^^^^^^^^^
[INFO] [stderr]   |
[INFO] [stderr]   = note: `#[warn(unused_imports)]` on by default
[INFO] [stderr] 
[INFO] [stderr] warning: unused import: `crate::util::max`
[INFO] [stderr]  --> src/loss.rs:3:5
[INFO] [stderr]   |
[INFO] [stderr] 3 | use crate::util::max;
[INFO] [stderr]   |     ^^^^^^^^^^^^^^^^
[INFO] [stderr] 
[INFO] [stderr] warning: variable `error_total` is assigned to, but never used
[INFO] [stderr]    --> src/lib.rs:747:41
[INFO] [stderr]     |
[INFO] [stderr] 747 | ...                   let mut error_total = 0.0f32;
[INFO] [stderr]     |                               ^^^^^^^^^^^
[INFO] [stderr]     |
[INFO] [stderr]     = note: consider using `_error_total` instead
[INFO] [stderr]     = note: `#[warn(unused_variables)]` on by default
[INFO] [stderr] 
[INFO] [stderr] warning: value assigned to `error_total` is never read
[INFO] [stderr]    --> src/lib.rs:807:37
[INFO] [stderr]     |
[INFO] [stderr] 807 | ...                   error_total *= output_layer.normalize_data[value_layer_idx].0;
[INFO] [stderr]     |                       ^^^^^^^^^^^
[INFO] [stderr]     |
[INFO] [stderr]     = help: maybe it is overwritten before being read?
[INFO] [stderr]     = note: `#[warn(unused_assignments)]` on by default
[INFO] [stderr] 
[INFO] [stderr] warning: variable does not need to be mutable
[INFO] [stderr]    --> src/lib.rs:739:37
[INFO] [stderr]     |
[INFO] [stderr] 739 | ...                   let mut err_term_mat = &mut output_layer.error_terms[value_layer_idx];
[INFO] [stderr]     |                           ----^^^^^^^^^^^^
[INFO] [stderr]     |                           |
[INFO] [stderr]     |                           help: remove this `mut`
[INFO] [stderr]     |
[INFO] [stderr]     = note: `#[warn(unused_mut)]` on by default
[INFO] [stderr] 
[INFO] [stderr] warning: variable does not need to be mutable
[INFO] [stderr]    --> src/lib.rs:740:37
[INFO] [stderr]     |
[INFO] [stderr] 740 | ...                   let mut derivative_mat = &output_layer.learning_val[value_layer_idx];
[INFO] [stderr]     |                           ----^^^^^^^^^^^^^^
[INFO] [stderr]     |                           |
[INFO] [stderr]     |                           help: remove this `mut`
[INFO] [stderr] 
[INFO] [stderr] warning: variable does not need to be mutable
[INFO] [stderr]    --> src/lib.rs:741:37
[INFO] [stderr]     |
[INFO] [stderr] 741 | ...                   let mut raw_mat = &output_layer.raws[value_layer_idx];
[INFO] [stderr]     |                           ----^^^^^^^
[INFO] [stderr]     |                           |
[INFO] [stderr]     |                           help: remove this `mut`
[INFO] [stderr] 
[INFO] [stderr] warning: variable does not need to be mutable
[INFO] [stderr]    --> src/lib.rs:742:37
[INFO] [stderr]     |
[INFO] [stderr] 742 | ...                   let mut switch_mat = &output_layer.switch[value_layer_idx];
[INFO] [stderr]     |                           ----^^^^^^^^^^
[INFO] [stderr]     |                           |
[INFO] [stderr]     |                           help: remove this `mut`
[INFO] [stderr] 
[INFO] [stderr] warning: variable does not need to be mutable
[INFO] [stderr]    --> src/lib.rs:743:37
[INFO] [stderr]     |
[INFO] [stderr] 743 | ...                   let mut pool_mat = &output_layer.pooleds[value_layer_idx];
[INFO] [stderr]     |                           ----^^^^^^^^
[INFO] [stderr]     |                           |
[INFO] [stderr]     |                           help: remove this `mut`
[INFO] [stderr] 
[INFO] [stderr] warning: variable does not need to be mutable
[INFO] [stderr]    --> src/lib.rs:803:41
[INFO] [stderr]     |
[INFO] [stderr] 803 | ...                   let mut out = &mut output_layer.normalize_grad[value_layer_idx];
[INFO] [stderr]     |                           ----^^^
[INFO] [stderr]     |                           |
[INFO] [stderr]     |                           help: remove this `mut`
[INFO] [stderr] 
[INFO] [stderr] warning: type `Matrix` is more private than the item `ConvolutionalNetwork::calculate`
[INFO] [stderr]    --> src/lib.rs:661:13
[INFO] [stderr]     |
[INFO] [stderr] 661 |             pub fn calculate(&mut self, inputs: &[&Matrix]) -> Vec<f32> {
[INFO] [stderr]     |             ^^^^^^^^^^^^^^^^^^^^^^^^^^^^^^^^^^^^^^^^^^^^^^^^^^^^^^^^^^^ method `ConvolutionalNetwork::calculate` is reachable at visibility `pub`
[INFO] [stderr]     |
[INFO] [stderr] note: but type `Matrix` is only usable at visibility `pub(crate)`
[INFO] [stderr]    --> src/util.rs:4:1
[INFO] [stderr]     |
[INFO] [stderr] 4   | pub(crate) struct Matrix {
[INFO] [stderr]     | ^^^^^^^^^^^^^^^^^^^^^^^^
[INFO] [stderr]     = note: `#[warn(private_interfaces)]` on by default
[INFO] [stderr] 
[INFO] [stderr] warning: type `Matrix` is more private than the item `ConvolutionalNetwork::learn`
[INFO] [stderr]    --> src/lib.rs:699:13
[INFO] [stderr]     |
[INFO] [stderr] 699 |             pub fn learn(&mut self, learning_rate: f32, inputs: &Vec<Vec<&Matrix>>, expecteds: &Vec<Vec<f32>>) {
[INFO] [stderr]     |             ^^^^^^^^^^^^^^^^^^^^^^^^^^^^^^^^^^^^^^^^^^^^^^^^^^^^^^^^^^^^^^^^^^^^^^^^^^^^^^^^^^^^^^^^^^^^^^^^^^ method `ConvolutionalNetwork::learn` is reachable at visibility `pub`
[INFO] [stderr]     |
[INFO] [stderr] note: but type `Matrix` is only usable at visibility `pub(crate)`
[INFO] [stderr]    --> src/util.rs:4:1
[INFO] [stderr]     |
[INFO] [stderr] 4   | pub(crate) struct Matrix {
[INFO] [stderr]     | ^^^^^^^^^^^^^^^^^^^^^^^^
[INFO] [stderr] 
[INFO] [stderr] warning: method `loss` is never used
[INFO] [stderr]   --> src/loss.rs:14:19
[INFO] [stderr]    |
[INFO] [stderr] 13 | impl Loss {
[INFO] [stderr]    | --------- method in this implementation
[INFO] [stderr] 14 |     pub(crate) fn loss(&self, result: &[f32], expected: &[f32]) -> f32 {
[INFO] [stderr]    |                   ^^^^
[INFO] [stderr]    |
[INFO] [stderr]    = note: `#[warn(dead_code)]` on by default
[INFO] [stderr] 
[INFO] [stderr] warning: unused import: `crate::activation::Activation`
[INFO] [stderr]  --> src/tests/dog_cat_face_test.rs:9:9
[INFO] [stderr]   |
[INFO] [stderr] 9 |     use crate::activation::Activation;
[INFO] [stderr]   |         ^^^^^^^^^^^^^^^^^^^^^^^^^^^^^
[INFO] [stderr]   |
[INFO] [stderr]   = note: `#[warn(unused_imports)]` on by default
[INFO] [stderr] 
[INFO] [stderr] warning: unused import: `crate::initialization::Initialization`
[INFO] [stderr]   --> src/tests/dog_cat_face_test.rs:10:9
[INFO] [stderr]    |
[INFO] [stderr] 10 |     use crate::initialization::Initialization;
[INFO] [stderr]    |         ^^^^^^^^^^^^^^^^^^^^^^^^^^^^^^^^^^^^^
[INFO] [stderr] 
[INFO] [stderr] warning: unused import: `ConvolutionalNetwork`
[INFO] [stderr]   --> src/tests/dog_cat_face_test.rs:12:48
[INFO] [stderr]    |
[INFO] [stderr] 12 |     use crate::network::cnn::{cnn_network_bmp, ConvolutionalNetwork, load_cnn_network, save_cnn_network};
[INFO] [stderr]    |                                                ^^^^^^^^^^^^^^^^^^^^
[INFO] [stderr] 
[INFO] [stderr] warning: unused import: `crate::pooling::Pooling`
[INFO] [stderr]   --> src/tests/dog_cat_face_test.rs:13:9
[INFO] [stderr]    |
[INFO] [stderr] 13 |     use crate::pooling::Pooling;
[INFO] [stderr]    |         ^^^^^^^^^^^^^^^^^^^^^^^
[INFO] [stderr] 
[INFO] [stderr] warning: unnecessary parentheses around `if` condition
[INFO] [stderr]    --> src/tests/dog_cat_face_test.rs:148:20
[INFO] [stderr]     |
[INFO] [stderr] 148 |                 if (cur_error < prev_err) {
[INFO] [stderr]     |                    ^                    ^
[INFO] [stderr]     |
[INFO] [stderr]     = note: `#[warn(unused_parens)]` on by default
[INFO] [stderr] help: remove these parentheses
[INFO] [stderr]     |
[INFO] [stderr] 148 -                 if (cur_error < prev_err) {
[INFO] [stderr] 148 +                 if cur_error < prev_err {
[INFO] [stderr]     |
[INFO] [stderr] 
[INFO] [stderr] warning: unnecessary parentheses around `if` condition
[INFO] [stderr]    --> src/tests/dog_cat_face_test.rs:153:24
[INFO] [stderr]     |
[INFO] [stderr] 153 |                     if (chance == 0) {
[INFO] [stderr]     |                        ^           ^
[INFO] [stderr]     |
[INFO] [stderr] help: remove these parentheses
[INFO] [stderr]     |
[INFO] [stderr] 153 -                     if (chance == 0) {
[INFO] [stderr] 153 +                     if chance == 0 {
[INFO] [stderr]     |
[INFO] [stderr] 
[INFO] [stderr] warning: unused import: `std::cmp::min`
[INFO] [stderr]  --> src/loss.rs:1:5
[INFO] [stderr]   |
[INFO] [stderr] 1 | use std::cmp::min;
[INFO] [stderr]   |     ^^^^^^^^^^^^^
[INFO] [stderr] 
[INFO] [stderr] warning: unreachable statement
[INFO] [stderr]    --> src/tests/dog_cat_face_test.rs:152:21
[INFO] [stderr]     |
[INFO] [stderr] 151 |                     break;
[INFO] [stderr]     |                     ----- any code following this expression is unreachable
[INFO] [stderr] 152 |                     chance -= 1;
[INFO] [stderr]     |                     ^^^^^^^^^^^^ unreachable statement
[INFO] [stderr]     |
[INFO] [stderr]     = note: `#[warn(unreachable_code)]` on by default
[INFO] [stderr] 
[INFO] [stderr] warning: unused variable: `chance`
[INFO] [stderr]    --> src/tests/dog_cat_face_test.rs:116:21
[INFO] [stderr]     |
[INFO] [stderr] 116 |             let mut chance = 3;
[INFO] [stderr]     |                     ^^^^^^ help: if this is intentional, prefix it with an underscore: `_chance`
[INFO] [stderr]     |
[INFO] [stderr]     = note: `#[warn(unused_variables)]` on by default
[INFO] [stderr] 
[INFO] [stderr] warning: value assigned to `chance` is never read
[INFO] [stderr]    --> src/tests/dog_cat_face_test.rs:156:25
[INFO] [stderr]     |
[INFO] [stderr] 156 |                         chance = 3;
[INFO] [stderr]     |                         ^^^^^^
[INFO] [stderr]     |
[INFO] [stderr]     = help: maybe it is overwritten before being read?
[INFO] [stderr]     = note: `#[warn(unused_assignments)]` on by default
[INFO] [stderr] 
[INFO] [stderr] warning: variable does not need to be mutable
[INFO] [stderr]    --> src/tests/dog_cat_face_test.rs:116:17
[INFO] [stderr]     |
[INFO] [stderr] 116 |             let mut chance = 3;
[INFO] [stderr]     |                 ----^^^^^^
[INFO] [stderr]     |                 |
[INFO] [stderr]     |                 help: remove this `mut`
[INFO] [stderr]     |
[INFO] [stderr]     = note: `#[warn(unused_mut)]` on by default
[INFO] [stderr] 
[INFO] [stderr] warning: variable does not need to be mutable
[INFO] [stderr]    --> src/tests/dog_cat_face_test.rs:117:17
[INFO] [stderr]     |
[INFO] [stderr] 117 |             let mut learning_rate = 0.01;
[INFO] [stderr]     |                 ----^^^^^^^^^^^^^
[INFO] [stderr]     |                 |
[INFO] [stderr]     |                 help: remove this `mut`
[INFO] [stderr] 
[INFO] [stderr] warning: variable `error_total` is assigned to, but never used
[INFO] [stderr]    --> src/lib.rs:747:41
[INFO] [stderr]     |
[INFO] [stderr] 747 | ...                   let mut error_total = 0.0f32;
[INFO] [stderr]     |                               ^^^^^^^^^^^
[INFO] [stderr]     |
[INFO] [stderr]     = note: consider using `_error_total` instead
[INFO] [stderr] 
[INFO] [stderr] warning: value assigned to `error_total` is never read
[INFO] [stderr]    --> src/lib.rs:807:37
[INFO] [stderr]     |
[INFO] [stderr] 807 | ...                   error_total *= output_layer.normalize_data[value_layer_idx].0;
[INFO] [stderr]     |                       ^^^^^^^^^^^
[INFO] [stderr]     |
[INFO] [stderr]     = help: maybe it is overwritten before being read?
[INFO] [stderr] 
[INFO] [stderr] warning: variable does not need to be mutable
[INFO] [stderr]    --> src/lib.rs:739:37
[INFO] [stderr]     |
[INFO] [stderr] 739 | ...                   let mut err_term_mat = &mut output_layer.error_terms[value_layer_idx];
[INFO] [stderr]     |                           ----^^^^^^^^^^^^
[INFO] [stderr]     |                           |
[INFO] [stderr]     |                           help: remove this `mut`
[INFO] [stderr] 
[INFO] [stderr] warning: `fksainetwork` (lib) generated 13 warnings (run `cargo fix --lib -p fksainetwork` to apply 8 suggestions)
[INFO] [stderr] warning: `fksainetwork` (lib test) generated 23 warnings (8 duplicates) (run `cargo fix --lib -p fksainetwork --tests` to apply 10 suggestions)
[INFO] [stderr]     Finished `test` profile [unoptimized + debuginfo] target(s) in 0.04s
[INFO] [stderr]      Running unittests src/lib.rs (/opt/rustwide/target/debug/deps/fksainetwork-4f7e3d89a11b34f0)
[INFO] [stdout] 
[INFO] [stdout] running 1 test
[INFO] [stdout] test tests::dog_cat_face_test::image_recognition_test::main ... FAILED
[INFO] [stdout] 
[INFO] [stdout] failures:
[INFO] [stdout] 
[INFO] [stdout] ---- tests::dog_cat_face_test::image_recognition_test::main stdout ----
[INFO] [stdout] thread 'tests::dog_cat_face_test::image_recognition_test::main' panicked at src/lib.rs:968:39:
[INFO] [stdout] Unable to read file: Os { code: 2, kind: NotFound, message: "No such file or directory" }
[INFO] [stdout] stack backtrace:
[INFO] [stdout]    0:     0x619ec6f0364a - std::backtrace_rs::backtrace::libunwind::trace::h8810477743020387
[INFO] [stdout]                                at /rustc/202008a1b8de96d2e5b6bc02d379db03a877d34d/library/std/src/../../backtrace/src/backtrace/libunwind.rs:116:5
[INFO] [stdout]    1:     0x619ec6f0364a - std::backtrace_rs::backtrace::trace_unsynchronized::h3aa55355dd6c54a6
[INFO] [stdout]                                at /rustc/202008a1b8de96d2e5b6bc02d379db03a877d34d/library/std/src/../../backtrace/src/backtrace/mod.rs:66:5
[INFO] [stdout]    2:     0x619ec6f0364a - std::sys::backtrace::_print_fmt::h8588b0f62410823f
[INFO] [stdout]                                at /rustc/202008a1b8de96d2e5b6bc02d379db03a877d34d/library/std/src/sys/backtrace.rs:66:9
[INFO] [stdout]    3:     0x619ec6f0364a - <std::sys::backtrace::BacktraceLock::print::DisplayBacktrace as core::fmt::Display>::fmt::h98c26ac25ffe89bb
[INFO] [stdout]                                at /rustc/202008a1b8de96d2e5b6bc02d379db03a877d34d/library/std/src/sys/backtrace.rs:39:26
[INFO] [stdout]    4:     0x619ec6f2a213 - core::fmt::rt::Argument::fmt::hf95377f4aebd453b
[INFO] [stdout]                                at /rustc/202008a1b8de96d2e5b6bc02d379db03a877d34d/library/core/src/fmt/rt.rs:177:76
[INFO] [stdout]    5:     0x619ec6f2a213 - core::fmt::write::h0dd5f6e2238c7982
[INFO] [stdout]                                at /rustc/202008a1b8de96d2e5b6bc02d379db03a877d34d/library/core/src/fmt/mod.rs:1189:21
[INFO] [stdout]    6:     0x619ec6f005c3 - std::io::Write::write_fmt::h03bb0ca26e6faf8c
[INFO] [stdout]                                at /rustc/202008a1b8de96d2e5b6bc02d379db03a877d34d/library/std/src/io/mod.rs:1884:15
[INFO] [stdout]    7:     0x619ec6f03492 - std::sys::backtrace::BacktraceLock::print::h5c19c1c038ee186d
[INFO] [stdout]                                at /rustc/202008a1b8de96d2e5b6bc02d379db03a877d34d/library/std/src/sys/backtrace.rs:42:9
[INFO] [stdout]    8:     0x619ec6f04acd - std::panicking::default_hook::{{closure}}::h77172f079a1fcb13
[INFO] [stdout]                                at /rustc/202008a1b8de96d2e5b6bc02d379db03a877d34d/library/std/src/panicking.rs:268:22
[INFO] [stdout]    9:     0x619ec6f048d7 - std::panicking::default_hook::he5f8e3b203ccddba
[INFO] [stdout]                                at /rustc/202008a1b8de96d2e5b6bc02d379db03a877d34d/library/std/src/panicking.rs:292:9
[INFO] [stdout]   10:     0x619ec6e887a7 - <alloc::boxed::Box<F,A> as core::ops::function::Fn<Args>>::call::h7a3c7b4a1ae77f2f
[INFO] [stdout]                                at /rustc/202008a1b8de96d2e5b6bc02d379db03a877d34d/library/alloc/src/boxed.rs:1986:9
[INFO] [stdout]   11:     0x619ec6e887a7 - test::test_main::{{closure}}::hf0d3b69ae9b353d1
[INFO] [stdout]                                at /rustc/202008a1b8de96d2e5b6bc02d379db03a877d34d/library/test/src/lib.rs:134:21
[INFO] [stdout]   12:     0x619ec6f05178 - <alloc::boxed::Box<F,A> as core::ops::function::Fn<Args>>::call::h6332e82e7b189abd
[INFO] [stdout]                                at /rustc/202008a1b8de96d2e5b6bc02d379db03a877d34d/library/alloc/src/boxed.rs:1986:9
[INFO] [stdout]   13:     0x619ec6f05178 - std::panicking::rust_panic_with_hook::h53863d4e9018df39
[INFO] [stdout]                                at /rustc/202008a1b8de96d2e5b6bc02d379db03a877d34d/library/std/src/panicking.rs:809:13
[INFO] [stdout]   14:     0x619ec6f04f3a - std::panicking::begin_panic_handler::{{closure}}::h67280e6fa0757873
[INFO] [stderr] error: test failed, to rerun pass `--lib`
[INFO] [stdout]                                at /rustc/202008a1b8de96d2e5b6bc02d379db03a877d34d/library/std/src/panicking.rs:674:13
[INFO] [stdout]   15:     0x619ec6f03b29 - std::sys::backtrace::__rust_end_short_backtrace::h1dac3f54d6fbbeb2
[INFO] [stdout]                                at /rustc/202008a1b8de96d2e5b6bc02d379db03a877d34d/library/std/src/sys/backtrace.rs:170:18
[INFO] [stdout]   16:     0x619ec6f04bcc - rust_begin_unwind
[INFO] [stdout]                                at /rustc/202008a1b8de96d2e5b6bc02d379db03a877d34d/library/std/src/panicking.rs:665:5
[INFO] [stdout]   17:     0x619ec6e15160 - core::panicking::panic_fmt::h6792bd1b2bf01041
[INFO] [stdout]                                at /rustc/202008a1b8de96d2e5b6bc02d379db03a877d34d/library/core/src/panicking.rs:76:14
[INFO] [stdout]   18:     0x619ec6e155e6 - core::result::unwrap_failed::h05e0602ed34287c5
[INFO] [stdout]                                at /rustc/202008a1b8de96d2e5b6bc02d379db03a877d34d/library/core/src/result.rs:1699:5
[INFO] [stdout]   19:     0x619ec6e48494 - core::result::Result<T,E>::expect::h4176cbec2cfc40f6
[INFO] [stdout]                                at /rustc/202008a1b8de96d2e5b6bc02d379db03a877d34d/library/core/src/result.rs:1061:23
[INFO] [stdout]   20:     0x619ec6e3e717 - fksainetwork::network::cnn::load_cnn_network::h02f9190ea58b09b2
[INFO] [stdout]                                at /opt/rustwide/workdir/src/lib.rs:968:24
[INFO] [stdout]   21:     0x619ec6e2d416 - fksainetwork::tests::dog_cat_face_test::image_recognition_test::main::h4162386b25f82d0b
[INFO] [stdout]                                at /opt/rustwide/workdir/src/tests/dog_cat_face_test.rs:86:9
[INFO] [stdout]   22:     0x619ec6e2d3b7 - fksainetwork::tests::dog_cat_face_test::image_recognition_test::main::{{closure}}::hd4f88549617e573a
[INFO] [stdout]                                at /opt/rustwide/workdir/src/tests/dog_cat_face_test.rs:72:14
[INFO] [stdout]   23:     0x619ec6e26946 - core::ops::function::FnOnce::call_once::h4dab753c0bd008f3
[INFO] [stdout]                                at /rustc/202008a1b8de96d2e5b6bc02d379db03a877d34d/library/core/src/ops/function.rs:250:5
[INFO] [stdout]   24:     0x619ec6e8d2cb - core::ops::function::FnOnce::call_once::h871bf86719ec9aa4
[INFO] [stdout]                                at /rustc/202008a1b8de96d2e5b6bc02d379db03a877d34d/library/core/src/ops/function.rs:250:5
[INFO] [stdout]   25:     0x619ec6e8d2cb - test::__rust_begin_short_backtrace::h2167df1e2b7d76fd
[INFO] [stdout]                                at /rustc/202008a1b8de96d2e5b6bc02d379db03a877d34d/library/test/src/lib.rs:632:18
[INFO] [stdout]   26:     0x619ec6e8ccb8 - test::run_test_in_process::{{closure}}::h15d92f75a3adfb79
[INFO] [stdout]                                at /rustc/202008a1b8de96d2e5b6bc02d379db03a877d34d/library/test/src/lib.rs:655:60
[INFO] [stdout]   27:     0x619ec6e8ccb8 - <core::panic::unwind_safe::AssertUnwindSafe<F> as core::ops::function::FnOnce<()>>::call_once::hb6c8955835a8dbbb
[INFO] [stdout]                                at /rustc/202008a1b8de96d2e5b6bc02d379db03a877d34d/library/core/src/panic/unwind_safe.rs:272:9
[INFO] [stdout]   28:     0x619ec6e8ccb8 - std::panicking::try::do_call::hc79d0fc888a0bd30
[INFO] [stdout]                                at /rustc/202008a1b8de96d2e5b6bc02d379db03a877d34d/library/std/src/panicking.rs:557:40
[INFO] [stdout]   29:     0x619ec6e8ccb8 - std::panicking::try::hb8a7878e3a8589d6
[INFO] [stdout]                                at /rustc/202008a1b8de96d2e5b6bc02d379db03a877d34d/library/std/src/panicking.rs:520:19
[INFO] [stdout]   30:     0x619ec6e8ccb8 - std::panic::catch_unwind::hb8e4600ff0ff5cfa
[INFO] [stdout]                                at /rustc/202008a1b8de96d2e5b6bc02d379db03a877d34d/library/std/src/panic.rs:358:14
[INFO] [stdout]   31:     0x619ec6e8ccb8 - test::run_test_in_process::hc2900b0b18688dd6
[INFO] [stdout]                                at /rustc/202008a1b8de96d2e5b6bc02d379db03a877d34d/library/test/src/lib.rs:655:27
[INFO] [stdout]   32:     0x619ec6e8ccb8 - test::run_test::{{closure}}::hac2a9cb07be3d48d
[INFO] [stdout]                                at /rustc/202008a1b8de96d2e5b6bc02d379db03a877d34d/library/test/src/lib.rs:576:43
[INFO] [stdout]   33:     0x619ec6e5075a - test::run_test::{{closure}}::h4a5b729e66a38cd8
[INFO] [stdout]                                at /rustc/202008a1b8de96d2e5b6bc02d379db03a877d34d/library/test/src/lib.rs:606:41
[INFO] [stdout]   34:     0x619ec6e5075a - std::sys::backtrace::__rust_begin_short_backtrace::h0496fb742492f573
[INFO] [stdout]                                at /rustc/202008a1b8de96d2e5b6bc02d379db03a877d34d/library/std/src/sys/backtrace.rs:154:18
[INFO] [stdout]   35:     0x619ec6e540d4 - std::thread::Builder::spawn_unchecked_::{{closure}}::{{closure}}::hbb6d257c550a54bd
[INFO] [stdout]                                at /rustc/202008a1b8de96d2e5b6bc02d379db03a877d34d/library/std/src/thread/mod.rs:561:17
[INFO] [stdout]   36:     0x619ec6e540d4 - <core::panic::unwind_safe::AssertUnwindSafe<F> as core::ops::function::FnOnce<()>>::call_once::h46696fe4a6832328
[INFO] [stdout]                                at /rustc/202008a1b8de96d2e5b6bc02d379db03a877d34d/library/core/src/panic/unwind_safe.rs:272:9
[INFO] [stdout]   37:     0x619ec6e540d4 - std::panicking::try::do_call::h2625a51b667bfb64
[INFO] [stdout]                                at /rustc/202008a1b8de96d2e5b6bc02d379db03a877d34d/library/std/src/panicking.rs:557:40
[INFO] [stdout]   38:     0x619ec6e540d4 - std::panicking::try::hb956a59a1973aa4c
[INFO] [stdout]                                at /rustc/202008a1b8de96d2e5b6bc02d379db03a877d34d/library/std/src/panicking.rs:520:19
[INFO] [stdout]   39:     0x619ec6e540d4 - std::panic::catch_unwind::h64f3b9d1067ef6a0
[INFO] [stdout]                                at /rustc/202008a1b8de96d2e5b6bc02d379db03a877d34d/library/std/src/panic.rs:358:14
[INFO] [stdout]   40:     0x619ec6e540d4 - std::thread::Builder::spawn_unchecked_::{{closure}}::h42b2841295b6c0b2
[INFO] [stdout]                                at /rustc/202008a1b8de96d2e5b6bc02d379db03a877d34d/library/std/src/thread/mod.rs:559:30
[INFO] [stdout]   41:     0x619ec6e540d4 - core::ops::function::FnOnce::call_once{{vtable.shim}}::h6127de71b8124639
[INFO] [stdout]                                at /rustc/202008a1b8de96d2e5b6bc02d379db03a877d34d/library/core/src/ops/function.rs:250:5
[INFO] [stdout]   42:     0x619ec6f0965b - <alloc::boxed::Box<F,A> as core::ops::function::FnOnce<Args>>::call_once::h42f0ba71002a1b2c
[INFO] [stdout]                                at /rustc/202008a1b8de96d2e5b6bc02d379db03a877d34d/library/alloc/src/boxed.rs:1972:9
[INFO] [stdout]   43:     0x619ec6f0965b - <alloc::boxed::Box<F,A> as core::ops::function::FnOnce<Args>>::call_once::had9e47d7a3dcecb8
[INFO] [stdout]                                at /rustc/202008a1b8de96d2e5b6bc02d379db03a877d34d/library/alloc/src/boxed.rs:1972:9
[INFO] [stdout]   44:     0x619ec6f0965b - std::sys::pal::unix::thread::Thread::new::thread_start::h48cf765408f6f5f2
[INFO] [stdout]                                at /rustc/202008a1b8de96d2e5b6bc02d379db03a877d34d/library/std/src/sys/pal/unix/thread.rs:105:17
[INFO] [stdout]   45:     0x73df6a013ac3 - <unknown>
[INFO] [stdout]   46:     0x73df6a0a4a04 - clone
[INFO] [stdout]   47:                0x0 - <unknown>
[INFO] [stdout] 
[INFO] [stdout] 
[INFO] [stdout] failures:
[INFO] [stdout]     tests::dog_cat_face_test::image_recognition_test::main
[INFO] [stdout] 
[INFO] [stdout] test result: FAILED. 0 passed; 1 failed; 0 ignored; 0 measured; 0 filtered out; finished in 0.03s
[INFO] [stdout] 
[INFO] running `Command { std: "docker" "inspect" "618e5479772a018876cdb5b3a0d46076060906737060060d914fe004da9802c3", kill_on_drop: false }`
[INFO] running `Command { std: "docker" "rm" "-f" "618e5479772a018876cdb5b3a0d46076060906737060060d914fe004da9802c3", kill_on_drop: false }`
[INFO] [stdout] 618e5479772a018876cdb5b3a0d46076060906737060060d914fe004da9802c3
