[INFO] fetching crate fixedbitset-utils 0.2.1...
[INFO] testing fixedbitset-utils-0.2.1 against beta-2024-12-08 for beta-1.84.0-4-retry
[INFO] extracting crate fixedbitset-utils 0.2.1 into /workspace/builds/worker-3-tc2/source
[INFO] validating manifest of crates.io crate fixedbitset-utils 0.2.1 on toolchain beta-2024-12-08
[INFO] running `Command { std: CARGO_HOME="/workspace/cargo-home" RUSTUP_HOME="/workspace/rustup-home" "/workspace/cargo-home/bin/cargo" "+beta-2024-12-08" "metadata" "--manifest-path" "Cargo.toml" "--no-deps", kill_on_drop: false }`
[INFO] started tweaking crates.io crate fixedbitset-utils 0.2.1
[INFO] finished tweaking crates.io crate fixedbitset-utils 0.2.1
[INFO] tweaked toml for crates.io crate fixedbitset-utils 0.2.1 written to /workspace/builds/worker-3-tc2/source/Cargo.toml
[INFO] running `Command { std: CARGO_HOME="/workspace/cargo-home" RUSTUP_HOME="/workspace/rustup-home" "/workspace/cargo-home/bin/cargo" "+beta-2024-12-08" "generate-lockfile" "--manifest-path" "Cargo.toml", kill_on_drop: false }`
[INFO] [stderr]     Updating crates.io index
[INFO] [stderr]      Locking 1 package to latest compatible version
[INFO] [stderr]       Adding fixedbitset v0.4.2 (available: v0.5.7)
[INFO] running `Command { std: CARGO_HOME="/workspace/cargo-home" RUSTUP_HOME="/workspace/rustup-home" "/workspace/cargo-home/bin/cargo" "+beta-2024-12-08" "fetch" "--manifest-path" "Cargo.toml", kill_on_drop: false }`
[INFO] running `Command { std: "docker" "create" "-v" "/var/lib/crater-agent-workspace/builds/worker-3-tc2/target:/opt/rustwide/target:rw,Z" "-v" "/var/lib/crater-agent-workspace/builds/worker-3-tc2/source:/opt/rustwide/workdir:ro,Z" "-v" "/var/lib/crater-agent-workspace/cargo-home:/opt/rustwide/cargo-home:ro,Z" "-v" "/var/lib/crater-agent-workspace/rustup-home:/opt/rustwide/rustup-home:ro,Z" "-e" "SOURCE_DIR=/opt/rustwide/workdir" "-e" "CARGO_TARGET_DIR=/opt/rustwide/target" "-e" "CARGO_HOME=/opt/rustwide/cargo-home" "-e" "RUSTUP_HOME=/opt/rustwide/rustup-home" "-w" "/opt/rustwide/workdir" "-m" "1610612736" "--user" "0:0" "--network" "none" "ghcr.io/rust-lang/crates-build-env/linux@sha256:f3a9d4ad9d972b27faf3965f35b62e55ba32bbce8f20bc8fe909558a86702fde" "/opt/rustwide/cargo-home/bin/cargo" "+beta-2024-12-08" "metadata" "--no-deps" "--format-version=1", kill_on_drop: false }`
[INFO] [stdout] 1ed9f0e4c2e00f3da5e04c514e877ee77c9badd2884d792ef743214bd91f1677
[INFO] running `Command { std: "docker" "start" "-a" "1ed9f0e4c2e00f3da5e04c514e877ee77c9badd2884d792ef743214bd91f1677", kill_on_drop: false }`
[INFO] running `Command { std: "docker" "inspect" "1ed9f0e4c2e00f3da5e04c514e877ee77c9badd2884d792ef743214bd91f1677", kill_on_drop: false }`
[INFO] running `Command { std: "docker" "rm" "-f" "1ed9f0e4c2e00f3da5e04c514e877ee77c9badd2884d792ef743214bd91f1677", kill_on_drop: false }`
[INFO] [stdout] 1ed9f0e4c2e00f3da5e04c514e877ee77c9badd2884d792ef743214bd91f1677
[INFO] running `Command { std: "docker" "create" "-v" "/var/lib/crater-agent-workspace/builds/worker-3-tc2/target:/opt/rustwide/target:rw,Z" "-v" "/var/lib/crater-agent-workspace/builds/worker-3-tc2/source:/opt/rustwide/workdir:ro,Z" "-v" "/var/lib/crater-agent-workspace/cargo-home:/opt/rustwide/cargo-home:ro,Z" "-v" "/var/lib/crater-agent-workspace/rustup-home:/opt/rustwide/rustup-home:ro,Z" "-e" "SOURCE_DIR=/opt/rustwide/workdir" "-e" "CARGO_TARGET_DIR=/opt/rustwide/target" "-e" "CARGO_INCREMENTAL=0" "-e" "RUST_BACKTRACE=full" "-e" "RUSTFLAGS=--cap-lints=warn" "-e" "RUSTDOCFLAGS=--cap-lints=warn" "-e" "CARGO_HOME=/opt/rustwide/cargo-home" "-e" "RUSTUP_HOME=/opt/rustwide/rustup-home" "-w" "/opt/rustwide/workdir" "-m" "1610612736" "--user" "0:0" "--network" "none" "ghcr.io/rust-lang/crates-build-env/linux@sha256:f3a9d4ad9d972b27faf3965f35b62e55ba32bbce8f20bc8fe909558a86702fde" "/opt/rustwide/cargo-home/bin/cargo" "+beta-2024-12-08" "build" "--frozen" "--message-format=json", kill_on_drop: false }`
[INFO] [stdout] 094ad0b066fb03f4a608391a75f5f80045869baf21e42e57d48b85dbfb8425df
[INFO] running `Command { std: "docker" "start" "-a" "094ad0b066fb03f4a608391a75f5f80045869baf21e42e57d48b85dbfb8425df", kill_on_drop: false }`
[INFO] [stderr]    Compiling fixedbitset v0.4.2
[INFO] [stderr]    Compiling fixedbitset-utils v0.2.1 (/opt/rustwide/workdir)
[INFO] [stderr]     Finished `dev` profile [unoptimized + debuginfo] target(s) in 0.26s
[INFO] running `Command { std: "docker" "inspect" "094ad0b066fb03f4a608391a75f5f80045869baf21e42e57d48b85dbfb8425df", kill_on_drop: false }`
[INFO] running `Command { std: "docker" "rm" "-f" "094ad0b066fb03f4a608391a75f5f80045869baf21e42e57d48b85dbfb8425df", kill_on_drop: false }`
[INFO] [stdout] 094ad0b066fb03f4a608391a75f5f80045869baf21e42e57d48b85dbfb8425df
[INFO] running `Command { std: "docker" "create" "-v" "/var/lib/crater-agent-workspace/builds/worker-3-tc2/target:/opt/rustwide/target:rw,Z" "-v" "/var/lib/crater-agent-workspace/builds/worker-3-tc2/source:/opt/rustwide/workdir:ro,Z" "-v" "/var/lib/crater-agent-workspace/cargo-home:/opt/rustwide/cargo-home:ro,Z" "-v" "/var/lib/crater-agent-workspace/rustup-home:/opt/rustwide/rustup-home:ro,Z" "-e" "SOURCE_DIR=/opt/rustwide/workdir" "-e" "CARGO_TARGET_DIR=/opt/rustwide/target" "-e" "CARGO_INCREMENTAL=0" "-e" "RUST_BACKTRACE=full" "-e" "RUSTFLAGS=--cap-lints=warn" "-e" "RUSTDOCFLAGS=--cap-lints=warn" "-e" "CARGO_HOME=/opt/rustwide/cargo-home" "-e" "RUSTUP_HOME=/opt/rustwide/rustup-home" "-w" "/opt/rustwide/workdir" "-m" "1610612736" "--user" "0:0" "--network" "none" "ghcr.io/rust-lang/crates-build-env/linux@sha256:f3a9d4ad9d972b27faf3965f35b62e55ba32bbce8f20bc8fe909558a86702fde" "/opt/rustwide/cargo-home/bin/cargo" "+beta-2024-12-08" "test" "--frozen" "--no-run" "--message-format=json", kill_on_drop: false }`
[INFO] [stdout] 08c6057494383a9e584a12601c92e32e544e823161f00d2b0a4ceeca06b1624d
[INFO] running `Command { std: "docker" "start" "-a" "08c6057494383a9e584a12601c92e32e544e823161f00d2b0a4ceeca06b1624d", kill_on_drop: false }`
[INFO] [stderr]    Compiling fixedbitset-utils v0.2.1 (/opt/rustwide/workdir)
[INFO] [stderr]     Finished `test` profile [unoptimized + debuginfo] target(s) in 0.43s
[INFO] running `Command { std: "docker" "inspect" "08c6057494383a9e584a12601c92e32e544e823161f00d2b0a4ceeca06b1624d", kill_on_drop: false }`
[INFO] running `Command { std: "docker" "rm" "-f" "08c6057494383a9e584a12601c92e32e544e823161f00d2b0a4ceeca06b1624d", kill_on_drop: false }`
[INFO] [stdout] 08c6057494383a9e584a12601c92e32e544e823161f00d2b0a4ceeca06b1624d
[INFO] running `Command { std: "docker" "create" "-v" "/var/lib/crater-agent-workspace/builds/worker-3-tc2/target:/opt/rustwide/target:rw,Z" "-v" "/var/lib/crater-agent-workspace/builds/worker-3-tc2/source:/opt/rustwide/workdir:ro,Z" "-v" "/var/lib/crater-agent-workspace/cargo-home:/opt/rustwide/cargo-home:ro,Z" "-v" "/var/lib/crater-agent-workspace/rustup-home:/opt/rustwide/rustup-home:ro,Z" "-e" "SOURCE_DIR=/opt/rustwide/workdir" "-e" "CARGO_TARGET_DIR=/opt/rustwide/target" "-e" "CARGO_INCREMENTAL=0" "-e" "RUST_BACKTRACE=full" "-e" "RUSTFLAGS=--cap-lints=warn" "-e" "RUSTDOCFLAGS=--cap-lints=warn" "-e" "CARGO_HOME=/opt/rustwide/cargo-home" "-e" "RUSTUP_HOME=/opt/rustwide/rustup-home" "-w" "/opt/rustwide/workdir" "-m" "1610612736" "--user" "0:0" "--network" "none" "ghcr.io/rust-lang/crates-build-env/linux@sha256:f3a9d4ad9d972b27faf3965f35b62e55ba32bbce8f20bc8fe909558a86702fde" "/opt/rustwide/cargo-home/bin/cargo" "+beta-2024-12-08" "test" "--frozen", kill_on_drop: false }`
[INFO] [stdout] f1a8c4ed090eacde4ba7729d0633089054944a6a3ae89eced7d082085b93f562
[INFO] running `Command { std: "docker" "start" "-a" "f1a8c4ed090eacde4ba7729d0633089054944a6a3ae89eced7d082085b93f562", kill_on_drop: false }`
[INFO] [stderr]     Finished `test` profile [unoptimized + debuginfo] target(s) in 0.01s
[INFO] [stderr]      Running unittests src/lib.rs (/opt/rustwide/target/debug/deps/fixedbitset_utils-80e187e4d32be2b8)
[INFO] [stdout] 
[INFO] [stdout] running 8 tests
[INFO] [stdout] test tests_bitset_iter::bsiter_collect ... ok
[INFO] [stdout] test tests_bitset_iter::bsiter_mutiple_words ... ok
[INFO] [stdout] test tests_bitset_iter::bsiter_next_normal_case ... ok
[INFO] [stdout] test tests_bitset_iter::bsiter_no_items ... ok
[INFO] [stdout] test tests_lexbitset::different_sizes_considered_padded_with_zeroes ... ok
[INFO] [stdout] test tests_lexbitset::same_size_equal ... ok
[INFO] [stdout] test tests_lexbitset::same_size_greater_than ... ok
[INFO] [stdout] test tests_lexbitset::same_size_less_than ... ok
[INFO] [stdout] 
[INFO] [stdout] test result: ok. 8 passed; 0 failed; 0 ignored; 0 measured; 0 filtered out; finished in 0.00s
[INFO] [stdout] 
[INFO] [stderr]    Doc-tests fixedbitset_utils
[INFO] [stdout] 
[INFO] [stdout] running 2 tests
[INFO] [stdout] test src/lib.rs - BitSetIter (line 15) ... FAILED
[INFO] [stdout] test src/lib.rs - LexBitSet (line 90) ... FAILED
[INFO] [stdout] 
[INFO] [stdout] failures:
[INFO] [stdout] 
[INFO] [stdout] ---- src/lib.rs - BitSetIter (line 15) stdout ----
[INFO] [stdout] error[E0432]: unresolved import `bitset_fixed_utils`
[INFO] [stdout]  --> src/lib.rs:17:5
[INFO] [stdout]   |
[INFO] [stdout] 4 | use bitset_fixed_utils::BitSetIter;
[INFO] [stdout]   |     ^^^^^^^^^^^^^^^^^^ use of undeclared crate or module `bitset_fixed_utils`
[INFO] [stdout] 
[INFO] [stdout] error: aborting due to 1 previous error
[INFO] [stdout] 
[INFO] [stdout] For more information about this error, try `rustc --explain E0432`.
[INFO] [stdout] Couldn't compile the test.
[INFO] [stdout] ---- src/lib.rs - LexBitSet (line 90) stdout ----
[INFO] [stdout] error[E0432]: unresolved import `bitset_fixed_utils`
[INFO] [stdout]  --> src/lib.rs:92:5
[INFO] [stdout]   |
[INFO] [stdout] 4 | use bitset_fixed_utils::LexBitSet;
[INFO] [stdout]   |     ^^^^^^^^^^^^^^^^^^ use of undeclared crate or module `bitset_fixed_utils`
[INFO] [stdout] 
[INFO] [stdout] error: aborting due to 1 previous error
[INFO] [stdout] 
[INFO] [stdout] For more information about this error, try `rustc --explain E0432`.
[INFO] [stdout] Couldn't compile the test.
[INFO] [stdout] 
[INFO] [stdout] failures:
[INFO] [stdout]     src/lib.rs - BitSetIter (line 15)
[INFO] [stdout]     src/lib.rs - LexBitSet (line 90)
[INFO] [stdout] 
[INFO] [stdout] test result: FAILED. 0 passed; 2 failed; 0 ignored; 0 measured; 0 filtered out; finished in 0.03s
[INFO] [stdout] 
[INFO] [stderr] error: doctest failed, to rerun pass `--doc`
[INFO] running `Command { std: "docker" "inspect" "f1a8c4ed090eacde4ba7729d0633089054944a6a3ae89eced7d082085b93f562", kill_on_drop: false }`
[INFO] running `Command { std: "docker" "rm" "-f" "f1a8c4ed090eacde4ba7729d0633089054944a6a3ae89eced7d082085b93f562", kill_on_drop: false }`
[INFO] [stdout] f1a8c4ed090eacde4ba7729d0633089054944a6a3ae89eced7d082085b93f562
