[INFO] fetching crate fixedbitset-stack 0.5.7...
[INFO] testing fixedbitset-stack-0.5.7 against beta-2024-12-08 for beta-1.84.0-4-retry
[INFO] extracting crate fixedbitset-stack 0.5.7 into /workspace/builds/worker-6-tc2/source
[INFO] validating manifest of crates.io crate fixedbitset-stack 0.5.7 on toolchain beta-2024-12-08
[INFO] running `Command { std: CARGO_HOME="/workspace/cargo-home" RUSTUP_HOME="/workspace/rustup-home" "/workspace/cargo-home/bin/cargo" "+beta-2024-12-08" "metadata" "--manifest-path" "Cargo.toml" "--no-deps", kill_on_drop: false }`
[INFO] started tweaking crates.io crate fixedbitset-stack 0.5.7
[INFO] finished tweaking crates.io crate fixedbitset-stack 0.5.7
[INFO] tweaked toml for crates.io crate fixedbitset-stack 0.5.7 written to /workspace/builds/worker-6-tc2/source/Cargo.toml
[INFO] running `Command { std: CARGO_HOME="/workspace/cargo-home" RUSTUP_HOME="/workspace/rustup-home" "/workspace/cargo-home/bin/cargo" "+beta-2024-12-08" "generate-lockfile" "--manifest-path" "Cargo.toml", kill_on_drop: false }`
[INFO] [stderr]     Updating crates.io index
[INFO] [stderr]      Locking 10 packages to latest compatible versions
[INFO] running `Command { std: CARGO_HOME="/workspace/cargo-home" RUSTUP_HOME="/workspace/rustup-home" "/workspace/cargo-home/bin/cargo" "+beta-2024-12-08" "fetch" "--manifest-path" "Cargo.toml", kill_on_drop: false }`
[INFO] running `Command { std: "docker" "create" "-v" "/var/lib/crater-agent-workspace/builds/worker-6-tc2/target:/opt/rustwide/target:rw,Z" "-v" "/var/lib/crater-agent-workspace/builds/worker-6-tc2/source:/opt/rustwide/workdir:ro,Z" "-v" "/var/lib/crater-agent-workspace/cargo-home:/opt/rustwide/cargo-home:ro,Z" "-v" "/var/lib/crater-agent-workspace/rustup-home:/opt/rustwide/rustup-home:ro,Z" "-e" "SOURCE_DIR=/opt/rustwide/workdir" "-e" "CARGO_TARGET_DIR=/opt/rustwide/target" "-e" "CARGO_HOME=/opt/rustwide/cargo-home" "-e" "RUSTUP_HOME=/opt/rustwide/rustup-home" "-w" "/opt/rustwide/workdir" "-m" "1610612736" "--user" "0:0" "--network" "none" "ghcr.io/rust-lang/crates-build-env/linux@sha256:f3a9d4ad9d972b27faf3965f35b62e55ba32bbce8f20bc8fe909558a86702fde" "/opt/rustwide/cargo-home/bin/cargo" "+beta-2024-12-08" "metadata" "--no-deps" "--format-version=1", kill_on_drop: false }`
[INFO] [stdout] 328baeacc67e54c37b6c9c728b8fd58a49e23924fc378b42c60d1f701d411641
[INFO] running `Command { std: "docker" "start" "-a" "328baeacc67e54c37b6c9c728b8fd58a49e23924fc378b42c60d1f701d411641", kill_on_drop: false }`
[INFO] running `Command { std: "docker" "inspect" "328baeacc67e54c37b6c9c728b8fd58a49e23924fc378b42c60d1f701d411641", kill_on_drop: false }`
[INFO] running `Command { std: "docker" "rm" "-f" "328baeacc67e54c37b6c9c728b8fd58a49e23924fc378b42c60d1f701d411641", kill_on_drop: false }`
[INFO] [stdout] 328baeacc67e54c37b6c9c728b8fd58a49e23924fc378b42c60d1f701d411641
[INFO] running `Command { std: "docker" "create" "-v" "/var/lib/crater-agent-workspace/builds/worker-6-tc2/target:/opt/rustwide/target:rw,Z" "-v" "/var/lib/crater-agent-workspace/builds/worker-6-tc2/source:/opt/rustwide/workdir:ro,Z" "-v" "/var/lib/crater-agent-workspace/cargo-home:/opt/rustwide/cargo-home:ro,Z" "-v" "/var/lib/crater-agent-workspace/rustup-home:/opt/rustwide/rustup-home:ro,Z" "-e" "SOURCE_DIR=/opt/rustwide/workdir" "-e" "CARGO_TARGET_DIR=/opt/rustwide/target" "-e" "CARGO_INCREMENTAL=0" "-e" "RUST_BACKTRACE=full" "-e" "RUSTFLAGS=--cap-lints=warn" "-e" "RUSTDOCFLAGS=--cap-lints=warn" "-e" "CARGO_HOME=/opt/rustwide/cargo-home" "-e" "RUSTUP_HOME=/opt/rustwide/rustup-home" "-w" "/opt/rustwide/workdir" "-m" "1610612736" "--user" "0:0" "--network" "none" "ghcr.io/rust-lang/crates-build-env/linux@sha256:f3a9d4ad9d972b27faf3965f35b62e55ba32bbce8f20bc8fe909558a86702fde" "/opt/rustwide/cargo-home/bin/cargo" "+beta-2024-12-08" "build" "--frozen" "--message-format=json", kill_on_drop: false }`
[INFO] [stdout] f33b9ed9c8f41deaf0f6517d259df0b5f620e50d9d2c1d1eacc011cef68e6ae8
[INFO] running `Command { std: "docker" "start" "-a" "f33b9ed9c8f41deaf0f6517d259df0b5f620e50d9d2c1d1eacc011cef68e6ae8", kill_on_drop: false }`
[INFO] [stderr]    Compiling fixedbitset-stack v0.5.7 (/opt/rustwide/workdir)
[INFO] [stderr]     Finished `dev` profile [unoptimized + debuginfo] target(s) in 0.82s
[INFO] running `Command { std: "docker" "inspect" "f33b9ed9c8f41deaf0f6517d259df0b5f620e50d9d2c1d1eacc011cef68e6ae8", kill_on_drop: false }`
[INFO] running `Command { std: "docker" "rm" "-f" "f33b9ed9c8f41deaf0f6517d259df0b5f620e50d9d2c1d1eacc011cef68e6ae8", kill_on_drop: false }`
[INFO] [stdout] f33b9ed9c8f41deaf0f6517d259df0b5f620e50d9d2c1d1eacc011cef68e6ae8
[INFO] running `Command { std: "docker" "create" "-v" "/var/lib/crater-agent-workspace/builds/worker-6-tc2/target:/opt/rustwide/target:rw,Z" "-v" "/var/lib/crater-agent-workspace/builds/worker-6-tc2/source:/opt/rustwide/workdir:ro,Z" "-v" "/var/lib/crater-agent-workspace/cargo-home:/opt/rustwide/cargo-home:ro,Z" "-v" "/var/lib/crater-agent-workspace/rustup-home:/opt/rustwide/rustup-home:ro,Z" "-e" "SOURCE_DIR=/opt/rustwide/workdir" "-e" "CARGO_TARGET_DIR=/opt/rustwide/target" "-e" "CARGO_INCREMENTAL=0" "-e" "RUST_BACKTRACE=full" "-e" "RUSTFLAGS=--cap-lints=warn" "-e" "RUSTDOCFLAGS=--cap-lints=warn" "-e" "CARGO_HOME=/opt/rustwide/cargo-home" "-e" "RUSTUP_HOME=/opt/rustwide/rustup-home" "-w" "/opt/rustwide/workdir" "-m" "1610612736" "--user" "0:0" "--network" "none" "ghcr.io/rust-lang/crates-build-env/linux@sha256:f3a9d4ad9d972b27faf3965f35b62e55ba32bbce8f20bc8fe909558a86702fde" "/opt/rustwide/cargo-home/bin/cargo" "+beta-2024-12-08" "test" "--frozen" "--no-run" "--message-format=json", kill_on_drop: false }`
[INFO] [stdout] b68aa955d103be892d110fc986a4fbf5c4b94b525b65dee4d9c7a44390591c4e
[INFO] running `Command { std: "docker" "start" "-a" "b68aa955d103be892d110fc986a4fbf5c4b94b525b65dee4d9c7a44390591c4e", kill_on_drop: false }`
[INFO] [stderr]    Compiling serde v1.0.216
[INFO] [stderr]    Compiling serde_json v1.0.133
[INFO] [stderr]    Compiling itoa v1.0.14
[INFO] [stderr]    Compiling memchr v2.7.4
[INFO] [stderr]    Compiling ryu v1.0.18
[INFO] [stderr]    Compiling fixedbitset-stack v0.5.7 (/opt/rustwide/workdir)
[INFO] [stderr]     Finished `test` profile [unoptimized + debuginfo] target(s) in 10.67s
[INFO] running `Command { std: "docker" "inspect" "b68aa955d103be892d110fc986a4fbf5c4b94b525b65dee4d9c7a44390591c4e", kill_on_drop: false }`
[INFO] running `Command { std: "docker" "rm" "-f" "b68aa955d103be892d110fc986a4fbf5c4b94b525b65dee4d9c7a44390591c4e", kill_on_drop: false }`
[INFO] [stdout] b68aa955d103be892d110fc986a4fbf5c4b94b525b65dee4d9c7a44390591c4e
[INFO] running `Command { std: "docker" "create" "-v" "/var/lib/crater-agent-workspace/builds/worker-6-tc2/target:/opt/rustwide/target:rw,Z" "-v" "/var/lib/crater-agent-workspace/builds/worker-6-tc2/source:/opt/rustwide/workdir:ro,Z" "-v" "/var/lib/crater-agent-workspace/cargo-home:/opt/rustwide/cargo-home:ro,Z" "-v" "/var/lib/crater-agent-workspace/rustup-home:/opt/rustwide/rustup-home:ro,Z" "-e" "SOURCE_DIR=/opt/rustwide/workdir" "-e" "CARGO_TARGET_DIR=/opt/rustwide/target" "-e" "CARGO_INCREMENTAL=0" "-e" "RUST_BACKTRACE=full" "-e" "RUSTFLAGS=--cap-lints=warn" "-e" "RUSTDOCFLAGS=--cap-lints=warn" "-e" "CARGO_HOME=/opt/rustwide/cargo-home" "-e" "RUSTUP_HOME=/opt/rustwide/rustup-home" "-w" "/opt/rustwide/workdir" "-m" "1610612736" "--user" "0:0" "--network" "none" "ghcr.io/rust-lang/crates-build-env/linux@sha256:f3a9d4ad9d972b27faf3965f35b62e55ba32bbce8f20bc8fe909558a86702fde" "/opt/rustwide/cargo-home/bin/cargo" "+beta-2024-12-08" "test" "--frozen", kill_on_drop: false }`
[INFO] [stdout] bc037539a50d75055b015cfc34409ddf3ab10b8ddd5c2581f482172a235842e2
[INFO] running `Command { std: "docker" "start" "-a" "bc037539a50d75055b015cfc34409ddf3ab10b8ddd5c2581f482172a235842e2", kill_on_drop: false }`
[INFO] [stderr]     Finished `test` profile [unoptimized + debuginfo] target(s) in 0.03s
[INFO] [stderr]      Running unittests src/lib.rs (/opt/rustwide/target/debug/deps/fixedbitset_stack-00a5eea15e8f7d99)
[INFO] [stdout] 
[INFO] [stdout] running 0 tests
[INFO] [stdout] 
[INFO] [stdout] test result: ok. 0 passed; 0 failed; 0 ignored; 0 measured; 0 filtered out; finished in 0.00s
[INFO] [stdout] 
[INFO] [stderr]      Running tests/on_stack_tests.rs (/opt/rustwide/target/debug/deps/on_stack_tests-8da032ed9d806f9b)
[INFO] [stdout] 
[INFO] [stdout] running 62 tests
[INFO] [stdout] test binary_trait ... ok
[INFO] [stdout] test bitand_assign_longer ... ok
[INFO] [stdout] test bitand_first_smaller ... ok
[INFO] [stdout] test bitand_equal_lengths ... ok
[INFO] [stdout] test bitand_first_larger ... ok
[INFO] [stdout] test bitor_first_larger ... ok
[INFO] [stdout] test bitor_assign_longer ... ok
[INFO] [stdout] test bitor_assign_shorter ... ok
[INFO] [stdout] test bitor_equal_lengths ... ok
[INFO] [stdout] test bitxor_assign_shorter ... ok
[INFO] [stdout] test bitor_first_smaller ... ok
[INFO] [stdout] test bitxor_assign_longer ... ok
[INFO] [stdout] test bitxor_equal_lengths ... ok
[INFO] [stdout] test bitxor_first_larger ... ok
[INFO] [stdout] test bitxor_first_smaller ... ok
[INFO] [stdout] test clone ... ok
[INFO] [stdout] test copy_bit ... ok
[INFO] [stdout] test contains_all_in_range ... ok
[INFO] [stdout] test default ... ok
[INFO] [stdout] test difference ... ok
[INFO] [stdout] test bitand_assign_shorter ... ok
[INFO] [stdout] test count_ones ... ok
[INFO] [stdout] test display_trait ... ok
[INFO] [stdout] test contains_any_in_range ... ok
[INFO] [stdout] test count_zeroes ... ok
[INFO] [stdout] test extend_on_empty ... ok
[INFO] [stdout] test from_iterator ... ok
[INFO] [stdout] test grow_and_insert ... ok
[INFO] [stdout] test extend ... ok
[INFO] [stdout] test into_ones ... ok
[INFO] [stdout] test insert_range ... ok
[INFO] [stdout] test intersection ... ok
[INFO] [stdout] test is_disjoint_first_shorter ... ok
[INFO] [stdout] test is_disjoint_first_longer ... ok
[INFO] [stdout] test grow ... ok
[INFO] [stdout] test iter_ones_range ... ok
[INFO] [stdout] test minimum ... ok
[INFO] [stdout] test it_works ... ok
[INFO] [stdout] test maximum ... ok
[INFO] [stdout] test ones ... ok
[INFO] [stdout] test op_assign_ref ... ok
[INFO] [stdout] test remove_range ... ok
[INFO] [stdout] test set_range ... ok
[INFO] [stdout] test from_iterator_ones ... ok
[INFO] [stdout] test subset_superset_longer ... ok
[INFO] [stdout] test symmetric_difference ... ok
[INFO] [stdout] test test_is_full ... ok
[INFO] [stdout] test test_toggle ... ok
[INFO] [stdout] test count_ones_negative_range - should panic ... ok
[INFO] [stdout] test test_is_clear ... ok
[INFO] [stdout] test count_ones_oob - should panic ... ok
[INFO] [stdout] test toggle_range ... ok
[INFO] [stdout] test with_blocks ... ok
[INFO] [stdout] test with_blocks_too_big ... ok
[INFO] [stdout] test with_blocks_too_big_range_check ... ok
[INFO] [stdout] test union ... ok
[INFO] [stdout] test subset_superset_shorter ... ok
[INFO] [stdout] test zeroes ... ok
[INFO] [stdout] test with_blocks_too_small ... ok
[INFO] [stdout] test size_hint_alternate ... ok
[INFO] [stdout] test size_hint ... ok
[INFO] [stdout] test count_ones_panic ... ok
[INFO] [stdout] 
[INFO] [stdout] test result: ok. 62 passed; 0 failed; 0 ignored; 0 measured; 0 filtered out; finished in 0.22s
[INFO] [stdout] 
[INFO] [stderr]      Running tests/tests.rs (/opt/rustwide/target/debug/deps/tests-f45ffc756b0bc764)
[INFO] [stdout] 
[INFO] [stdout] running 62 tests
[INFO] [stdout] test binary_trait ... ok
[INFO] [stdout] test bitand_equal_lengths ... ok
[INFO] [stdout] test bitand_first_larger ... ok
[INFO] [stdout] test bitand_first_smaller ... ok
[INFO] [stdout] test bitand_assign_shorter ... ok
[INFO] [stdout] test bitor_assign_longer ... ok
[INFO] [stdout] test bitand_assign_longer ... ok
[INFO] [stdout] test bitor_assign_shorter ... ok
[INFO] [stdout] test bitor_first_larger ... ok
[INFO] [stdout] test bitor_first_smaller ... ok
[INFO] [stdout] test bitxor_assign_shorter ... ok
[INFO] [stdout] test bitxor_first_smaller ... ok
[INFO] [stdout] test bitor_equal_lengths ... ok
[INFO] [stdout] test clone ... ok
[INFO] [stdout] test bitxor_assign_longer ... ok
[INFO] [stdout] test contains_all_in_range ... ok
[INFO] [stdout] test bitxor_first_larger ... ok
[INFO] [stdout] test bitxor_equal_lengths ... ok
[INFO] [stdout] test copy_bit ... ok
[INFO] [stdout] test count_ones ... ok
[INFO] [stdout] test contains_any_in_range ... ok
[INFO] [stdout] test difference ... ok
[INFO] [stdout] test display_trait ... ok
[INFO] [stdout] test extend ... ok
[INFO] [stdout] test extend_on_empty ... ok
[INFO] [stdout] test from_iterator ... ok
[INFO] [stdout] test from_iterator_ones ... ok
[INFO] [stdout] test grow ... ok
[INFO] [stdout] test grow_and_insert ... ok
[INFO] [stdout] test insert_range ... ok
[INFO] [stdout] test intersection ... ok
[INFO] [stdout] test is_disjoint_first_longer ... ok
[INFO] [stdout] test it_works ... ok
[INFO] [stdout] test count_zeroes ... ok
[INFO] [stdout] test maximum ... ok
[INFO] [stdout] test minimum ... ok
[INFO] [stdout] test ones ... ok
[INFO] [stdout] test default ... ok
[INFO] [stdout] test into_ones ... ok
[INFO] [stdout] test is_disjoint_first_shorter ... ok
[INFO] [stdout] test remove_range ... ok
[INFO] [stdout] test set_range ... ok
[INFO] [stdout] test op_assign_ref ... ok
[INFO] [stdout] test iter_ones_range ... ok
[INFO] [stdout] test symmetric_difference ... ok
[INFO] [stdout] test subset_superset_longer ... ok
[INFO] [stdout] test subset_superset_shorter ... ok
[INFO] [stdout] test test_is_full ... ok
[INFO] [stdout] test test_toggle ... ok
[INFO] [stdout] test test_is_clear ... ok
[INFO] [stdout] test toggle_range ... ok
[INFO] [stdout] test union ... ok
[INFO] [stdout] test with_blocks_too_big_range_check ... ok
[INFO] [stdout] test with_blocks_too_small ... ok
[INFO] [stdout] test zeroes ... ok
[INFO] [stdout] test with_blocks_too_big ... ok
[INFO] [stdout] test with_blocks ... ok
[INFO] [stdout] test count_ones_oob - should panic ... ok
[INFO] [stdout] test count_ones_negative_range - should panic ... ok
[INFO] [stdout] test size_hint ... ok
[INFO] [stdout] test size_hint_alternate ... ok
[INFO] [stdout] test count_ones_panic ... ok
[INFO] [stdout] 
[INFO] [stdout] test result: ok. 62 passed; 0 failed; 0 ignored; 0 measured; 0 filtered out; finished in 0.20s
[INFO] [stdout] 
[INFO] [stderr]    Doc-tests fixedbitset_stack
[INFO] [stdout] 
[INFO] [stdout] running 14 tests
[INFO] [stdout] test src/lib.rs - FixedBitSet::is_full (line 371) ... FAILED
[INFO] [stdout] test src/lib.rs - FixedBitSet::maximum (line 337) ... FAILED
[INFO] [stdout] test src/lib.rs - FixedBitSet::minimum (line 303) ... FAILED
[INFO] [stdout] test src/on_stack.rs - on_stack::FixedBitSet<NBLOCK>::is_clear (line 230) ... FAILED
[INFO] [stdout] test src/lib.rs - FixedBitSet::is_clear (line 284) ... FAILED
[INFO] [stdout] test src/on_stack.rs - on_stack::FixedBitSet<NBLOCK>::is_empty (line 212) ... FAILED
[INFO] [stdout] test src/lib.rs - FixedBitSet::is_empty (line 266) ... FAILED
[INFO] [stdout] test src/lib.rs - FixedBitSet::len (line 247) ... FAILED
[INFO] [stdout] test src/lib.rs - FixedBitSet::with_capacity_and_blocks (line 123) ... FAILED
[INFO] [stdout] test src/on_stack.rs - on_stack::FixedBitSet<NBLOCK>::minimum (line 249) ... FAILED
[INFO] [stdout] test src/on_stack.rs - on_stack::FixedBitSet<NBLOCK>::is_full (line 317) ... FAILED
[INFO] [stdout] test src/on_stack.rs - on_stack::FixedBitSet<NBLOCK>::maximum (line 283) ... FAILED
[INFO] [stdout] test src/on_stack.rs - on_stack::FixedBitSet<NBLOCK>::len (line 193) ... FAILED
[INFO] [stdout] test src/on_stack.rs - on_stack::FixedBitSet<NBLOCK>::with_capacity_and_blocks (line 93) ... FAILED
[INFO] [stdout] 
[INFO] [stdout] failures:
[INFO] [stdout] 
[INFO] [stdout] ---- src/lib.rs - FixedBitSet::is_full (line 371) stdout ----
[INFO] [stdout] error[E0432]: unresolved import `fixedbitset`
[INFO] [stdout]  --> src/lib.rs:372:5
[INFO] [stdout]   |
[INFO] [stdout] 3 | use fixedbitset::FixedBitSet;
[INFO] [stdout]   |     ^^^^^^^^^^^ use of undeclared crate or module `fixedbitset`
[INFO] [stdout] 
[INFO] [stdout] error: aborting due to 1 previous error
[INFO] [stdout] 
[INFO] [stdout] For more information about this error, try `rustc --explain E0432`.
[INFO] [stdout] Couldn't compile the test.
[INFO] [stdout] ---- src/lib.rs - FixedBitSet::maximum (line 337) stdout ----
[INFO] [stdout] error[E0432]: unresolved import `fixedbitset`
[INFO] [stdout]  --> src/lib.rs:338:5
[INFO] [stdout]   |
[INFO] [stdout] 3 | use fixedbitset::FixedBitSet;
[INFO] [stdout]   |     ^^^^^^^^^^^ use of undeclared crate or module `fixedbitset`
[INFO] [stdout] 
[INFO] [stdout] error: aborting due to 1 previous error
[INFO] [stdout] 
[INFO] [stdout] For more information about this error, try `rustc --explain E0432`.
[INFO] [stdout] Couldn't compile the test.
[INFO] [stdout] ---- src/lib.rs - FixedBitSet::minimum (line 303) stdout ----
[INFO] [stdout] error[E0432]: unresolved import `fixedbitset`
[INFO] [stdout]  --> src/lib.rs:304:5
[INFO] [stdout]   |
[INFO] [stdout] 3 | use fixedbitset::FixedBitSet;
[INFO] [stdout]   |     ^^^^^^^^^^^ use of undeclared crate or module `fixedbitset`
[INFO] [stdout] 
[INFO] [stdout] error: aborting due to 1 previous error
[INFO] [stdout] 
[INFO] [stdout] For more information about this error, try `rustc --explain E0432`.
[INFO] [stdout] Couldn't compile the test.
[INFO] [stdout] ---- src/on_stack.rs - on_stack::FixedBitSet<NBLOCK>::is_clear (line 230) stdout ----
[INFO] [stdout] error[E0432]: unresolved import `fixedbitset`
[INFO] [stdout]  --> src/on_stack.rs:231:5
[INFO] [stdout]   |
[INFO] [stdout] 3 | use fixedbitset::FixedBitSet;
[INFO] [stdout]   |     ^^^^^^^^^^^ use of undeclared crate or module `fixedbitset`
[INFO] [stdout] 
[INFO] [stdout] error: aborting due to 1 previous error
[INFO] [stdout] 
[INFO] [stdout] For more information about this error, try `rustc --explain E0432`.
[INFO] [stdout] Couldn't compile the test.
[INFO] [stdout] ---- src/lib.rs - FixedBitSet::is_clear (line 284) stdout ----
[INFO] [stdout] error[E0432]: unresolved import `fixedbitset`
[INFO] [stdout]  --> src/lib.rs:285:5
[INFO] [stdout]   |
[INFO] [stdout] 3 | use fixedbitset::FixedBitSet;
[INFO] [stdout]   |     ^^^^^^^^^^^ use of undeclared crate or module `fixedbitset`
[INFO] [stdout] 
[INFO] [stdout] error: aborting due to 1 previous error
[INFO] [stdout] 
[INFO] [stdout] For more information about this error, try `rustc --explain E0432`.
[INFO] [stdout] Couldn't compile the test.
[INFO] [stdout] ---- src/on_stack.rs - on_stack::FixedBitSet<NBLOCK>::is_empty (line 212) stdout ----
[INFO] [stdout] error[E0432]: unresolved import `fixedbitset`
[INFO] [stdout]  --> src/on_stack.rs:213:5
[INFO] [stdout]   |
[INFO] [stdout] 3 | use fixedbitset::FixedBitSet;
[INFO] [stdout]   |     ^^^^^^^^^^^ use of undeclared crate or module `fixedbitset`
[INFO] [stdout] 
[INFO] [stdout] error: aborting due to 1 previous error
[INFO] [stdout] 
[INFO] [stdout] For more information about this error, try `rustc --explain E0432`.
[INFO] [stdout] Couldn't compile the test.
[INFO] [stdout] ---- src/lib.rs - FixedBitSet::is_empty (line 266) stdout ----
[INFO] [stdout] error[E0432]: unresolved import `fixedbitset`
[INFO] [stdout]  --> src/lib.rs:267:5
[INFO] [stdout]   |
[INFO] [stdout] 3 | use fixedbitset::FixedBitSet;
[INFO] [stdout]   |     ^^^^^^^^^^^ use of undeclared crate or module `fixedbitset`
[INFO] [stdout] 
[INFO] [stdout] error: aborting due to 1 previous error
[INFO] [stdout] 
[INFO] [stdout] For more information about this error, try `rustc --explain E0432`.
[INFO] [stdout] Couldn't compile the test.
[INFO] [stdout] ---- src/lib.rs - FixedBitSet::len (line 247) stdout ----
[INFO] [stdout] error[E0432]: unresolved import `fixedbitset`
[INFO] [stdout]  --> src/lib.rs:248:5
[INFO] [stdout]   |
[INFO] [stdout] 3 | use fixedbitset::FixedBitSet;
[INFO] [stdout]   |     ^^^^^^^^^^^ use of undeclared crate or module `fixedbitset`
[INFO] [stdout] 
[INFO] [stdout] error: aborting due to 1 previous error
[INFO] [stdout] 
[INFO] [stdout] For more information about this error, try `rustc --explain E0432`.
[INFO] [stdout] Couldn't compile the test.
[INFO] [stdout] ---- src/lib.rs - FixedBitSet::with_capacity_and_blocks (line 123) stdout ----
[INFO] [stdout] error[E0433]: failed to resolve: use of undeclared crate or module `fixedbitset`
[INFO] [stdout]  --> src/lib.rs:125:10
[INFO] [stdout]   |
[INFO] [stdout] 4 | let bs = fixedbitset::FixedBitSet::with_capacity_and_blocks(4, data);
[INFO] [stdout]   |          ^^^^^^^^^^^ use of undeclared crate or module `fixedbitset`
[INFO] [stdout]   |
[INFO] [stdout] help: consider importing one of these structs
[INFO] [stdout]   |
[INFO] [stdout] 2 + use fixedbitset_stack::FixedBitSet;
[INFO] [stdout]   |
[INFO] [stdout] 2 + use fixedbitset_stack::on_stack::FixedBitSet;
[INFO] [stdout]   |
[INFO] [stdout] help: if you import `FixedBitSet`, refer to it directly
[INFO] [stdout]   |
[INFO] [stdout] 4 - let bs = fixedbitset::FixedBitSet::with_capacity_and_blocks(4, data);
[INFO] [stdout] 4 + let bs = FixedBitSet::with_capacity_and_blocks(4, data);
[INFO] [stdout]   |
[INFO] [stdout] 
[INFO] [stdout] error: aborting due to 1 previous error
[INFO] [stdout] 
[INFO] [stdout] For more information about this error, try `rustc --explain E0433`.
[INFO] [stdout] Couldn't compile the test.
[INFO] [stdout] ---- src/on_stack.rs - on_stack::FixedBitSet<NBLOCK>::minimum (line 249) stdout ----
[INFO] [stdout] error[E0432]: unresolved import `fixedbitset`
[INFO] [stdout]  --> src/on_stack.rs:250:5
[INFO] [stdout]   |
[INFO] [stdout] 3 | use fixedbitset::FixedBitSet;
[INFO] [stdout]   |     ^^^^^^^^^^^ use of undeclared crate or module `fixedbitset`
[INFO] [stdout] 
[INFO] [stdout] error: aborting due to 1 previous error
[INFO] [stdout] 
[INFO] [stdout] For more information about this error, try `rustc --explain E0432`.
[INFO] [stdout] Couldn't compile the test.
[INFO] [stdout] ---- src/on_stack.rs - on_stack::FixedBitSet<NBLOCK>::is_full (line 317) stdout ----
[INFO] [stdout] error[E0432]: unresolved import `fixedbitset`
[INFO] [stdout]  --> src/on_stack.rs:318:5
[INFO] [stdout]   |
[INFO] [stdout] 3 | use fixedbitset::FixedBitSet;
[INFO] [stdout]   |     ^^^^^^^^^^^ use of undeclared crate or module `fixedbitset`
[INFO] [stdout] 
[INFO] [stdout] error: aborting due to 1 previous error
[INFO] [stdout] 
[INFO] [stdout] For more information about this error, try `rustc --explain E0432`.
[INFO] [stdout] Couldn't compile the test.
[INFO] [stdout] ---- src/on_stack.rs - on_stack::FixedBitSet<NBLOCK>::maximum (line 283) stdout ----
[INFO] [stdout] error[E0432]: unresolved import `fixedbitset`
[INFO] [stdout]  --> src/on_stack.rs:284:5
[INFO] [stdout]   |
[INFO] [stdout] 3 | use fixedbitset::FixedBitSet;
[INFO] [stdout]   |     ^^^^^^^^^^^ use of undeclared crate or module `fixedbitset`
[INFO] [stdout] 
[INFO] [stdout] error: aborting due to 1 previous error
[INFO] [stdout] 
[INFO] [stdout] For more information about this error, try `rustc --explain E0432`.
[INFO] [stdout] Couldn't compile the test.
[INFO] [stdout] ---- src/on_stack.rs - on_stack::FixedBitSet<NBLOCK>::len (line 193) stdout ----
[INFO] [stdout] error[E0432]: unresolved import `fixedbitset`
[INFO] [stdout]  --> src/on_stack.rs:194:5
[INFO] [stdout]   |
[INFO] [stdout] 3 | use fixedbitset::FixedBitSet;
[INFO] [stdout]   |     ^^^^^^^^^^^ use of undeclared crate or module `fixedbitset`
[INFO] [stdout] 
[INFO] [stdout] error: aborting due to 1 previous error
[INFO] [stdout] 
[INFO] [stdout] For more information about this error, try `rustc --explain E0432`.
[INFO] [stdout] Couldn't compile the test.
[INFO] [stdout] ---- src/on_stack.rs - on_stack::FixedBitSet<NBLOCK>::with_capacity_and_blocks (line 93) stdout ----
[INFO] [stdout] error[E0433]: failed to resolve: use of undeclared crate or module `fixedbitset`
[INFO] [stdout]  --> src/on_stack.rs:95:10
[INFO] [stdout]   |
[INFO] [stdout] 4 | let bs = fixedbitset::FixedBitSet::with_capacity_and_blocks(4, data);
[INFO] [stdout]   |          ^^^^^^^^^^^ use of undeclared crate or module `fixedbitset`
[INFO] [stdout]   |
[INFO] [stdout] help: consider importing one of these structs
[INFO] [stdout]   |
[INFO] [stdout] 2 + use fixedbitset_stack::FixedBitSet;
[INFO] [stdout]   |
[INFO] [stdout] 2 + use fixedbitset_stack::on_stack::FixedBitSet;
[INFO] [stdout]   |
[INFO] [stdout] help: if you import `FixedBitSet`, refer to it directly
[INFO] [stdout]   |
[INFO] [stdout] 4 - let bs = fixedbitset::FixedBitSet::with_capacity_and_blocks(4, data);
[INFO] [stdout] 4 + let bs = FixedBitSet::with_capacity_and_blocks(4, data);
[INFO] [stdout]   |
[INFO] [stdout] 
[INFO] [stdout] error: aborting due to 1 previous error
[INFO] [stdout] 
[INFO] [stdout] For more information about this error, try `rustc --explain E0433`.
[INFO] [stdout] Couldn't compile the test.
[INFO] [stdout] 
[INFO] [stdout] failures:
[INFO] [stdout]     src/lib.rs - FixedBitSet::is_clear (line 284)
[INFO] [stdout]     src/lib.rs - FixedBitSet::is_empty (line 266)
[INFO] [stdout]     src/lib.rs - FixedBitSet::is_full (line 371)
[INFO] [stdout]     src/lib.rs - FixedBitSet::len (line 247)
[INFO] [stdout]     src/lib.rs - FixedBitSet::maximum (line 337)
[INFO] [stdout]     src/lib.rs - FixedBitSet::minimum (line 303)
[INFO] [stdout]     src/lib.rs - FixedBitSet::with_capacity_and_blocks (line 123)
[INFO] [stdout]     src/on_stack.rs - on_stack::FixedBitSet<NBLOCK>::is_clear (line 230)
[INFO] [stdout]     src/on_stack.rs - on_stack::FixedBitSet<NBLOCK>::is_empty (line 212)
[INFO] [stdout]     src/on_stack.rs - on_stack::FixedBitSet<NBLOCK>::is_full (line 317)
[INFO] [stdout]     src/on_stack.rs - on_stack::FixedBitSet<NBLOCK>::len (line 193)
[INFO] [stdout]     src/on_stack.rs - on_stack::FixedBitSet<NBLOCK>::maximum (line 283)
[INFO] [stdout]     src/on_stack.rs - on_stack::FixedBitSet<NBLOCK>::minimum (line 249)
[INFO] [stdout]     src/on_stack.rs - on_stack::FixedBitSet<NBLOCK>::with_capacity_and_blocks (line 93)
[INFO] [stdout] 
[INFO] [stdout] test result: FAILED. 0 passed; 14 failed; 0 ignored; 0 measured; 0 filtered out; finished in 0.55s
[INFO] [stdout] 
[INFO] [stderr] error: doctest failed, to rerun pass `--doc`
[INFO] running `Command { std: "docker" "inspect" "bc037539a50d75055b015cfc34409ddf3ab10b8ddd5c2581f482172a235842e2", kill_on_drop: false }`
[INFO] running `Command { std: "docker" "rm" "-f" "bc037539a50d75055b015cfc34409ddf3ab10b8ddd5c2581f482172a235842e2", kill_on_drop: false }`
[INFO] [stdout] bc037539a50d75055b015cfc34409ddf3ab10b8ddd5c2581f482172a235842e2
