[INFO] fetching crate fixed-type-id-macros 0.1.1...
[INFO] testing fixed-type-id-macros-0.1.1 against beta-2024-12-08 for beta-1.84.0-4-retry
[INFO] extracting crate fixed-type-id-macros 0.1.1 into /workspace/builds/worker-6-tc2/source
[INFO] validating manifest of crates.io crate fixed-type-id-macros 0.1.1 on toolchain beta-2024-12-08
[INFO] running `Command { std: CARGO_HOME="/workspace/cargo-home" RUSTUP_HOME="/workspace/rustup-home" "/workspace/cargo-home/bin/cargo" "+beta-2024-12-08" "metadata" "--manifest-path" "Cargo.toml" "--no-deps", kill_on_drop: false }`
[INFO] started tweaking crates.io crate fixed-type-id-macros 0.1.1
[INFO] finished tweaking crates.io crate fixed-type-id-macros 0.1.1
[INFO] tweaked toml for crates.io crate fixed-type-id-macros 0.1.1 written to /workspace/builds/worker-6-tc2/source/Cargo.toml
[INFO] running `Command { std: CARGO_HOME="/workspace/cargo-home" RUSTUP_HOME="/workspace/rustup-home" "/workspace/cargo-home/bin/cargo" "+beta-2024-12-08" "generate-lockfile" "--manifest-path" "Cargo.toml", kill_on_drop: false }`
[INFO] [stderr]     Updating crates.io index
[INFO] [stderr]      Locking 16 packages to latest compatible versions
[INFO] running `Command { std: CARGO_HOME="/workspace/cargo-home" RUSTUP_HOME="/workspace/rustup-home" "/workspace/cargo-home/bin/cargo" "+beta-2024-12-08" "fetch" "--manifest-path" "Cargo.toml", kill_on_drop: false }`
[INFO] running `Command { std: "docker" "create" "-v" "/var/lib/crater-agent-workspace/builds/worker-6-tc2/target:/opt/rustwide/target:rw,Z" "-v" "/var/lib/crater-agent-workspace/builds/worker-6-tc2/source:/opt/rustwide/workdir:ro,Z" "-v" "/var/lib/crater-agent-workspace/cargo-home:/opt/rustwide/cargo-home:ro,Z" "-v" "/var/lib/crater-agent-workspace/rustup-home:/opt/rustwide/rustup-home:ro,Z" "-e" "SOURCE_DIR=/opt/rustwide/workdir" "-e" "CARGO_TARGET_DIR=/opt/rustwide/target" "-e" "CARGO_HOME=/opt/rustwide/cargo-home" "-e" "RUSTUP_HOME=/opt/rustwide/rustup-home" "-w" "/opt/rustwide/workdir" "-m" "1610612736" "--user" "0:0" "--network" "none" "ghcr.io/rust-lang/crates-build-env/linux@sha256:f3a9d4ad9d972b27faf3965f35b62e55ba32bbce8f20bc8fe909558a86702fde" "/opt/rustwide/cargo-home/bin/cargo" "+beta-2024-12-08" "metadata" "--no-deps" "--format-version=1", kill_on_drop: false }`
[INFO] [stdout] c6944bbe250d54ed3993d3de584ade12fe1c772797493ef77c5a9c262c09518d
[INFO] running `Command { std: "docker" "start" "-a" "c6944bbe250d54ed3993d3de584ade12fe1c772797493ef77c5a9c262c09518d", kill_on_drop: false }`
[INFO] running `Command { std: "docker" "inspect" "c6944bbe250d54ed3993d3de584ade12fe1c772797493ef77c5a9c262c09518d", kill_on_drop: false }`
[INFO] running `Command { std: "docker" "rm" "-f" "c6944bbe250d54ed3993d3de584ade12fe1c772797493ef77c5a9c262c09518d", kill_on_drop: false }`
[INFO] [stdout] c6944bbe250d54ed3993d3de584ade12fe1c772797493ef77c5a9c262c09518d
[INFO] running `Command { std: "docker" "create" "-v" "/var/lib/crater-agent-workspace/builds/worker-6-tc2/target:/opt/rustwide/target:rw,Z" "-v" "/var/lib/crater-agent-workspace/builds/worker-6-tc2/source:/opt/rustwide/workdir:ro,Z" "-v" "/var/lib/crater-agent-workspace/cargo-home:/opt/rustwide/cargo-home:ro,Z" "-v" "/var/lib/crater-agent-workspace/rustup-home:/opt/rustwide/rustup-home:ro,Z" "-e" "SOURCE_DIR=/opt/rustwide/workdir" "-e" "CARGO_TARGET_DIR=/opt/rustwide/target" "-e" "CARGO_INCREMENTAL=0" "-e" "RUST_BACKTRACE=full" "-e" "RUSTFLAGS=--cap-lints=warn" "-e" "RUSTDOCFLAGS=--cap-lints=warn" "-e" "CARGO_HOME=/opt/rustwide/cargo-home" "-e" "RUSTUP_HOME=/opt/rustwide/rustup-home" "-w" "/opt/rustwide/workdir" "-m" "1610612736" "--user" "0:0" "--network" "none" "ghcr.io/rust-lang/crates-build-env/linux@sha256:f3a9d4ad9d972b27faf3965f35b62e55ba32bbce8f20bc8fe909558a86702fde" "/opt/rustwide/cargo-home/bin/cargo" "+beta-2024-12-08" "build" "--frozen" "--message-format=json", kill_on_drop: false }`
[INFO] [stdout] 4930c671c0c5eae224b0cc8ee94bb965fc3827b5b13474147836e2e969d6f395
[INFO] running `Command { std: "docker" "start" "-a" "4930c671c0c5eae224b0cc8ee94bb965fc3827b5b13474147836e2e969d6f395", kill_on_drop: false }`
[INFO] [stderr]    Compiling proc-macro2 v1.0.92
[INFO] [stderr]    Compiling unicode-ident v1.0.14
[INFO] [stderr]    Compiling libc v0.2.168
[INFO] [stderr]    Compiling byteorder v1.5.0
[INFO] [stderr]    Compiling cfg-if v1.0.0
[INFO] [stderr]    Compiling rapidhash v1.2.0
[INFO] [stderr]    Compiling quote v1.0.37
[INFO] [stderr]    Compiling syn v2.0.90
[INFO] [stderr]    Compiling getrandom v0.2.15
[INFO] [stderr]    Compiling rand_core v0.6.4
[INFO] [stderr]    Compiling zerocopy-derive v0.7.35
[INFO] [stderr]    Compiling zerocopy v0.7.35
[INFO] [stderr]    Compiling ppv-lite86 v0.2.20
[INFO] [stderr]    Compiling rand_chacha v0.3.1
[INFO] [stderr]    Compiling rand v0.8.5
[INFO] [stderr]    Compiling fixed-type-id-macros v0.1.1 (/opt/rustwide/workdir)
[INFO] [stderr]     Finished `dev` profile [unoptimized + debuginfo] target(s) in 14.99s
[INFO] running `Command { std: "docker" "inspect" "4930c671c0c5eae224b0cc8ee94bb965fc3827b5b13474147836e2e969d6f395", kill_on_drop: false }`
[INFO] running `Command { std: "docker" "rm" "-f" "4930c671c0c5eae224b0cc8ee94bb965fc3827b5b13474147836e2e969d6f395", kill_on_drop: false }`
[INFO] [stdout] 4930c671c0c5eae224b0cc8ee94bb965fc3827b5b13474147836e2e969d6f395
[INFO] running `Command { std: "docker" "create" "-v" "/var/lib/crater-agent-workspace/builds/worker-6-tc2/target:/opt/rustwide/target:rw,Z" "-v" "/var/lib/crater-agent-workspace/builds/worker-6-tc2/source:/opt/rustwide/workdir:ro,Z" "-v" "/var/lib/crater-agent-workspace/cargo-home:/opt/rustwide/cargo-home:ro,Z" "-v" "/var/lib/crater-agent-workspace/rustup-home:/opt/rustwide/rustup-home:ro,Z" "-e" "SOURCE_DIR=/opt/rustwide/workdir" "-e" "CARGO_TARGET_DIR=/opt/rustwide/target" "-e" "CARGO_INCREMENTAL=0" "-e" "RUST_BACKTRACE=full" "-e" "RUSTFLAGS=--cap-lints=warn" "-e" "RUSTDOCFLAGS=--cap-lints=warn" "-e" "CARGO_HOME=/opt/rustwide/cargo-home" "-e" "RUSTUP_HOME=/opt/rustwide/rustup-home" "-w" "/opt/rustwide/workdir" "-m" "1610612736" "--user" "0:0" "--network" "none" "ghcr.io/rust-lang/crates-build-env/linux@sha256:f3a9d4ad9d972b27faf3965f35b62e55ba32bbce8f20bc8fe909558a86702fde" "/opt/rustwide/cargo-home/bin/cargo" "+beta-2024-12-08" "test" "--frozen" "--no-run" "--message-format=json", kill_on_drop: false }`
[INFO] [stdout] a62e49f21eed3a7a663129510ee41375909148207835c073dfddfcc83f2ef816
[INFO] running `Command { std: "docker" "start" "-a" "a62e49f21eed3a7a663129510ee41375909148207835c073dfddfcc83f2ef816", kill_on_drop: false }`
[INFO] [stderr]    Compiling fixed-type-id-macros v0.1.1 (/opt/rustwide/workdir)
[INFO] [stderr]     Finished `test` profile [unoptimized + debuginfo] target(s) in 1.63s
[INFO] running `Command { std: "docker" "inspect" "a62e49f21eed3a7a663129510ee41375909148207835c073dfddfcc83f2ef816", kill_on_drop: false }`
[INFO] running `Command { std: "docker" "rm" "-f" "a62e49f21eed3a7a663129510ee41375909148207835c073dfddfcc83f2ef816", kill_on_drop: false }`
[INFO] [stdout] a62e49f21eed3a7a663129510ee41375909148207835c073dfddfcc83f2ef816
[INFO] running `Command { std: "docker" "create" "-v" "/var/lib/crater-agent-workspace/builds/worker-6-tc2/target:/opt/rustwide/target:rw,Z" "-v" "/var/lib/crater-agent-workspace/builds/worker-6-tc2/source:/opt/rustwide/workdir:ro,Z" "-v" "/var/lib/crater-agent-workspace/cargo-home:/opt/rustwide/cargo-home:ro,Z" "-v" "/var/lib/crater-agent-workspace/rustup-home:/opt/rustwide/rustup-home:ro,Z" "-e" "SOURCE_DIR=/opt/rustwide/workdir" "-e" "CARGO_TARGET_DIR=/opt/rustwide/target" "-e" "CARGO_INCREMENTAL=0" "-e" "RUST_BACKTRACE=full" "-e" "RUSTFLAGS=--cap-lints=warn" "-e" "RUSTDOCFLAGS=--cap-lints=warn" "-e" "CARGO_HOME=/opt/rustwide/cargo-home" "-e" "RUSTUP_HOME=/opt/rustwide/rustup-home" "-w" "/opt/rustwide/workdir" "-m" "1610612736" "--user" "0:0" "--network" "none" "ghcr.io/rust-lang/crates-build-env/linux@sha256:f3a9d4ad9d972b27faf3965f35b62e55ba32bbce8f20bc8fe909558a86702fde" "/opt/rustwide/cargo-home/bin/cargo" "+beta-2024-12-08" "test" "--frozen", kill_on_drop: false }`
[INFO] [stdout] b246f8ac922554d3f353b2fcf93977427046742f930ceda7c0f600adad5b0d31
[INFO] running `Command { std: "docker" "start" "-a" "b246f8ac922554d3f353b2fcf93977427046742f930ceda7c0f600adad5b0d31", kill_on_drop: false }`
[INFO] [stderr]     Finished `test` profile [unoptimized + debuginfo] target(s) in 0.03s
[INFO] [stderr]      Running unittests src/lib.rs (/opt/rustwide/target/debug/deps/fixed_type_id_macros-ae15d7bc31b8ea5b)
[INFO] [stdout] 
[INFO] [stdout] running 0 tests
[INFO] [stdout] 
[INFO] [stdout] test result: ok. 0 passed; 0 failed; 0 ignored; 0 measured; 0 filtered out; finished in 0.00s
[INFO] [stdout] 
[INFO] [stderr]    Doc-tests fixed_type_id_macros
[INFO] [stdout] 
[INFO] [stdout] running 4 tests
[INFO] [stdout] test src/lib.rs - fixed_type_id (line 59) ... ignored
[INFO] [stdout] test src/lib.rs - fixed_type_id (line 28) ... FAILED
[INFO] [stdout] test src/lib.rs - fixed_type_id (line 44) ... FAILED
[INFO] [stdout] test src/lib.rs - fixed_type_id (line 14) ... FAILED
[INFO] [stdout] 
[INFO] [stdout] failures:
[INFO] [stdout] 
[INFO] [stdout] ---- src/lib.rs - fixed_type_id (line 28) stdout ----
[INFO] [stdout] error[E0432]: unresolved import `fixed_type_id`
[INFO] [stdout]  --> src/lib.rs:32:13
[INFO] [stdout]   |
[INFO] [stdout] 6 |         use fixed_type_id::fixed_type_id;
[INFO] [stdout]   |             ^^^^^^^^^^^^^ use of undeclared crate or module `fixed_type_id`
[INFO] [stdout] 
[INFO] [stdout] error: aborting due to 1 previous error
[INFO] [stdout] 
[INFO] [stdout] For more information about this error, try `rustc --explain E0432`.
[INFO] [stdout] Couldn't compile the test.
[INFO] [stdout] ---- src/lib.rs - fixed_type_id (line 44) stdout ----
[INFO] [stdout] error[E0432]: unresolved import `fixed_type_id`
[INFO] [stdout]  --> src/lib.rs:46:5
[INFO] [stdout]   |
[INFO] [stdout] 4 | use fixed_type_id::fixed_type_id;
[INFO] [stdout]   |     ^^^^^^^^^^^^^ use of undeclared crate or module `fixed_type_id`
[INFO] [stdout] 
[INFO] [stdout] error: aborting due to 1 previous error
[INFO] [stdout] 
[INFO] [stdout] For more information about this error, try `rustc --explain E0432`.
[INFO] [stdout] Couldn't compile the test.
[INFO] [stdout] ---- src/lib.rs - fixed_type_id (line 14) stdout ----
[INFO] [stdout] error[E0432]: unresolved import `fixed_type_id`
[INFO] [stdout]  --> src/lib.rs:16:5
[INFO] [stdout]   |
[INFO] [stdout] 4 | use fixed_type_id::fixed_type_id;
[INFO] [stdout]   |     ^^^^^^^^^^^^^ use of undeclared crate or module `fixed_type_id`
[INFO] [stdout] 
[INFO] [stdout] error: aborting due to 1 previous error
[INFO] [stdout] 
[INFO] [stdout] For more information about this error, try `rustc --explain E0432`.
[INFO] [stdout] Couldn't compile the test.
[INFO] [stdout] 
[INFO] [stdout] failures:
[INFO] [stdout]     src/lib.rs - fixed_type_id (line 14)
[INFO] [stdout]     src/lib.rs - fixed_type_id (line 28)
[INFO] [stdout]     src/lib.rs - fixed_type_id (line 44)
[INFO] [stdout] 
[INFO] [stdout] test result: FAILED. 0 passed; 3 failed; 1 ignored; 0 measured; 0 filtered out; finished in 0.16s
[INFO] [stdout] 
[INFO] [stderr] error: doctest failed, to rerun pass `--doc`
[INFO] running `Command { std: "docker" "inspect" "b246f8ac922554d3f353b2fcf93977427046742f930ceda7c0f600adad5b0d31", kill_on_drop: false }`
[INFO] running `Command { std: "docker" "rm" "-f" "b246f8ac922554d3f353b2fcf93977427046742f930ceda7c0f600adad5b0d31", kill_on_drop: false }`
[INFO] [stdout] b246f8ac922554d3f353b2fcf93977427046742f930ceda7c0f600adad5b0d31
