[INFO] fetching crate fimdoc 0.6.1...
[INFO] testing fimdoc-0.6.1 against beta-2024-12-08 for beta-1.84.0-4-retry
[INFO] extracting crate fimdoc 0.6.1 into /workspace/builds/worker-1-tc2/source
[INFO] validating manifest of crates.io crate fimdoc 0.6.1 on toolchain beta-2024-12-08
[INFO] running `Command { std: CARGO_HOME="/workspace/cargo-home" RUSTUP_HOME="/workspace/rustup-home" "/workspace/cargo-home/bin/cargo" "+beta-2024-12-08" "metadata" "--manifest-path" "Cargo.toml" "--no-deps", kill_on_drop: false }`
[INFO] started tweaking crates.io crate fimdoc 0.6.1
[INFO] finished tweaking crates.io crate fimdoc 0.6.1
[INFO] tweaked toml for crates.io crate fimdoc 0.6.1 written to /workspace/builds/worker-1-tc2/source/Cargo.toml
[INFO] crate crates.io crate fimdoc 0.6.1 already has a lockfile, it will not be regenerated
[INFO] running `Command { std: CARGO_HOME="/workspace/cargo-home" RUSTUP_HOME="/workspace/rustup-home" "/workspace/cargo-home/bin/cargo" "+beta-2024-12-08" "fetch" "--manifest-path" "Cargo.toml", kill_on_drop: false }`
[INFO] running `Command { std: "docker" "create" "-v" "/var/lib/crater-agent-workspace/builds/worker-1-tc2/target:/opt/rustwide/target:rw,Z" "-v" "/var/lib/crater-agent-workspace/builds/worker-1-tc2/source:/opt/rustwide/workdir:ro,Z" "-v" "/var/lib/crater-agent-workspace/cargo-home:/opt/rustwide/cargo-home:ro,Z" "-v" "/var/lib/crater-agent-workspace/rustup-home:/opt/rustwide/rustup-home:ro,Z" "-e" "SOURCE_DIR=/opt/rustwide/workdir" "-e" "CARGO_TARGET_DIR=/opt/rustwide/target" "-e" "CARGO_HOME=/opt/rustwide/cargo-home" "-e" "RUSTUP_HOME=/opt/rustwide/rustup-home" "-w" "/opt/rustwide/workdir" "-m" "1610612736" "--user" "0:0" "--network" "none" "ghcr.io/rust-lang/crates-build-env/linux@sha256:f3a9d4ad9d972b27faf3965f35b62e55ba32bbce8f20bc8fe909558a86702fde" "/opt/rustwide/cargo-home/bin/cargo" "+beta-2024-12-08" "metadata" "--no-deps" "--format-version=1", kill_on_drop: false }`
[INFO] [stdout] d2ed25eaffdb816dac90868f7e6a7df40da8586459ad5ffb000008a1d99ac513
[INFO] running `Command { std: "docker" "start" "-a" "d2ed25eaffdb816dac90868f7e6a7df40da8586459ad5ffb000008a1d99ac513", kill_on_drop: false }`
[INFO] running `Command { std: "docker" "inspect" "d2ed25eaffdb816dac90868f7e6a7df40da8586459ad5ffb000008a1d99ac513", kill_on_drop: false }`
[INFO] running `Command { std: "docker" "rm" "-f" "d2ed25eaffdb816dac90868f7e6a7df40da8586459ad5ffb000008a1d99ac513", kill_on_drop: false }`
[INFO] [stdout] d2ed25eaffdb816dac90868f7e6a7df40da8586459ad5ffb000008a1d99ac513
[INFO] running `Command { std: "docker" "create" "-v" "/var/lib/crater-agent-workspace/builds/worker-1-tc2/target:/opt/rustwide/target:rw,Z" "-v" "/var/lib/crater-agent-workspace/builds/worker-1-tc2/source:/opt/rustwide/workdir:ro,Z" "-v" "/var/lib/crater-agent-workspace/cargo-home:/opt/rustwide/cargo-home:ro,Z" "-v" "/var/lib/crater-agent-workspace/rustup-home:/opt/rustwide/rustup-home:ro,Z" "-e" "SOURCE_DIR=/opt/rustwide/workdir" "-e" "CARGO_TARGET_DIR=/opt/rustwide/target" "-e" "CARGO_INCREMENTAL=0" "-e" "RUST_BACKTRACE=full" "-e" "RUSTFLAGS=--cap-lints=warn" "-e" "RUSTDOCFLAGS=--cap-lints=warn" "-e" "CARGO_HOME=/opt/rustwide/cargo-home" "-e" "RUSTUP_HOME=/opt/rustwide/rustup-home" "-w" "/opt/rustwide/workdir" "-m" "1610612736" "--user" "0:0" "--network" "none" "ghcr.io/rust-lang/crates-build-env/linux@sha256:f3a9d4ad9d972b27faf3965f35b62e55ba32bbce8f20bc8fe909558a86702fde" "/opt/rustwide/cargo-home/bin/cargo" "+beta-2024-12-08" "build" "--frozen" "--message-format=json", kill_on_drop: false }`
[INFO] [stdout] 7d62743de143004d96c147b3c8b2ca85ef6df28f8a7a0fe603e65caa6ac70230
[INFO] running `Command { std: "docker" "start" "-a" "7d62743de143004d96c147b3c8b2ca85ef6df28f8a7a0fe603e65caa6ac70230", kill_on_drop: false }`
[INFO] [stderr]    Compiling crossbeam-utils v0.8.19
[INFO] [stderr]    Compiling rayon-core v1.12.1
[INFO] [stderr]    Compiling memchr v2.7.2
[INFO] [stderr]    Compiling libc v0.2.150
[INFO] [stderr]    Compiling camino v1.1.6
[INFO] [stderr]    Compiling regex-syntax v0.8.3
[INFO] [stderr]    Compiling either v1.10.0
[INFO] [stderr]    Compiling unicode-id v0.3.4
[INFO] [stderr]    Compiling markdown v1.0.0-alpha.16
[INFO] [stderr]    Compiling terminal_color_builder v0.1.1
[INFO] [stderr]    Compiling indoc v2.0.5
[INFO] [stderr]    Compiling aho-corasick v1.1.3
[INFO] [stderr]    Compiling crossbeam-epoch v0.9.18
[INFO] [stderr]    Compiling crossbeam-deque v0.8.5
[INFO] [stderr]    Compiling atty v0.2.14
[INFO] [stderr]    Compiling rayon v1.10.0
[INFO] [stderr]    Compiling regex-automata v0.4.6
[INFO] [stderr]    Compiling regex v1.10.4
[INFO] [stderr]    Compiling golden-oak-library v0.1.0
[INFO] [stderr]    Compiling fimdoc v0.6.1 (/opt/rustwide/workdir)
[INFO] [stderr]     Finished `dev` profile [unoptimized + debuginfo] target(s) in 26.26s
[INFO] running `Command { std: "docker" "inspect" "7d62743de143004d96c147b3c8b2ca85ef6df28f8a7a0fe603e65caa6ac70230", kill_on_drop: false }`
[INFO] running `Command { std: "docker" "rm" "-f" "7d62743de143004d96c147b3c8b2ca85ef6df28f8a7a0fe603e65caa6ac70230", kill_on_drop: false }`
[INFO] [stdout] 7d62743de143004d96c147b3c8b2ca85ef6df28f8a7a0fe603e65caa6ac70230
[INFO] running `Command { std: "docker" "create" "-v" "/var/lib/crater-agent-workspace/builds/worker-1-tc2/target:/opt/rustwide/target:rw,Z" "-v" "/var/lib/crater-agent-workspace/builds/worker-1-tc2/source:/opt/rustwide/workdir:ro,Z" "-v" "/var/lib/crater-agent-workspace/cargo-home:/opt/rustwide/cargo-home:ro,Z" "-v" "/var/lib/crater-agent-workspace/rustup-home:/opt/rustwide/rustup-home:ro,Z" "-e" "SOURCE_DIR=/opt/rustwide/workdir" "-e" "CARGO_TARGET_DIR=/opt/rustwide/target" "-e" "CARGO_INCREMENTAL=0" "-e" "RUST_BACKTRACE=full" "-e" "RUSTFLAGS=--cap-lints=warn" "-e" "RUSTDOCFLAGS=--cap-lints=warn" "-e" "CARGO_HOME=/opt/rustwide/cargo-home" "-e" "RUSTUP_HOME=/opt/rustwide/rustup-home" "-w" "/opt/rustwide/workdir" "-m" "1610612736" "--user" "0:0" "--network" "none" "ghcr.io/rust-lang/crates-build-env/linux@sha256:f3a9d4ad9d972b27faf3965f35b62e55ba32bbce8f20bc8fe909558a86702fde" "/opt/rustwide/cargo-home/bin/cargo" "+beta-2024-12-08" "test" "--frozen" "--no-run" "--message-format=json", kill_on_drop: false }`
[INFO] [stdout] a246a755e75dbe0111cd149f90ae1aa8cfe701c1bb6751a8ade42544443098ec
[INFO] running `Command { std: "docker" "start" "-a" "a246a755e75dbe0111cd149f90ae1aa8cfe701c1bb6751a8ade42544443098ec", kill_on_drop: false }`
[INFO] [stderr]    Compiling fimdoc v0.6.1 (/opt/rustwide/workdir)
[INFO] [stderr]     Finished `test` profile [unoptimized + debuginfo] target(s) in 0.72s
[INFO] running `Command { std: "docker" "inspect" "a246a755e75dbe0111cd149f90ae1aa8cfe701c1bb6751a8ade42544443098ec", kill_on_drop: false }`
[INFO] running `Command { std: "docker" "rm" "-f" "a246a755e75dbe0111cd149f90ae1aa8cfe701c1bb6751a8ade42544443098ec", kill_on_drop: false }`
[INFO] [stdout] a246a755e75dbe0111cd149f90ae1aa8cfe701c1bb6751a8ade42544443098ec
[INFO] running `Command { std: "docker" "create" "-v" "/var/lib/crater-agent-workspace/builds/worker-1-tc2/target:/opt/rustwide/target:rw,Z" "-v" "/var/lib/crater-agent-workspace/builds/worker-1-tc2/source:/opt/rustwide/workdir:ro,Z" "-v" "/var/lib/crater-agent-workspace/cargo-home:/opt/rustwide/cargo-home:ro,Z" "-v" "/var/lib/crater-agent-workspace/rustup-home:/opt/rustwide/rustup-home:ro,Z" "-e" "SOURCE_DIR=/opt/rustwide/workdir" "-e" "CARGO_TARGET_DIR=/opt/rustwide/target" "-e" "CARGO_INCREMENTAL=0" "-e" "RUST_BACKTRACE=full" "-e" "RUSTFLAGS=--cap-lints=warn" "-e" "RUSTDOCFLAGS=--cap-lints=warn" "-e" "CARGO_HOME=/opt/rustwide/cargo-home" "-e" "RUSTUP_HOME=/opt/rustwide/rustup-home" "-w" "/opt/rustwide/workdir" "-m" "1610612736" "--user" "0:0" "--network" "none" "ghcr.io/rust-lang/crates-build-env/linux@sha256:f3a9d4ad9d972b27faf3965f35b62e55ba32bbce8f20bc8fe909558a86702fde" "/opt/rustwide/cargo-home/bin/cargo" "+beta-2024-12-08" "test" "--frozen", kill_on_drop: false }`
[INFO] [stdout] 4efa5c0bd3c18c8f610173349e41c37407731a8223e32a35c6fb1f8a100ecd82
[INFO] running `Command { std: "docker" "start" "-a" "4efa5c0bd3c18c8f610173349e41c37407731a8223e32a35c6fb1f8a100ecd82", kill_on_drop: false }`
[INFO] [stderr]     Finished `test` profile [unoptimized + debuginfo] target(s) in 0.04s
[INFO] [stderr]      Running unittests src/lib.rs (/opt/rustwide/target/debug/deps/fimdoc-7ec28f8914126640)
[INFO] [stdout] 
[INFO] [stdout] running 0 tests
[INFO] [stdout] 
[INFO] [stdout] test result: ok. 0 passed; 0 failed; 0 ignored; 0 measured; 0 filtered out; finished in 0.00s
[INFO] [stdout] 
[INFO] [stderr]      Running unittests src/main.rs (/opt/rustwide/target/debug/deps/fimdoc-299803cfeaf9a4d5)
[INFO] [stdout] 
[INFO] [stdout] running 0 tests
[INFO] [stdout] 
[INFO] [stdout] test result: ok. 0 passed; 0 failed; 0 ignored; 0 measured; 0 filtered out; finished in 0.00s
[INFO] [stdout] 
[INFO] [stderr]    Doc-tests fimdoc
[INFO] [stdout] 
[INFO] [stdout] running 1 test
[INFO] [stdout] test src/lib.rs - (line 50) ... FAILED
[INFO] [stdout] 
[INFO] [stdout] failures:
[INFO] [stdout] 
[INFO] [stdout] ---- src/lib.rs - (line 50) stdout ----
[INFO] [stdout] error[E0433]: failed to resolve: use of undeclared type `WarningType`
[INFO] [stdout]  --> src/lib.rs:52:12
[INFO] [stdout]   |
[INFO] [stdout] 4 | let warn = WarningType::Quiet;
[INFO] [stdout]   |            ^^^^^^^^^^^ use of undeclared type `WarningType`
[INFO] [stdout]   |
[INFO] [stdout] help: consider importing one of these enums
[INFO] [stdout]   |
[INFO] [stdout] 2 + use fimdoc::parser::WarningType;
[INFO] [stdout]   |
[INFO] [stdout] 2 + use golden_oak_library::md_to_bbcode::WarningType;
[INFO] [stdout]   |
[INFO] [stdout] 
[INFO] [stdout] error[E0425]: cannot find function `parse` in this scope
[INFO] [stdout]  --> src/lib.rs:53:14
[INFO] [stdout]   |
[INFO] [stdout] 5 | let bbcode = parse(md, &warn);
[INFO] [stdout]   |              ^^^^^ not found in this scope
[INFO] [stdout]   |
[INFO] [stdout] help: consider importing one of these functions
[INFO] [stdout]   |
[INFO] [stdout] 2 + use fimdoc::parser::parse;
[INFO] [stdout]   |
[INFO] [stdout] 2 + use golden_oak_library::md_to_bbcode::parse;
[INFO] [stdout]   |
[INFO] [stdout] 
[INFO] [stdout] error: aborting due to 2 previous errors
[INFO] [stdout] 
[INFO] [stdout] Some errors have detailed explanations: E0425, E0433.
[INFO] [stdout] For more information about an error, try `rustc --explain E0425`.
[INFO] [stdout] Couldn't compile the test.
[INFO] [stdout] 
[INFO] [stdout] failures:
[INFO] [stdout]     src/lib.rs - (line 50)
[INFO] [stdout] 
[INFO] [stdout] test result: FAILED. 0 passed; 1 failed; 0 ignored; 0 measured; 0 filtered out; finished in 0.15s
[INFO] [stdout] 
[INFO] [stderr] error: doctest failed, to rerun pass `--doc`
[INFO] running `Command { std: "docker" "inspect" "4efa5c0bd3c18c8f610173349e41c37407731a8223e32a35c6fb1f8a100ecd82", kill_on_drop: false }`
[INFO] running `Command { std: "docker" "rm" "-f" "4efa5c0bd3c18c8f610173349e41c37407731a8223e32a35c6fb1f8a100ecd82", kill_on_drop: false }`
[INFO] [stdout] 4efa5c0bd3c18c8f610173349e41c37407731a8223e32a35c6fb1f8a100ecd82
