[INFO] fetching crate file_access 0.1.9...
[INFO] testing file_access-0.1.9 against 1.83.0 for beta-1.84.0-4-retry
[INFO] extracting crate file_access 0.1.9 into /workspace/builds/worker-4-tc1/source
[INFO] validating manifest of crates.io crate file_access 0.1.9 on toolchain 1.83.0
[INFO] running `Command { std: CARGO_HOME="/workspace/cargo-home" RUSTUP_HOME="/workspace/rustup-home" "/workspace/cargo-home/bin/cargo" "+1.83.0" "metadata" "--manifest-path" "Cargo.toml" "--no-deps", kill_on_drop: false }`
[INFO] started tweaking crates.io crate file_access 0.1.9
[INFO] finished tweaking crates.io crate file_access 0.1.9
[INFO] tweaked toml for crates.io crate file_access 0.1.9 written to /workspace/builds/worker-4-tc1/source/Cargo.toml
[INFO] running `Command { std: CARGO_HOME="/workspace/cargo-home" RUSTUP_HOME="/workspace/rustup-home" "/workspace/cargo-home/bin/cargo" "+1.83.0" "generate-lockfile" "--manifest-path" "Cargo.toml", kill_on_drop: false }`
[INFO] [stderr]     Blocking waiting for file lock on package cache
[INFO] running `Command { std: CARGO_HOME="/workspace/cargo-home" RUSTUP_HOME="/workspace/rustup-home" "/workspace/cargo-home/bin/cargo" "+1.83.0" "fetch" "--manifest-path" "Cargo.toml", kill_on_drop: false }`
[INFO] [stderr]     Blocking waiting for file lock on package cache
[INFO] running `Command { std: "docker" "create" "-v" "/var/lib/crater-agent-workspace/builds/worker-4-tc1/target:/opt/rustwide/target:rw,Z" "-v" "/var/lib/crater-agent-workspace/builds/worker-4-tc1/source:/opt/rustwide/workdir:ro,Z" "-v" "/var/lib/crater-agent-workspace/cargo-home:/opt/rustwide/cargo-home:ro,Z" "-v" "/var/lib/crater-agent-workspace/rustup-home:/opt/rustwide/rustup-home:ro,Z" "-e" "SOURCE_DIR=/opt/rustwide/workdir" "-e" "CARGO_TARGET_DIR=/opt/rustwide/target" "-e" "CARGO_HOME=/opt/rustwide/cargo-home" "-e" "RUSTUP_HOME=/opt/rustwide/rustup-home" "-w" "/opt/rustwide/workdir" "-m" "1610612736" "--user" "0:0" "--network" "none" "ghcr.io/rust-lang/crates-build-env/linux@sha256:f3a9d4ad9d972b27faf3965f35b62e55ba32bbce8f20bc8fe909558a86702fde" "/opt/rustwide/cargo-home/bin/cargo" "+1.83.0" "metadata" "--no-deps" "--format-version=1", kill_on_drop: false }`
[INFO] [stdout] d942f2d0efbbc93d981d8d25e02f38858e9fb2ac3862225def81032e3e94a77b
[INFO] running `Command { std: "docker" "start" "-a" "d942f2d0efbbc93d981d8d25e02f38858e9fb2ac3862225def81032e3e94a77b", kill_on_drop: false }`
[INFO] running `Command { std: "docker" "inspect" "d942f2d0efbbc93d981d8d25e02f38858e9fb2ac3862225def81032e3e94a77b", kill_on_drop: false }`
[INFO] running `Command { std: "docker" "rm" "-f" "d942f2d0efbbc93d981d8d25e02f38858e9fb2ac3862225def81032e3e94a77b", kill_on_drop: false }`
[INFO] [stdout] d942f2d0efbbc93d981d8d25e02f38858e9fb2ac3862225def81032e3e94a77b
[INFO] running `Command { std: "docker" "create" "-v" "/var/lib/crater-agent-workspace/builds/worker-4-tc1/target:/opt/rustwide/target:rw,Z" "-v" "/var/lib/crater-agent-workspace/builds/worker-4-tc1/source:/opt/rustwide/workdir:ro,Z" "-v" "/var/lib/crater-agent-workspace/cargo-home:/opt/rustwide/cargo-home:ro,Z" "-v" "/var/lib/crater-agent-workspace/rustup-home:/opt/rustwide/rustup-home:ro,Z" "-e" "SOURCE_DIR=/opt/rustwide/workdir" "-e" "CARGO_TARGET_DIR=/opt/rustwide/target" "-e" "CARGO_INCREMENTAL=0" "-e" "RUST_BACKTRACE=full" "-e" "RUSTFLAGS=--cap-lints=warn" "-e" "RUSTDOCFLAGS=--cap-lints=warn" "-e" "CARGO_HOME=/opt/rustwide/cargo-home" "-e" "RUSTUP_HOME=/opt/rustwide/rustup-home" "-w" "/opt/rustwide/workdir" "-m" "1610612736" "--user" "0:0" "--network" "none" "ghcr.io/rust-lang/crates-build-env/linux@sha256:f3a9d4ad9d972b27faf3965f35b62e55ba32bbce8f20bc8fe909558a86702fde" "/opt/rustwide/cargo-home/bin/cargo" "+1.83.0" "build" "--frozen" "--message-format=json", kill_on_drop: false }`
[INFO] [stdout] 8769074cf8df208ffb9321fb24dfbc84bd4a90fe0d67f3a4bb81ca0ac4407f9f
[INFO] running `Command { std: "docker" "start" "-a" "8769074cf8df208ffb9321fb24dfbc84bd4a90fe0d67f3a4bb81ca0ac4407f9f", kill_on_drop: false }`
[INFO] [stderr]    Compiling file_access v0.1.9 (/opt/rustwide/workdir)
[INFO] [stderr]     Finished `dev` profile [unoptimized + debuginfo] target(s) in 0.34s
[INFO] running `Command { std: "docker" "inspect" "8769074cf8df208ffb9321fb24dfbc84bd4a90fe0d67f3a4bb81ca0ac4407f9f", kill_on_drop: false }`
[INFO] running `Command { std: "docker" "rm" "-f" "8769074cf8df208ffb9321fb24dfbc84bd4a90fe0d67f3a4bb81ca0ac4407f9f", kill_on_drop: false }`
[INFO] [stdout] 8769074cf8df208ffb9321fb24dfbc84bd4a90fe0d67f3a4bb81ca0ac4407f9f
[INFO] running `Command { std: "docker" "create" "-v" "/var/lib/crater-agent-workspace/builds/worker-4-tc1/target:/opt/rustwide/target:rw,Z" "-v" "/var/lib/crater-agent-workspace/builds/worker-4-tc1/source:/opt/rustwide/workdir:ro,Z" "-v" "/var/lib/crater-agent-workspace/cargo-home:/opt/rustwide/cargo-home:ro,Z" "-v" "/var/lib/crater-agent-workspace/rustup-home:/opt/rustwide/rustup-home:ro,Z" "-e" "SOURCE_DIR=/opt/rustwide/workdir" "-e" "CARGO_TARGET_DIR=/opt/rustwide/target" "-e" "CARGO_INCREMENTAL=0" "-e" "RUST_BACKTRACE=full" "-e" "RUSTFLAGS=--cap-lints=warn" "-e" "RUSTDOCFLAGS=--cap-lints=warn" "-e" "CARGO_HOME=/opt/rustwide/cargo-home" "-e" "RUSTUP_HOME=/opt/rustwide/rustup-home" "-w" "/opt/rustwide/workdir" "-m" "1610612736" "--user" "0:0" "--network" "none" "ghcr.io/rust-lang/crates-build-env/linux@sha256:f3a9d4ad9d972b27faf3965f35b62e55ba32bbce8f20bc8fe909558a86702fde" "/opt/rustwide/cargo-home/bin/cargo" "+1.83.0" "test" "--frozen" "--no-run" "--message-format=json", kill_on_drop: false }`
[INFO] [stdout] a06a763ba8fec0fcd8f70418a41e54ddd347b0bdfcc7d0492c1fb313d7af65ab
[INFO] running `Command { std: "docker" "start" "-a" "a06a763ba8fec0fcd8f70418a41e54ddd347b0bdfcc7d0492c1fb313d7af65ab", kill_on_drop: false }`
[INFO] [stderr]    Compiling file_access v0.1.9 (/opt/rustwide/workdir)
[INFO] [stderr]     Finished `test` profile [unoptimized + debuginfo] target(s) in 0.98s
[INFO] running `Command { std: "docker" "inspect" "a06a763ba8fec0fcd8f70418a41e54ddd347b0bdfcc7d0492c1fb313d7af65ab", kill_on_drop: false }`
[INFO] running `Command { std: "docker" "rm" "-f" "a06a763ba8fec0fcd8f70418a41e54ddd347b0bdfcc7d0492c1fb313d7af65ab", kill_on_drop: false }`
[INFO] [stdout] a06a763ba8fec0fcd8f70418a41e54ddd347b0bdfcc7d0492c1fb313d7af65ab
[INFO] running `Command { std: "docker" "create" "-v" "/var/lib/crater-agent-workspace/builds/worker-4-tc1/target:/opt/rustwide/target:rw,Z" "-v" "/var/lib/crater-agent-workspace/builds/worker-4-tc1/source:/opt/rustwide/workdir:ro,Z" "-v" "/var/lib/crater-agent-workspace/cargo-home:/opt/rustwide/cargo-home:ro,Z" "-v" "/var/lib/crater-agent-workspace/rustup-home:/opt/rustwide/rustup-home:ro,Z" "-e" "SOURCE_DIR=/opt/rustwide/workdir" "-e" "CARGO_TARGET_DIR=/opt/rustwide/target" "-e" "CARGO_INCREMENTAL=0" "-e" "RUST_BACKTRACE=full" "-e" "RUSTFLAGS=--cap-lints=warn" "-e" "RUSTDOCFLAGS=--cap-lints=warn" "-e" "CARGO_HOME=/opt/rustwide/cargo-home" "-e" "RUSTUP_HOME=/opt/rustwide/rustup-home" "-w" "/opt/rustwide/workdir" "-m" "1610612736" "--user" "0:0" "--network" "none" "ghcr.io/rust-lang/crates-build-env/linux@sha256:f3a9d4ad9d972b27faf3965f35b62e55ba32bbce8f20bc8fe909558a86702fde" "/opt/rustwide/cargo-home/bin/cargo" "+1.83.0" "test" "--frozen", kill_on_drop: false }`
[INFO] [stdout] f57ea5561134fba4374af0fe300ff9a17e9c750de2d73bad1463b677d729cd5d
[INFO] running `Command { std: "docker" "start" "-a" "f57ea5561134fba4374af0fe300ff9a17e9c750de2d73bad1463b677d729cd5d", kill_on_drop: false }`
[INFO] [stderr]     Finished `test` profile [unoptimized + debuginfo] target(s) in 0.02s
[INFO] [stderr]      Running unittests src/lib.rs (/opt/rustwide/target/debug/deps/file_access-eb9a34be07b04eee)
[INFO] [stdout] 
[INFO] [stdout] running 21 tests
[INFO] [stdout] test as_file::tests::str_as_file ... ok
[INFO] [stdout] test file_path::tests::append_lines ... FAILED
[INFO] [stdout] test file_path::tests::copy ... FAILED
[INFO] [stdout] test file_path::tests::append_string ... FAILED
[INFO] [stdout] test file_path::tests::rename ... FAILED
[INFO] [stdout] test file_path::tests::write_lines ... FAILED
[INFO] [stdout] test tests::append_string ... FAILED
[INFO] [stdout] test tests::copy ... FAILED
[INFO] [stdout] test tests::delete ... FAILED
[INFO] [stdout] test tests::read_lines ... ok
[INFO] [stdout] test tests::read_string ... ok
[INFO] [stdout] test as_file::tests::string_as_file ... FAILED
[INFO] [stdout] test file_path::tests::read_lines ... ok
[INFO] [stdout] test file_path::tests::delete ... FAILED
[INFO] [stdout] test file_path::tests::read_string ... ok
[INFO] [stdout] test file_path::tests::write_string ... FAILED
[INFO] [stdout] test internal::traits::impls::to_vec_string::tests::vec_str_to_vec_string ... ok
[INFO] [stdout] test tests::write_lines ... FAILED
[INFO] [stdout] test tests::append_lines ... FAILED
[INFO] [stdout] test tests::rename ... FAILED
[INFO] [stdout] test tests::write_string ... FAILED
[INFO] [stdout] 
[INFO] [stdout] failures:
[INFO] [stdout] 
[INFO] [stdout] ---- file_path::tests::append_lines stdout ----
[INFO] [stdout] Error: Os { code: 30, kind: ReadOnlyFilesystem, message: "Read-only file system" }
[INFO] [stdout] 
[INFO] [stdout] ---- file_path::tests::copy stdout ----
[INFO] [stdout] Error: Os { code: 30, kind: ReadOnlyFilesystem, message: "Read-only file system" }
[INFO] [stdout] 
[INFO] [stdout] ---- file_path::tests::append_string stdout ----
[INFO] [stdout] Error: Os { code: 30, kind: ReadOnlyFilesystem, message: "Read-only file system" }
[INFO] [stdout] 
[INFO] [stdout] ---- file_path::tests::rename stdout ----
[INFO] [stdout] Error: Os { code: 30, kind: ReadOnlyFilesystem, message: "Read-only file system" }
[INFO] [stdout] 
[INFO] [stdout] ---- file_path::tests::write_lines stdout ----
[INFO] [stdout] Error: Os { code: 30, kind: ReadOnlyFilesystem, message: "Read-only file system" }
[INFO] [stdout] 
[INFO] [stdout] ---- tests::append_string stdout ----
[INFO] [stdout] Error: Os { code: 30, kind: ReadOnlyFilesystem, message: "Read-only file system" }
[INFO] [stdout] 
[INFO] [stdout] ---- tests::copy stdout ----
[INFO] [stdout] Error: Os { code: 30, kind: ReadOnlyFilesystem, message: "Read-only file system" }
[INFO] [stdout] 
[INFO] [stdout] ---- tests::delete stdout ----
[INFO] [stdout] Error: Os { code: 30, kind: ReadOnlyFilesystem, message: "Read-only file system" }
[INFO] [stdout] 
[INFO] [stdout] ---- as_file::tests::string_as_file stdout ----
[INFO] [stdout] Error: Os { code: 30, kind: ReadOnlyFilesystem, message: "Read-only file system" }
[INFO] [stdout] 
[INFO] [stdout] ---- file_path::tests::delete stdout ----
[INFO] [stdout] Error: Os { code: 30, kind: ReadOnlyFilesystem, message: "Read-only file system" }
[INFO] [stdout] 
[INFO] [stdout] ---- file_path::tests::write_string stdout ----
[INFO] [stdout] Error: Os { code: 30, kind: ReadOnlyFilesystem, message: "Read-only file system" }
[INFO] [stdout] 
[INFO] [stdout] ---- tests::write_lines stdout ----
[INFO] [stdout] Error: Os { code: 30, kind: ReadOnlyFilesystem, message: "Read-only file system" }
[INFO] [stdout] 
[INFO] [stdout] ---- tests::append_lines stdout ----
[INFO] [stdout] Error: Os { code: 30, kind: ReadOnlyFilesystem, message: "Read-only file system" }
[INFO] [stdout] 
[INFO] [stdout] ---- tests::rename stdout ----
[INFO] [stdout] Error: Os { code: 30, kind: ReadOnlyFilesystem, message: "Read-only file system" }
[INFO] [stdout] 
[INFO] [stdout] ---- tests::write_string stdout ----
[INFO] [stdout] Error: Os { code: 30, kind: ReadOnlyFilesystem, message: "Read-only file system" }
[INFO] [stdout] 
[INFO] [stdout] 
[INFO] [stdout] failures:
[INFO] [stdout]     as_file::tests::string_as_file
[INFO] [stdout]     file_path::tests::append_lines
[INFO] [stdout]     file_path::tests::append_string
[INFO] [stdout]     file_path::tests::copy
[INFO] [stdout]     file_path::tests::delete
[INFO] [stdout]     file_path::tests::rename
[INFO] [stdout]     file_path::tests::write_lines
[INFO] [stdout]     file_path::tests::write_string
[INFO] [stdout]     tests::append_lines
[INFO] [stdout]     tests::append_string
[INFO] [stdout]     tests::copy
[INFO] [stdout]     tests::delete
[INFO] [stdout]     tests::rename
[INFO] [stdout]     tests::write_lines
[INFO] [stdout]     tests::write_string
[INFO] [stdout] 
[INFO] [stdout] test result: FAILED. 6 passed; 15 failed; 0 ignored; 0 measured; 0 filtered out; finished in 0.01s
[INFO] [stdout] 
[INFO] [stderr] error: test failed, to rerun pass `--lib`
[INFO] running `Command { std: "docker" "inspect" "f57ea5561134fba4374af0fe300ff9a17e9c750de2d73bad1463b677d729cd5d", kill_on_drop: false }`
[INFO] running `Command { std: "docker" "rm" "-f" "f57ea5561134fba4374af0fe300ff9a17e9c750de2d73bad1463b677d729cd5d", kill_on_drop: false }`
[INFO] [stdout] f57ea5561134fba4374af0fe300ff9a17e9c750de2d73bad1463b677d729cd5d
