[INFO] fetching crate fieldx_derive 0.1.8...
[INFO] testing fieldx_derive-0.1.8 against 1.83.0 for beta-1.84.0-4-retry
[INFO] extracting crate fieldx_derive 0.1.8 into /workspace/builds/worker-1-tc1/source
[INFO] validating manifest of crates.io crate fieldx_derive 0.1.8 on toolchain 1.83.0
[INFO] running `Command { std: CARGO_HOME="/workspace/cargo-home" RUSTUP_HOME="/workspace/rustup-home" "/workspace/cargo-home/bin/cargo" "+1.83.0" "metadata" "--manifest-path" "Cargo.toml" "--no-deps", kill_on_drop: false }`
[INFO] started tweaking crates.io crate fieldx_derive 0.1.8
[INFO] finished tweaking crates.io crate fieldx_derive 0.1.8
[INFO] tweaked toml for crates.io crate fieldx_derive 0.1.8 written to /workspace/builds/worker-1-tc1/source/Cargo.toml
[INFO] crate crates.io crate fieldx_derive 0.1.8 already has a lockfile, it will not be regenerated
[INFO] running `Command { std: CARGO_HOME="/workspace/cargo-home" RUSTUP_HOME="/workspace/rustup-home" "/workspace/cargo-home/bin/cargo" "+1.83.0" "fetch" "--manifest-path" "Cargo.toml", kill_on_drop: false }`
[INFO] [stderr]     Updating crates.io index
[INFO] [stderr]  Downloading crates ...
[INFO] [stderr]   Downloaded fieldx_derive_support v0.1.8
[INFO] [stderr]   Downloaded fieldx_aux v0.1.8
[INFO] running `Command { std: "docker" "create" "-v" "/var/lib/crater-agent-workspace/builds/worker-1-tc1/target:/opt/rustwide/target:rw,Z" "-v" "/var/lib/crater-agent-workspace/builds/worker-1-tc1/source:/opt/rustwide/workdir:ro,Z" "-v" "/var/lib/crater-agent-workspace/cargo-home:/opt/rustwide/cargo-home:ro,Z" "-v" "/var/lib/crater-agent-workspace/rustup-home:/opt/rustwide/rustup-home:ro,Z" "-e" "SOURCE_DIR=/opt/rustwide/workdir" "-e" "CARGO_TARGET_DIR=/opt/rustwide/target" "-e" "CARGO_HOME=/opt/rustwide/cargo-home" "-e" "RUSTUP_HOME=/opt/rustwide/rustup-home" "-w" "/opt/rustwide/workdir" "-m" "1610612736" "--user" "0:0" "--network" "none" "ghcr.io/rust-lang/crates-build-env/linux@sha256:f3a9d4ad9d972b27faf3965f35b62e55ba32bbce8f20bc8fe909558a86702fde" "/opt/rustwide/cargo-home/bin/cargo" "+1.83.0" "metadata" "--no-deps" "--format-version=1", kill_on_drop: false }`
[INFO] [stdout] 0218ab8635a4d674ebc70759a985f205eb3a7bb3559641f84aa500e3fec6aae5
[INFO] running `Command { std: "docker" "start" "-a" "0218ab8635a4d674ebc70759a985f205eb3a7bb3559641f84aa500e3fec6aae5", kill_on_drop: false }`
[INFO] running `Command { std: "docker" "inspect" "0218ab8635a4d674ebc70759a985f205eb3a7bb3559641f84aa500e3fec6aae5", kill_on_drop: false }`
[INFO] running `Command { std: "docker" "rm" "-f" "0218ab8635a4d674ebc70759a985f205eb3a7bb3559641f84aa500e3fec6aae5", kill_on_drop: false }`
[INFO] [stdout] 0218ab8635a4d674ebc70759a985f205eb3a7bb3559641f84aa500e3fec6aae5
[INFO] running `Command { std: "docker" "create" "-v" "/var/lib/crater-agent-workspace/builds/worker-1-tc1/target:/opt/rustwide/target:rw,Z" "-v" "/var/lib/crater-agent-workspace/builds/worker-1-tc1/source:/opt/rustwide/workdir:ro,Z" "-v" "/var/lib/crater-agent-workspace/cargo-home:/opt/rustwide/cargo-home:ro,Z" "-v" "/var/lib/crater-agent-workspace/rustup-home:/opt/rustwide/rustup-home:ro,Z" "-e" "SOURCE_DIR=/opt/rustwide/workdir" "-e" "CARGO_TARGET_DIR=/opt/rustwide/target" "-e" "CARGO_INCREMENTAL=0" "-e" "RUST_BACKTRACE=full" "-e" "RUSTFLAGS=--cap-lints=warn" "-e" "RUSTDOCFLAGS=--cap-lints=warn" "-e" "CARGO_HOME=/opt/rustwide/cargo-home" "-e" "RUSTUP_HOME=/opt/rustwide/rustup-home" "-w" "/opt/rustwide/workdir" "-m" "1610612736" "--user" "0:0" "--network" "none" "ghcr.io/rust-lang/crates-build-env/linux@sha256:f3a9d4ad9d972b27faf3965f35b62e55ba32bbce8f20bc8fe909558a86702fde" "/opt/rustwide/cargo-home/bin/cargo" "+1.83.0" "build" "--frozen" "--message-format=json", kill_on_drop: false }`
[INFO] [stdout] 62773977c929273322eb1140741d6ca1ae37559e7842b1a26cdfbc8e4823ef40
[INFO] running `Command { std: "docker" "start" "-a" "62773977c929273322eb1140741d6ca1ae37559e7842b1a26cdfbc8e4823ef40", kill_on_drop: false }`
[INFO] [stderr]    Compiling proc-macro2 v1.0.92
[INFO] [stderr]    Compiling unicode-ident v1.0.14
[INFO] [stderr]    Compiling fnv v1.0.7
[INFO] [stderr]    Compiling ident_case v1.0.1
[INFO] [stderr]    Compiling strsim v0.11.1
[INFO] [stderr]    Compiling thiserror v2.0.4
[INFO] [stderr]    Compiling paste v1.0.15
[INFO] [stderr]    Compiling once_cell v1.20.2
[INFO] [stderr]    Compiling rust-format v0.3.4
[INFO] [stderr]    Compiling quote v1.0.37
[INFO] [stderr]    Compiling syn v2.0.90
[INFO] [stderr]    Compiling proc-macro-error-attr2 v2.0.0
[INFO] [stderr]    Compiling darling_core v0.20.10
[INFO] [stderr]    Compiling proc-macro-error2 v2.0.1
[INFO] [stderr]    Compiling getset v0.1.3
[INFO] [stderr]    Compiling thiserror-impl v2.0.4
[INFO] [stderr]    Compiling enum_dispatch v0.3.13
[INFO] [stderr]    Compiling delegate v0.13.1
[INFO] [stderr]    Compiling darling_macro v0.20.10
[INFO] [stderr]    Compiling darling v0.20.10
[INFO] [stderr]    Compiling fieldx_derive_support v0.1.8
[INFO] [stderr]    Compiling fieldx_aux v0.1.8
[INFO] [stderr]    Compiling fieldx_derive v0.1.8 (/opt/rustwide/workdir)
[INFO] [stderr]     Finished `dev` profile [unoptimized + debuginfo] target(s) in 18.69s
[INFO] running `Command { std: "docker" "inspect" "62773977c929273322eb1140741d6ca1ae37559e7842b1a26cdfbc8e4823ef40", kill_on_drop: false }`
[INFO] running `Command { std: "docker" "rm" "-f" "62773977c929273322eb1140741d6ca1ae37559e7842b1a26cdfbc8e4823ef40", kill_on_drop: false }`
[INFO] [stdout] 62773977c929273322eb1140741d6ca1ae37559e7842b1a26cdfbc8e4823ef40
[INFO] running `Command { std: "docker" "create" "-v" "/var/lib/crater-agent-workspace/builds/worker-1-tc1/target:/opt/rustwide/target:rw,Z" "-v" "/var/lib/crater-agent-workspace/builds/worker-1-tc1/source:/opt/rustwide/workdir:ro,Z" "-v" "/var/lib/crater-agent-workspace/cargo-home:/opt/rustwide/cargo-home:ro,Z" "-v" "/var/lib/crater-agent-workspace/rustup-home:/opt/rustwide/rustup-home:ro,Z" "-e" "SOURCE_DIR=/opt/rustwide/workdir" "-e" "CARGO_TARGET_DIR=/opt/rustwide/target" "-e" "CARGO_INCREMENTAL=0" "-e" "RUST_BACKTRACE=full" "-e" "RUSTFLAGS=--cap-lints=warn" "-e" "RUSTDOCFLAGS=--cap-lints=warn" "-e" "CARGO_HOME=/opt/rustwide/cargo-home" "-e" "RUSTUP_HOME=/opt/rustwide/rustup-home" "-w" "/opt/rustwide/workdir" "-m" "1610612736" "--user" "0:0" "--network" "none" "ghcr.io/rust-lang/crates-build-env/linux@sha256:f3a9d4ad9d972b27faf3965f35b62e55ba32bbce8f20bc8fe909558a86702fde" "/opt/rustwide/cargo-home/bin/cargo" "+1.83.0" "test" "--frozen" "--no-run" "--message-format=json", kill_on_drop: false }`
[INFO] [stdout] 3388f36a9204a8cdb55db40a545e57f4822cc6faa76549b67ab5a04f6855fc86
[INFO] running `Command { std: "docker" "start" "-a" "3388f36a9204a8cdb55db40a545e57f4822cc6faa76549b67ab5a04f6855fc86", kill_on_drop: false }`
[INFO] [stderr]    Compiling autocfg v1.4.0
[INFO] [stderr]    Compiling libc v0.2.167
[INFO] [stderr]    Compiling serde v1.0.215
[INFO] [stderr]    Compiling parking_lot_core v0.9.10
[INFO] [stderr]    Compiling smallvec v1.13.2
[INFO] [stderr]    Compiling scopeguard v1.2.0
[INFO] [stderr]    Compiling serde_json v1.0.133
[INFO] [stderr]    Compiling cfg-if v1.0.0
[INFO] [stderr]    Compiling ryu v1.0.18
[INFO] [stderr]    Compiling memchr v2.7.4
[INFO] [stderr]    Compiling itoa v1.0.14
[INFO] [stderr]    Compiling fieldx_derive v0.1.8 (/opt/rustwide/workdir)
[INFO] [stderr]    Compiling lock_api v0.4.12
[INFO] [stderr]    Compiling parking_lot v0.12.3
[INFO] [stderr]     Finished `test` profile [unoptimized + debuginfo] target(s) in 9.48s
[INFO] running `Command { std: "docker" "inspect" "3388f36a9204a8cdb55db40a545e57f4822cc6faa76549b67ab5a04f6855fc86", kill_on_drop: false }`
[INFO] running `Command { std: "docker" "rm" "-f" "3388f36a9204a8cdb55db40a545e57f4822cc6faa76549b67ab5a04f6855fc86", kill_on_drop: false }`
[INFO] [stdout] 3388f36a9204a8cdb55db40a545e57f4822cc6faa76549b67ab5a04f6855fc86
[INFO] running `Command { std: "docker" "create" "-v" "/var/lib/crater-agent-workspace/builds/worker-1-tc1/target:/opt/rustwide/target:rw,Z" "-v" "/var/lib/crater-agent-workspace/builds/worker-1-tc1/source:/opt/rustwide/workdir:ro,Z" "-v" "/var/lib/crater-agent-workspace/cargo-home:/opt/rustwide/cargo-home:ro,Z" "-v" "/var/lib/crater-agent-workspace/rustup-home:/opt/rustwide/rustup-home:ro,Z" "-e" "SOURCE_DIR=/opt/rustwide/workdir" "-e" "CARGO_TARGET_DIR=/opt/rustwide/target" "-e" "CARGO_INCREMENTAL=0" "-e" "RUST_BACKTRACE=full" "-e" "RUSTFLAGS=--cap-lints=warn" "-e" "RUSTDOCFLAGS=--cap-lints=warn" "-e" "CARGO_HOME=/opt/rustwide/cargo-home" "-e" "RUSTUP_HOME=/opt/rustwide/rustup-home" "-w" "/opt/rustwide/workdir" "-m" "1610612736" "--user" "0:0" "--network" "none" "ghcr.io/rust-lang/crates-build-env/linux@sha256:f3a9d4ad9d972b27faf3965f35b62e55ba32bbce8f20bc8fe909558a86702fde" "/opt/rustwide/cargo-home/bin/cargo" "+1.83.0" "test" "--frozen", kill_on_drop: false }`
[INFO] [stdout] 8b833c5bcfc1febba1809141ce0cb1078e7556d8f1cf8379d0ff837aba6aa365
[INFO] running `Command { std: "docker" "start" "-a" "8b833c5bcfc1febba1809141ce0cb1078e7556d8f1cf8379d0ff837aba6aa365", kill_on_drop: false }`
[INFO] [stderr]     Finished `test` profile [unoptimized + debuginfo] target(s) in 0.10s
[INFO] [stderr]      Running unittests src/lib.rs (/opt/rustwide/target/debug/deps/fieldx_derive-42bc9c58e5769ad4)
[INFO] [stderr]    Doc-tests fieldx_derive
[INFO] [stdout] 
[INFO] [stdout] running 0 tests
[INFO] [stdout] 
[INFO] [stdout] test result: ok. 0 passed; 0 failed; 0 ignored; 0 measured; 0 filtered out; finished in 0.00s
[INFO] [stdout] 
[INFO] [stdout] 
[INFO] [stdout] running 12 tests
[INFO] [stdout] test src/lib.rs - fxstruct (line 103) ... ignored
[INFO] [stdout] test src/lib.rs - fxstruct (line 486) ... ignored
[INFO] [stdout] test src/lib.rs - fxstruct (line 509) ... ignored
[INFO] [stdout] test src/lib.rs - fxstruct (line 70) ... ignored
[INFO] [stdout] test src/lib.rs - fxstruct (line 76) ... ignored
[INFO] [stdout] test src/lib.rs - fxstruct (line 82) ... ignored
[INFO] [stdout] test src/lib.rs - fxstruct (line 89) ... ignored
[INFO] [stdout] test src/lib.rs - fxstruct (line 324) ... FAILED
[INFO] [stdout] test src/lib.rs - fxstruct (line 425) ... FAILED
[INFO] [stdout] test src/lib.rs - fxstruct (line 274) ... FAILED
[INFO] [stdout] test src/lib.rs - fxstruct (line 186) ... FAILED
[INFO] [stdout] test src/lib.rs - fxstruct (line 300) ... FAILED
[INFO] [stdout] 
[INFO] [stdout] failures:
[INFO] [stdout] 
[INFO] [stdout] ---- src/lib.rs - fxstruct (line 324) stdout ----
[INFO] [stdout] error[E0432]: unresolved import `fieldx`
[INFO] [stdout]  --> src/lib.rs:325:5
[INFO] [stdout]   |
[INFO] [stdout] 2 | use fieldx::fxstruct;
[INFO] [stdout]   |     ^^^^^^ use of undeclared crate or module `fieldx`
[INFO] [stdout] 
[INFO] [stdout] error[E0599]: no function or associated item named `new` found for struct `Foo` in the current scope
[INFO] [stdout]  --> src/lib.rs:331:16
[INFO] [stdout]   |
[INFO] [stdout] 5 | struct Foo {
[INFO] [stdout]   | ---------- function or associated item `new` not found for this struct
[INFO] [stdout] ...
[INFO] [stdout] 8 | let obj = Foo::new();
[INFO] [stdout]   |                ^^^ function or associated item not found in `Foo`
[INFO] [stdout]   |
[INFO] [stdout]   = help: items from traits can only be used if the trait is implemented and in scope
[INFO] [stdout]   = note: the following trait defines an item `new`, perhaps you need to implement it:
[INFO] [stdout]           candidate #1: `parking_lot_core::thread_parker::ThreadParkerT`
[INFO] [stdout] 
[INFO] [stdout] error: aborting due to 2 previous errors
[INFO] [stdout] 
[INFO] [stdout] Some errors have detailed explanations: E0432, E0599.
[INFO] [stdout] For more information about an error, try `rustc --explain E0432`.
[INFO] [stdout] Couldn't compile the test.
[INFO] [stdout] ---- src/lib.rs - fxstruct (line 425) stdout ----
[INFO] [stdout] error[E0432]: unresolved import `fieldx`
[INFO] [stdout]  --> src/lib.rs:426:5
[INFO] [stdout]   |
[INFO] [stdout] 2 | use fieldx::fxstruct;
[INFO] [stdout]   |     ^^^^^^ use of undeclared crate or module `fieldx`
[INFO] [stdout] 
[INFO] [stdout] error[E0432]: unresolved import `serde`
[INFO] [stdout]  --> src/lib.rs:427:5
[INFO] [stdout]   |
[INFO] [stdout] 3 | use serde::{Serialize, Deserialize};
[INFO] [stdout]   |     ^^^^^ use of undeclared crate or module `serde`
[INFO] [stdout] 
[INFO] [stdout] error: cannot find attribute `fieldx` in this scope
[INFO] [stdout]  --> src/lib.rs:431:7
[INFO] [stdout]   |
[INFO] [stdout] 7 |     #[fieldx(reader)]
[INFO] [stdout]   |       ^^^^^^
[INFO] [stdout] 
[INFO] [stdout] error[E0412]: cannot find type `BazDup` in this scope
[INFO] [stdout]   --> src/lib.rs:448:22
[INFO] [stdout]    |
[INFO] [stdout] 24 | impl From<Fubar> for BazDup {
[INFO] [stdout]    |                      ^^^^^^ not found in this scope
[INFO] [stdout] 
[INFO] [stdout] error[E0277]: the trait bound `Baz: serde::de::Deserialize<'_>` is not satisfied
[INFO] [stdout]     --> src/lib.rs:459:14
[INFO] [stdout]      |
[INFO] [stdout] 35   | let foo_de = serde_json::from_str::<Baz>(&json_src).expect("Bar deserialization failure");
[INFO] [stdout]      |              ^^^^^^^^^^^^^^^^^^^^^^^^^^^^^^^^^^^^^^ the trait `serde::de::Deserialize<'_>` is not implemented for `Baz`
[INFO] [stdout]      |
[INFO] [stdout]      = note: for local types consider adding `#[derive(serde::Deserialize)]` to your `Baz` type
[INFO] [stdout]      = note: for types from other crates check whether the crate offers a `serde` feature flag
[INFO] [stdout]      = help: the following other types implement trait `serde::de::Deserialize<'de>`:
[INFO] [stdout]                &'a Path
[INFO] [stdout]                &'a [u8]
[INFO] [stdout]                &'a str
[INFO] [stdout]                ()
[INFO] [stdout]                (T,)
[INFO] [stdout]                (T0, T1)
[INFO] [stdout]                (T0, T1, T2)
[INFO] [stdout]                (T0, T1, T2, T3)
[INFO] [stdout]              and 142 others
[INFO] [stdout] note: required by a bound in `serde_json::from_str`
[INFO] [stdout]     --> /opt/rustwide/cargo-home/registry/src/index.crates.io-6f17d22bba15001f/serde_json-1.0.133/src/de.rs:2694:8
[INFO] [stdout]      |
[INFO] [stdout] 2692 | pub fn from_str<'a, T>(s: &'a str) -> Result<T>
[INFO] [stdout]      |        -------- required by a bound in this function
[INFO] [stdout] 2693 | where
[INFO] [stdout] 2694 |     T: de::Deserialize<'a>,
[INFO] [stdout]      |        ^^^^^^^^^^^^^^^^^^^ required by this bound in `from_str`
[INFO] [stdout] 
[INFO] [stdout] error[E0599]: no method named `f1` found for struct `Baz` in the current scope
[INFO] [stdout]   --> src/lib.rs:460:20
[INFO] [stdout]    |
[INFO] [stdout] 6  | struct Baz {
[INFO] [stdout]    | ---------- method `f1` not found for this struct
[INFO] [stdout] ...
[INFO] [stdout] 36 | assert_eq!(*foo_de.f1(), "f1 json".to_string());
[INFO] [stdout]    |                    ^^-- help: remove the arguments
[INFO] [stdout]    |                    |
[INFO] [stdout]    |                    field, not a method
[INFO] [stdout] 
[INFO] [stdout] error[E0599]: no method named `f2` found for struct `Baz` in the current scope
[INFO] [stdout]   --> src/lib.rs:461:20
[INFO] [stdout]    |
[INFO] [stdout] 6  | struct Baz {
[INFO] [stdout]    | ---------- method `f2` not found for this struct
[INFO] [stdout] ...
[INFO] [stdout] 37 | assert_eq!(*foo_de.f2(), "f2 from fubar".to_string());
[INFO] [stdout]    |                    ^^-- help: remove the arguments
[INFO] [stdout]    |                    |
[INFO] [stdout]    |                    field, not a method
[INFO] [stdout] 
[INFO] [stdout] error: aborting due to 7 previous errors
[INFO] [stdout] 
[INFO] [stdout] Some errors have detailed explanations: E0277, E0412, E0432, E0599.
[INFO] [stdout] For more information about an error, try `rustc --explain E0277`.
[INFO] [stdout] Couldn't compile the test.
[INFO] [stdout] ---- src/lib.rs - fxstruct (line 274) stdout ----
[INFO] [stdout] error[E0432]: unresolved import `fieldx`
[INFO] [stdout]  --> src/lib.rs:275:5
[INFO] [stdout]   |
[INFO] [stdout] 2 | use fieldx::fxstruct;
[INFO] [stdout]   |     ^^^^^^ use of undeclared crate or module `fieldx`
[INFO] [stdout] 
[INFO] [stdout] error[E0599]: no function or associated item named `new` found for struct `Foo` in the current scope
[INFO] [stdout]  --> src/lib.rs:281:20
[INFO] [stdout]   |
[INFO] [stdout] 4 | struct Foo {
[INFO] [stdout]   | ---------- function or associated item `new` not found for this struct
[INFO] [stdout] ...
[INFO] [stdout] 8 | let mut obj = Foo::new();
[INFO] [stdout]   |                    ^^^ function or associated item not found in `Foo`
[INFO] [stdout]   |
[INFO] [stdout]   = help: items from traits can only be used if the trait is implemented and in scope
[INFO] [stdout]   = note: the following trait defines an item `new`, perhaps you need to implement it:
[INFO] [stdout]           candidate #1: `parking_lot_core::thread_parker::ThreadParkerT`
[INFO] [stdout] 
[INFO] [stdout] error: aborting due to 2 previous errors
[INFO] [stdout] 
[INFO] [stdout] Some errors have detailed explanations: E0432, E0599.
[INFO] [stdout] For more information about an error, try `rustc --explain E0432`.
[INFO] [stdout] Couldn't compile the test.
[INFO] [stdout] ---- src/lib.rs - fxstruct (line 186) stdout ----
[INFO] [stdout] error[E0432]: unresolved import `fieldx`
[INFO] [stdout]  --> src/lib.rs:187:5
[INFO] [stdout]   |
[INFO] [stdout] 2 | use fieldx::fxstruct;
[INFO] [stdout]   |     ^^^^^^ use of undeclared crate or module `fieldx`
[INFO] [stdout] 
[INFO] [stdout] error[E0599]: no function or associated item named `builder` found for struct `Foo` in the current scope
[INFO] [stdout]  --> src/lib.rs:193:16
[INFO] [stdout]   |
[INFO] [stdout] 4 | struct Foo {
[INFO] [stdout]   | ---------- function or associated item `builder` not found for this struct
[INFO] [stdout] ...
[INFO] [stdout] 8 | let obj = Foo::builder()
[INFO] [stdout]   |                ^^^^^^^ function or associated item not found in `Foo`
[INFO] [stdout] 
[INFO] [stdout] error: aborting due to 2 previous errors
[INFO] [stdout] 
[INFO] [stdout] Some errors have detailed explanations: E0432, E0599.
[INFO] [stdout] For more information about an error, try `rustc --explain E0432`.
[INFO] [stdout] Couldn't compile the test.
[INFO] [stdout] ---- src/lib.rs - fxstruct (line 300) stdout ----
[INFO] [stdout] error[E0432]: unresolved import `fieldx`
[INFO] [stdout]  --> src/lib.rs:301:5
[INFO] [stdout]   |
[INFO] [stdout] 2 | use fieldx::fxstruct;
[INFO] [stdout]   |     ^^^^^^ use of undeclared crate or module `fieldx`
[INFO] [stdout] 
[INFO] [stdout] error[E0599]: no function or associated item named `new` found for struct `Foo` in the current scope
[INFO] [stdout]  --> src/lib.rs:307:20
[INFO] [stdout]   |
[INFO] [stdout] 4 | struct Foo {
[INFO] [stdout]   | ---------- function or associated item `new` not found for this struct
[INFO] [stdout] ...
[INFO] [stdout] 8 | let mut obj = Foo::new();
[INFO] [stdout]   |                    ^^^ function or associated item not found in `Foo`
[INFO] [stdout]   |
[INFO] [stdout]   = help: items from traits can only be used if the trait is implemented and in scope
[INFO] [stdout]   = note: the following trait defines an item `new`, perhaps you need to implement it:
[INFO] [stdout]           candidate #1: `parking_lot_core::thread_parker::ThreadParkerT`
[INFO] [stdout] 
[INFO] [stdout] error: aborting due to 2 previous errors
[INFO] [stdout] 
[INFO] [stdout] Some errors have detailed explanations: E0432, E0599.
[INFO] [stdout] For more information about an error, try `rustc --explain E0432`.
[INFO] [stdout] Couldn't compile the test.
[INFO] [stdout] 
[INFO] [stdout] failures:
[INFO] [stdout]     src/lib.rs - fxstruct (line 186)
[INFO] [stdout]     src/lib.rs - fxstruct (line 274)
[INFO] [stdout]     src/lib.rs - fxstruct (line 300)
[INFO] [stdout]     src/lib.rs - fxstruct (line 324)
[INFO] [stdout]     src/lib.rs - fxstruct (line 425)
[INFO] [stdout] 
[INFO] [stdout] test result: FAILED. 0 passed; 5 failed; 7 ignored; 0 measured; 0 filtered out; finished in 0.16s
[INFO] [stdout] 
[INFO] [stderr] error: doctest failed, to rerun pass `--doc`
[INFO] running `Command { std: "docker" "inspect" "8b833c5bcfc1febba1809141ce0cb1078e7556d8f1cf8379d0ff837aba6aa365", kill_on_drop: false }`
[INFO] running `Command { std: "docker" "rm" "-f" "8b833c5bcfc1febba1809141ce0cb1078e7556d8f1cf8379d0ff837aba6aa365", kill_on_drop: false }`
[INFO] [stdout] 8b833c5bcfc1febba1809141ce0cb1078e7556d8f1cf8379d0ff837aba6aa365
