[INFO] fetching crate ffxiv-chronowatcher 0.0.4...
[INFO] testing ffxiv-chronowatcher-0.0.4 against 1.83.0 for beta-1.84.0-4-retry
[INFO] extracting crate ffxiv-chronowatcher 0.0.4 into /workspace/builds/worker-2-tc1/source
[INFO] validating manifest of crates.io crate ffxiv-chronowatcher 0.0.4 on toolchain 1.83.0
[INFO] running `Command { std: CARGO_HOME="/workspace/cargo-home" RUSTUP_HOME="/workspace/rustup-home" "/workspace/cargo-home/bin/cargo" "+1.83.0" "metadata" "--manifest-path" "Cargo.toml" "--no-deps", kill_on_drop: false }`
[INFO] started tweaking crates.io crate ffxiv-chronowatcher 0.0.4
[INFO] removed 0 missing tests
[INFO] finished tweaking crates.io crate ffxiv-chronowatcher 0.0.4
[INFO] tweaked toml for crates.io crate ffxiv-chronowatcher 0.0.4 written to /workspace/builds/worker-2-tc1/source/Cargo.toml
[INFO] running `Command { std: CARGO_HOME="/workspace/cargo-home" RUSTUP_HOME="/workspace/rustup-home" "/workspace/cargo-home/bin/cargo" "+1.83.0" "generate-lockfile" "--manifest-path" "Cargo.toml", kill_on_drop: false }`
[INFO] [stderr]     Updating crates.io index
[INFO] [stderr]      Locking 41 packages to latest compatible versions
[INFO] running `Command { std: CARGO_HOME="/workspace/cargo-home" RUSTUP_HOME="/workspace/rustup-home" "/workspace/cargo-home/bin/cargo" "+1.83.0" "fetch" "--manifest-path" "Cargo.toml", kill_on_drop: false }`
[INFO] running `Command { std: "docker" "create" "-v" "/var/lib/crater-agent-workspace/builds/worker-2-tc1/target:/opt/rustwide/target:rw,Z" "-v" "/var/lib/crater-agent-workspace/builds/worker-2-tc1/source:/opt/rustwide/workdir:ro,Z" "-v" "/var/lib/crater-agent-workspace/cargo-home:/opt/rustwide/cargo-home:ro,Z" "-v" "/var/lib/crater-agent-workspace/rustup-home:/opt/rustwide/rustup-home:ro,Z" "-e" "SOURCE_DIR=/opt/rustwide/workdir" "-e" "CARGO_TARGET_DIR=/opt/rustwide/target" "-e" "CARGO_HOME=/opt/rustwide/cargo-home" "-e" "RUSTUP_HOME=/opt/rustwide/rustup-home" "-w" "/opt/rustwide/workdir" "-m" "1610612736" "--user" "0:0" "--network" "none" "ghcr.io/rust-lang/crates-build-env/linux@sha256:f3a9d4ad9d972b27faf3965f35b62e55ba32bbce8f20bc8fe909558a86702fde" "/opt/rustwide/cargo-home/bin/cargo" "+1.83.0" "metadata" "--no-deps" "--format-version=1", kill_on_drop: false }`
[INFO] [stdout] a78c90ba5db3700515a82617877f54b7562a17908f0535d42efadb474cb9cff7
[INFO] running `Command { std: "docker" "start" "-a" "a78c90ba5db3700515a82617877f54b7562a17908f0535d42efadb474cb9cff7", kill_on_drop: false }`
[INFO] running `Command { std: "docker" "inspect" "a78c90ba5db3700515a82617877f54b7562a17908f0535d42efadb474cb9cff7", kill_on_drop: false }`
[INFO] running `Command { std: "docker" "rm" "-f" "a78c90ba5db3700515a82617877f54b7562a17908f0535d42efadb474cb9cff7", kill_on_drop: false }`
[INFO] [stdout] a78c90ba5db3700515a82617877f54b7562a17908f0535d42efadb474cb9cff7
[INFO] running `Command { std: "docker" "create" "-v" "/var/lib/crater-agent-workspace/builds/worker-2-tc1/target:/opt/rustwide/target:rw,Z" "-v" "/var/lib/crater-agent-workspace/builds/worker-2-tc1/source:/opt/rustwide/workdir:ro,Z" "-v" "/var/lib/crater-agent-workspace/cargo-home:/opt/rustwide/cargo-home:ro,Z" "-v" "/var/lib/crater-agent-workspace/rustup-home:/opt/rustwide/rustup-home:ro,Z" "-e" "SOURCE_DIR=/opt/rustwide/workdir" "-e" "CARGO_TARGET_DIR=/opt/rustwide/target" "-e" "CARGO_INCREMENTAL=0" "-e" "RUST_BACKTRACE=full" "-e" "RUSTFLAGS=--cap-lints=warn" "-e" "RUSTDOCFLAGS=--cap-lints=warn" "-e" "CARGO_HOME=/opt/rustwide/cargo-home" "-e" "RUSTUP_HOME=/opt/rustwide/rustup-home" "-w" "/opt/rustwide/workdir" "-m" "1610612736" "--user" "0:0" "--network" "none" "ghcr.io/rust-lang/crates-build-env/linux@sha256:f3a9d4ad9d972b27faf3965f35b62e55ba32bbce8f20bc8fe909558a86702fde" "/opt/rustwide/cargo-home/bin/cargo" "+1.83.0" "build" "--frozen" "--message-format=json", kill_on_drop: false }`
[INFO] [stdout] b7399a8be9dfecc5314808f3ce634ec22546fe3fa4ce0fbff486750b6ddf65d2
[INFO] running `Command { std: "docker" "start" "-a" "b7399a8be9dfecc5314808f3ce634ec22546fe3fa4ce0fbff486750b6ddf65d2", kill_on_drop: false }`
[INFO] [stderr]    Compiling num-traits v0.2.19
[INFO] [stderr]    Compiling iana-time-zone v0.1.61
[INFO] [stderr]    Compiling serde_json v1.0.133
[INFO] [stderr]    Compiling chrono v0.4.39
[INFO] [stderr]    Compiling ffxiv-chronowatcher v0.0.4 (/opt/rustwide/workdir)
[INFO] [stderr]     Finished `dev` profile [unoptimized + debuginfo] target(s) in 5.30s
[INFO] running `Command { std: "docker" "inspect" "b7399a8be9dfecc5314808f3ce634ec22546fe3fa4ce0fbff486750b6ddf65d2", kill_on_drop: false }`
[INFO] running `Command { std: "docker" "rm" "-f" "b7399a8be9dfecc5314808f3ce634ec22546fe3fa4ce0fbff486750b6ddf65d2", kill_on_drop: false }`
[INFO] [stdout] b7399a8be9dfecc5314808f3ce634ec22546fe3fa4ce0fbff486750b6ddf65d2
[INFO] running `Command { std: "docker" "create" "-v" "/var/lib/crater-agent-workspace/builds/worker-2-tc1/target:/opt/rustwide/target:rw,Z" "-v" "/var/lib/crater-agent-workspace/builds/worker-2-tc1/source:/opt/rustwide/workdir:ro,Z" "-v" "/var/lib/crater-agent-workspace/cargo-home:/opt/rustwide/cargo-home:ro,Z" "-v" "/var/lib/crater-agent-workspace/rustup-home:/opt/rustwide/rustup-home:ro,Z" "-e" "SOURCE_DIR=/opt/rustwide/workdir" "-e" "CARGO_TARGET_DIR=/opt/rustwide/target" "-e" "CARGO_INCREMENTAL=0" "-e" "RUST_BACKTRACE=full" "-e" "RUSTFLAGS=--cap-lints=warn" "-e" "RUSTDOCFLAGS=--cap-lints=warn" "-e" "CARGO_HOME=/opt/rustwide/cargo-home" "-e" "RUSTUP_HOME=/opt/rustwide/rustup-home" "-w" "/opt/rustwide/workdir" "-m" "1610612736" "--user" "0:0" "--network" "none" "ghcr.io/rust-lang/crates-build-env/linux@sha256:f3a9d4ad9d972b27faf3965f35b62e55ba32bbce8f20bc8fe909558a86702fde" "/opt/rustwide/cargo-home/bin/cargo" "+1.83.0" "test" "--frozen" "--no-run" "--message-format=json", kill_on_drop: false }`
[INFO] [stdout] 095eeeda0a6d7a6574f71222ba97850568f0261cf3ae868fe34b197a112fd5a8
[INFO] running `Command { std: "docker" "start" "-a" "095eeeda0a6d7a6574f71222ba97850568f0261cf3ae868fe34b197a112fd5a8", kill_on_drop: false }`
[INFO] [stderr]    Compiling ffxiv-chronowatcher v0.0.4 (/opt/rustwide/workdir)
[INFO] [stdout] warning: unused import: `EorzeanDate`
[INFO] [stdout]  --> tests/test_eorzea_time.rs:3:164
[INFO] [stdout]   |
[INFO] [stdout] 3 | ..._eorzea_duration, eorzea_duration_to_earth_sec, EorzeanTime, EorzeanDate};
[INFO] [stdout]   |                                                                 ^^^^^^^^^^^
[INFO] [stdout]   |
[INFO] [stdout]   = note: `#[warn(unused_imports)]` on by default
[INFO] [stdout] 
[INFO] [stdout] 
[INFO] [stderr]     Finished `test` profile [unoptimized + debuginfo] target(s) in 1.42s
[INFO] running `Command { std: "docker" "inspect" "095eeeda0a6d7a6574f71222ba97850568f0261cf3ae868fe34b197a112fd5a8", kill_on_drop: false }`
[INFO] running `Command { std: "docker" "rm" "-f" "095eeeda0a6d7a6574f71222ba97850568f0261cf3ae868fe34b197a112fd5a8", kill_on_drop: false }`
[INFO] [stdout] 095eeeda0a6d7a6574f71222ba97850568f0261cf3ae868fe34b197a112fd5a8
[INFO] running `Command { std: "docker" "create" "-v" "/var/lib/crater-agent-workspace/builds/worker-2-tc1/target:/opt/rustwide/target:rw,Z" "-v" "/var/lib/crater-agent-workspace/builds/worker-2-tc1/source:/opt/rustwide/workdir:ro,Z" "-v" "/var/lib/crater-agent-workspace/cargo-home:/opt/rustwide/cargo-home:ro,Z" "-v" "/var/lib/crater-agent-workspace/rustup-home:/opt/rustwide/rustup-home:ro,Z" "-e" "SOURCE_DIR=/opt/rustwide/workdir" "-e" "CARGO_TARGET_DIR=/opt/rustwide/target" "-e" "CARGO_INCREMENTAL=0" "-e" "RUST_BACKTRACE=full" "-e" "RUSTFLAGS=--cap-lints=warn" "-e" "RUSTDOCFLAGS=--cap-lints=warn" "-e" "CARGO_HOME=/opt/rustwide/cargo-home" "-e" "RUSTUP_HOME=/opt/rustwide/rustup-home" "-w" "/opt/rustwide/workdir" "-m" "1610612736" "--user" "0:0" "--network" "none" "ghcr.io/rust-lang/crates-build-env/linux@sha256:f3a9d4ad9d972b27faf3965f35b62e55ba32bbce8f20bc8fe909558a86702fde" "/opt/rustwide/cargo-home/bin/cargo" "+1.83.0" "test" "--frozen", kill_on_drop: false }`
[INFO] [stdout] 5d3f035ec9829b208d11bb38549b9d18718d9cf248a7827440c497fbd3b21c1b
[INFO] running `Command { std: "docker" "start" "-a" "5d3f035ec9829b208d11bb38549b9d18718d9cf248a7827440c497fbd3b21c1b", kill_on_drop: false }`
[INFO] [stderr] warning: unused import: `EorzeanDate`
[INFO] [stderr]  --> tests/test_eorzea_time.rs:3:164
[INFO] [stderr]   |
[INFO] [stderr] 3 | ..._eorzea_duration, eorzea_duration_to_earth_sec, EorzeanTime, EorzeanDate};
[INFO] [stderr]   |                                                                 ^^^^^^^^^^^
[INFO] [stderr]   |
[INFO] [stderr]   = note: `#[warn(unused_imports)]` on by default
[INFO] [stderr] 
[INFO] [stderr] warning: `ffxiv-chronowatcher` (test "test_eorzea_time") generated 1 warning (run `cargo fix --test "test_eorzea_time"` to apply 1 suggestion)
[INFO] [stderr]     Finished `test` profile [unoptimized + debuginfo] target(s) in 0.07s
[INFO] [stderr]      Running unittests src/lib.rs (/opt/rustwide/target/debug/deps/ffxiv_chronowatcher-68973d0de397b646)
[INFO] [stdout] 
[INFO] [stdout] running 0 tests
[INFO] [stdout] 
[INFO] [stdout] test result: ok. 0 passed; 0 failed; 0 ignored; 0 measured; 0 filtered out; finished in 0.00s
[INFO] [stdout] 
[INFO] [stderr]      Running tests/test_eorzea_time.rs (/opt/rustwide/target/debug/deps/test_eorzea_time-6e28cec1a619c905)
[INFO] [stdout] 
[INFO] [stdout] running 6 tests
[INFO] [stdout] test time_tests::test_convert_to_eorzean_date_astral ... ok
[INFO] [stdout] test time_tests::test_convert_to_eorzean_time ... ok
[INFO] [stdout] test time_tests::test_convert_eorzean_date_umbral ... ok
[INFO] [stdout] test time_tests::test_convert_to_ez_chrono_datetime ... ok
[INFO] [stdout] test time_tests::test_earth_sec_to_eorzea_sec ... ok
[INFO] [stdout] test time_tests::test_eorzea_dur_to_earth_sec ... ok
[INFO] [stdout] 
[INFO] [stdout] test result: ok. 6 passed; 0 failed; 0 ignored; 0 measured; 0 filtered out; finished in 0.01s
[INFO] [stdout] 
[INFO] [stderr]      Running tests/test_eorzea_weather.rs (/opt/rustwide/target/debug/deps/test_eorzea_weather-6434d21dfdc0cd66)
[INFO] [stdout] 
[INFO] [stdout] running 11 tests
[INFO] [stdout] test weather_tests::test_convert_weather_enum_to_string ... ok
[INFO] [stdout] test weather_tests::test_calculate_forecast_pos_offset ... ok
[INFO] [stdout] test weather_tests::test_calculate_current_weather_interval ... ok
[INFO] [stdout] test weather_tests::test_calculate_current_weather_interval_day_overflow ... ok
[INFO] [stdout] test weather_tests::test_get_weather_by_time ... ok
[INFO] [stdout] test weather_tests::test_set_global_offset ... ok
[INFO] [stdout] test weather_tests::test_find_next_weather_occurance ... ok
[INFO] [stdout] test weather_tests::test_calculate_forecast_zero_offset ... ok
[INFO] [stdout] test weather_tests::test_calculate_forecast_neg_offset ... ok
[INFO] [stdout] test weather_tests::get_weather_by_time_panic_zone_not_found - should panic ... ok
[INFO] [stdout] test weather_tests::test_find_weather_by_time_with_offset ... FAILED
[INFO] [stdout] 
[INFO] [stdout] failures:
[INFO] [stdout] 
[INFO] [stdout] ---- weather_tests::test_find_weather_by_time_with_offset stdout ----
[INFO] [stdout] thread 'weather_tests::test_find_weather_by_time_with_offset' panicked at tests/test_eorzea_weather.rs:119:9:
[INFO] [stdout] assertion `left == right` failed
[INFO] [stdout]   left: 1732401922
[INFO] [stdout]  right: 1732401962
[INFO] [stdout] stack backtrace:
[INFO] [stdout]    0:     0x5d1f51a0358a - std::backtrace_rs::backtrace::libunwind::trace::h5a5b8284f2d0c266
[INFO] [stdout]                                at /rustc/90b35a6239c3d8bdabc530a6a0816f7ff89a0aaf/library/std/src/../../backtrace/src/backtrace/libunwind.rs:116:5
[INFO] [stdout]    1:     0x5d1f51a0358a - std::backtrace_rs::backtrace::trace_unsynchronized::h76d4f1c9b0b875e3
[INFO] [stdout]                                at /rustc/90b35a6239c3d8bdabc530a6a0816f7ff89a0aaf/library/std/src/../../backtrace/src/backtrace/mod.rs:66:5
[INFO] [stdout]    2:     0x5d1f51a0358a - std::sys::backtrace::_print_fmt::hc4546b8364a537c6
[INFO] [stdout]                                at /rustc/90b35a6239c3d8bdabc530a6a0816f7ff89a0aaf/library/std/src/sys/backtrace.rs:66:9
[INFO] [stdout]    3:     0x5d1f51a0358a - <std::sys::backtrace::BacktraceLock::print::DisplayBacktrace as core::fmt::Display>::fmt::h5b6bd5631a6d1f6b
[INFO] [stdout]                                at /rustc/90b35a6239c3d8bdabc530a6a0816f7ff89a0aaf/library/std/src/sys/backtrace.rs:39:26
[INFO] [stdout]    4:     0x5d1f51a289f3 - core::fmt::rt::Argument::fmt::h270f6602a2b96f62
[INFO] [stdout]                                at /rustc/90b35a6239c3d8bdabc530a6a0816f7ff89a0aaf/library/core/src/fmt/rt.rs:177:76
[INFO] [stdout]    5:     0x5d1f51a289f3 - core::fmt::write::h7550c97b06c86515
[INFO] [stdout]                                at /rustc/90b35a6239c3d8bdabc530a6a0816f7ff89a0aaf/library/core/src/fmt/mod.rs:1186:21
[INFO] [stdout]    6:     0x5d1f51a00753 - std::io::Write::write_fmt::h509ff860e5956e5e
[INFO] [stdout]                                at /rustc/90b35a6239c3d8bdabc530a6a0816f7ff89a0aaf/library/std/src/io/mod.rs:1839:15
[INFO] [stdout]    7:     0x5d1f51a033d2 - std::sys::backtrace::BacktraceLock::print::h2395ccd2c84ba3aa
[INFO] [stdout]                                at /rustc/90b35a6239c3d8bdabc530a6a0816f7ff89a0aaf/library/std/src/sys/backtrace.rs:42:9
[INFO] [stdout]    8:     0x5d1f51a049ea - std::panicking::default_hook::{{closure}}::he19d4c7230e07961
[INFO] [stdout]                                at /rustc/90b35a6239c3d8bdabc530a6a0816f7ff89a0aaf/library/std/src/panicking.rs:268:22
[INFO] [stdout]    9:     0x5d1f51a047f4 - std::panicking::default_hook::hf614597d3c67bbdb
[INFO] [stdout]                                at /rustc/90b35a6239c3d8bdabc530a6a0816f7ff89a0aaf/library/std/src/panicking.rs:292:9
[INFO] [stdout]   10:     0x5d1f519a5919 - <alloc::boxed::Box<F,A> as core::ops::function::Fn<Args>>::call::h39b51ce4599c23d1
[INFO] [stdout]                                at /rustc/90b35a6239c3d8bdabc530a6a0816f7ff89a0aaf/library/alloc/src/boxed.rs:2468:9
[INFO] [stdout]   11:     0x5d1f519a5919 - test::test_main::{{closure}}::he977ae839a582784
[INFO] [stdout]                                at /rustc/90b35a6239c3d8bdabc530a6a0816f7ff89a0aaf/library/test/src/lib.rs:133:21
[INFO] [stdout]   12:     0x5d1f51a05088 - <alloc::boxed::Box<F,A> as core::ops::function::Fn<Args>>::call::h9455091b6b06f9fb
[INFO] [stdout]                                at /rustc/90b35a6239c3d8bdabc530a6a0816f7ff89a0aaf/library/alloc/src/boxed.rs:2468:9
[INFO] [stdout]   13:     0x5d1f51a05088 - std::panicking::rust_panic_with_hook::h8942133a8b252070
[INFO] [stdout]                                at /rustc/90b35a6239c3d8bdabc530a6a0816f7ff89a0aaf/library/std/src/panicking.rs:809:13
[INFO] [stdout]   14:     0x5d1f51a04e4a - std::panicking::begin_panic_handler::{{closure}}::hb5f5963570096b29
[INFO] [stdout]                                at /rustc/90b35a6239c3d8bdabc530a6a0816f7ff89a0aaf/library/std/src/panicking.rs:674:13
[INFO] [stdout]   15:     0x5d1f51a03a69 - std::sys::backtrace::__rust_end_short_backtrace::h6208cedc1922feda
[INFO] [stdout]                                at /rustc/90b35a6239c3d8bdabc530a6a0816f7ff89a0aaf/library/std/src/sys/backtrace.rs:170:18
[INFO] [stdout]   16:     0x5d1f51a04adc - rust_begin_unwind
[INFO] [stdout]                                at /rustc/90b35a6239c3d8bdabc530a6a0816f7ff89a0aaf/library/std/src/panicking.rs:665:5
[INFO] [stdout]   17:     0x5d1f51966fc0 - core::panicking::panic_fmt::h0c3082644d1bf418
[INFO] [stdout]                                at /rustc/90b35a6239c3d8bdabc530a6a0816f7ff89a0aaf/library/core/src/panicking.rs:74:14
[INFO] [stdout]   18:     0x5d1f5196738b - core::panicking::assert_failed_inner::h2ddf1fcc067fa858
[INFO] [stdout]   19:     0x5d1f5196aa1e - core::panicking::assert_failed::hfc5acac87a05877d
[INFO] [stdout]                                at /rustc/90b35a6239c3d8bdabc530a6a0816f7ff89a0aaf/library/core/src/panicking.rs:367:5
[INFO] [stdout]   20:     0x5d1f5196d5af - test_eorzea_weather::weather_tests::test_find_weather_by_time_with_offset::hcff298fa7df9d5e6
[INFO] [stdout]                                at /opt/rustwide/workdir/tests/test_eorzea_weather.rs:119:9
[INFO] [stdout]   21:     0x5d1f5196d4f7 - test_eorzea_weather::weather_tests::test_find_weather_by_time_with_offset::{{closure}}::hdaf0c6d9aca32286
[INFO] [stdout]                                at /opt/rustwide/workdir/tests/test_eorzea_weather.rs:115:47
[INFO] [stdout]   22:     0x5d1f51969c16 - core::ops::function::FnOnce::call_once::hb1a50903a1b8de01
[INFO] [stdout]                                at /rustc/90b35a6239c3d8bdabc530a6a0816f7ff89a0aaf/library/core/src/ops/function.rs:250:5
[INFO] [stdout]   23:     0x5d1f519aa2db - core::ops::function::FnOnce::call_once::h109cf8051a59b34e
[INFO] [stdout]                                at /rustc/90b35a6239c3d8bdabc530a6a0816f7ff89a0aaf/library/core/src/ops/function.rs:250:5
[INFO] [stdout]   24:     0x5d1f519aa2db - test::__rust_begin_short_backtrace::hf4fff89d377446ba
[INFO] [stdout]                                at /rustc/90b35a6239c3d8bdabc530a6a0816f7ff89a0aaf/library/test/src/lib.rs:621:18
[INFO] [stdout]   25:     0x5d1f519a9b17 - test::run_test_in_process::{{closure}}::h0e39181dd7ee5a43
[INFO] [stdout]                                at /rustc/90b35a6239c3d8bdabc530a6a0816f7ff89a0aaf/library/test/src/lib.rs:644:60
[INFO] [stdout]   26:     0x5d1f519a9b17 - <core::panic::unwind_safe::AssertUnwindSafe<F> as core::ops::function::FnOnce<()>>::call_once::hc5a66a30f0bdfd1f
[INFO] [stdout]                                at /rustc/90b35a6239c3d8bdabc530a6a0816f7ff89a0aaf/library/core/src/panic/unwind_safe.rs:272:9
[INFO] [stdout]   27:     0x5d1f519a9b17 - std::panicking::try::do_call::h873b7cf639554a5e
[INFO] [stdout]                                at /rustc/90b35a6239c3d8bdabc530a6a0816f7ff89a0aaf/library/std/src/panicking.rs:557:40
[INFO] [stdout]   28:     0x5d1f519a9b17 - std::panicking::try::hdb19862fad9c8bd1
[INFO] [stdout]                                at /rustc/90b35a6239c3d8bdabc530a6a0816f7ff89a0aaf/library/std/src/panicking.rs:520:19
[INFO] [stdout]   29:     0x5d1f519a9b17 - std::panic::catch_unwind::h281fe732d236d260
[INFO] [stdout]                                at /rustc/90b35a6239c3d8bdabc530a6a0816f7ff89a0aaf/library/std/src/panic.rs:358:14
[INFO] [stdout]   30:     0x5d1f519a9b17 - test::run_test_in_process::h949b6df8457ed338
[INFO] [stdout]                                at /rustc/90b35a6239c3d8bdabc530a6a0816f7ff89a0aaf/library/test/src/lib.rs:644:27
[INFO] [stdout]   31:     0x5d1f519a9b17 - test::run_test::{{closure}}::h52c556a6d4740e10
[INFO] [stdout]                                at /rustc/90b35a6239c3d8bdabc530a6a0816f7ff89a0aaf/library/test/src/lib.rs:565:43
[INFO] [stdout]   32:     0x5d1f5196edf4 - test::run_test::{{closure}}::h4237f6381c45ccb9
[INFO] [stdout]                                at /rustc/90b35a6239c3d8bdabc530a6a0816f7ff89a0aaf/library/test/src/lib.rs:595:41
[INFO] [stdout]   33:     0x5d1f5196edf4 - std::sys::backtrace::__rust_begin_short_backtrace::h505c97a579eca628
[INFO] [stdout]                                at /rustc/90b35a6239c3d8bdabc530a6a0816f7ff89a0aaf/library/std/src/sys/backtrace.rs:154:18
[INFO] [stdout]   34:     0x5d1f519724be - std::thread::Builder::spawn_unchecked_::{{closure}}::{{closure}}::h9e86b2e2bc107ea3
[INFO] [stdout]                                at /rustc/90b35a6239c3d8bdabc530a6a0816f7ff89a0aaf/library/std/src/thread/mod.rs:538:17
[INFO] [stdout]   35:     0x5d1f519724be - <core::panic::unwind_safe::AssertUnwindSafe<F> as core::ops::function::FnOnce<()>>::call_once::h8b06ddb275ff4a25
[INFO] [stdout]                                at /rustc/90b35a6239c3d8bdabc530a6a0816f7ff89a0aaf/library/core/src/panic/unwind_safe.rs:272:9
[INFO] [stdout]   36:     0x5d1f519724be - std::panicking::try::do_call::hb26ecd7cd9a9355d
[INFO] [stdout]                                at /rustc/90b35a6239c3d8bdabc530a6a0816f7ff89a0aaf/library/std/src/panicking.rs:557:40
[INFO] [stdout]   37:     0x5d1f519724be - std::panicking::try::h8ddeca9d705f9069
[INFO] [stdout]                                at /rustc/90b35a6239c3d8bdabc530a6a0816f7ff89a0aaf/library/std/src/panicking.rs:520:19
[INFO] [stdout]   38:     0x5d1f519724be - std::panic::catch_unwind::h49e1c33078844c46
[INFO] [stdout]                                at /rustc/90b35a6239c3d8bdabc530a6a0816f7ff89a0aaf/library/std/src/panic.rs:358:14
[INFO] [stdout]   39:     0x5d1f519724be - std::thread::Builder::spawn_unchecked_::{{closure}}::h6073db6ff56ad35d
[INFO] [stdout]                                at /rustc/90b35a6239c3d8bdabc530a6a0816f7ff89a0aaf/library/std/src/thread/mod.rs:537:30
[INFO] [stdout]   40:     0x5d1f519724be - core::ops::function::FnOnce::call_once{{vtable.shim}}::h2c5a5f3779c774f1
[INFO] [stdout]                                at /rustc/90b35a6239c3d8bdabc530a6a0816f7ff89a0aaf/library/core/src/ops/function.rs:250:5
[INFO] [stdout]   41:     0x5d1f51a08ddb - <alloc::boxed::Box<F,A> as core::ops::function::FnOnce<Args>>::call_once::hf75717d9f28faebf
[INFO] [stdout]                                at /rustc/90b35a6239c3d8bdabc530a6a0816f7ff89a0aaf/library/alloc/src/boxed.rs:2454:9
[INFO] [stdout]   42:     0x5d1f51a08ddb - <alloc::boxed::Box<F,A> as core::ops::function::FnOnce<Args>>::call_once::h7bd883a5f3c5f3c1
[INFO] [stdout]                                at /rustc/90b35a6239c3d8bdabc530a6a0816f7ff89a0aaf/library/alloc/src/boxed.rs:2454:9
[INFO] [stdout]   43:     0x5d1f51a08ddb - std::sys::pal::unix::thread::Thread::new::thread_start::hcc78f3943333fa94
[INFO] [stdout]                                at /rustc/90b35a6239c3d8bdabc530a6a0816f7ff89a0aaf/library/std/src/sys/pal/unix/thread.rs:105:17
[INFO] [stdout]   44:     0x741afe71fac3 - <unknown>
[INFO] [stdout]   45:     0x741afe7b0a04 - clone
[INFO] [stdout]   46:                0x0 - <unknown>
[INFO] [stdout] 
[INFO] [stdout] 
[INFO] [stdout] failures:
[INFO] [stdout]     weather_tests::test_find_weather_by_time_with_offset
[INFO] [stdout] 
[INFO] [stdout] test result: FAILED. 10 passed; 1 failed; 0 ignored; 0 measured; 0 filtered out; finished in 0.08s
[INFO] [stdout] 
[INFO] [stderr] error: test failed, to rerun pass `--test test_eorzea_weather`
[INFO] running `Command { std: "docker" "inspect" "5d3f035ec9829b208d11bb38549b9d18718d9cf248a7827440c497fbd3b21c1b", kill_on_drop: false }`
[INFO] running `Command { std: "docker" "rm" "-f" "5d3f035ec9829b208d11bb38549b9d18718d9cf248a7827440c497fbd3b21c1b", kill_on_drop: false }`
[INFO] [stdout] 5d3f035ec9829b208d11bb38549b9d18718d9cf248a7827440c497fbd3b21c1b
