[INFO] fetching crate ffmpeg-decoder 0.1.3...
[INFO] testing ffmpeg-decoder-0.1.3 against beta-2024-12-08 for beta-1.84.0-4-retry
[INFO] extracting crate ffmpeg-decoder 0.1.3 into /workspace/builds/worker-6-tc2/source
[INFO] validating manifest of crates.io crate ffmpeg-decoder 0.1.3 on toolchain beta-2024-12-08
[INFO] running `Command { std: CARGO_HOME="/workspace/cargo-home" RUSTUP_HOME="/workspace/rustup-home" "/workspace/cargo-home/bin/cargo" "+beta-2024-12-08" "metadata" "--manifest-path" "Cargo.toml" "--no-deps", kill_on_drop: false }`
[INFO] started tweaking crates.io crate ffmpeg-decoder 0.1.3
[INFO] finished tweaking crates.io crate ffmpeg-decoder 0.1.3
[INFO] tweaked toml for crates.io crate ffmpeg-decoder 0.1.3 written to /workspace/builds/worker-6-tc2/source/Cargo.toml
[INFO] running `Command { std: CARGO_HOME="/workspace/cargo-home" RUSTUP_HOME="/workspace/rustup-home" "/workspace/cargo-home/bin/cargo" "+beta-2024-12-08" "generate-lockfile" "--manifest-path" "Cargo.toml", kill_on_drop: false }`
[INFO] [stderr]     Updating crates.io index
[INFO] [stderr]      Locking 47 packages to latest compatible versions
[INFO] [stderr]       Adding coreaudio-sys v0.2.6 (available: v0.2.16)
[INFO] [stderr]       Adding ffmpeg-sys-next v4.4.0 (available: v7.1.0)
[INFO] [stderr]       Adding rodio v0.11.0 (available: v0.20.1)
[INFO] [stderr]       Adding thiserror v1.0.69 (available: v2.0.7)
[INFO] running `Command { std: CARGO_HOME="/workspace/cargo-home" RUSTUP_HOME="/workspace/rustup-home" "/workspace/cargo-home/bin/cargo" "+beta-2024-12-08" "fetch" "--manifest-path" "Cargo.toml", kill_on_drop: false }`
[INFO] running `Command { std: "docker" "create" "-v" "/var/lib/crater-agent-workspace/builds/worker-6-tc2/target:/opt/rustwide/target:rw,Z" "-v" "/var/lib/crater-agent-workspace/builds/worker-6-tc2/source:/opt/rustwide/workdir:ro,Z" "-v" "/var/lib/crater-agent-workspace/cargo-home:/opt/rustwide/cargo-home:ro,Z" "-v" "/var/lib/crater-agent-workspace/rustup-home:/opt/rustwide/rustup-home:ro,Z" "-e" "SOURCE_DIR=/opt/rustwide/workdir" "-e" "CARGO_TARGET_DIR=/opt/rustwide/target" "-e" "CARGO_HOME=/opt/rustwide/cargo-home" "-e" "RUSTUP_HOME=/opt/rustwide/rustup-home" "-w" "/opt/rustwide/workdir" "-m" "1610612736" "--user" "0:0" "--network" "none" "ghcr.io/rust-lang/crates-build-env/linux@sha256:f3a9d4ad9d972b27faf3965f35b62e55ba32bbce8f20bc8fe909558a86702fde" "/opt/rustwide/cargo-home/bin/cargo" "+beta-2024-12-08" "metadata" "--no-deps" "--format-version=1", kill_on_drop: false }`
[INFO] [stdout] ee0b1d21cad87d5aa92d6ebcee8c348b425a28ba54848d9ce6e9369a23c33004
[INFO] running `Command { std: "docker" "start" "-a" "ee0b1d21cad87d5aa92d6ebcee8c348b425a28ba54848d9ce6e9369a23c33004", kill_on_drop: false }`
[INFO] running `Command { std: "docker" "inspect" "ee0b1d21cad87d5aa92d6ebcee8c348b425a28ba54848d9ce6e9369a23c33004", kill_on_drop: false }`
[INFO] running `Command { std: "docker" "rm" "-f" "ee0b1d21cad87d5aa92d6ebcee8c348b425a28ba54848d9ce6e9369a23c33004", kill_on_drop: false }`
[INFO] [stdout] ee0b1d21cad87d5aa92d6ebcee8c348b425a28ba54848d9ce6e9369a23c33004
[INFO] running `Command { std: "docker" "create" "-v" "/var/lib/crater-agent-workspace/builds/worker-6-tc2/target:/opt/rustwide/target:rw,Z" "-v" "/var/lib/crater-agent-workspace/builds/worker-6-tc2/source:/opt/rustwide/workdir:ro,Z" "-v" "/var/lib/crater-agent-workspace/cargo-home:/opt/rustwide/cargo-home:ro,Z" "-v" "/var/lib/crater-agent-workspace/rustup-home:/opt/rustwide/rustup-home:ro,Z" "-e" "SOURCE_DIR=/opt/rustwide/workdir" "-e" "CARGO_TARGET_DIR=/opt/rustwide/target" "-e" "CARGO_INCREMENTAL=0" "-e" "RUST_BACKTRACE=full" "-e" "RUSTFLAGS=--cap-lints=warn" "-e" "RUSTDOCFLAGS=--cap-lints=warn" "-e" "CARGO_HOME=/opt/rustwide/cargo-home" "-e" "RUSTUP_HOME=/opt/rustwide/rustup-home" "-w" "/opt/rustwide/workdir" "-m" "1610612736" "--user" "0:0" "--network" "none" "ghcr.io/rust-lang/crates-build-env/linux@sha256:f3a9d4ad9d972b27faf3965f35b62e55ba32bbce8f20bc8fe909558a86702fde" "/opt/rustwide/cargo-home/bin/cargo" "+beta-2024-12-08" "build" "--frozen" "--message-format=json", kill_on_drop: false }`
[INFO] [stdout] 389afed0cdd6237767aa8960acf5aef1b14eef0597ea5a61a8d57f23ede07df2
[INFO] running `Command { std: "docker" "start" "-a" "389afed0cdd6237767aa8960acf5aef1b14eef0597ea5a61a8d57f23ede07df2", kill_on_drop: false }`
[INFO] [stderr]    Compiling proc-macro2 v1.0.92
[INFO] [stderr]    Compiling unicode-ident v1.0.14
[INFO] [stderr]    Compiling shlex v1.3.0
[INFO] [stderr]    Compiling glob v0.3.1
[INFO] [stderr]    Compiling libc v0.2.168
[INFO] [stderr]    Compiling version_check v0.9.5
[INFO] [stderr]    Compiling memchr v2.7.4
[INFO] [stderr]    Compiling regex-syntax v0.8.5
[INFO] [stderr]    Compiling bindgen v0.54.0
[INFO] [stderr]    Compiling shlex v0.1.1
[INFO] [stderr]    Compiling lazy_static v1.5.0
[INFO] [stderr]    Compiling bitflags v1.3.2
[INFO] [stderr]    Compiling lazycell v1.3.0
[INFO] [stderr]    Compiling peeking_take_while v0.1.2
[INFO] [stderr]    Compiling rustc-hash v1.1.0
[INFO] [stderr]    Compiling cfg-if v0.1.10
[INFO] [stderr]    Compiling pkg-config v0.3.31
[INFO] [stderr]    Compiling thiserror v1.0.69
[INFO] [stderr]    Compiling log v0.4.22
[INFO] [stderr]    Compiling cc v1.2.4
[INFO] [stderr]    Compiling nom v5.1.3
[INFO] [stderr]    Compiling clang-sys v0.29.3
[INFO] [stderr]    Compiling quote v1.0.37
[INFO] [stderr]    Compiling num_cpus v1.16.0
[INFO] [stderr]    Compiling syn v2.0.90
[INFO] [stderr]    Compiling libloading v0.5.2
[INFO] [stderr]    Compiling regex-automata v0.4.9
[INFO] [stderr]    Compiling cexpr v0.4.0
[INFO] [stderr]    Compiling thiserror-impl v1.0.69
[INFO] [stderr]    Compiling regex v1.11.1
[INFO] [stderr]    Compiling ffmpeg-sys-next v4.4.0
[INFO] [stderr]    Compiling ffmpeg-decoder v0.1.3 (/opt/rustwide/workdir)
[INFO] [stderr]     Finished `dev` profile [unoptimized + debuginfo] target(s) in 26.19s
[INFO] [stderr] warning: the following packages contain code that will be rejected by a future version of Rust: bindgen v0.54.0
[INFO] [stderr] note: to see what the problems were, use the option `--future-incompat-report`, or run `cargo report future-incompatibilities --id 1`
[INFO] running `Command { std: "docker" "inspect" "389afed0cdd6237767aa8960acf5aef1b14eef0597ea5a61a8d57f23ede07df2", kill_on_drop: false }`
[INFO] running `Command { std: "docker" "rm" "-f" "389afed0cdd6237767aa8960acf5aef1b14eef0597ea5a61a8d57f23ede07df2", kill_on_drop: false }`
[INFO] [stdout] 389afed0cdd6237767aa8960acf5aef1b14eef0597ea5a61a8d57f23ede07df2
[INFO] running `Command { std: "docker" "create" "-v" "/var/lib/crater-agent-workspace/builds/worker-6-tc2/target:/opt/rustwide/target:rw,Z" "-v" "/var/lib/crater-agent-workspace/builds/worker-6-tc2/source:/opt/rustwide/workdir:ro,Z" "-v" "/var/lib/crater-agent-workspace/cargo-home:/opt/rustwide/cargo-home:ro,Z" "-v" "/var/lib/crater-agent-workspace/rustup-home:/opt/rustwide/rustup-home:ro,Z" "-e" "SOURCE_DIR=/opt/rustwide/workdir" "-e" "CARGO_TARGET_DIR=/opt/rustwide/target" "-e" "CARGO_INCREMENTAL=0" "-e" "RUST_BACKTRACE=full" "-e" "RUSTFLAGS=--cap-lints=warn" "-e" "RUSTDOCFLAGS=--cap-lints=warn" "-e" "CARGO_HOME=/opt/rustwide/cargo-home" "-e" "RUSTUP_HOME=/opt/rustwide/rustup-home" "-w" "/opt/rustwide/workdir" "-m" "1610612736" "--user" "0:0" "--network" "none" "ghcr.io/rust-lang/crates-build-env/linux@sha256:f3a9d4ad9d972b27faf3965f35b62e55ba32bbce8f20bc8fe909558a86702fde" "/opt/rustwide/cargo-home/bin/cargo" "+beta-2024-12-08" "test" "--frozen" "--no-run" "--message-format=json", kill_on_drop: false }`
[INFO] [stdout] 147f6e61320565fdf35dfd6373012f82ef2a2185ca7c77a2754fc98011bb7190
[INFO] running `Command { std: "docker" "start" "-a" "147f6e61320565fdf35dfd6373012f82ef2a2185ca7c77a2754fc98011bb7190", kill_on_drop: false }`
[INFO] [stderr]    Compiling ffmpeg-decoder v0.1.3 (/opt/rustwide/workdir)
[INFO] [stderr]     Finished `test` profile [unoptimized + debuginfo] target(s) in 0.56s
[INFO] [stderr] warning: the following packages contain code that will be rejected by a future version of Rust: bindgen v0.54.0
[INFO] [stderr] note: to see what the problems were, use the option `--future-incompat-report`, or run `cargo report future-incompatibilities --id 1`
[INFO] running `Command { std: "docker" "inspect" "147f6e61320565fdf35dfd6373012f82ef2a2185ca7c77a2754fc98011bb7190", kill_on_drop: false }`
[INFO] running `Command { std: "docker" "rm" "-f" "147f6e61320565fdf35dfd6373012f82ef2a2185ca7c77a2754fc98011bb7190", kill_on_drop: false }`
[INFO] [stdout] 147f6e61320565fdf35dfd6373012f82ef2a2185ca7c77a2754fc98011bb7190
[INFO] running `Command { std: "docker" "create" "-v" "/var/lib/crater-agent-workspace/builds/worker-6-tc2/target:/opt/rustwide/target:rw,Z" "-v" "/var/lib/crater-agent-workspace/builds/worker-6-tc2/source:/opt/rustwide/workdir:ro,Z" "-v" "/var/lib/crater-agent-workspace/cargo-home:/opt/rustwide/cargo-home:ro,Z" "-v" "/var/lib/crater-agent-workspace/rustup-home:/opt/rustwide/rustup-home:ro,Z" "-e" "SOURCE_DIR=/opt/rustwide/workdir" "-e" "CARGO_TARGET_DIR=/opt/rustwide/target" "-e" "CARGO_INCREMENTAL=0" "-e" "RUST_BACKTRACE=full" "-e" "RUSTFLAGS=--cap-lints=warn" "-e" "RUSTDOCFLAGS=--cap-lints=warn" "-e" "CARGO_HOME=/opt/rustwide/cargo-home" "-e" "RUSTUP_HOME=/opt/rustwide/rustup-home" "-w" "/opt/rustwide/workdir" "-m" "1610612736" "--user" "0:0" "--network" "none" "ghcr.io/rust-lang/crates-build-env/linux@sha256:f3a9d4ad9d972b27faf3965f35b62e55ba32bbce8f20bc8fe909558a86702fde" "/opt/rustwide/cargo-home/bin/cargo" "+beta-2024-12-08" "test" "--frozen", kill_on_drop: false }`
[INFO] [stdout] 01aa7b06d633527a96f1df54899c35e2f6cae0205fb3ee479e860c85b1052615
[INFO] running `Command { std: "docker" "start" "-a" "01aa7b06d633527a96f1df54899c35e2f6cae0205fb3ee479e860c85b1052615", kill_on_drop: false }`
[INFO] [stderr]     Finished `test` profile [unoptimized + debuginfo] target(s) in 0.05s
[INFO] [stderr] warning: the following packages contain code that will be rejected by a future version of Rust: bindgen v0.54.0
[INFO] [stderr] note: to see what the problems were, use the option `--future-incompat-report`, or run `cargo report future-incompatibilities --id 1`
[INFO] [stderr]      Running unittests src/lib.rs (/opt/rustwide/target/debug/deps/ffmpeg_decoder-12b5167d3e14ab66)
[INFO] [stdout] 
[INFO] [stderr]    Doc-tests ffmpeg_decoder
[INFO] [stdout] running 0 tests
[INFO] [stdout] 
[INFO] [stdout] test result: ok. 0 passed; 0 failed; 0 ignored; 0 measured; 0 filtered out; finished in 0.00s
[INFO] [stdout] 
[INFO] [stdout] 
[INFO] [stdout] running 1 test
[INFO] [stdout] test src/lib.rs - (line 15) ... FAILED
[INFO] [stdout] 
[INFO] [stdout] failures:
[INFO] [stdout] 
[INFO] [stdout] ---- src/lib.rs - (line 15) stdout ----
[INFO] [stdout] error[E0432]: unresolved import `rodio`
[INFO] [stdout]  --> src/lib.rs:17:5
[INFO] [stdout]   |
[INFO] [stdout] 5 | use rodio::Sink;
[INFO] [stdout]   |     ^^^^^ use of undeclared crate or module `rodio`
[INFO] [stdout] 
[INFO] [stdout] error[E0412]: cannot find type `Error` in this scope
[INFO] [stdout]  --> src/lib.rs:20:44
[INFO] [stdout]   |
[INFO] [stdout] 8 | fn play_file(input: PathBuf) -> Result<(), Error> {
[INFO] [stdout]   |                                            ^^^^^ not found in this scope
[INFO] [stdout]   |
[INFO] [stdout] help: consider importing one of these items
[INFO] [stdout]   |
[INFO] [stdout] 2 + use std::error::Error;
[INFO] [stdout]   |
[INFO] [stdout] 2 + use std::fmt::Error;
[INFO] [stdout]   |
[INFO] [stdout] 2 + use std::io::Error;
[INFO] [stdout]   |
[INFO] [stdout] 2 + use core::error::Error;
[INFO] [stdout]   |
[INFO] [stdout]     and 2 other candidates
[INFO] [stdout] 
[INFO] [stdout] error[E0433]: failed to resolve: use of undeclared crate or module `rodio`
[INFO] [stdout]   --> src/lib.rs:23:18
[INFO] [stdout]    |
[INFO] [stdout] 11 |     let device = rodio::default_output_device().unwrap();
[INFO] [stdout]    |                  ^^^^^ use of undeclared crate or module `rodio`
[INFO] [stdout] 
[INFO] [stdout] error: aborting due to 3 previous errors
[INFO] [stdout] 
[INFO] [stdout] Some errors have detailed explanations: E0412, E0432, E0433.
[INFO] [stdout] For more information about an error, try `rustc --explain E0412`.
[INFO] [stdout] Couldn't compile the test.
[INFO] [stdout] 
[INFO] [stdout] failures:
[INFO] [stdout]     src/lib.rs - (line 15)
[INFO] [stdout] 
[INFO] [stdout] test result: FAILED. 0 passed; 1 failed; 0 ignored; 0 measured; 0 filtered out; finished in 0.12s
[INFO] [stdout] 
[INFO] [stderr] error: doctest failed, to rerun pass `--doc`
[INFO] running `Command { std: "docker" "inspect" "01aa7b06d633527a96f1df54899c35e2f6cae0205fb3ee479e860c85b1052615", kill_on_drop: false }`
[INFO] running `Command { std: "docker" "rm" "-f" "01aa7b06d633527a96f1df54899c35e2f6cae0205fb3ee479e860c85b1052615", kill_on_drop: false }`
[INFO] [stdout] 01aa7b06d633527a96f1df54899c35e2f6cae0205fb3ee479e860c85b1052615
