[INFO] fetching crate ferrilab 0.1.1...
[INFO] testing ferrilab-0.1.1 against beta-2024-12-08 for beta-1.84.0-4-retry
[INFO] extracting crate ferrilab 0.1.1 into /workspace/builds/worker-6-tc2/source
[INFO] validating manifest of crates.io crate ferrilab 0.1.1 on toolchain beta-2024-12-08
[INFO] running `Command { std: CARGO_HOME="/workspace/cargo-home" RUSTUP_HOME="/workspace/rustup-home" "/workspace/cargo-home/bin/cargo" "+beta-2024-12-08" "metadata" "--manifest-path" "Cargo.toml" "--no-deps", kill_on_drop: false }`
[INFO] started tweaking crates.io crate ferrilab 0.1.1
[INFO] finished tweaking crates.io crate ferrilab 0.1.1
[INFO] tweaked toml for crates.io crate ferrilab 0.1.1 written to /workspace/builds/worker-6-tc2/source/Cargo.toml
[INFO] crate crates.io crate ferrilab 0.1.1 already has a lockfile, it will not be regenerated
[INFO] running `Command { std: CARGO_HOME="/workspace/cargo-home" RUSTUP_HOME="/workspace/rustup-home" "/workspace/cargo-home/bin/cargo" "+beta-2024-12-08" "fetch" "--manifest-path" "Cargo.toml", kill_on_drop: false }`
[INFO] running `Command { std: "docker" "create" "-v" "/var/lib/crater-agent-workspace/builds/worker-6-tc2/target:/opt/rustwide/target:rw,Z" "-v" "/var/lib/crater-agent-workspace/builds/worker-6-tc2/source:/opt/rustwide/workdir:ro,Z" "-v" "/var/lib/crater-agent-workspace/cargo-home:/opt/rustwide/cargo-home:ro,Z" "-v" "/var/lib/crater-agent-workspace/rustup-home:/opt/rustwide/rustup-home:ro,Z" "-e" "SOURCE_DIR=/opt/rustwide/workdir" "-e" "CARGO_TARGET_DIR=/opt/rustwide/target" "-e" "CARGO_HOME=/opt/rustwide/cargo-home" "-e" "RUSTUP_HOME=/opt/rustwide/rustup-home" "-w" "/opt/rustwide/workdir" "-m" "1610612736" "--user" "0:0" "--network" "none" "ghcr.io/rust-lang/crates-build-env/linux@sha256:f3a9d4ad9d972b27faf3965f35b62e55ba32bbce8f20bc8fe909558a86702fde" "/opt/rustwide/cargo-home/bin/cargo" "+beta-2024-12-08" "metadata" "--no-deps" "--format-version=1", kill_on_drop: false }`
[INFO] [stdout] 5483b29333fcf606e322a0bd68b1e656a3ac7b47281f2ed7162d61648d3fcb8d
[INFO] running `Command { std: "docker" "start" "-a" "5483b29333fcf606e322a0bd68b1e656a3ac7b47281f2ed7162d61648d3fcb8d", kill_on_drop: false }`
[INFO] running `Command { std: "docker" "inspect" "5483b29333fcf606e322a0bd68b1e656a3ac7b47281f2ed7162d61648d3fcb8d", kill_on_drop: false }`
[INFO] running `Command { std: "docker" "rm" "-f" "5483b29333fcf606e322a0bd68b1e656a3ac7b47281f2ed7162d61648d3fcb8d", kill_on_drop: false }`
[INFO] [stdout] 5483b29333fcf606e322a0bd68b1e656a3ac7b47281f2ed7162d61648d3fcb8d
[INFO] running `Command { std: "docker" "create" "-v" "/var/lib/crater-agent-workspace/builds/worker-6-tc2/target:/opt/rustwide/target:rw,Z" "-v" "/var/lib/crater-agent-workspace/builds/worker-6-tc2/source:/opt/rustwide/workdir:ro,Z" "-v" "/var/lib/crater-agent-workspace/cargo-home:/opt/rustwide/cargo-home:ro,Z" "-v" "/var/lib/crater-agent-workspace/rustup-home:/opt/rustwide/rustup-home:ro,Z" "-e" "SOURCE_DIR=/opt/rustwide/workdir" "-e" "CARGO_TARGET_DIR=/opt/rustwide/target" "-e" "CARGO_INCREMENTAL=0" "-e" "RUST_BACKTRACE=full" "-e" "RUSTFLAGS=--cap-lints=warn" "-e" "RUSTDOCFLAGS=--cap-lints=warn" "-e" "CARGO_HOME=/opt/rustwide/cargo-home" "-e" "RUSTUP_HOME=/opt/rustwide/rustup-home" "-w" "/opt/rustwide/workdir" "-m" "1610612736" "--user" "0:0" "--network" "none" "ghcr.io/rust-lang/crates-build-env/linux@sha256:f3a9d4ad9d972b27faf3965f35b62e55ba32bbce8f20bc8fe909558a86702fde" "/opt/rustwide/cargo-home/bin/cargo" "+beta-2024-12-08" "build" "--frozen" "--message-format=json", kill_on_drop: false }`
[INFO] [stdout] 8ff0ed2738d80c22dfb3bd380548cac79e62b00e2353d94d58192451612801d7
[INFO] running `Command { std: "docker" "start" "-a" "8ff0ed2738d80c22dfb3bd380548cac79e62b00e2353d94d58192451612801d7", kill_on_drop: false }`
[INFO] [stderr]    Compiling target-lexicon v0.12.13
[INFO] [stderr]    Compiling proc-macro2 v1.0.78
[INFO] [stderr]    Compiling unicode-ident v1.0.12
[INFO] [stderr]    Compiling autocfg v1.1.0
[INFO] [stderr]    Compiling once_cell v1.19.0
[INFO] [stderr]    Compiling libc v0.2.152
[INFO] [stderr]    Compiling parking_lot_core v0.9.9
[INFO] [stderr]    Compiling heck v0.4.1
[INFO] [stderr]    Compiling smallvec v1.13.1
[INFO] [stderr]    Compiling scopeguard v1.2.0
[INFO] [stderr]    Compiling cfg-if v1.0.0
[INFO] [stderr]    Compiling thiserror v1.0.56
[INFO] [stderr]    Compiling unindent v0.2.3
[INFO] [stderr]    Compiling indoc v2.0.4
[INFO] [stderr]    Compiling lock_api v0.4.11
[INFO] [stderr]    Compiling memoffset v0.9.0
[INFO] [stderr]    Compiling quote v1.0.35
[INFO] [stderr]    Compiling pyo3-build-config v0.20.2
[INFO] [stderr]    Compiling syn v2.0.48
[INFO] [stderr]    Compiling parking_lot v0.12.1
[INFO] [stderr]    Compiling pyo3-ffi v0.20.2
[INFO] [stderr]    Compiling pyo3 v0.20.2
[INFO] [stderr]    Compiling pyo3-macros-backend v0.20.2
[INFO] [stderr]    Compiling thiserror-impl v1.0.56
[INFO] [stderr]    Compiling pyo3-macros v0.20.2
[INFO] [stderr]    Compiling ferrilab v0.1.1 (/opt/rustwide/workdir)
[INFO] [stderr]     Finished `dev` profile [unoptimized + debuginfo] target(s) in 31.33s
[INFO] running `Command { std: "docker" "inspect" "8ff0ed2738d80c22dfb3bd380548cac79e62b00e2353d94d58192451612801d7", kill_on_drop: false }`
[INFO] running `Command { std: "docker" "rm" "-f" "8ff0ed2738d80c22dfb3bd380548cac79e62b00e2353d94d58192451612801d7", kill_on_drop: false }`
[INFO] [stdout] 8ff0ed2738d80c22dfb3bd380548cac79e62b00e2353d94d58192451612801d7
[INFO] running `Command { std: "docker" "create" "-v" "/var/lib/crater-agent-workspace/builds/worker-6-tc2/target:/opt/rustwide/target:rw,Z" "-v" "/var/lib/crater-agent-workspace/builds/worker-6-tc2/source:/opt/rustwide/workdir:ro,Z" "-v" "/var/lib/crater-agent-workspace/cargo-home:/opt/rustwide/cargo-home:ro,Z" "-v" "/var/lib/crater-agent-workspace/rustup-home:/opt/rustwide/rustup-home:ro,Z" "-e" "SOURCE_DIR=/opt/rustwide/workdir" "-e" "CARGO_TARGET_DIR=/opt/rustwide/target" "-e" "CARGO_INCREMENTAL=0" "-e" "RUST_BACKTRACE=full" "-e" "RUSTFLAGS=--cap-lints=warn" "-e" "RUSTDOCFLAGS=--cap-lints=warn" "-e" "CARGO_HOME=/opt/rustwide/cargo-home" "-e" "RUSTUP_HOME=/opt/rustwide/rustup-home" "-w" "/opt/rustwide/workdir" "-m" "1610612736" "--user" "0:0" "--network" "none" "ghcr.io/rust-lang/crates-build-env/linux@sha256:f3a9d4ad9d972b27faf3965f35b62e55ba32bbce8f20bc8fe909558a86702fde" "/opt/rustwide/cargo-home/bin/cargo" "+beta-2024-12-08" "test" "--frozen" "--no-run" "--message-format=json", kill_on_drop: false }`
[INFO] [stdout] fe3cc03f237cab99169d07d2242a388d4365238e07fbce41724d593115e09480
[INFO] running `Command { std: "docker" "start" "-a" "fe3cc03f237cab99169d07d2242a388d4365238e07fbce41724d593115e09480", kill_on_drop: false }`
[INFO] [stderr]    Compiling ferrilab v0.1.1 (/opt/rustwide/workdir)
[INFO] [stderr]     Finished `test` profile [unoptimized + debuginfo] target(s) in 3.37s
[INFO] running `Command { std: "docker" "inspect" "fe3cc03f237cab99169d07d2242a388d4365238e07fbce41724d593115e09480", kill_on_drop: false }`
[INFO] running `Command { std: "docker" "rm" "-f" "fe3cc03f237cab99169d07d2242a388d4365238e07fbce41724d593115e09480", kill_on_drop: false }`
[INFO] [stdout] fe3cc03f237cab99169d07d2242a388d4365238e07fbce41724d593115e09480
[INFO] running `Command { std: "docker" "create" "-v" "/var/lib/crater-agent-workspace/builds/worker-6-tc2/target:/opt/rustwide/target:rw,Z" "-v" "/var/lib/crater-agent-workspace/builds/worker-6-tc2/source:/opt/rustwide/workdir:ro,Z" "-v" "/var/lib/crater-agent-workspace/cargo-home:/opt/rustwide/cargo-home:ro,Z" "-v" "/var/lib/crater-agent-workspace/rustup-home:/opt/rustwide/rustup-home:ro,Z" "-e" "SOURCE_DIR=/opt/rustwide/workdir" "-e" "CARGO_TARGET_DIR=/opt/rustwide/target" "-e" "CARGO_INCREMENTAL=0" "-e" "RUST_BACKTRACE=full" "-e" "RUSTFLAGS=--cap-lints=warn" "-e" "RUSTDOCFLAGS=--cap-lints=warn" "-e" "CARGO_HOME=/opt/rustwide/cargo-home" "-e" "RUSTUP_HOME=/opt/rustwide/rustup-home" "-w" "/opt/rustwide/workdir" "-m" "1610612736" "--user" "0:0" "--network" "none" "ghcr.io/rust-lang/crates-build-env/linux@sha256:f3a9d4ad9d972b27faf3965f35b62e55ba32bbce8f20bc8fe909558a86702fde" "/opt/rustwide/cargo-home/bin/cargo" "+beta-2024-12-08" "test" "--frozen", kill_on_drop: false }`
[INFO] [stdout] b6da6ffc450897086d32295c02578e022c4c5f693ba51bfb077bc809904bed28
[INFO] running `Command { std: "docker" "start" "-a" "b6da6ffc450897086d32295c02578e022c4c5f693ba51bfb077bc809904bed28", kill_on_drop: false }`
[INFO] [stderr]     Finished `test` profile [unoptimized + debuginfo] target(s) in 0.04s
[INFO] [stderr]      Running unittests src/lib.rs (/opt/rustwide/target/debug/deps/ferrilab-5be0d3e82de104c4)
[INFO] [stdout] 
[INFO] [stdout] running 2 tests
[INFO] [stdout] test aprox::test::round_test ... ok
[INFO] [stdout] test aprox::test::aprox_test ... ok
[INFO] [stdout] 
[INFO] [stdout] test result: ok. 2 passed; 0 failed; 0 ignored; 0 measured; 0 filtered out; finished in 0.00s
[INFO] [stdout] 
[INFO] [stderr]      Running tests/integration_tests.rs (/opt/rustwide/target/debug/deps/integration_tests-e2ad80543546855b)
[INFO] [stdout] 
[INFO] [stdout] running 5 tests
[INFO] [stdout] test fit_test ... ok
[INFO] [stdout] test get_and_set ... ok
[INFO] [stdout] test macro_test ... ok
[INFO] [stdout] test operations ... ok
[INFO] [stdout] test unpack_test ... ok
[INFO] [stdout] 
[INFO] [stdout] test result: ok. 5 passed; 0 failed; 0 ignored; 0 measured; 0 filtered out; finished in 0.01s
[INFO] [stdout] 
[INFO] [stderr]    Doc-tests ferrilab
[INFO] [stdout] 
[INFO] [stdout] running 4 tests
[INFO] [stdout] test src/tables.rs - tables::Table<'a>::latex (line 73) ... FAILED
[INFO] [stdout] test src/tables.rs - tables::Table<'a>::typst (line 44) ... FAILED
[INFO] [stdout] test src/macros.rs - macros::measure (line 16) ... ok
[INFO] [stdout] test src/lib.rs - (line 18) ... ok
[INFO] [stdout] 
[INFO] [stdout] failures:
[INFO] [stdout] 
[INFO] [stdout] ---- src/tables.rs - tables::Table<'a>::latex (line 73) stdout ----
[INFO] [stdout] error[E0603]: module `tables` is private
[INFO] [stdout]   --> src/tables.rs:75:34
[INFO] [stdout]    |
[INFO] [stdout] 5  | use ferrilab::{measure, Measure, tables::latex};
[INFO] [stdout]    |                                  ^^^^^^ private module
[INFO] [stdout]    |
[INFO] [stdout] note: the module `tables` is defined here
[INFO] [stdout]   --> /opt/rustwide/workdir/src/lib.rs:36:1
[INFO] [stdout]    |
[INFO] [stdout] 36 | mod tables;
[INFO] [stdout]    | ^^^^^^^^^^
[INFO] [stdout] 
[INFO] [stdout] error: aborting due to 1 previous error
[INFO] [stdout] 
[INFO] [stdout] For more information about this error, try `rustc --explain E0603`.
[INFO] [stdout] Couldn't compile the test.
[INFO] [stdout] ---- src/tables.rs - tables::Table<'a>::typst (line 44) stdout ----
[INFO] [stdout] error[E0603]: module `tables` is private
[INFO] [stdout]   --> src/tables.rs:46:34
[INFO] [stdout]    |
[INFO] [stdout] 5  | use ferrilab::{measure, Measure, tables::typst};
[INFO] [stdout]    |                                  ^^^^^^ private module
[INFO] [stdout]    |
[INFO] [stdout] note: the module `tables` is defined here
[INFO] [stdout]   --> /opt/rustwide/workdir/src/lib.rs:36:1
[INFO] [stdout]    |
[INFO] [stdout] 36 | mod tables;
[INFO] [stdout]    | ^^^^^^^^^^
[INFO] [stdout] 
[INFO] [stdout] error: aborting due to 1 previous error
[INFO] [stdout] 
[INFO] [stdout] For more information about this error, try `rustc --explain E0603`.
[INFO] [stdout] Couldn't compile the test.
[INFO] [stdout] 
[INFO] [stdout] failures:
[INFO] [stdout]     src/tables.rs - tables::Table<'a>::latex (line 73)
[INFO] [stdout]     src/tables.rs - tables::Table<'a>::typst (line 44)
[INFO] [stdout] 
[INFO] [stdout] test result: FAILED. 2 passed; 2 failed; 0 ignored; 0 measured; 0 filtered out; finished in 1.50s
[INFO] [stdout] 
[INFO] [stderr] error: doctest failed, to rerun pass `--doc`
[INFO] running `Command { std: "docker" "inspect" "b6da6ffc450897086d32295c02578e022c4c5f693ba51bfb077bc809904bed28", kill_on_drop: false }`
[INFO] running `Command { std: "docker" "rm" "-f" "b6da6ffc450897086d32295c02578e022c4c5f693ba51bfb077bc809904bed28", kill_on_drop: false }`
[INFO] [stdout] b6da6ffc450897086d32295c02578e022c4c5f693ba51bfb077bc809904bed28
