[INFO] fetching crate ferric_crypto_lib 0.2.7...
[INFO] testing ferric_crypto_lib-0.2.7 against 1.83.0 for beta-1.84.0-4-retry
[INFO] extracting crate ferric_crypto_lib 0.2.7 into /workspace/builds/worker-6-tc1/source
[INFO] validating manifest of crates.io crate ferric_crypto_lib 0.2.7 on toolchain 1.83.0
[INFO] running `Command { std: CARGO_HOME="/workspace/cargo-home" RUSTUP_HOME="/workspace/rustup-home" "/workspace/cargo-home/bin/cargo" "+1.83.0" "metadata" "--manifest-path" "Cargo.toml" "--no-deps", kill_on_drop: false }`
[INFO] started tweaking crates.io crate ferric_crypto_lib 0.2.7
[INFO] finished tweaking crates.io crate ferric_crypto_lib 0.2.7
[INFO] tweaked toml for crates.io crate ferric_crypto_lib 0.2.7 written to /workspace/builds/worker-6-tc1/source/Cargo.toml
[INFO] running `Command { std: CARGO_HOME="/workspace/cargo-home" RUSTUP_HOME="/workspace/rustup-home" "/workspace/cargo-home/bin/cargo" "+1.83.0" "generate-lockfile" "--manifest-path" "Cargo.toml", kill_on_drop: false }`
[INFO] [stderr]     Updating crates.io index
[INFO] [stderr]      Locking 91 packages to latest compatible versions
[INFO] [stderr]       Adding itertools v0.12.1 (available: v0.13.0)
[INFO] [stderr]       Adding nalgebra v0.32.6 (available: v0.33.2)
[INFO] [stderr]       Adding pyo3 v0.20.3 (available: v0.23.3)
[INFO] [stderr]       Adding strsim v0.10.0 (available: v0.11.1)
[INFO] [stderr]       Adding thiserror v1.0.69 (available: v2.0.7)
[INFO] running `Command { std: CARGO_HOME="/workspace/cargo-home" RUSTUP_HOME="/workspace/rustup-home" "/workspace/cargo-home/bin/cargo" "+1.83.0" "fetch" "--manifest-path" "Cargo.toml", kill_on_drop: false }`
[INFO] [stderr]  Downloading crates ...
[INFO] [stderr]   Downloaded pyo3-helper-macros v0.0.6
[INFO] [stderr]   Downloaded num-prime v0.4.4
[INFO] [stderr]   Downloaded rug v1.26.1
[INFO] running `Command { std: "docker" "create" "-v" "/var/lib/crater-agent-workspace/builds/worker-6-tc1/target:/opt/rustwide/target:rw,Z" "-v" "/var/lib/crater-agent-workspace/builds/worker-6-tc1/source:/opt/rustwide/workdir:ro,Z" "-v" "/var/lib/crater-agent-workspace/cargo-home:/opt/rustwide/cargo-home:ro,Z" "-v" "/var/lib/crater-agent-workspace/rustup-home:/opt/rustwide/rustup-home:ro,Z" "-e" "SOURCE_DIR=/opt/rustwide/workdir" "-e" "CARGO_TARGET_DIR=/opt/rustwide/target" "-e" "CARGO_HOME=/opt/rustwide/cargo-home" "-e" "RUSTUP_HOME=/opt/rustwide/rustup-home" "-w" "/opt/rustwide/workdir" "-m" "1610612736" "--user" "0:0" "--network" "none" "ghcr.io/rust-lang/crates-build-env/linux@sha256:f3a9d4ad9d972b27faf3965f35b62e55ba32bbce8f20bc8fe909558a86702fde" "/opt/rustwide/cargo-home/bin/cargo" "+1.83.0" "metadata" "--no-deps" "--format-version=1", kill_on_drop: false }`
[INFO] [stdout] 030b9e3fe9774683a5fcf5884073d7eab30816171e0f96342c280b157cf2d94a
[INFO] running `Command { std: "docker" "start" "-a" "030b9e3fe9774683a5fcf5884073d7eab30816171e0f96342c280b157cf2d94a", kill_on_drop: false }`
[INFO] running `Command { std: "docker" "inspect" "030b9e3fe9774683a5fcf5884073d7eab30816171e0f96342c280b157cf2d94a", kill_on_drop: false }`
[INFO] running `Command { std: "docker" "rm" "-f" "030b9e3fe9774683a5fcf5884073d7eab30816171e0f96342c280b157cf2d94a", kill_on_drop: false }`
[INFO] [stdout] 030b9e3fe9774683a5fcf5884073d7eab30816171e0f96342c280b157cf2d94a
[INFO] running `Command { std: "docker" "create" "-v" "/var/lib/crater-agent-workspace/builds/worker-6-tc1/target:/opt/rustwide/target:rw,Z" "-v" "/var/lib/crater-agent-workspace/builds/worker-6-tc1/source:/opt/rustwide/workdir:ro,Z" "-v" "/var/lib/crater-agent-workspace/cargo-home:/opt/rustwide/cargo-home:ro,Z" "-v" "/var/lib/crater-agent-workspace/rustup-home:/opt/rustwide/rustup-home:ro,Z" "-e" "SOURCE_DIR=/opt/rustwide/workdir" "-e" "CARGO_TARGET_DIR=/opt/rustwide/target" "-e" "CARGO_INCREMENTAL=0" "-e" "RUST_BACKTRACE=full" "-e" "RUSTFLAGS=--cap-lints=warn" "-e" "RUSTDOCFLAGS=--cap-lints=warn" "-e" "CARGO_HOME=/opt/rustwide/cargo-home" "-e" "RUSTUP_HOME=/opt/rustwide/rustup-home" "-w" "/opt/rustwide/workdir" "-m" "1610612736" "--user" "0:0" "--network" "none" "ghcr.io/rust-lang/crates-build-env/linux@sha256:f3a9d4ad9d972b27faf3965f35b62e55ba32bbce8f20bc8fe909558a86702fde" "/opt/rustwide/cargo-home/bin/cargo" "+1.83.0" "build" "--frozen" "--message-format=json", kill_on_drop: false }`
[INFO] [stdout] af0867a5baa11d3327ef6ea9457ee0aba79260bc125fa817d408ae98dc0f25c7
[INFO] running `Command { std: "docker" "start" "-a" "af0867a5baa11d3327ef6ea9457ee0aba79260bc125fa817d408ae98dc0f25c7", kill_on_drop: false }`
[INFO] [stderr]    Compiling proc-macro2 v1.0.92
[INFO] [stderr]    Compiling autocfg v1.4.0
[INFO] [stderr]    Compiling unicode-ident v1.0.14
[INFO] [stderr]    Compiling libc v0.2.168
[INFO] [stderr]    Compiling cfg-if v1.0.0
[INFO] [stderr]    Compiling byteorder v1.5.0
[INFO] [stderr]    Compiling crossbeam-utils v0.8.20
[INFO] [stderr]    Compiling gmp-mpfr-sys v1.6.4
[INFO] [stderr]    Compiling paste v1.0.15
[INFO] [stderr]    Compiling bytemuck v1.20.0
[INFO] [stderr]    Compiling radium v0.7.0
[INFO] [stderr]    Compiling either v1.13.0
[INFO] [stderr]    Compiling libm v0.2.11
[INFO] [stderr]    Compiling allocator-api2 v0.2.21
[INFO] [stderr]    Compiling tap v1.0.1
[INFO] [stderr]    Compiling rayon-core v1.12.1
[INFO] [stderr]    Compiling foldhash v0.1.3
[INFO] [stderr]    Compiling typenum v1.17.0
[INFO] [stderr]    Compiling equivalent v1.0.1
[INFO] [stderr]    Compiling az v1.2.1
[INFO] [stderr]    Compiling wyz v0.5.1
[INFO] [stderr]    Compiling rug v1.26.1
[INFO] [stderr]    Compiling rawpointer v0.2.1
[INFO] [stderr]    Compiling funty v2.0.0
[INFO] [stderr]    Compiling thiserror v1.0.69
[INFO] [stderr]    Compiling safe_arch v0.7.2
[INFO] [stderr]    Compiling hashbrown v0.15.2
[INFO] [stderr]    Compiling itertools v0.12.1
[INFO] [stderr]    Compiling lazy_static v1.5.0
[INFO] [stderr]    Compiling num-traits v0.2.19
[INFO] [stderr]    Compiling matrixmultiply v0.3.9
[INFO] [stderr]    Compiling bitvec v1.0.1
[INFO] [stderr]    Compiling wide v0.7.30
[INFO] [stderr]    Compiling lru v0.12.5
[INFO] [stderr]    Compiling strsim v0.10.0
[INFO] [stderr]    Compiling crossbeam-epoch v0.9.18
[INFO] [stderr]    Compiling quote v1.0.37
[INFO] [stderr]    Compiling crossbeam-deque v0.8.5
[INFO] [stderr]    Compiling syn v2.0.90
[INFO] [stderr]    Compiling num-integer v0.1.46
[INFO] [stderr]    Compiling num-complex v0.4.6
[INFO] [stderr]    Compiling approx v0.5.1
[INFO] [stderr]    Compiling getrandom v0.2.15
[INFO] [stderr]    Compiling num-rational v0.4.2
[INFO] [stderr]    Compiling rand_core v0.6.4
[INFO] [stderr]    Compiling rayon v1.10.0
[INFO] [stderr]    Compiling simba v0.8.1
[INFO] [stderr]    Compiling zerocopy-derive v0.7.35
[INFO] [stderr]    Compiling nalgebra-macros v0.2.2
[INFO] [stderr]    Compiling thiserror-impl v1.0.69
[INFO] [stderr]    Compiling zerocopy v0.7.35
[INFO] [stderr]    Compiling ppv-lite86 v0.2.20
[INFO] [stderr]    Compiling rand_chacha v0.3.1
[INFO] [stderr]    Compiling rand v0.8.5
[INFO] [stderr]    Compiling num-bigint v0.4.6
[INFO] [stderr]    Compiling nalgebra v0.32.6
[INFO] [stderr]    Compiling num-modular v0.5.1
[INFO] [stderr]    Compiling num-prime v0.4.4
[INFO] [stderr]    Compiling ferric_crypto_lib v0.2.7 (/opt/rustwide/workdir)
[INFO] [stderr]     Finished `dev` profile [unoptimized + debuginfo] target(s) in 4m 49s
[INFO] running `Command { std: "docker" "inspect" "af0867a5baa11d3327ef6ea9457ee0aba79260bc125fa817d408ae98dc0f25c7", kill_on_drop: false }`
[INFO] running `Command { std: "docker" "rm" "-f" "af0867a5baa11d3327ef6ea9457ee0aba79260bc125fa817d408ae98dc0f25c7", kill_on_drop: false }`
[INFO] [stdout] af0867a5baa11d3327ef6ea9457ee0aba79260bc125fa817d408ae98dc0f25c7
[INFO] running `Command { std: "docker" "create" "-v" "/var/lib/crater-agent-workspace/builds/worker-6-tc1/target:/opt/rustwide/target:rw,Z" "-v" "/var/lib/crater-agent-workspace/builds/worker-6-tc1/source:/opt/rustwide/workdir:ro,Z" "-v" "/var/lib/crater-agent-workspace/cargo-home:/opt/rustwide/cargo-home:ro,Z" "-v" "/var/lib/crater-agent-workspace/rustup-home:/opt/rustwide/rustup-home:ro,Z" "-e" "SOURCE_DIR=/opt/rustwide/workdir" "-e" "CARGO_TARGET_DIR=/opt/rustwide/target" "-e" "CARGO_INCREMENTAL=0" "-e" "RUST_BACKTRACE=full" "-e" "RUSTFLAGS=--cap-lints=warn" "-e" "RUSTDOCFLAGS=--cap-lints=warn" "-e" "CARGO_HOME=/opt/rustwide/cargo-home" "-e" "RUSTUP_HOME=/opt/rustwide/rustup-home" "-w" "/opt/rustwide/workdir" "-m" "1610612736" "--user" "0:0" "--network" "none" "ghcr.io/rust-lang/crates-build-env/linux@sha256:f3a9d4ad9d972b27faf3965f35b62e55ba32bbce8f20bc8fe909558a86702fde" "/opt/rustwide/cargo-home/bin/cargo" "+1.83.0" "test" "--frozen" "--no-run" "--message-format=json", kill_on_drop: false }`
[INFO] [stdout] 82f4a2c3697e9eb71df1a1e95d745de60aa3674aacc39d9f1d7e227cb2881cbd
[INFO] running `Command { std: "docker" "start" "-a" "82f4a2c3697e9eb71df1a1e95d745de60aa3674aacc39d9f1d7e227cb2881cbd", kill_on_drop: false }`
[INFO] [stderr]    Compiling ferric_crypto_lib v0.2.7 (/opt/rustwide/workdir)
[INFO] [stderr]     Finished `test` profile [unoptimized + debuginfo] target(s) in 4.46s
[INFO] running `Command { std: "docker" "inspect" "82f4a2c3697e9eb71df1a1e95d745de60aa3674aacc39d9f1d7e227cb2881cbd", kill_on_drop: false }`
[INFO] running `Command { std: "docker" "rm" "-f" "82f4a2c3697e9eb71df1a1e95d745de60aa3674aacc39d9f1d7e227cb2881cbd", kill_on_drop: false }`
[INFO] [stdout] 82f4a2c3697e9eb71df1a1e95d745de60aa3674aacc39d9f1d7e227cb2881cbd
[INFO] running `Command { std: "docker" "create" "-v" "/var/lib/crater-agent-workspace/builds/worker-6-tc1/target:/opt/rustwide/target:rw,Z" "-v" "/var/lib/crater-agent-workspace/builds/worker-6-tc1/source:/opt/rustwide/workdir:ro,Z" "-v" "/var/lib/crater-agent-workspace/cargo-home:/opt/rustwide/cargo-home:ro,Z" "-v" "/var/lib/crater-agent-workspace/rustup-home:/opt/rustwide/rustup-home:ro,Z" "-e" "SOURCE_DIR=/opt/rustwide/workdir" "-e" "CARGO_TARGET_DIR=/opt/rustwide/target" "-e" "CARGO_INCREMENTAL=0" "-e" "RUST_BACKTRACE=full" "-e" "RUSTFLAGS=--cap-lints=warn" "-e" "RUSTDOCFLAGS=--cap-lints=warn" "-e" "CARGO_HOME=/opt/rustwide/cargo-home" "-e" "RUSTUP_HOME=/opt/rustwide/rustup-home" "-w" "/opt/rustwide/workdir" "-m" "1610612736" "--user" "0:0" "--network" "none" "ghcr.io/rust-lang/crates-build-env/linux@sha256:f3a9d4ad9d972b27faf3965f35b62e55ba32bbce8f20bc8fe909558a86702fde" "/opt/rustwide/cargo-home/bin/cargo" "+1.83.0" "test" "--frozen", kill_on_drop: false }`
[INFO] [stdout] 865567ca06ee8bc7424a5b67240fb61aa543eb3e59e801a454f2c86642029d44
[INFO] running `Command { std: "docker" "start" "-a" "865567ca06ee8bc7424a5b67240fb61aa543eb3e59e801a454f2c86642029d44", kill_on_drop: false }`
[INFO] [stderr]     Finished `test` profile [unoptimized + debuginfo] target(s) in 0.09s
[INFO] [stderr]      Running unittests src/lib.rs (/opt/rustwide/target/debug/deps/ferric_crypto_lib-d6b341fb462c6a7a)
[INFO] [stdout] 
[INFO] [stdout] running 99 tests
[INFO] [stdout] test brute_force::ceasar::tests::brute_force_returns_error_when_decryption_fails ... ok
[INFO] [stdout] test crypto_systems::des::tests::get_blocks_handles_long_unicode_characters_correctly ... ok
[INFO] [stdout] test crypto_systems::des::tests::get_blocks_returns_correct_blocks_for_input_of_16_bytes ... ok
[INFO] [stdout] test crypto_systems::des::tests::get_blocks_handles_ascii_characters_correctly ... ok
[INFO] [stdout] test crypto_systems::des::tests::get_blocks_returns_correct_blocks_for_input_of_17_bytes ... ok
[INFO] [stdout] test crypto_systems::des::tests::get_blocks_handles_mixed_ascii_and_unicode_characters_correctly ... ok
[INFO] [stdout] test crypto_systems::des::tests::get_blocks_handles_unicode_characters_correctly ... ok
[INFO] [stdout] test crypto_systems::des::tests::get_blocks_returns_correct_blocks_for_input_of_25_bytes ... ok
[INFO] [stdout] test crypto_systems::des::tests::get_blocks_returns_correct_blocks_for_input_of_24_bytes ... ok
[INFO] [stdout] test crypto_systems::des::tests::get_blocks_returns_empty_vector_for_empty_input ... ok
[INFO] [stdout] test crypto_systems::des::tests::get_blocks_returns_single_block_for_input_of_8_bytes ... ok
[INFO] [stdout] test crypto_systems::des::tests::get_blocks_returns_two_blocks_for_input_of_9_bytes ... ok
[INFO] [stdout] test crypto_systems::hill_crypto::tests::invalid_key_returns_false ... ok
[INFO] [stdout] test crypto_systems::des::tests::get_blocks_returns_single_block_for_input_less_than_8_bytes ... ok
[INFO] [stdout] test crypto_systems::hill_crypto::tests::non_square_key_returns_false ... ok
[INFO] [stdout] test crypto_systems::des::tests::get_blocks_returns_correct_blocks_for_input_of_32_bytes ... ok
[INFO] [stdout] test crypto_systems::des::tests::initial_permutation_for_single_block_less_than_8_bytes ... ok
[INFO] [stdout] test crypto_systems::des::tests::test_key_gen ... ok
[INFO] [stdout] test crypto_systems::des::tests::test_key_gen_simple ... ok
[INFO] [stdout] test crypto_systems::hill_crypto::tests::valid_filler_returns_true ... ok
[INFO] [stdout] test crypto_systems::hill_crypto::tests::valid_key_returns_true ... ok
[INFO] [stdout] test crypto_systems::mix::tests::key_creation_with_invalid_values ... ok
[INFO] [stdout] test crypto_systems::mix::tests::key_creation_with_valid_values ... ok
[INFO] [stdout] test crypto_systems::mix::tests::key_creation_with_values_exceeding_alphabet_len ... ok
[INFO] [stdout] test crypto_systems::mix::tests::key_validation_with_invalid_values ... ok
[INFO] [stdout] test crypto_systems::mix::tests::key_validation_with_valid_values ... ok
[INFO] [stdout] test crypto_systems::mix::tests::key_validation_with_values_exceeding_alphabet_len ... ok
[INFO] [stdout] test crypto_systems::mix::tests::test_from ... ok
[INFO] [stdout] test crypto_systems::mix::tests::test_get_split_input ... ok
[INFO] [stdout] test crypto_systems::rsa::tests::test_factorize ... ok
[INFO] [stdout] test crypto_systems::mono_alphabet::tests::generates_dictionary_with_alphabet_keys ... ok
[INFO] [stdout] test crypto_systems::mono_alphabet::tests::generates_dictionary_with_unique_values ... ok
[INFO] [stdout] test crypto_systems::mono_alphabet::tests::generates_dictionary_with_correct_size ... ok
[INFO] [stdout] test crypto_systems::mono_alphabet::tests::generates_dictionary_with_alphabet_values ... ok
[INFO] [stdout] test crypto_systems::hill_crypto::tests::invalid_filler_returns_false ... ok
[INFO] [stdout] test decrypt::affine::tests::decrypts_empty_string ... ok
[INFO] [stdout] test decrypt::affine::tests::decrypts_single_character ... ok
[INFO] [stdout] test decrypt::ceasar::test::decrypts_wrap ... ok
[INFO] [stdout] test decrypt::mono_alphabet::tests::decrypts_empty_string ... ok
[INFO] [stdout] test crypto_systems::rsa::tests::test_full_sys ... ok
[INFO] [stdout] test decrypt::ceasar::test::decrypts_uppercase ... ok
[INFO] [stdout] test decrypt::mono_alphabet::tests::decrypts_lowercase_letters ... ok
[INFO] [stdout] test decrypt::mono_alphabet::tests::decrypts_mixed_case ... ok
[INFO] [stdout] test crypto_systems::tests::vahf::test_generate_keys ... ok
[INFO] [stdout] test decrypt::affine::tests::decrypts_input_correctly ... ok
[INFO] [stdout] test decrypt::ceasar::test::test_encrypt_digit ... ok
[INFO] [stdout] test brute_force::ceasar::tests::brute_force_returns_matching_permutation_when_clear_text_matches ... ok
[INFO] [stdout] test brute_force::ceasar::tests::brute_force_returns_all_permutations_when_no_clear_text ... ok
[INFO] [stdout] test decrypt::ceasar::test::decrypts_lowercase ... ok
[INFO] [stdout] test decrypt::ceasar::test::test_decrypt ... ok
[INFO] [stdout] test decrypt::mono_alphabet::tests::decrypts_non_alphabetic_characters ... ok
[INFO] [stdout] test decrypt::mix::test::test_decrypt ... ok
[INFO] [stdout] test encrypt::affine::tests::encrypts_empty_string ... ok
[INFO] [stdout] test encrypt::ceasar::test::encrypts_empty_string ... ok
[INFO] [stdout] test encrypt::ceasar::test::encrypts_non_alphabetic_characters ... ok
[INFO] [stdout] test encrypt::ceasar::test::encrypts_with_zero_shift ... ok
[INFO] [stdout] test decrypt::rsa::test::test_decrypt ... ok
[INFO] [stdout] test decrypt::mono_alphabet::tests::decrypts_uppercase_letters ... ok
[INFO] [stdout] test encrypt::affine::tests::encrypts_single_character ... ok
[INFO] [stdout] test encrypt::ceasar::test::encrypts_wrap ... ok
[INFO] [stdout] test encrypt::mix::test::test_encrypt ... ok
[INFO] [stdout] test encrypt::hill_crypto::test::test_hill_crypto_H ... ok
[INFO] [stdout] test encrypt::ceasar::test::encrypts_lowercase ... ok
[INFO] [stdout] test encrypt::ceasar::test::encrypts_mixed_case ... ok
[INFO] [stdout] test encrypt::affine::tests::encrypts_input_correctly ... ok
[INFO] [stdout] test decrypt::vigenere::tests::decrypts_input_correctly ... ok
[INFO] [stdout] test encrypt::hill_crypto::test::test_hill_crypto_2_V ... ok
[INFO] [stdout] test encrypt::ceasar::test::encrypts_uppercase ... ok
[INFO] [stdout] test decrypt::rsa::test::test_decryption ... ok
[INFO] [stdout] test encrypt::hill_crypto::test::test_hill_crypto_2_H ... ok
[INFO] [stdout] test encrypt::ceasar::test::encrypts_with_large_shift ... ok
[INFO] [stdout] test encrypt::hill_crypto::test::test_hill_crypto_V ... ok
[INFO] [stdout] test utils::test::sve_char_returns_error_for_non_alphabet_character ... ok
[INFO] [stdout] test encrypt::mix::test::test_mix_function ... ok
[INFO] [stdout] test encrypt::mono_alphabet::tests::encrypts_non_alphabetic_characters ... ok
[INFO] [stdout] test encrypt::mono_alphabet::tests::encrypts_empty_string ... ok
[INFO] [stdout] test encrypt::mono_alphabet::tests::encrypts_lowercase_letters ... ok
[INFO] [stdout] test encrypt::mono_alphabet::tests::encrypts_mixed_case ... ok
[INFO] [stdout] test encrypt::mono_alphabet::tests::encrypts_uppercase_letters ... ok
[INFO] [stdout] test encrypt::rsa::test::test_rsa_encrypt ... ok
[INFO] [stdout] test encrypt::transposition::tests::simple_encrypt ... ok
[INFO] [stdout] test utils::matrix_functions::test_things ... ok
[INFO] [stdout] test utils::test::test_encode_string ... ok
[INFO] [stdout] test utils::test::test_encode_string_2 ... ok
[INFO] [stdout] test utils::test::sve_returns_error_for_non_alphabet_characters ... ok
[INFO] [stdout] test encrypt::vigenere::tests::encrypts_input_correctly ... ok
[INFO] [stdout] test utils::test::test_gcd_1 ... ok
[INFO] [stdout] test utils::test::test_gcd_numbers ... ok
[INFO] [stdout] test utils::test::test_encode_string_asym ... ok
[INFO] [stdout] test utils::test::test_sve_char ... ok
[INFO] [stdout] test utils::test::test_sve ... ok
[INFO] [stdout] test utils::test::sve_vec_returns_error_for_out_of_range_indices ... ok
[INFO] [stdout] test utils::test::test_sve_act ... ok
[INFO] [stdout] test utils::test::test_sve_invalid_char ... ok
[INFO] [stdout] test utils::test::test_transpose_matrix ... ok
[INFO] [stdout] test utils::test::test_sve_vec ... ok
[INFO] [stdout] test crypto_systems::mix::tests::test_brute_force ... ok
[INFO] [stdout] test brute_force::mix::tests::brute_force_returns_correct_decryption_for_known_key ... ok
[INFO] [stdout] test crypto_systems::rsa::tests::test_larger_rsa_sys ... ok
[INFO] [stdout] 
[INFO] [stdout] test result: ok. 99 passed; 0 failed; 0 ignored; 0 measured; 0 filtered out; finished in 17.08s
[INFO] [stdout] 
[INFO] [stderr]    Doc-tests ferric_crypto_lib
[INFO] [stdout] 
[INFO] [stdout] running 21 tests
[INFO] [stdout] test src/decrypt/ceasar.rs - decrypt::ceasar::Ceasar::decrypt (line 27) ... FAILED
[INFO] [stdout] test src/utils/encoding/custom.rs - utils::encoding::custom::EncodedString::flatten (line 238) ... FAILED
[INFO] [stdout] test src/crypto_systems/mix.rs - crypto_systems::mix::Mix::new (line 140) ... FAILED
[INFO] [stdout] test src/crypto_systems/mix.rs - crypto_systems::mix::MixKey::new (line 31) ... FAILED
[INFO] [stdout] test src/crypto_systems/mix.rs - crypto_systems::mix::Mix::get_split_input (line 168) ... FAILED
[INFO] [stdout] test src/encrypt/ceasar.rs - encrypt::ceasar::Ceasar::encrypt (line 26) ... FAILED
[INFO] [stdout] test src/crypto_systems/ceasar.rs - crypto_systems::ceasar::Ceasar::new_with_rand_shift (line 57) ... FAILED
[INFO] [stdout] test src/decrypt/mono_alphabet.rs - decrypt::mono_alphabet::Monosubstitution::decrypt (line 21) ... FAILED
[INFO] [stdout] test src/encrypt/hill_crypto.rs - encrypt::hill_crypto::Hill::encrypt (line 46) ... FAILED
[INFO] [stdout] test src/utils/mod.rs - utils::decode_digit (line 277) ... FAILED
[INFO] [stdout] test src/utils/matrix_functions.rs - utils::matrix_functions::transpose_matrix (line 19) ... ok
[INFO] [stdout] test src/utils/matrix_functions.rs - utils::matrix_functions::reshape_to_matrix (line 55) ... ok
[INFO] [stdout] test src/crypto_systems/ceasar.rs - crypto_systems::ceasar::Ceasar::new (line 41) ... ok
[INFO] [stdout] test src/utils/encoding/custom.rs - utils::encoding::custom::BaseString::encode_asym (line 93) ... ok
[INFO] [stdout] test src/utils/encoding/custom.rs - utils::encoding::custom::EncodedString::flatten (line 245) ... ok
[INFO] [stdout] test src/utils/encoding/custom.rs - utils::encoding::custom::BaseString::encode (line 17) ... ok
[INFO] [stdout] test src/crypto_systems/mix.rs - crypto_systems::mix::Mix (line 105) ... ok
[INFO] [stdout] test src/utils/mod.rs - utils::encode_string (line 158) ... ok
[INFO] [stdout] test src/encrypt/hill_crypto.rs - encrypt::hill_crypto::Hill::encrypt (line 26) ... ok
[INFO] [stdout] test src/utils/mod.rs - utils::encode_char (line 249) ... ok
[INFO] [stdout] test src/utils/mod.rs - utils::decode_list (line 205) ... ok
[INFO] [stdout] 
[INFO] [stdout] failures:
[INFO] [stdout] 
[INFO] [stdout] ---- src/decrypt/ceasar.rs - decrypt::ceasar::Ceasar::decrypt (line 27) stdout ----
[INFO] [stdout] error: linking with `cc` failed: exit status: 1
[INFO] [stdout]   |
[INFO] [stdout]   = note: LC_ALL="C" PATH="/opt/rustwide/rustup-home/toolchains/1.83.0-x86_64-unknown-linux-gnu/lib/rustlib/x86_64-unknown-linux-gnu/bin:/opt/rustwide/cargo-home/bin:/usr/local/sbin:/usr/local/bin:/usr/sbin:/usr/bin:/sbin:/bin" VSLANG="1033" "cc" "-m64" "/tmp/rustcIp3zpt/symbols.o" "/tmp/rustdoctest9uIhuf/rust_out.rust_out.cb03291d53e4e161-cgu.0.rcgu.o" "/tmp/rustdoctest9uIhuf/rust_out.1s7umcihpz0t7nkz1uc2ifee9.rcgu.o" "-Wl,--as-needed" "-Wl,-Bstatic" "/opt/rustwide/target/debug/deps/libferric_crypto_lib.rlib" "/opt/rustwide/target/debug/deps/libnum_prime-deb5c587d4b2f160.rlib" "/opt/rustwide/target/debug/deps/libnum_modular-19a58b9390e93219.rlib" "/opt/rustwide/target/debug/deps/liblru-9e1ac9d392492b75.rlib" "/opt/rustwide/target/debug/deps/libhashbrown-3371eec0f6ad1b35.rlib" "/opt/rustwide/target/debug/deps/libfoldhash-7085108c4e7cb0e0.rlib" "/opt/rustwide/target/debug/deps/libequivalent-4d5cfde55792e26d.rlib" "/opt/rustwide/target/debug/deps/liballocator_api2-88d7b7890afadc02.rlib" "/opt/rustwide/target/debug/deps/libbitvec-b140377dfdb77f04.rlib" "/opt/rustwide/target/debug/deps/libwyz-1bf639ea2585bd37.rlib" "/opt/rustwide/target/debug/deps/libtap-88d1698c4d44c9d2.rlib" "/opt/rustwide/target/debug/deps/libradium-70b4d14a4cf73461.rlib" "/opt/rustwide/target/debug/deps/libfunty-8432ee30c8d1a4ea.rlib" "/opt/rustwide/target/debug/deps/libthiserror-86597c7ebf195168.rlib" "/opt/rustwide/target/debug/deps/libstrsim-5d81c8771286823e.rlib" "/opt/rustwide/target/debug/deps/libitertools-afd6d47054afcdc8.rlib" "/opt/rustwide/target/debug/deps/librayon-c9eda3cbee0f4c56.rlib" "/opt/rustwide/target/debug/deps/librayon_core-c85d1807022617f5.rlib" "/opt/rustwide/target/debug/deps/libcrossbeam_deque-a3beb0ebfe0441fb.rlib" "/opt/rustwide/target/debug/deps/libcrossbeam_epoch-17a12af7c8a0cc0a.rlib" "/opt/rustwide/target/debug/deps/libcrossbeam_utils-be96993693568ee0.rlib" "/opt/rustwide/target/debug/deps/libeither-f8e74052d764b867.rlib" "/opt/rustwide/target/debug/deps/librug-709ad01b8f382a58.rlib" "/opt/rustwide/target/debug/deps/libaz-4f981c79090b4b8e.rlib" "/opt/rustwide/target/debug/deps/libnum_bigint-946b8f597233cb2d.rlib" "/opt/rustwide/target/debug/deps/libnalgebra-40f2b7ccab11c96a.rlib" "/opt/rustwide/target/debug/deps/libmatrixmultiply-30f2680bee14c369.rlib" "/opt/rustwide/target/debug/deps/librawpointer-82a8acb23f770ede.rlib" "/opt/rustwide/target/debug/deps/libnum_rational-f9a966975a712f0d.rlib" "/opt/rustwide/target/debug/deps/libnum_integer-24ba7273a25c7cf1.rlib" "/opt/rustwide/target/debug/deps/libtypenum-f8bcce2b4da82a7e.rlib" "/opt/rustwide/target/debug/deps/libsimba-400e380037c76bfd.rlib" "/opt/rustwide/target/debug/deps/libwide-8682a30a98141b4c.rlib" "/opt/rustwide/target/debug/deps/libsafe_arch-23f451ebf5a04c9d.rlib" "/opt/rustwide/target/debug/deps/libbytemuck-001c838fec11c0a7.rlib" "/opt/rustwide/target/debug/deps/libnum_complex-c3e8768cb296fcb6.rlib" "/opt/rustwide/target/debug/deps/libapprox-16329e2e65d40ce3.rlib" "/opt/rustwide/target/debug/deps/libnum_traits-15e1fbffc26ebd9a.rlib" "/opt/rustwide/target/debug/deps/libgmp_mpfr_sys-85c5a34b431c9c2f.rlib" "/opt/rustwide/target/debug/deps/librand-636eaa5f3539e447.rlib" "/opt/rustwide/target/debug/deps/librand_chacha-f495a375f6b898ee.rlib" "/opt/rustwide/target/debug/deps/libppv_lite86-f43d0629e4d18423.rlib" "/opt/rustwide/target/debug/deps/libzerocopy-613b32882efc4cea.rlib" "/opt/rustwide/target/debug/deps/libbyteorder-d36d73da0d12e75b.rlib" "/opt/rustwide/target/debug/deps/librand_core-28f65c6688132a84.rlib" "/opt/rustwide/target/debug/deps/libgetrandom-b16d5af0f8f09bee.rlib" "/opt/rustwide/target/debug/deps/liblibc-4f60591517274081.rlib" "/opt/rustwide/target/debug/deps/libcfg_if-8217498f8667ada9.rlib" "/opt/rustwide/target/debug/deps/liblazy_static-977f75dcedc2f7be.rlib" "/opt/rustwide/rustup-home/toolchains/1.83.0-x86_64-unknown-linux-gnu/lib/rustlib/x86_64-unknown-linux-gnu/lib/libstd-ca74a2d9c5166d9f.rlib" "/opt/rustwide/rustup-home/toolchains/1.83.0-x86_64-unknown-linux-gnu/lib/rustlib/x86_64-unknown-linux-gnu/lib/libpanic_unwind-e31ab23316ed5080.rlib" "/opt/rustwide/rustup-home/toolchains/1.83.0-x86_64-unknown-linux-gnu/lib/rustlib/x86_64-unknown-linux-gnu/lib/libobject-27dc4aa955912662.rlib" "/opt/rustwide/rustup-home/toolchains/1.83.0-x86_64-unknown-linux-gnu/lib/rustlib/x86_64-unknown-linux-gnu/lib/libmemchr-bd0d6cccce077b99.rlib" "/opt/rustwide/rustup-home/toolchains/1.83.0-x86_64-unknown-linux-gnu/lib/rustlib/x86_64-unknown-linux-gnu/lib/libaddr2line-8d001680935b5e3c.rlib" "/opt/rustwide/rustup-home/toolchains/1.83.0-x86_64-unknown-linux-gnu/lib/rustlib/x86_64-unknown-linux-gnu/lib/libgimli-ba8ce71964f984f4.rlib" "/opt/rustwide/rustup-home/toolchains/1.83.0-x86_64-unknown-linux-gnu/lib/rustlib/x86_64-unknown-linux-gnu/lib/librustc_demangle-99a73526abcec14b.rlib" "/opt/rustwide/rustup-home/toolchains/1.83.0-x86_64-unknown-linux-gnu/lib/rustlib/x86_64-unknown-linux-gnu/lib/libstd_detect-63ac0d22cff92579.rlib" "/opt/rustwide/rustup-home/toolchains/1.83.0-x86_64-unknown-linux-gnu/lib/rustlib/x86_64-unknown-linux-gnu/lib/libhashbrown-9057355c92c922d5.rlib" "/opt/rustwide/rustup-home/toolchains/1.83.0-x86_64-unknown-linux-gnu/lib/rustlib/x86_64-unknown-linux-gnu/lib/librustc_std_workspace_alloc-358be9bc1f6bab04.rlib" "/opt/rustwide/rustup-home/toolchains/1.83.0-x86_64-unknown-linux-gnu/lib/rustlib/x86_64-unknown-linux-gnu/lib/libminiz_oxide-aca15549d5bff974.rlib" "/opt/rustwide/rustup-home/toolchains/1.83.0-x86_64-unknown-linux-gnu/lib/rustlib/x86_64-unknown-linux-gnu/lib/libadler-8251d2cef7072448.rlib" "/opt/rustwide/rustup-home/toolchains/1.83.0-x86_64-unknown-linux-gnu/lib/rustlib/x86_64-unknown-linux-gnu/lib/libunwind-7d50b86011c66411.rlib" "/opt/rustwide/rustup-home/toolchains/1.83.0-x86_64-unknown-linux-gnu/lib/rustlib/x86_64-unknown-linux-gnu/lib/libcfg_if-51ea098fce5006bf.rlib" "/opt/rustwide/rustup-home/toolchains/1.83.0-x86_64-unknown-linux-gnu/lib/rustlib/x86_64-unknown-linux-gnu/lib/liblibc-5a14e0d0b712e731.rlib" "/opt/rustwide/rustup-home/toolchains/1.83.0-x86_64-unknown-linux-gnu/lib/rustlib/x86_64-unknown-linux-gnu/lib/liballoc-8b83dbf3a7b8f999.rlib" "/opt/rustwide/rustup-home/toolchains/1.83.0-x86_64-unknown-linux-gnu/lib/rustlib/x86_64-unknown-linux-gnu/lib/librustc_std_workspace_core-c6fd227bdc7b39ff.rlib" "/opt/rustwide/rustup-home/toolchains/1.83.0-x86_64-unknown-linux-gnu/lib/rustlib/x86_64-unknown-linux-gnu/lib/libcore-959d3389fa3da8a5.rlib" "/opt/rustwide/rustup-home/toolchains/1.83.0-x86_64-unknown-linux-gnu/lib/rustlib/x86_64-unknown-linux-gnu/lib/libcompiler_builtins-abe05db089cc2c62.rlib" "-Wl,-Bdynamic" "-lc" "-lm" "-lrt" "-lpthread" "-lgcc_s" "-lutil" "-lrt" "-lpthread" "-lm" "-ldl" "-lc" "-Wl,--eh-frame-hdr" "-Wl,-z,noexecstack" "-L" "/opt/rustwide/target/debug/build/gmp-mpfr-sys-fbd5659e139cb053/out/lib" "-L" "/opt/rustwide/rustup-home/toolchains/1.83.0-x86_64-unknown-linux-gnu/lib/rustlib/x86_64-unknown-linux-gnu/lib" "-o" "/tmp/rustdoctest9uIhuf/rust_out" "-Wl,--gc-sections" "-pie" "-Wl,-z,relro,-z,now" "-nodefaultlibs"
[INFO] [stdout]   = note: collect2: fatal error: ld terminated with signal 9 [Killed]
[INFO] [stdout]           compilation terminated.
[INFO] [stdout]           
[INFO] [stdout] 
[INFO] [stdout] error: aborting due to 1 previous error
[INFO] [stdout] 
[INFO] [stdout] Couldn't compile the test.
[INFO] [stdout] ---- src/utils/encoding/custom.rs - utils::encoding::custom::EncodedString::flatten (line 238) stdout ----
[INFO] [stdout] error: linking with `cc` failed: exit status: 1
[INFO] [stdout]   |
[INFO] [stdout]   = note: LC_ALL="C" PATH="/opt/rustwide/rustup-home/toolchains/1.83.0-x86_64-unknown-linux-gnu/lib/rustlib/x86_64-unknown-linux-gnu/bin:/opt/rustwide/cargo-home/bin:/usr/local/sbin:/usr/local/bin:/usr/sbin:/usr/bin:/sbin:/bin" VSLANG="1033" "cc" "-m64" "/tmp/rustcz7bi4y/symbols.o" "/tmp/rustdoctestMjpGXb/rust_out.rust_out.cb03291d53e4e161-cgu.0.rcgu.o" "/tmp/rustdoctestMjpGXb/rust_out.1s7umcihpz0t7nkz1uc2ifee9.rcgu.o" "-Wl,--as-needed" "-Wl,-Bstatic" "/opt/rustwide/target/debug/deps/libferric_crypto_lib.rlib" "/opt/rustwide/target/debug/deps/libnum_prime-deb5c587d4b2f160.rlib" "/opt/rustwide/target/debug/deps/libnum_modular-19a58b9390e93219.rlib" "/opt/rustwide/target/debug/deps/liblru-9e1ac9d392492b75.rlib" "/opt/rustwide/target/debug/deps/libhashbrown-3371eec0f6ad1b35.rlib" "/opt/rustwide/target/debug/deps/libfoldhash-7085108c4e7cb0e0.rlib" "/opt/rustwide/target/debug/deps/libequivalent-4d5cfde55792e26d.rlib" "/opt/rustwide/target/debug/deps/liballocator_api2-88d7b7890afadc02.rlib" "/opt/rustwide/target/debug/deps/libbitvec-b140377dfdb77f04.rlib" "/opt/rustwide/target/debug/deps/libwyz-1bf639ea2585bd37.rlib" "/opt/rustwide/target/debug/deps/libtap-88d1698c4d44c9d2.rlib" "/opt/rustwide/target/debug/deps/libradium-70b4d14a4cf73461.rlib" "/opt/rustwide/target/debug/deps/libfunty-8432ee30c8d1a4ea.rlib" "/opt/rustwide/target/debug/deps/libthiserror-86597c7ebf195168.rlib" "/opt/rustwide/target/debug/deps/libstrsim-5d81c8771286823e.rlib" "/opt/rustwide/target/debug/deps/libitertools-afd6d47054afcdc8.rlib" "/opt/rustwide/target/debug/deps/librayon-c9eda3cbee0f4c56.rlib" "/opt/rustwide/target/debug/deps/librayon_core-c85d1807022617f5.rlib" "/opt/rustwide/target/debug/deps/libcrossbeam_deque-a3beb0ebfe0441fb.rlib" "/opt/rustwide/target/debug/deps/libcrossbeam_epoch-17a12af7c8a0cc0a.rlib" "/opt/rustwide/target/debug/deps/libcrossbeam_utils-be96993693568ee0.rlib" "/opt/rustwide/target/debug/deps/libeither-f8e74052d764b867.rlib" "/opt/rustwide/target/debug/deps/librug-709ad01b8f382a58.rlib" "/opt/rustwide/target/debug/deps/libaz-4f981c79090b4b8e.rlib" "/opt/rustwide/target/debug/deps/libnum_bigint-946b8f597233cb2d.rlib" "/opt/rustwide/target/debug/deps/libnalgebra-40f2b7ccab11c96a.rlib" "/opt/rustwide/target/debug/deps/libmatrixmultiply-30f2680bee14c369.rlib" "/opt/rustwide/target/debug/deps/librawpointer-82a8acb23f770ede.rlib" "/opt/rustwide/target/debug/deps/libnum_rational-f9a966975a712f0d.rlib" "/opt/rustwide/target/debug/deps/libnum_integer-24ba7273a25c7cf1.rlib" "/opt/rustwide/target/debug/deps/libtypenum-f8bcce2b4da82a7e.rlib" "/opt/rustwide/target/debug/deps/libsimba-400e380037c76bfd.rlib" "/opt/rustwide/target/debug/deps/libwide-8682a30a98141b4c.rlib" "/opt/rustwide/target/debug/deps/libsafe_arch-23f451ebf5a04c9d.rlib" "/opt/rustwide/target/debug/deps/libbytemuck-001c838fec11c0a7.rlib" "/opt/rustwide/target/debug/deps/libnum_complex-c3e8768cb296fcb6.rlib" "/opt/rustwide/target/debug/deps/libapprox-16329e2e65d40ce3.rlib" "/opt/rustwide/target/debug/deps/libnum_traits-15e1fbffc26ebd9a.rlib" "/opt/rustwide/target/debug/deps/libgmp_mpfr_sys-85c5a34b431c9c2f.rlib" "/opt/rustwide/target/debug/deps/librand-636eaa5f3539e447.rlib" "/opt/rustwide/target/debug/deps/librand_chacha-f495a375f6b898ee.rlib" "/opt/rustwide/target/debug/deps/libppv_lite86-f43d0629e4d18423.rlib" "/opt/rustwide/target/debug/deps/libzerocopy-613b32882efc4cea.rlib" "/opt/rustwide/target/debug/deps/libbyteorder-d36d73da0d12e75b.rlib" "/opt/rustwide/target/debug/deps/librand_core-28f65c6688132a84.rlib" "/opt/rustwide/target/debug/deps/libgetrandom-b16d5af0f8f09bee.rlib" "/opt/rustwide/target/debug/deps/liblibc-4f60591517274081.rlib" "/opt/rustwide/target/debug/deps/libcfg_if-8217498f8667ada9.rlib" "/opt/rustwide/target/debug/deps/liblazy_static-977f75dcedc2f7be.rlib" "/opt/rustwide/rustup-home/toolchains/1.83.0-x86_64-unknown-linux-gnu/lib/rustlib/x86_64-unknown-linux-gnu/lib/libstd-ca74a2d9c5166d9f.rlib" "/opt/rustwide/rustup-home/toolchains/1.83.0-x86_64-unknown-linux-gnu/lib/rustlib/x86_64-unknown-linux-gnu/lib/libpanic_unwind-e31ab23316ed5080.rlib" "/opt/rustwide/rustup-home/toolchains/1.83.0-x86_64-unknown-linux-gnu/lib/rustlib/x86_64-unknown-linux-gnu/lib/libobject-27dc4aa955912662.rlib" "/opt/rustwide/rustup-home/toolchains/1.83.0-x86_64-unknown-linux-gnu/lib/rustlib/x86_64-unknown-linux-gnu/lib/libmemchr-bd0d6cccce077b99.rlib" "/opt/rustwide/rustup-home/toolchains/1.83.0-x86_64-unknown-linux-gnu/lib/rustlib/x86_64-unknown-linux-gnu/lib/libaddr2line-8d001680935b5e3c.rlib" "/opt/rustwide/rustup-home/toolchains/1.83.0-x86_64-unknown-linux-gnu/lib/rustlib/x86_64-unknown-linux-gnu/lib/libgimli-ba8ce71964f984f4.rlib" "/opt/rustwide/rustup-home/toolchains/1.83.0-x86_64-unknown-linux-gnu/lib/rustlib/x86_64-unknown-linux-gnu/lib/librustc_demangle-99a73526abcec14b.rlib" "/opt/rustwide/rustup-home/toolchains/1.83.0-x86_64-unknown-linux-gnu/lib/rustlib/x86_64-unknown-linux-gnu/lib/libstd_detect-63ac0d22cff92579.rlib" "/opt/rustwide/rustup-home/toolchains/1.83.0-x86_64-unknown-linux-gnu/lib/rustlib/x86_64-unknown-linux-gnu/lib/libhashbrown-9057355c92c922d5.rlib" "/opt/rustwide/rustup-home/toolchains/1.83.0-x86_64-unknown-linux-gnu/lib/rustlib/x86_64-unknown-linux-gnu/lib/librustc_std_workspace_alloc-358be9bc1f6bab04.rlib" "/opt/rustwide/rustup-home/toolchains/1.83.0-x86_64-unknown-linux-gnu/lib/rustlib/x86_64-unknown-linux-gnu/lib/libminiz_oxide-aca15549d5bff974.rlib" "/opt/rustwide/rustup-home/toolchains/1.83.0-x86_64-unknown-linux-gnu/lib/rustlib/x86_64-unknown-linux-gnu/lib/libadler-8251d2cef7072448.rlib" "/opt/rustwide/rustup-home/toolchains/1.83.0-x86_64-unknown-linux-gnu/lib/rustlib/x86_64-unknown-linux-gnu/lib/libunwind-7d50b86011c66411.rlib" "/opt/rustwide/rustup-home/toolchains/1.83.0-x86_64-unknown-linux-gnu/lib/rustlib/x86_64-unknown-linux-gnu/lib/libcfg_if-51ea098fce5006bf.rlib" "/opt/rustwide/rustup-home/toolchains/1.83.0-x86_64-unknown-linux-gnu/lib/rustlib/x86_64-unknown-linux-gnu/lib/liblibc-5a14e0d0b712e731.rlib" "/opt/rustwide/rustup-home/toolchains/1.83.0-x86_64-unknown-linux-gnu/lib/rustlib/x86_64-unknown-linux-gnu/lib/liballoc-8b83dbf3a7b8f999.rlib" "/opt/rustwide/rustup-home/toolchains/1.83.0-x86_64-unknown-linux-gnu/lib/rustlib/x86_64-unknown-linux-gnu/lib/librustc_std_workspace_core-c6fd227bdc7b39ff.rlib" "/opt/rustwide/rustup-home/toolchains/1.83.0-x86_64-unknown-linux-gnu/lib/rustlib/x86_64-unknown-linux-gnu/lib/libcore-959d3389fa3da8a5.rlib" "/opt/rustwide/rustup-home/toolchains/1.83.0-x86_64-unknown-linux-gnu/lib/rustlib/x86_64-unknown-linux-gnu/lib/libcompiler_builtins-abe05db089cc2c62.rlib" "-Wl,-Bdynamic" "-lc" "-lm" "-lrt" "-lpthread" "-lgcc_s" "-lutil" "-lrt" "-lpthread" "-lm" "-ldl" "-lc" "-Wl,--eh-frame-hdr" "-Wl,-z,noexecstack" "-L" "/opt/rustwide/target/debug/build/gmp-mpfr-sys-fbd5659e139cb053/out/lib" "-L" "/opt/rustwide/rustup-home/toolchains/1.83.0-x86_64-unknown-linux-gnu/lib/rustlib/x86_64-unknown-linux-gnu/lib" "-o" "/tmp/rustdoctestMjpGXb/rust_out" "-Wl,--gc-sections" "-pie" "-Wl,-z,relro,-z,now" "-nodefaultlibs"
[INFO] [stdout]   = note: collect2: fatal error: ld terminated with signal 9 [Killed]
[INFO] [stdout]           compilation terminated.
[INFO] [stdout]           
[INFO] [stdout] 
[INFO] [stdout] error: aborting due to 1 previous error
[INFO] [stdout] 
[INFO] [stdout] Couldn't compile the test.
[INFO] [stdout] ---- src/crypto_systems/mix.rs - crypto_systems::mix::Mix::new (line 140) stdout ----
[INFO] [stdout] error: linking with `cc` failed: exit status: 1
[INFO] [stdout]   |
[INFO] [stdout]   = note: LC_ALL="C" PATH="/opt/rustwide/rustup-home/toolchains/1.83.0-x86_64-unknown-linux-gnu/lib/rustlib/x86_64-unknown-linux-gnu/bin:/opt/rustwide/cargo-home/bin:/usr/local/sbin:/usr/local/bin:/usr/sbin:/usr/bin:/sbin:/bin" VSLANG="1033" "cc" "-m64" "/tmp/rustckrOdEN/symbols.o" "/tmp/rustdoctestBpGhYr/rust_out.rust_out.cb03291d53e4e161-cgu.0.rcgu.o" "/tmp/rustdoctestBpGhYr/rust_out.1s7umcihpz0t7nkz1uc2ifee9.rcgu.o" "-Wl,--as-needed" "-Wl,-Bstatic" "/opt/rustwide/target/debug/deps/libferric_crypto_lib.rlib" "/opt/rustwide/target/debug/deps/libnum_prime-deb5c587d4b2f160.rlib" "/opt/rustwide/target/debug/deps/libnum_modular-19a58b9390e93219.rlib" "/opt/rustwide/target/debug/deps/liblru-9e1ac9d392492b75.rlib" "/opt/rustwide/target/debug/deps/libhashbrown-3371eec0f6ad1b35.rlib" "/opt/rustwide/target/debug/deps/libfoldhash-7085108c4e7cb0e0.rlib" "/opt/rustwide/target/debug/deps/libequivalent-4d5cfde55792e26d.rlib" "/opt/rustwide/target/debug/deps/liballocator_api2-88d7b7890afadc02.rlib" "/opt/rustwide/target/debug/deps/libbitvec-b140377dfdb77f04.rlib" "/opt/rustwide/target/debug/deps/libwyz-1bf639ea2585bd37.rlib" "/opt/rustwide/target/debug/deps/libtap-88d1698c4d44c9d2.rlib" "/opt/rustwide/target/debug/deps/libradium-70b4d14a4cf73461.rlib" "/opt/rustwide/target/debug/deps/libfunty-8432ee30c8d1a4ea.rlib" "/opt/rustwide/target/debug/deps/libthiserror-86597c7ebf195168.rlib" "/opt/rustwide/target/debug/deps/libstrsim-5d81c8771286823e.rlib" "/opt/rustwide/target/debug/deps/libitertools-afd6d47054afcdc8.rlib" "/opt/rustwide/target/debug/deps/librayon-c9eda3cbee0f4c56.rlib" "/opt/rustwide/target/debug/deps/librayon_core-c85d1807022617f5.rlib" "/opt/rustwide/target/debug/deps/libcrossbeam_deque-a3beb0ebfe0441fb.rlib" "/opt/rustwide/target/debug/deps/libcrossbeam_epoch-17a12af7c8a0cc0a.rlib" "/opt/rustwide/target/debug/deps/libcrossbeam_utils-be96993693568ee0.rlib" "/opt/rustwide/target/debug/deps/libeither-f8e74052d764b867.rlib" "/opt/rustwide/target/debug/deps/librug-709ad01b8f382a58.rlib" "/opt/rustwide/target/debug/deps/libaz-4f981c79090b4b8e.rlib" "/opt/rustwide/target/debug/deps/libnum_bigint-946b8f597233cb2d.rlib" "/opt/rustwide/target/debug/deps/libnalgebra-40f2b7ccab11c96a.rlib" "/opt/rustwide/target/debug/deps/libmatrixmultiply-30f2680bee14c369.rlib" "/opt/rustwide/target/debug/deps/librawpointer-82a8acb23f770ede.rlib" "/opt/rustwide/target/debug/deps/libnum_rational-f9a966975a712f0d.rlib" "/opt/rustwide/target/debug/deps/libnum_integer-24ba7273a25c7cf1.rlib" "/opt/rustwide/target/debug/deps/libtypenum-f8bcce2b4da82a7e.rlib" "/opt/rustwide/target/debug/deps/libsimba-400e380037c76bfd.rlib" "/opt/rustwide/target/debug/deps/libwide-8682a30a98141b4c.rlib" "/opt/rustwide/target/debug/deps/libsafe_arch-23f451ebf5a04c9d.rlib" "/opt/rustwide/target/debug/deps/libbytemuck-001c838fec11c0a7.rlib" "/opt/rustwide/target/debug/deps/libnum_complex-c3e8768cb296fcb6.rlib" "/opt/rustwide/target/debug/deps/libapprox-16329e2e65d40ce3.rlib" "/opt/rustwide/target/debug/deps/libnum_traits-15e1fbffc26ebd9a.rlib" "/opt/rustwide/target/debug/deps/libgmp_mpfr_sys-85c5a34b431c9c2f.rlib" "/opt/rustwide/target/debug/deps/librand-636eaa5f3539e447.rlib" "/opt/rustwide/target/debug/deps/librand_chacha-f495a375f6b898ee.rlib" "/opt/rustwide/target/debug/deps/libppv_lite86-f43d0629e4d18423.rlib" "/opt/rustwide/target/debug/deps/libzerocopy-613b32882efc4cea.rlib" "/opt/rustwide/target/debug/deps/libbyteorder-d36d73da0d12e75b.rlib" "/opt/rustwide/target/debug/deps/librand_core-28f65c6688132a84.rlib" "/opt/rustwide/target/debug/deps/libgetrandom-b16d5af0f8f09bee.rlib" "/opt/rustwide/target/debug/deps/liblibc-4f60591517274081.rlib" "/opt/rustwide/target/debug/deps/libcfg_if-8217498f8667ada9.rlib" "/opt/rustwide/target/debug/deps/liblazy_static-977f75dcedc2f7be.rlib" "/opt/rustwide/rustup-home/toolchains/1.83.0-x86_64-unknown-linux-gnu/lib/rustlib/x86_64-unknown-linux-gnu/lib/libstd-ca74a2d9c5166d9f.rlib" "/opt/rustwide/rustup-home/toolchains/1.83.0-x86_64-unknown-linux-gnu/lib/rustlib/x86_64-unknown-linux-gnu/lib/libpanic_unwind-e31ab23316ed5080.rlib" "/opt/rustwide/rustup-home/toolchains/1.83.0-x86_64-unknown-linux-gnu/lib/rustlib/x86_64-unknown-linux-gnu/lib/libobject-27dc4aa955912662.rlib" "/opt/rustwide/rustup-home/toolchains/1.83.0-x86_64-unknown-linux-gnu/lib/rustlib/x86_64-unknown-linux-gnu/lib/libmemchr-bd0d6cccce077b99.rlib" "/opt/rustwide/rustup-home/toolchains/1.83.0-x86_64-unknown-linux-gnu/lib/rustlib/x86_64-unknown-linux-gnu/lib/libaddr2line-8d001680935b5e3c.rlib" "/opt/rustwide/rustup-home/toolchains/1.83.0-x86_64-unknown-linux-gnu/lib/rustlib/x86_64-unknown-linux-gnu/lib/libgimli-ba8ce71964f984f4.rlib" "/opt/rustwide/rustup-home/toolchains/1.83.0-x86_64-unknown-linux-gnu/lib/rustlib/x86_64-unknown-linux-gnu/lib/librustc_demangle-99a73526abcec14b.rlib" "/opt/rustwide/rustup-home/toolchains/1.83.0-x86_64-unknown-linux-gnu/lib/rustlib/x86_64-unknown-linux-gnu/lib/libstd_detect-63ac0d22cff92579.rlib" "/opt/rustwide/rustup-home/toolchains/1.83.0-x86_64-unknown-linux-gnu/lib/rustlib/x86_64-unknown-linux-gnu/lib/libhashbrown-9057355c92c922d5.rlib" "/opt/rustwide/rustup-home/toolchains/1.83.0-x86_64-unknown-linux-gnu/lib/rustlib/x86_64-unknown-linux-gnu/lib/librustc_std_workspace_alloc-358be9bc1f6bab04.rlib" "/opt/rustwide/rustup-home/toolchains/1.83.0-x86_64-unknown-linux-gnu/lib/rustlib/x86_64-unknown-linux-gnu/lib/libminiz_oxide-aca15549d5bff974.rlib" "/opt/rustwide/rustup-home/toolchains/1.83.0-x86_64-unknown-linux-gnu/lib/rustlib/x86_64-unknown-linux-gnu/lib/libadler-8251d2cef7072448.rlib" "/opt/rustwide/rustup-home/toolchains/1.83.0-x86_64-unknown-linux-gnu/lib/rustlib/x86_64-unknown-linux-gnu/lib/libunwind-7d50b86011c66411.rlib" "/opt/rustwide/rustup-home/toolchains/1.83.0-x86_64-unknown-linux-gnu/lib/rustlib/x86_64-unknown-linux-gnu/lib/libcfg_if-51ea098fce5006bf.rlib" "/opt/rustwide/rustup-home/toolchains/1.83.0-x86_64-unknown-linux-gnu/lib/rustlib/x86_64-unknown-linux-gnu/lib/liblibc-5a14e0d0b712e731.rlib" "/opt/rustwide/rustup-home/toolchains/1.83.0-x86_64-unknown-linux-gnu/lib/rustlib/x86_64-unknown-linux-gnu/lib/liballoc-8b83dbf3a7b8f999.rlib" "/opt/rustwide/rustup-home/toolchains/1.83.0-x86_64-unknown-linux-gnu/lib/rustlib/x86_64-unknown-linux-gnu/lib/librustc_std_workspace_core-c6fd227bdc7b39ff.rlib" "/opt/rustwide/rustup-home/toolchains/1.83.0-x86_64-unknown-linux-gnu/lib/rustlib/x86_64-unknown-linux-gnu/lib/libcore-959d3389fa3da8a5.rlib" "/opt/rustwide/rustup-home/toolchains/1.83.0-x86_64-unknown-linux-gnu/lib/rustlib/x86_64-unknown-linux-gnu/lib/libcompiler_builtins-abe05db089cc2c62.rlib" "-Wl,-Bdynamic" "-lc" "-lm" "-lrt" "-lpthread" "-lgcc_s" "-lutil" "-lrt" "-lpthread" "-lm" "-ldl" "-lc" "-Wl,--eh-frame-hdr" "-Wl,-z,noexecstack" "-L" "/opt/rustwide/target/debug/build/gmp-mpfr-sys-fbd5659e139cb053/out/lib" "-L" "/opt/rustwide/rustup-home/toolchains/1.83.0-x86_64-unknown-linux-gnu/lib/rustlib/x86_64-unknown-linux-gnu/lib" "-o" "/tmp/rustdoctestBpGhYr/rust_out" "-Wl,--gc-sections" "-pie" "-Wl,-z,relro,-z,now" "-nodefaultlibs"
[INFO] [stdout]   = note: collect2: fatal error: ld terminated with signal 9 [Killed]
[INFO] [stdout]           compilation terminated.
[INFO] [stdout]           
[INFO] [stdout] 
[INFO] [stdout] error: aborting due to 1 previous error
[INFO] [stdout] 
[INFO] [stdout] Couldn't compile the test.
[INFO] [stdout] ---- src/crypto_systems/mix.rs - crypto_systems::mix::MixKey::new (line 31) stdout ----
[INFO] [stdout] error: linking with `cc` failed: exit status: 1
[INFO] [stdout]   |
[INFO] [stdout]   = note: LC_ALL="C" PATH="/opt/rustwide/rustup-home/toolchains/1.83.0-x86_64-unknown-linux-gnu/lib/rustlib/x86_64-unknown-linux-gnu/bin:/opt/rustwide/cargo-home/bin:/usr/local/sbin:/usr/local/bin:/usr/sbin:/usr/bin:/sbin:/bin" VSLANG="1033" "cc" "-m64" "/tmp/rustc22J6Dn/symbols.o" "/tmp/rustdoctestkfpr1d/rust_out.rust_out.cb03291d53e4e161-cgu.0.rcgu.o" "/tmp/rustdoctestkfpr1d/rust_out.1s7umcihpz0t7nkz1uc2ifee9.rcgu.o" "-Wl,--as-needed" "-Wl,-Bstatic" "/opt/rustwide/target/debug/deps/libferric_crypto_lib.rlib" "/opt/rustwide/target/debug/deps/libnum_prime-deb5c587d4b2f160.rlib" "/opt/rustwide/target/debug/deps/libnum_modular-19a58b9390e93219.rlib" "/opt/rustwide/target/debug/deps/liblru-9e1ac9d392492b75.rlib" "/opt/rustwide/target/debug/deps/libhashbrown-3371eec0f6ad1b35.rlib" "/opt/rustwide/target/debug/deps/libfoldhash-7085108c4e7cb0e0.rlib" "/opt/rustwide/target/debug/deps/libequivalent-4d5cfde55792e26d.rlib" "/opt/rustwide/target/debug/deps/liballocator_api2-88d7b7890afadc02.rlib" "/opt/rustwide/target/debug/deps/libbitvec-b140377dfdb77f04.rlib" "/opt/rustwide/target/debug/deps/libwyz-1bf639ea2585bd37.rlib" "/opt/rustwide/target/debug/deps/libtap-88d1698c4d44c9d2.rlib" "/opt/rustwide/target/debug/deps/libradium-70b4d14a4cf73461.rlib" "/opt/rustwide/target/debug/deps/libfunty-8432ee30c8d1a4ea.rlib" "/opt/rustwide/target/debug/deps/libthiserror-86597c7ebf195168.rlib" "/opt/rustwide/target/debug/deps/libstrsim-5d81c8771286823e.rlib" "/opt/rustwide/target/debug/deps/libitertools-afd6d47054afcdc8.rlib" "/opt/rustwide/target/debug/deps/librayon-c9eda3cbee0f4c56.rlib" "/opt/rustwide/target/debug/deps/librayon_core-c85d1807022617f5.rlib" "/opt/rustwide/target/debug/deps/libcrossbeam_deque-a3beb0ebfe0441fb.rlib" "/opt/rustwide/target/debug/deps/libcrossbeam_epoch-17a12af7c8a0cc0a.rlib" "/opt/rustwide/target/debug/deps/libcrossbeam_utils-be96993693568ee0.rlib" "/opt/rustwide/target/debug/deps/libeither-f8e74052d764b867.rlib" "/opt/rustwide/target/debug/deps/librug-709ad01b8f382a58.rlib" "/opt/rustwide/target/debug/deps/libaz-4f981c79090b4b8e.rlib" "/opt/rustwide/target/debug/deps/libnum_bigint-946b8f597233cb2d.rlib" "/opt/rustwide/target/debug/deps/libnalgebra-40f2b7ccab11c96a.rlib" "/opt/rustwide/target/debug/deps/libmatrixmultiply-30f2680bee14c369.rlib" "/opt/rustwide/target/debug/deps/librawpointer-82a8acb23f770ede.rlib" "/opt/rustwide/target/debug/deps/libnum_rational-f9a966975a712f0d.rlib" "/opt/rustwide/target/debug/deps/libnum_integer-24ba7273a25c7cf1.rlib" "/opt/rustwide/target/debug/deps/libtypenum-f8bcce2b4da82a7e.rlib" "/opt/rustwide/target/debug/deps/libsimba-400e380037c76bfd.rlib" "/opt/rustwide/target/debug/deps/libwide-8682a30a98141b4c.rlib" "/opt/rustwide/target/debug/deps/libsafe_arch-23f451ebf5a04c9d.rlib" "/opt/rustwide/target/debug/deps/libbytemuck-001c838fec11c0a7.rlib" "/opt/rustwide/target/debug/deps/libnum_complex-c3e8768cb296fcb6.rlib" "/opt/rustwide/target/debug/deps/libapprox-16329e2e65d40ce3.rlib" "/opt/rustwide/target/debug/deps/libnum_traits-15e1fbffc26ebd9a.rlib" "/opt/rustwide/target/debug/deps/libgmp_mpfr_sys-85c5a34b431c9c2f.rlib" "/opt/rustwide/target/debug/deps/librand-636eaa5f3539e447.rlib" "/opt/rustwide/target/debug/deps/librand_chacha-f495a375f6b898ee.rlib" "/opt/rustwide/target/debug/deps/libppv_lite86-f43d0629e4d18423.rlib" "/opt/rustwide/target/debug/deps/libzerocopy-613b32882efc4cea.rlib" "/opt/rustwide/target/debug/deps/libbyteorder-d36d73da0d12e75b.rlib" "/opt/rustwide/target/debug/deps/librand_core-28f65c6688132a84.rlib" "/opt/rustwide/target/debug/deps/libgetrandom-b16d5af0f8f09bee.rlib" "/opt/rustwide/target/debug/deps/liblibc-4f60591517274081.rlib" "/opt/rustwide/target/debug/deps/libcfg_if-8217498f8667ada9.rlib" "/opt/rustwide/target/debug/deps/liblazy_static-977f75dcedc2f7be.rlib" "/opt/rustwide/rustup-home/toolchains/1.83.0-x86_64-unknown-linux-gnu/lib/rustlib/x86_64-unknown-linux-gnu/lib/libstd-ca74a2d9c5166d9f.rlib" "/opt/rustwide/rustup-home/toolchains/1.83.0-x86_64-unknown-linux-gnu/lib/rustlib/x86_64-unknown-linux-gnu/lib/libpanic_unwind-e31ab23316ed5080.rlib" "/opt/rustwide/rustup-home/toolchains/1.83.0-x86_64-unknown-linux-gnu/lib/rustlib/x86_64-unknown-linux-gnu/lib/libobject-27dc4aa955912662.rlib" "/opt/rustwide/rustup-home/toolchains/1.83.0-x86_64-unknown-linux-gnu/lib/rustlib/x86_64-unknown-linux-gnu/lib/libmemchr-bd0d6cccce077b99.rlib" "/opt/rustwide/rustup-home/toolchains/1.83.0-x86_64-unknown-linux-gnu/lib/rustlib/x86_64-unknown-linux-gnu/lib/libaddr2line-8d001680935b5e3c.rlib" "/opt/rustwide/rustup-home/toolchains/1.83.0-x86_64-unknown-linux-gnu/lib/rustlib/x86_64-unknown-linux-gnu/lib/libgimli-ba8ce71964f984f4.rlib" "/opt/rustwide/rustup-home/toolchains/1.83.0-x86_64-unknown-linux-gnu/lib/rustlib/x86_64-unknown-linux-gnu/lib/librustc_demangle-99a73526abcec14b.rlib" "/opt/rustwide/rustup-home/toolchains/1.83.0-x86_64-unknown-linux-gnu/lib/rustlib/x86_64-unknown-linux-gnu/lib/libstd_detect-63ac0d22cff92579.rlib" "/opt/rustwide/rustup-home/toolchains/1.83.0-x86_64-unknown-linux-gnu/lib/rustlib/x86_64-unknown-linux-gnu/lib/libhashbrown-9057355c92c922d5.rlib" "/opt/rustwide/rustup-home/toolchains/1.83.0-x86_64-unknown-linux-gnu/lib/rustlib/x86_64-unknown-linux-gnu/lib/librustc_std_workspace_alloc-358be9bc1f6bab04.rlib" "/opt/rustwide/rustup-home/toolchains/1.83.0-x86_64-unknown-linux-gnu/lib/rustlib/x86_64-unknown-linux-gnu/lib/libminiz_oxide-aca15549d5bff974.rlib" "/opt/rustwide/rustup-home/toolchains/1.83.0-x86_64-unknown-linux-gnu/lib/rustlib/x86_64-unknown-linux-gnu/lib/libadler-8251d2cef7072448.rlib" "/opt/rustwide/rustup-home/toolchains/1.83.0-x86_64-unknown-linux-gnu/lib/rustlib/x86_64-unknown-linux-gnu/lib/libunwind-7d50b86011c66411.rlib" "/opt/rustwide/rustup-home/toolchains/1.83.0-x86_64-unknown-linux-gnu/lib/rustlib/x86_64-unknown-linux-gnu/lib/libcfg_if-51ea098fce5006bf.rlib" "/opt/rustwide/rustup-home/toolchains/1.83.0-x86_64-unknown-linux-gnu/lib/rustlib/x86_64-unknown-linux-gnu/lib/liblibc-5a14e0d0b712e731.rlib" "/opt/rustwide/rustup-home/toolchains/1.83.0-x86_64-unknown-linux-gnu/lib/rustlib/x86_64-unknown-linux-gnu/lib/liballoc-8b83dbf3a7b8f999.rlib" "/opt/rustwide/rustup-home/toolchains/1.83.0-x86_64-unknown-linux-gnu/lib/rustlib/x86_64-unknown-linux-gnu/lib/librustc_std_workspace_core-c6fd227bdc7b39ff.rlib" "/opt/rustwide/rustup-home/toolchains/1.83.0-x86_64-unknown-linux-gnu/lib/rustlib/x86_64-unknown-linux-gnu/lib/libcore-959d3389fa3da8a5.rlib" "/opt/rustwide/rustup-home/toolchains/1.83.0-x86_64-unknown-linux-gnu/lib/rustlib/x86_64-unknown-linux-gnu/lib/libcompiler_builtins-abe05db089cc2c62.rlib" "-Wl,-Bdynamic" "-lc" "-lm" "-lrt" "-lpthread" "-lgcc_s" "-lutil" "-lrt" "-lpthread" "-lm" "-ldl" "-lc" "-Wl,--eh-frame-hdr" "-Wl,-z,noexecstack" "-L" "/opt/rustwide/target/debug/build/gmp-mpfr-sys-fbd5659e139cb053/out/lib" "-L" "/opt/rustwide/rustup-home/toolchains/1.83.0-x86_64-unknown-linux-gnu/lib/rustlib/x86_64-unknown-linux-gnu/lib" "-o" "/tmp/rustdoctestkfpr1d/rust_out" "-Wl,--gc-sections" "-pie" "-Wl,-z,relro,-z,now" "-nodefaultlibs"
[INFO] [stdout]   = note: collect2: fatal error: ld terminated with signal 9 [Killed]
[INFO] [stdout]           compilation terminated.
[INFO] [stdout]           
[INFO] [stdout] 
[INFO] [stdout] error: aborting due to 1 previous error
[INFO] [stdout] 
[INFO] [stdout] Couldn't compile the test.
[INFO] [stdout] ---- src/crypto_systems/mix.rs - crypto_systems::mix::Mix::get_split_input (line 168) stdout ----
[INFO] [stdout] error: linking with `cc` failed: exit status: 1
[INFO] [stdout]   |
[INFO] [stdout]   = note: LC_ALL="C" PATH="/opt/rustwide/rustup-home/toolchains/1.83.0-x86_64-unknown-linux-gnu/lib/rustlib/x86_64-unknown-linux-gnu/bin:/opt/rustwide/cargo-home/bin:/usr/local/sbin:/usr/local/bin:/usr/sbin:/usr/bin:/sbin:/bin" VSLANG="1033" "cc" "-m64" "/tmp/rustcl0yhUB/symbols.o" "/tmp/rustdoctestlK7C8a/rust_out.rust_out.cb03291d53e4e161-cgu.0.rcgu.o" "/tmp/rustdoctestlK7C8a/rust_out.1s7umcihpz0t7nkz1uc2ifee9.rcgu.o" "-Wl,--as-needed" "-Wl,-Bstatic" "/opt/rustwide/target/debug/deps/libferric_crypto_lib.rlib" "/opt/rustwide/target/debug/deps/libnum_prime-deb5c587d4b2f160.rlib" "/opt/rustwide/target/debug/deps/libnum_modular-19a58b9390e93219.rlib" "/opt/rustwide/target/debug/deps/liblru-9e1ac9d392492b75.rlib" "/opt/rustwide/target/debug/deps/libhashbrown-3371eec0f6ad1b35.rlib" "/opt/rustwide/target/debug/deps/libfoldhash-7085108c4e7cb0e0.rlib" "/opt/rustwide/target/debug/deps/libequivalent-4d5cfde55792e26d.rlib" "/opt/rustwide/target/debug/deps/liballocator_api2-88d7b7890afadc02.rlib" "/opt/rustwide/target/debug/deps/libbitvec-b140377dfdb77f04.rlib" "/opt/rustwide/target/debug/deps/libwyz-1bf639ea2585bd37.rlib" "/opt/rustwide/target/debug/deps/libtap-88d1698c4d44c9d2.rlib" "/opt/rustwide/target/debug/deps/libradium-70b4d14a4cf73461.rlib" "/opt/rustwide/target/debug/deps/libfunty-8432ee30c8d1a4ea.rlib" "/opt/rustwide/target/debug/deps/libthiserror-86597c7ebf195168.rlib" "/opt/rustwide/target/debug/deps/libstrsim-5d81c8771286823e.rlib" "/opt/rustwide/target/debug/deps/libitertools-afd6d47054afcdc8.rlib" "/opt/rustwide/target/debug/deps/librayon-c9eda3cbee0f4c56.rlib" "/opt/rustwide/target/debug/deps/librayon_core-c85d1807022617f5.rlib" "/opt/rustwide/target/debug/deps/libcrossbeam_deque-a3beb0ebfe0441fb.rlib" "/opt/rustwide/target/debug/deps/libcrossbeam_epoch-17a12af7c8a0cc0a.rlib" "/opt/rustwide/target/debug/deps/libcrossbeam_utils-be96993693568ee0.rlib" "/opt/rustwide/target/debug/deps/libeither-f8e74052d764b867.rlib" "/opt/rustwide/target/debug/deps/librug-709ad01b8f382a58.rlib" "/opt/rustwide/target/debug/deps/libaz-4f981c79090b4b8e.rlib" "/opt/rustwide/target/debug/deps/libnum_bigint-946b8f597233cb2d.rlib" "/opt/rustwide/target/debug/deps/libnalgebra-40f2b7ccab11c96a.rlib" "/opt/rustwide/target/debug/deps/libmatrixmultiply-30f2680bee14c369.rlib" "/opt/rustwide/target/debug/deps/librawpointer-82a8acb23f770ede.rlib" "/opt/rustwide/target/debug/deps/libnum_rational-f9a966975a712f0d.rlib" "/opt/rustwide/target/debug/deps/libnum_integer-24ba7273a25c7cf1.rlib" "/opt/rustwide/target/debug/deps/libtypenum-f8bcce2b4da82a7e.rlib" "/opt/rustwide/target/debug/deps/libsimba-400e380037c76bfd.rlib" "/opt/rustwide/target/debug/deps/libwide-8682a30a98141b4c.rlib" "/opt/rustwide/target/debug/deps/libsafe_arch-23f451ebf5a04c9d.rlib" "/opt/rustwide/target/debug/deps/libbytemuck-001c838fec11c0a7.rlib" "/opt/rustwide/target/debug/deps/libnum_complex-c3e8768cb296fcb6.rlib" "/opt/rustwide/target/debug/deps/libapprox-16329e2e65d40ce3.rlib" "/opt/rustwide/target/debug/deps/libnum_traits-15e1fbffc26ebd9a.rlib" "/opt/rustwide/target/debug/deps/libgmp_mpfr_sys-85c5a34b431c9c2f.rlib" "/opt/rustwide/target/debug/deps/librand-636eaa5f3539e447.rlib" "/opt/rustwide/target/debug/deps/librand_chacha-f495a375f6b898ee.rlib" "/opt/rustwide/target/debug/deps/libppv_lite86-f43d0629e4d18423.rlib" "/opt/rustwide/target/debug/deps/libzerocopy-613b32882efc4cea.rlib" "/opt/rustwide/target/debug/deps/libbyteorder-d36d73da0d12e75b.rlib" "/opt/rustwide/target/debug/deps/librand_core-28f65c6688132a84.rlib" "/opt/rustwide/target/debug/deps/libgetrandom-b16d5af0f8f09bee.rlib" "/opt/rustwide/target/debug/deps/liblibc-4f60591517274081.rlib" "/opt/rustwide/target/debug/deps/libcfg_if-8217498f8667ada9.rlib" "/opt/rustwide/target/debug/deps/liblazy_static-977f75dcedc2f7be.rlib" "/opt/rustwide/rustup-home/toolchains/1.83.0-x86_64-unknown-linux-gnu/lib/rustlib/x86_64-unknown-linux-gnu/lib/libstd-ca74a2d9c5166d9f.rlib" "/opt/rustwide/rustup-home/toolchains/1.83.0-x86_64-unknown-linux-gnu/lib/rustlib/x86_64-unknown-linux-gnu/lib/libpanic_unwind-e31ab23316ed5080.rlib" "/opt/rustwide/rustup-home/toolchains/1.83.0-x86_64-unknown-linux-gnu/lib/rustlib/x86_64-unknown-linux-gnu/lib/libobject-27dc4aa955912662.rlib" "/opt/rustwide/rustup-home/toolchains/1.83.0-x86_64-unknown-linux-gnu/lib/rustlib/x86_64-unknown-linux-gnu/lib/libmemchr-bd0d6cccce077b99.rlib" "/opt/rustwide/rustup-home/toolchains/1.83.0-x86_64-unknown-linux-gnu/lib/rustlib/x86_64-unknown-linux-gnu/lib/libaddr2line-8d001680935b5e3c.rlib" "/opt/rustwide/rustup-home/toolchains/1.83.0-x86_64-unknown-linux-gnu/lib/rustlib/x86_64-unknown-linux-gnu/lib/libgimli-ba8ce71964f984f4.rlib" "/opt/rustwide/rustup-home/toolchains/1.83.0-x86_64-unknown-linux-gnu/lib/rustlib/x86_64-unknown-linux-gnu/lib/librustc_demangle-99a73526abcec14b.rlib" "/opt/rustwide/rustup-home/toolchains/1.83.0-x86_64-unknown-linux-gnu/lib/rustlib/x86_64-unknown-linux-gnu/lib/libstd_detect-63ac0d22cff92579.rlib" "/opt/rustwide/rustup-home/toolchains/1.83.0-x86_64-unknown-linux-gnu/lib/rustlib/x86_64-unknown-linux-gnu/lib/libhashbrown-9057355c92c922d5.rlib" "/opt/rustwide/rustup-home/toolchains/1.83.0-x86_64-unknown-linux-gnu/lib/rustlib/x86_64-unknown-linux-gnu/lib/librustc_std_workspace_alloc-358be9bc1f6bab04.rlib" "/opt/rustwide/rustup-home/toolchains/1.83.0-x86_64-unknown-linux-gnu/lib/rustlib/x86_64-unknown-linux-gnu/lib/libminiz_oxide-aca15549d5bff974.rlib" "/opt/rustwide/rustup-home/toolchains/1.83.0-x86_64-unknown-linux-gnu/lib/rustlib/x86_64-unknown-linux-gnu/lib/libadler-8251d2cef7072448.rlib" "/opt/rustwide/rustup-home/toolchains/1.83.0-x86_64-unknown-linux-gnu/lib/rustlib/x86_64-unknown-linux-gnu/lib/libunwind-7d50b86011c66411.rlib" "/opt/rustwide/rustup-home/toolchains/1.83.0-x86_64-unknown-linux-gnu/lib/rustlib/x86_64-unknown-linux-gnu/lib/libcfg_if-51ea098fce5006bf.rlib" "/opt/rustwide/rustup-home/toolchains/1.83.0-x86_64-unknown-linux-gnu/lib/rustlib/x86_64-unknown-linux-gnu/lib/liblibc-5a14e0d0b712e731.rlib" "/opt/rustwide/rustup-home/toolchains/1.83.0-x86_64-unknown-linux-gnu/lib/rustlib/x86_64-unknown-linux-gnu/lib/liballoc-8b83dbf3a7b8f999.rlib" "/opt/rustwide/rustup-home/toolchains/1.83.0-x86_64-unknown-linux-gnu/lib/rustlib/x86_64-unknown-linux-gnu/lib/librustc_std_workspace_core-c6fd227bdc7b39ff.rlib" "/opt/rustwide/rustup-home/toolchains/1.83.0-x86_64-unknown-linux-gnu/lib/rustlib/x86_64-unknown-linux-gnu/lib/libcore-959d3389fa3da8a5.rlib" "/opt/rustwide/rustup-home/toolchains/1.83.0-x86_64-unknown-linux-gnu/lib/rustlib/x86_64-unknown-linux-gnu/lib/libcompiler_builtins-abe05db089cc2c62.rlib" "-Wl,-Bdynamic" "-lc" "-lm" "-lrt" "-lpthread" "-lgcc_s" "-lutil" "-lrt" "-lpthread" "-lm" "-ldl" "-lc" "-Wl,--eh-frame-hdr" "-Wl,-z,noexecstack" "-L" "/opt/rustwide/target/debug/build/gmp-mpfr-sys-fbd5659e139cb053/out/lib" "-L" "/opt/rustwide/rustup-home/toolchains/1.83.0-x86_64-unknown-linux-gnu/lib/rustlib/x86_64-unknown-linux-gnu/lib" "-o" "/tmp/rustdoctestlK7C8a/rust_out" "-Wl,--gc-sections" "-pie" "-Wl,-z,relro,-z,now" "-nodefaultlibs"
[INFO] [stdout]   = note: collect2: fatal error: ld terminated with signal 9 [Killed]
[INFO] [stdout]           compilation terminated.
[INFO] [stdout]           
[INFO] [stdout] 
[INFO] [stdout] error: aborting due to 1 previous error
[INFO] [stdout] 
[INFO] [stdout] Couldn't compile the test.
[INFO] [stdout] ---- src/encrypt/ceasar.rs - encrypt::ceasar::Ceasar::encrypt (line 26) stdout ----
[INFO] [stdout] error: linking with `cc` failed: exit status: 1
[INFO] [stdout]   |
[INFO] [stdout]   = note: LC_ALL="C" PATH="/opt/rustwide/rustup-home/toolchains/1.83.0-x86_64-unknown-linux-gnu/lib/rustlib/x86_64-unknown-linux-gnu/bin:/opt/rustwide/cargo-home/bin:/usr/local/sbin:/usr/local/bin:/usr/sbin:/usr/bin:/sbin:/bin" VSLANG="1033" "cc" "-m64" "/tmp/rustcu3ex4n/symbols.o" "/tmp/rustdoctestZiEYcM/rust_out.rust_out.cb03291d53e4e161-cgu.0.rcgu.o" "/tmp/rustdoctestZiEYcM/rust_out.1s7umcihpz0t7nkz1uc2ifee9.rcgu.o" "-Wl,--as-needed" "-Wl,-Bstatic" "/opt/rustwide/target/debug/deps/libferric_crypto_lib.rlib" "/opt/rustwide/target/debug/deps/libnum_prime-deb5c587d4b2f160.rlib" "/opt/rustwide/target/debug/deps/libnum_modular-19a58b9390e93219.rlib" "/opt/rustwide/target/debug/deps/liblru-9e1ac9d392492b75.rlib" "/opt/rustwide/target/debug/deps/libhashbrown-3371eec0f6ad1b35.rlib" "/opt/rustwide/target/debug/deps/libfoldhash-7085108c4e7cb0e0.rlib" "/opt/rustwide/target/debug/deps/libequivalent-4d5cfde55792e26d.rlib" "/opt/rustwide/target/debug/deps/liballocator_api2-88d7b7890afadc02.rlib" "/opt/rustwide/target/debug/deps/libbitvec-b140377dfdb77f04.rlib" "/opt/rustwide/target/debug/deps/libwyz-1bf639ea2585bd37.rlib" "/opt/rustwide/target/debug/deps/libtap-88d1698c4d44c9d2.rlib" "/opt/rustwide/target/debug/deps/libradium-70b4d14a4cf73461.rlib" "/opt/rustwide/target/debug/deps/libfunty-8432ee30c8d1a4ea.rlib" "/opt/rustwide/target/debug/deps/libthiserror-86597c7ebf195168.rlib" "/opt/rustwide/target/debug/deps/libstrsim-5d81c8771286823e.rlib" "/opt/rustwide/target/debug/deps/libitertools-afd6d47054afcdc8.rlib" "/opt/rustwide/target/debug/deps/librayon-c9eda3cbee0f4c56.rlib" "/opt/rustwide/target/debug/deps/librayon_core-c85d1807022617f5.rlib" "/opt/rustwide/target/debug/deps/libcrossbeam_deque-a3beb0ebfe0441fb.rlib" "/opt/rustwide/target/debug/deps/libcrossbeam_epoch-17a12af7c8a0cc0a.rlib" "/opt/rustwide/target/debug/deps/libcrossbeam_utils-be96993693568ee0.rlib" "/opt/rustwide/target/debug/deps/libeither-f8e74052d764b867.rlib" "/opt/rustwide/target/debug/deps/librug-709ad01b8f382a58.rlib" "/opt/rustwide/target/debug/deps/libaz-4f981c79090b4b8e.rlib" "/opt/rustwide/target/debug/deps/libnum_bigint-946b8f597233cb2d.rlib" "/opt/rustwide/target/debug/deps/libnalgebra-40f2b7ccab11c96a.rlib" "/opt/rustwide/target/debug/deps/libmatrixmultiply-30f2680bee14c369.rlib" "/opt/rustwide/target/debug/deps/librawpointer-82a8acb23f770ede.rlib" "/opt/rustwide/target/debug/deps/libnum_rational-f9a966975a712f0d.rlib" "/opt/rustwide/target/debug/deps/libnum_integer-24ba7273a25c7cf1.rlib" "/opt/rustwide/target/debug/deps/libtypenum-f8bcce2b4da82a7e.rlib" "/opt/rustwide/target/debug/deps/libsimba-400e380037c76bfd.rlib" "/opt/rustwide/target/debug/deps/libwide-8682a30a98141b4c.rlib" "/opt/rustwide/target/debug/deps/libsafe_arch-23f451ebf5a04c9d.rlib" "/opt/rustwide/target/debug/deps/libbytemuck-001c838fec11c0a7.rlib" "/opt/rustwide/target/debug/deps/libnum_complex-c3e8768cb296fcb6.rlib" "/opt/rustwide/target/debug/deps/libapprox-16329e2e65d40ce3.rlib" "/opt/rustwide/target/debug/deps/libnum_traits-15e1fbffc26ebd9a.rlib" "/opt/rustwide/target/debug/deps/libgmp_mpfr_sys-85c5a34b431c9c2f.rlib" "/opt/rustwide/target/debug/deps/librand-636eaa5f3539e447.rlib" "/opt/rustwide/target/debug/deps/librand_chacha-f495a375f6b898ee.rlib" "/opt/rustwide/target/debug/deps/libppv_lite86-f43d0629e4d18423.rlib" "/opt/rustwide/target/debug/deps/libzerocopy-613b32882efc4cea.rlib" "/opt/rustwide/target/debug/deps/libbyteorder-d36d73da0d12e75b.rlib" "/opt/rustwide/target/debug/deps/librand_core-28f65c6688132a84.rlib" "/opt/rustwide/target/debug/deps/libgetrandom-b16d5af0f8f09bee.rlib" "/opt/rustwide/target/debug/deps/liblibc-4f60591517274081.rlib" "/opt/rustwide/target/debug/deps/libcfg_if-8217498f8667ada9.rlib" "/opt/rustwide/target/debug/deps/liblazy_static-977f75dcedc2f7be.rlib" "/opt/rustwide/rustup-home/toolchains/1.83.0-x86_64-unknown-linux-gnu/lib/rustlib/x86_64-unknown-linux-gnu/lib/libstd-ca74a2d9c5166d9f.rlib" "/opt/rustwide/rustup-home/toolchains/1.83.0-x86_64-unknown-linux-gnu/lib/rustlib/x86_64-unknown-linux-gnu/lib/libpanic_unwind-e31ab23316ed5080.rlib" "/opt/rustwide/rustup-home/toolchains/1.83.0-x86_64-unknown-linux-gnu/lib/rustlib/x86_64-unknown-linux-gnu/lib/libobject-27dc4aa955912662.rlib" "/opt/rustwide/rustup-home/toolchains/1.83.0-x86_64-unknown-linux-gnu/lib/rustlib/x86_64-unknown-linux-gnu/lib/libmemchr-bd0d6cccce077b99.rlib" "/opt/rustwide/rustup-home/toolchains/1.83.0-x86_64-unknown-linux-gnu/lib/rustlib/x86_64-unknown-linux-gnu/lib/libaddr2line-8d001680935b5e3c.rlib" "/opt/rustwide/rustup-home/toolchains/1.83.0-x86_64-unknown-linux-gnu/lib/rustlib/x86_64-unknown-linux-gnu/lib/libgimli-ba8ce71964f984f4.rlib" "/opt/rustwide/rustup-home/toolchains/1.83.0-x86_64-unknown-linux-gnu/lib/rustlib/x86_64-unknown-linux-gnu/lib/librustc_demangle-99a73526abcec14b.rlib" "/opt/rustwide/rustup-home/toolchains/1.83.0-x86_64-unknown-linux-gnu/lib/rustlib/x86_64-unknown-linux-gnu/lib/libstd_detect-63ac0d22cff92579.rlib" "/opt/rustwide/rustup-home/toolchains/1.83.0-x86_64-unknown-linux-gnu/lib/rustlib/x86_64-unknown-linux-gnu/lib/libhashbrown-9057355c92c922d5.rlib" "/opt/rustwide/rustup-home/toolchains/1.83.0-x86_64-unknown-linux-gnu/lib/rustlib/x86_64-unknown-linux-gnu/lib/librustc_std_workspace_alloc-358be9bc1f6bab04.rlib" "/opt/rustwide/rustup-home/toolchains/1.83.0-x86_64-unknown-linux-gnu/lib/rustlib/x86_64-unknown-linux-gnu/lib/libminiz_oxide-aca15549d5bff974.rlib" "/opt/rustwide/rustup-home/toolchains/1.83.0-x86_64-unknown-linux-gnu/lib/rustlib/x86_64-unknown-linux-gnu/lib/libadler-8251d2cef7072448.rlib" "/opt/rustwide/rustup-home/toolchains/1.83.0-x86_64-unknown-linux-gnu/lib/rustlib/x86_64-unknown-linux-gnu/lib/libunwind-7d50b86011c66411.rlib" "/opt/rustwide/rustup-home/toolchains/1.83.0-x86_64-unknown-linux-gnu/lib/rustlib/x86_64-unknown-linux-gnu/lib/libcfg_if-51ea098fce5006bf.rlib" "/opt/rustwide/rustup-home/toolchains/1.83.0-x86_64-unknown-linux-gnu/lib/rustlib/x86_64-unknown-linux-gnu/lib/liblibc-5a14e0d0b712e731.rlib" "/opt/rustwide/rustup-home/toolchains/1.83.0-x86_64-unknown-linux-gnu/lib/rustlib/x86_64-unknown-linux-gnu/lib/liballoc-8b83dbf3a7b8f999.rlib" "/opt/rustwide/rustup-home/toolchains/1.83.0-x86_64-unknown-linux-gnu/lib/rustlib/x86_64-unknown-linux-gnu/lib/librustc_std_workspace_core-c6fd227bdc7b39ff.rlib" "/opt/rustwide/rustup-home/toolchains/1.83.0-x86_64-unknown-linux-gnu/lib/rustlib/x86_64-unknown-linux-gnu/lib/libcore-959d3389fa3da8a5.rlib" "/opt/rustwide/rustup-home/toolchains/1.83.0-x86_64-unknown-linux-gnu/lib/rustlib/x86_64-unknown-linux-gnu/lib/libcompiler_builtins-abe05db089cc2c62.rlib" "-Wl,-Bdynamic" "-lc" "-lm" "-lrt" "-lpthread" "-lgcc_s" "-lutil" "-lrt" "-lpthread" "-lm" "-ldl" "-lc" "-Wl,--eh-frame-hdr" "-Wl,-z,noexecstack" "-L" "/opt/rustwide/target/debug/build/gmp-mpfr-sys-fbd5659e139cb053/out/lib" "-L" "/opt/rustwide/rustup-home/toolchains/1.83.0-x86_64-unknown-linux-gnu/lib/rustlib/x86_64-unknown-linux-gnu/lib" "-o" "/tmp/rustdoctestZiEYcM/rust_out" "-Wl,--gc-sections" "-pie" "-Wl,-z,relro,-z,now" "-nodefaultlibs"
[INFO] [stdout]   = note: collect2: fatal error: ld terminated with signal 9 [Killed]
[INFO] [stdout]           compilation terminated.
[INFO] [stdout]           
[INFO] [stdout] 
[INFO] [stdout] error: aborting due to 1 previous error
[INFO] [stdout] 
[INFO] [stdout] Couldn't compile the test.
[INFO] [stdout] ---- src/crypto_systems/ceasar.rs - crypto_systems::ceasar::Ceasar::new_with_rand_shift (line 57) stdout ----
[INFO] [stdout] error: linking with `cc` failed: exit status: 1
[INFO] [stdout]   |
[INFO] [stdout]   = note: LC_ALL="C" PATH="/opt/rustwide/rustup-home/toolchains/1.83.0-x86_64-unknown-linux-gnu/lib/rustlib/x86_64-unknown-linux-gnu/bin:/opt/rustwide/cargo-home/bin:/usr/local/sbin:/usr/local/bin:/usr/sbin:/usr/bin:/sbin:/bin" VSLANG="1033" "cc" "-m64" "/tmp/rustctv9kfG/symbols.o" "/tmp/rustdoctest6P7471/rust_out.rust_out.cb03291d53e4e161-cgu.0.rcgu.o" "/tmp/rustdoctest6P7471/rust_out.1s7umcihpz0t7nkz1uc2ifee9.rcgu.o" "-Wl,--as-needed" "-Wl,-Bstatic" "/opt/rustwide/target/debug/deps/libferric_crypto_lib.rlib" "/opt/rustwide/target/debug/deps/libnum_prime-deb5c587d4b2f160.rlib" "/opt/rustwide/target/debug/deps/libnum_modular-19a58b9390e93219.rlib" "/opt/rustwide/target/debug/deps/liblru-9e1ac9d392492b75.rlib" "/opt/rustwide/target/debug/deps/libhashbrown-3371eec0f6ad1b35.rlib" "/opt/rustwide/target/debug/deps/libfoldhash-7085108c4e7cb0e0.rlib" "/opt/rustwide/target/debug/deps/libequivalent-4d5cfde55792e26d.rlib" "/opt/rustwide/target/debug/deps/liballocator_api2-88d7b7890afadc02.rlib" "/opt/rustwide/target/debug/deps/libbitvec-b140377dfdb77f04.rlib" "/opt/rustwide/target/debug/deps/libwyz-1bf639ea2585bd37.rlib" "/opt/rustwide/target/debug/deps/libtap-88d1698c4d44c9d2.rlib" "/opt/rustwide/target/debug/deps/libradium-70b4d14a4cf73461.rlib" "/opt/rustwide/target/debug/deps/libfunty-8432ee30c8d1a4ea.rlib" "/opt/rustwide/target/debug/deps/libthiserror-86597c7ebf195168.rlib" "/opt/rustwide/target/debug/deps/libstrsim-5d81c8771286823e.rlib" "/opt/rustwide/target/debug/deps/libitertools-afd6d47054afcdc8.rlib" "/opt/rustwide/target/debug/deps/librayon-c9eda3cbee0f4c56.rlib" "/opt/rustwide/target/debug/deps/librayon_core-c85d1807022617f5.rlib" "/opt/rustwide/target/debug/deps/libcrossbeam_deque-a3beb0ebfe0441fb.rlib" "/opt/rustwide/target/debug/deps/libcrossbeam_epoch-17a12af7c8a0cc0a.rlib" "/opt/rustwide/target/debug/deps/libcrossbeam_utils-be96993693568ee0.rlib" "/opt/rustwide/target/debug/deps/libeither-f8e74052d764b867.rlib" "/opt/rustwide/target/debug/deps/librug-709ad01b8f382a58.rlib" "/opt/rustwide/target/debug/deps/libaz-4f981c79090b4b8e.rlib" "/opt/rustwide/target/debug/deps/libnum_bigint-946b8f597233cb2d.rlib" "/opt/rustwide/target/debug/deps/libnalgebra-40f2b7ccab11c96a.rlib" "/opt/rustwide/target/debug/deps/libmatrixmultiply-30f2680bee14c369.rlib" "/opt/rustwide/target/debug/deps/librawpointer-82a8acb23f770ede.rlib" "/opt/rustwide/target/debug/deps/libnum_rational-f9a966975a712f0d.rlib" "/opt/rustwide/target/debug/deps/libnum_integer-24ba7273a25c7cf1.rlib" "/opt/rustwide/target/debug/deps/libtypenum-f8bcce2b4da82a7e.rlib" "/opt/rustwide/target/debug/deps/libsimba-400e380037c76bfd.rlib" "/opt/rustwide/target/debug/deps/libwide-8682a30a98141b4c.rlib" "/opt/rustwide/target/debug/deps/libsafe_arch-23f451ebf5a04c9d.rlib" "/opt/rustwide/target/debug/deps/libbytemuck-001c838fec11c0a7.rlib" "/opt/rustwide/target/debug/deps/libnum_complex-c3e8768cb296fcb6.rlib" "/opt/rustwide/target/debug/deps/libapprox-16329e2e65d40ce3.rlib" "/opt/rustwide/target/debug/deps/libnum_traits-15e1fbffc26ebd9a.rlib" "/opt/rustwide/target/debug/deps/libgmp_mpfr_sys-85c5a34b431c9c2f.rlib" "/opt/rustwide/target/debug/deps/librand-636eaa5f3539e447.rlib" "/opt/rustwide/target/debug/deps/librand_chacha-f495a375f6b898ee.rlib" "/opt/rustwide/target/debug/deps/libppv_lite86-f43d0629e4d18423.rlib" "/opt/rustwide/target/debug/deps/libzerocopy-613b32882efc4cea.rlib" "/opt/rustwide/target/debug/deps/libbyteorder-d36d73da0d12e75b.rlib" "/opt/rustwide/target/debug/deps/librand_core-28f65c6688132a84.rlib" "/opt/rustwide/target/debug/deps/libgetrandom-b16d5af0f8f09bee.rlib" "/opt/rustwide/target/debug/deps/liblibc-4f60591517274081.rlib" "/opt/rustwide/target/debug/deps/libcfg_if-8217498f8667ada9.rlib" "/opt/rustwide/target/debug/deps/liblazy_static-977f75dcedc2f7be.rlib" "/opt/rustwide/rustup-home/toolchains/1.83.0-x86_64-unknown-linux-gnu/lib/rustlib/x86_64-unknown-linux-gnu/lib/libstd-ca74a2d9c5166d9f.rlib" "/opt/rustwide/rustup-home/toolchains/1.83.0-x86_64-unknown-linux-gnu/lib/rustlib/x86_64-unknown-linux-gnu/lib/libpanic_unwind-e31ab23316ed5080.rlib" "/opt/rustwide/rustup-home/toolchains/1.83.0-x86_64-unknown-linux-gnu/lib/rustlib/x86_64-unknown-linux-gnu/lib/libobject-27dc4aa955912662.rlib" "/opt/rustwide/rustup-home/toolchains/1.83.0-x86_64-unknown-linux-gnu/lib/rustlib/x86_64-unknown-linux-gnu/lib/libmemchr-bd0d6cccce077b99.rlib" "/opt/rustwide/rustup-home/toolchains/1.83.0-x86_64-unknown-linux-gnu/lib/rustlib/x86_64-unknown-linux-gnu/lib/libaddr2line-8d001680935b5e3c.rlib" "/opt/rustwide/rustup-home/toolchains/1.83.0-x86_64-unknown-linux-gnu/lib/rustlib/x86_64-unknown-linux-gnu/lib/libgimli-ba8ce71964f984f4.rlib" "/opt/rustwide/rustup-home/toolchains/1.83.0-x86_64-unknown-linux-gnu/lib/rustlib/x86_64-unknown-linux-gnu/lib/librustc_demangle-99a73526abcec14b.rlib" "/opt/rustwide/rustup-home/toolchains/1.83.0-x86_64-unknown-linux-gnu/lib/rustlib/x86_64-unknown-linux-gnu/lib/libstd_detect-63ac0d22cff92579.rlib" "/opt/rustwide/rustup-home/toolchains/1.83.0-x86_64-unknown-linux-gnu/lib/rustlib/x86_64-unknown-linux-gnu/lib/libhashbrown-9057355c92c922d5.rlib" "/opt/rustwide/rustup-home/toolchains/1.83.0-x86_64-unknown-linux-gnu/lib/rustlib/x86_64-unknown-linux-gnu/lib/librustc_std_workspace_alloc-358be9bc1f6bab04.rlib" "/opt/rustwide/rustup-home/toolchains/1.83.0-x86_64-unknown-linux-gnu/lib/rustlib/x86_64-unknown-linux-gnu/lib/libminiz_oxide-aca15549d5bff974.rlib" "/opt/rustwide/rustup-home/toolchains/1.83.0-x86_64-unknown-linux-gnu/lib/rustlib/x86_64-unknown-linux-gnu/lib/libadler-8251d2cef7072448.rlib" "/opt/rustwide/rustup-home/toolchains/1.83.0-x86_64-unknown-linux-gnu/lib/rustlib/x86_64-unknown-linux-gnu/lib/libunwind-7d50b86011c66411.rlib" "/opt/rustwide/rustup-home/toolchains/1.83.0-x86_64-unknown-linux-gnu/lib/rustlib/x86_64-unknown-linux-gnu/lib/libcfg_if-51ea098fce5006bf.rlib" "/opt/rustwide/rustup-home/toolchains/1.83.0-x86_64-unknown-linux-gnu/lib/rustlib/x86_64-unknown-linux-gnu/lib/liblibc-5a14e0d0b712e731.rlib" "/opt/rustwide/rustup-home/toolchains/1.83.0-x86_64-unknown-linux-gnu/lib/rustlib/x86_64-unknown-linux-gnu/lib/liballoc-8b83dbf3a7b8f999.rlib" "/opt/rustwide/rustup-home/toolchains/1.83.0-x86_64-unknown-linux-gnu/lib/rustlib/x86_64-unknown-linux-gnu/lib/librustc_std_workspace_core-c6fd227bdc7b39ff.rlib" "/opt/rustwide/rustup-home/toolchains/1.83.0-x86_64-unknown-linux-gnu/lib/rustlib/x86_64-unknown-linux-gnu/lib/libcore-959d3389fa3da8a5.rlib" "/opt/rustwide/rustup-home/toolchains/1.83.0-x86_64-unknown-linux-gnu/lib/rustlib/x86_64-unknown-linux-gnu/lib/libcompiler_builtins-abe05db089cc2c62.rlib" "-Wl,-Bdynamic" "-lc" "-lm" "-lrt" "-lpthread" "-lgcc_s" "-lutil" "-lrt" "-lpthread" "-lm" "-ldl" "-lc" "-Wl,--eh-frame-hdr" "-Wl,-z,noexecstack" "-L" "/opt/rustwide/target/debug/build/gmp-mpfr-sys-fbd5659e139cb053/out/lib" "-L" "/opt/rustwide/rustup-home/toolchains/1.83.0-x86_64-unknown-linux-gnu/lib/rustlib/x86_64-unknown-linux-gnu/lib" "-o" "/tmp/rustdoctest6P7471/rust_out" "-Wl,--gc-sections" "-pie" "-Wl,-z,relro,-z,now" "-nodefaultlibs"
[INFO] [stdout]   = note: collect2: fatal error: ld terminated with signal 9 [Killed]
[INFO] [stdout]           compilation terminated.
[INFO] [stdout]           
[INFO] [stdout] 
[INFO] [stdout] error: aborting due to 1 previous error
[INFO] [stdout] 
[INFO] [stdout] Couldn't compile the test.
[INFO] [stdout] ---- src/decrypt/mono_alphabet.rs - decrypt::mono_alphabet::Monosubstitution::decrypt (line 21) stdout ----
[INFO] [stdout] error: linking with `cc` failed: exit status: 1
[INFO] [stdout]   |
[INFO] [stdout]   = note: LC_ALL="C" PATH="/opt/rustwide/rustup-home/toolchains/1.83.0-x86_64-unknown-linux-gnu/lib/rustlib/x86_64-unknown-linux-gnu/bin:/opt/rustwide/cargo-home/bin:/usr/local/sbin:/usr/local/bin:/usr/sbin:/usr/bin:/sbin:/bin" VSLANG="1033" "cc" "-m64" "/tmp/rustcPCxUFw/symbols.o" "/tmp/rustdoctestUXhQgB/rust_out.rust_out.cb03291d53e4e161-cgu.0.rcgu.o" "/tmp/rustdoctestUXhQgB/rust_out.1s7umcihpz0t7nkz1uc2ifee9.rcgu.o" "-Wl,--as-needed" "-Wl,-Bstatic" "/opt/rustwide/target/debug/deps/libferric_crypto_lib.rlib" "/opt/rustwide/target/debug/deps/libnum_prime-deb5c587d4b2f160.rlib" "/opt/rustwide/target/debug/deps/libnum_modular-19a58b9390e93219.rlib" "/opt/rustwide/target/debug/deps/liblru-9e1ac9d392492b75.rlib" "/opt/rustwide/target/debug/deps/libhashbrown-3371eec0f6ad1b35.rlib" "/opt/rustwide/target/debug/deps/libfoldhash-7085108c4e7cb0e0.rlib" "/opt/rustwide/target/debug/deps/libequivalent-4d5cfde55792e26d.rlib" "/opt/rustwide/target/debug/deps/liballocator_api2-88d7b7890afadc02.rlib" "/opt/rustwide/target/debug/deps/libbitvec-b140377dfdb77f04.rlib" "/opt/rustwide/target/debug/deps/libwyz-1bf639ea2585bd37.rlib" "/opt/rustwide/target/debug/deps/libtap-88d1698c4d44c9d2.rlib" "/opt/rustwide/target/debug/deps/libradium-70b4d14a4cf73461.rlib" "/opt/rustwide/target/debug/deps/libfunty-8432ee30c8d1a4ea.rlib" "/opt/rustwide/target/debug/deps/libthiserror-86597c7ebf195168.rlib" "/opt/rustwide/target/debug/deps/libstrsim-5d81c8771286823e.rlib" "/opt/rustwide/target/debug/deps/libitertools-afd6d47054afcdc8.rlib" "/opt/rustwide/target/debug/deps/librayon-c9eda3cbee0f4c56.rlib" "/opt/rustwide/target/debug/deps/librayon_core-c85d1807022617f5.rlib" "/opt/rustwide/target/debug/deps/libcrossbeam_deque-a3beb0ebfe0441fb.rlib" "/opt/rustwide/target/debug/deps/libcrossbeam_epoch-17a12af7c8a0cc0a.rlib" "/opt/rustwide/target/debug/deps/libcrossbeam_utils-be96993693568ee0.rlib" "/opt/rustwide/target/debug/deps/libeither-f8e74052d764b867.rlib" "/opt/rustwide/target/debug/deps/librug-709ad01b8f382a58.rlib" "/opt/rustwide/target/debug/deps/libaz-4f981c79090b4b8e.rlib" "/opt/rustwide/target/debug/deps/libnum_bigint-946b8f597233cb2d.rlib" "/opt/rustwide/target/debug/deps/libnalgebra-40f2b7ccab11c96a.rlib" "/opt/rustwide/target/debug/deps/libmatrixmultiply-30f2680bee14c369.rlib" "/opt/rustwide/target/debug/deps/librawpointer-82a8acb23f770ede.rlib" "/opt/rustwide/target/debug/deps/libnum_rational-f9a966975a712f0d.rlib" "/opt/rustwide/target/debug/deps/libnum_integer-24ba7273a25c7cf1.rlib" "/opt/rustwide/target/debug/deps/libtypenum-f8bcce2b4da82a7e.rlib" "/opt/rustwide/target/debug/deps/libsimba-400e380037c76bfd.rlib" "/opt/rustwide/target/debug/deps/libwide-8682a30a98141b4c.rlib" "/opt/rustwide/target/debug/deps/libsafe_arch-23f451ebf5a04c9d.rlib" "/opt/rustwide/target/debug/deps/libbytemuck-001c838fec11c0a7.rlib" "/opt/rustwide/target/debug/deps/libnum_complex-c3e8768cb296fcb6.rlib" "/opt/rustwide/target/debug/deps/libapprox-16329e2e65d40ce3.rlib" "/opt/rustwide/target/debug/deps/libnum_traits-15e1fbffc26ebd9a.rlib" "/opt/rustwide/target/debug/deps/libgmp_mpfr_sys-85c5a34b431c9c2f.rlib" "/opt/rustwide/target/debug/deps/librand-636eaa5f3539e447.rlib" "/opt/rustwide/target/debug/deps/librand_chacha-f495a375f6b898ee.rlib" "/opt/rustwide/target/debug/deps/libppv_lite86-f43d0629e4d18423.rlib" "/opt/rustwide/target/debug/deps/libzerocopy-613b32882efc4cea.rlib" "/opt/rustwide/target/debug/deps/libbyteorder-d36d73da0d12e75b.rlib" "/opt/rustwide/target/debug/deps/librand_core-28f65c6688132a84.rlib" "/opt/rustwide/target/debug/deps/libgetrandom-b16d5af0f8f09bee.rlib" "/opt/rustwide/target/debug/deps/liblibc-4f60591517274081.rlib" "/opt/rustwide/target/debug/deps/libcfg_if-8217498f8667ada9.rlib" "/opt/rustwide/target/debug/deps/liblazy_static-977f75dcedc2f7be.rlib" "/opt/rustwide/rustup-home/toolchains/1.83.0-x86_64-unknown-linux-gnu/lib/rustlib/x86_64-unknown-linux-gnu/lib/libstd-ca74a2d9c5166d9f.rlib" "/opt/rustwide/rustup-home/toolchains/1.83.0-x86_64-unknown-linux-gnu/lib/rustlib/x86_64-unknown-linux-gnu/lib/libpanic_unwind-e31ab23316ed5080.rlib" "/opt/rustwide/rustup-home/toolchains/1.83.0-x86_64-unknown-linux-gnu/lib/rustlib/x86_64-unknown-linux-gnu/lib/libobject-27dc4aa955912662.rlib" "/opt/rustwide/rustup-home/toolchains/1.83.0-x86_64-unknown-linux-gnu/lib/rustlib/x86_64-unknown-linux-gnu/lib/libmemchr-bd0d6cccce077b99.rlib" "/opt/rustwide/rustup-home/toolchains/1.83.0-x86_64-unknown-linux-gnu/lib/rustlib/x86_64-unknown-linux-gnu/lib/libaddr2line-8d001680935b5e3c.rlib" "/opt/rustwide/rustup-home/toolchains/1.83.0-x86_64-unknown-linux-gnu/lib/rustlib/x86_64-unknown-linux-gnu/lib/libgimli-ba8ce71964f984f4.rlib" "/opt/rustwide/rustup-home/toolchains/1.83.0-x86_64-unknown-linux-gnu/lib/rustlib/x86_64-unknown-linux-gnu/lib/librustc_demangle-99a73526abcec14b.rlib" "/opt/rustwide/rustup-home/toolchains/1.83.0-x86_64-unknown-linux-gnu/lib/rustlib/x86_64-unknown-linux-gnu/lib/libstd_detect-63ac0d22cff92579.rlib" "/opt/rustwide/rustup-home/toolchains/1.83.0-x86_64-unknown-linux-gnu/lib/rustlib/x86_64-unknown-linux-gnu/lib/libhashbrown-9057355c92c922d5.rlib" "/opt/rustwide/rustup-home/toolchains/1.83.0-x86_64-unknown-linux-gnu/lib/rustlib/x86_64-unknown-linux-gnu/lib/librustc_std_workspace_alloc-358be9bc1f6bab04.rlib" "/opt/rustwide/rustup-home/toolchains/1.83.0-x86_64-unknown-linux-gnu/lib/rustlib/x86_64-unknown-linux-gnu/lib/libminiz_oxide-aca15549d5bff974.rlib" "/opt/rustwide/rustup-home/toolchains/1.83.0-x86_64-unknown-linux-gnu/lib/rustlib/x86_64-unknown-linux-gnu/lib/libadler-8251d2cef7072448.rlib" "/opt/rustwide/rustup-home/toolchains/1.83.0-x86_64-unknown-linux-gnu/lib/rustlib/x86_64-unknown-linux-gnu/lib/libunwind-7d50b86011c66411.rlib" "/opt/rustwide/rustup-home/toolchains/1.83.0-x86_64-unknown-linux-gnu/lib/rustlib/x86_64-unknown-linux-gnu/lib/libcfg_if-51ea098fce5006bf.rlib" "/opt/rustwide/rustup-home/toolchains/1.83.0-x86_64-unknown-linux-gnu/lib/rustlib/x86_64-unknown-linux-gnu/lib/liblibc-5a14e0d0b712e731.rlib" "/opt/rustwide/rustup-home/toolchains/1.83.0-x86_64-unknown-linux-gnu/lib/rustlib/x86_64-unknown-linux-gnu/lib/liballoc-8b83dbf3a7b8f999.rlib" "/opt/rustwide/rustup-home/toolchains/1.83.0-x86_64-unknown-linux-gnu/lib/rustlib/x86_64-unknown-linux-gnu/lib/librustc_std_workspace_core-c6fd227bdc7b39ff.rlib" "/opt/rustwide/rustup-home/toolchains/1.83.0-x86_64-unknown-linux-gnu/lib/rustlib/x86_64-unknown-linux-gnu/lib/libcore-959d3389fa3da8a5.rlib" "/opt/rustwide/rustup-home/toolchains/1.83.0-x86_64-unknown-linux-gnu/lib/rustlib/x86_64-unknown-linux-gnu/lib/libcompiler_builtins-abe05db089cc2c62.rlib" "-Wl,-Bdynamic" "-lc" "-lm" "-lrt" "-lpthread" "-lgcc_s" "-lutil" "-lrt" "-lpthread" "-lm" "-ldl" "-lc" "-Wl,--eh-frame-hdr" "-Wl,-z,noexecstack" "-L" "/opt/rustwide/target/debug/build/gmp-mpfr-sys-fbd5659e139cb053/out/lib" "-L" "/opt/rustwide/rustup-home/toolchains/1.83.0-x86_64-unknown-linux-gnu/lib/rustlib/x86_64-unknown-linux-gnu/lib" "-o" "/tmp/rustdoctestUXhQgB/rust_out" "-Wl,--gc-sections" "-pie" "-Wl,-z,relro,-z,now" "-nodefaultlibs"
[INFO] [stdout]   = note: collect2: fatal error: ld terminated with signal 9 [Killed]
[INFO] [stdout]           compilation terminated.
[INFO] [stdout]           
[INFO] [stdout] 
[INFO] [stdout] error: aborting due to 1 previous error
[INFO] [stdout] 
[INFO] [stdout] Couldn't compile the test.
[INFO] [stdout] ---- src/encrypt/hill_crypto.rs - encrypt::hill_crypto::Hill::encrypt (line 46) stdout ----
[INFO] [stdout] error: linking with `cc` failed: exit status: 1
[INFO] [stdout]   |
[INFO] [stderr] error: doctest failed, to rerun pass `--doc`
[INFO] [stdout]   = note: LC_ALL="C" PATH="/opt/rustwide/rustup-home/toolchains/1.83.0-x86_64-unknown-linux-gnu/lib/rustlib/x86_64-unknown-linux-gnu/bin:/opt/rustwide/cargo-home/bin:/usr/local/sbin:/usr/local/bin:/usr/sbin:/usr/bin:/sbin:/bin" VSLANG="1033" "cc" "-m64" "/tmp/rustcqSqIuV/symbols.o" "/tmp/rustdoctestwDyvgw/rust_out.rust_out.cb03291d53e4e161-cgu.0.rcgu.o" "/tmp/rustdoctestwDyvgw/rust_out.1s7umcihpz0t7nkz1uc2ifee9.rcgu.o" "-Wl,--as-needed" "-Wl,-Bstatic" "/opt/rustwide/target/debug/deps/libferric_crypto_lib.rlib" "/opt/rustwide/target/debug/deps/libnum_prime-deb5c587d4b2f160.rlib" "/opt/rustwide/target/debug/deps/libnum_modular-19a58b9390e93219.rlib" "/opt/rustwide/target/debug/deps/liblru-9e1ac9d392492b75.rlib" "/opt/rustwide/target/debug/deps/libhashbrown-3371eec0f6ad1b35.rlib" "/opt/rustwide/target/debug/deps/libfoldhash-7085108c4e7cb0e0.rlib" "/opt/rustwide/target/debug/deps/libequivalent-4d5cfde55792e26d.rlib" "/opt/rustwide/target/debug/deps/liballocator_api2-88d7b7890afadc02.rlib" "/opt/rustwide/target/debug/deps/libbitvec-b140377dfdb77f04.rlib" "/opt/rustwide/target/debug/deps/libwyz-1bf639ea2585bd37.rlib" "/opt/rustwide/target/debug/deps/libtap-88d1698c4d44c9d2.rlib" "/opt/rustwide/target/debug/deps/libradium-70b4d14a4cf73461.rlib" "/opt/rustwide/target/debug/deps/libfunty-8432ee30c8d1a4ea.rlib" "/opt/rustwide/target/debug/deps/libthiserror-86597c7ebf195168.rlib" "/opt/rustwide/target/debug/deps/libstrsim-5d81c8771286823e.rlib" "/opt/rustwide/target/debug/deps/libitertools-afd6d47054afcdc8.rlib" "/opt/rustwide/target/debug/deps/librayon-c9eda3cbee0f4c56.rlib" "/opt/rustwide/target/debug/deps/librayon_core-c85d1807022617f5.rlib" "/opt/rustwide/target/debug/deps/libcrossbeam_deque-a3beb0ebfe0441fb.rlib" "/opt/rustwide/target/debug/deps/libcrossbeam_epoch-17a12af7c8a0cc0a.rlib" "/opt/rustwide/target/debug/deps/libcrossbeam_utils-be96993693568ee0.rlib" "/opt/rustwide/target/debug/deps/libeither-f8e74052d764b867.rlib" "/opt/rustwide/target/debug/deps/librug-709ad01b8f382a58.rlib" "/opt/rustwide/target/debug/deps/libaz-4f981c79090b4b8e.rlib" "/opt/rustwide/target/debug/deps/libnum_bigint-946b8f597233cb2d.rlib" "/opt/rustwide/target/debug/deps/libnalgebra-40f2b7ccab11c96a.rlib" "/opt/rustwide/target/debug/deps/libmatrixmultiply-30f2680bee14c369.rlib" "/opt/rustwide/target/debug/deps/librawpointer-82a8acb23f770ede.rlib" "/opt/rustwide/target/debug/deps/libnum_rational-f9a966975a712f0d.rlib" "/opt/rustwide/target/debug/deps/libnum_integer-24ba7273a25c7cf1.rlib" "/opt/rustwide/target/debug/deps/libtypenum-f8bcce2b4da82a7e.rlib" "/opt/rustwide/target/debug/deps/libsimba-400e380037c76bfd.rlib" "/opt/rustwide/target/debug/deps/libwide-8682a30a98141b4c.rlib" "/opt/rustwide/target/debug/deps/libsafe_arch-23f451ebf5a04c9d.rlib" "/opt/rustwide/target/debug/deps/libbytemuck-001c838fec11c0a7.rlib" "/opt/rustwide/target/debug/deps/libnum_complex-c3e8768cb296fcb6.rlib" "/opt/rustwide/target/debug/deps/libapprox-16329e2e65d40ce3.rlib" "/opt/rustwide/target/debug/deps/libnum_traits-15e1fbffc26ebd9a.rlib" "/opt/rustwide/target/debug/deps/libgmp_mpfr_sys-85c5a34b431c9c2f.rlib" "/opt/rustwide/target/debug/deps/librand-636eaa5f3539e447.rlib" "/opt/rustwide/target/debug/deps/librand_chacha-f495a375f6b898ee.rlib" "/opt/rustwide/target/debug/deps/libppv_lite86-f43d0629e4d18423.rlib" "/opt/rustwide/target/debug/deps/libzerocopy-613b32882efc4cea.rlib" "/opt/rustwide/target/debug/deps/libbyteorder-d36d73da0d12e75b.rlib" "/opt/rustwide/target/debug/deps/librand_core-28f65c6688132a84.rlib" "/opt/rustwide/target/debug/deps/libgetrandom-b16d5af0f8f09bee.rlib" "/opt/rustwide/target/debug/deps/liblibc-4f60591517274081.rlib" "/opt/rustwide/target/debug/deps/libcfg_if-8217498f8667ada9.rlib" "/opt/rustwide/target/debug/deps/liblazy_static-977f75dcedc2f7be.rlib" "/opt/rustwide/rustup-home/toolchains/1.83.0-x86_64-unknown-linux-gnu/lib/rustlib/x86_64-unknown-linux-gnu/lib/libstd-ca74a2d9c5166d9f.rlib" "/opt/rustwide/rustup-home/toolchains/1.83.0-x86_64-unknown-linux-gnu/lib/rustlib/x86_64-unknown-linux-gnu/lib/libpanic_unwind-e31ab23316ed5080.rlib" "/opt/rustwide/rustup-home/toolchains/1.83.0-x86_64-unknown-linux-gnu/lib/rustlib/x86_64-unknown-linux-gnu/lib/libobject-27dc4aa955912662.rlib" "/opt/rustwide/rustup-home/toolchains/1.83.0-x86_64-unknown-linux-gnu/lib/rustlib/x86_64-unknown-linux-gnu/lib/libmemchr-bd0d6cccce077b99.rlib" "/opt/rustwide/rustup-home/toolchains/1.83.0-x86_64-unknown-linux-gnu/lib/rustlib/x86_64-unknown-linux-gnu/lib/libaddr2line-8d001680935b5e3c.rlib" "/opt/rustwide/rustup-home/toolchains/1.83.0-x86_64-unknown-linux-gnu/lib/rustlib/x86_64-unknown-linux-gnu/lib/libgimli-ba8ce71964f984f4.rlib" "/opt/rustwide/rustup-home/toolchains/1.83.0-x86_64-unknown-linux-gnu/lib/rustlib/x86_64-unknown-linux-gnu/lib/librustc_demangle-99a73526abcec14b.rlib" "/opt/rustwide/rustup-home/toolchains/1.83.0-x86_64-unknown-linux-gnu/lib/rustlib/x86_64-unknown-linux-gnu/lib/libstd_detect-63ac0d22cff92579.rlib" "/opt/rustwide/rustup-home/toolchains/1.83.0-x86_64-unknown-linux-gnu/lib/rustlib/x86_64-unknown-linux-gnu/lib/libhashbrown-9057355c92c922d5.rlib" "/opt/rustwide/rustup-home/toolchains/1.83.0-x86_64-unknown-linux-gnu/lib/rustlib/x86_64-unknown-linux-gnu/lib/librustc_std_workspace_alloc-358be9bc1f6bab04.rlib" "/opt/rustwide/rustup-home/toolchains/1.83.0-x86_64-unknown-linux-gnu/lib/rustlib/x86_64-unknown-linux-gnu/lib/libminiz_oxide-aca15549d5bff974.rlib" "/opt/rustwide/rustup-home/toolchains/1.83.0-x86_64-unknown-linux-gnu/lib/rustlib/x86_64-unknown-linux-gnu/lib/libadler-8251d2cef7072448.rlib" "/opt/rustwide/rustup-home/toolchains/1.83.0-x86_64-unknown-linux-gnu/lib/rustlib/x86_64-unknown-linux-gnu/lib/libunwind-7d50b86011c66411.rlib" "/opt/rustwide/rustup-home/toolchains/1.83.0-x86_64-unknown-linux-gnu/lib/rustlib/x86_64-unknown-linux-gnu/lib/libcfg_if-51ea098fce5006bf.rlib" "/opt/rustwide/rustup-home/toolchains/1.83.0-x86_64-unknown-linux-gnu/lib/rustlib/x86_64-unknown-linux-gnu/lib/liblibc-5a14e0d0b712e731.rlib" "/opt/rustwide/rustup-home/toolchains/1.83.0-x86_64-unknown-linux-gnu/lib/rustlib/x86_64-unknown-linux-gnu/lib/liballoc-8b83dbf3a7b8f999.rlib" "/opt/rustwide/rustup-home/toolchains/1.83.0-x86_64-unknown-linux-gnu/lib/rustlib/x86_64-unknown-linux-gnu/lib/librustc_std_workspace_core-c6fd227bdc7b39ff.rlib" "/opt/rustwide/rustup-home/toolchains/1.83.0-x86_64-unknown-linux-gnu/lib/rustlib/x86_64-unknown-linux-gnu/lib/libcore-959d3389fa3da8a5.rlib" "/opt/rustwide/rustup-home/toolchains/1.83.0-x86_64-unknown-linux-gnu/lib/rustlib/x86_64-unknown-linux-gnu/lib/libcompiler_builtins-abe05db089cc2c62.rlib" "-Wl,-Bdynamic" "-lc" "-lm" "-lrt" "-lpthread" "-lgcc_s" "-lutil" "-lrt" "-lpthread" "-lm" "-ldl" "-lc" "-Wl,--eh-frame-hdr" "-Wl,-z,noexecstack" "-L" "/opt/rustwide/target/debug/build/gmp-mpfr-sys-fbd5659e139cb053/out/lib" "-L" "/opt/rustwide/rustup-home/toolchains/1.83.0-x86_64-unknown-linux-gnu/lib/rustlib/x86_64-unknown-linux-gnu/lib" "-o" "/tmp/rustdoctestwDyvgw/rust_out" "-Wl,--gc-sections" "-pie" "-Wl,-z,relro,-z,now" "-nodefaultlibs"
[INFO] [stdout]   = note: collect2: fatal error: ld terminated with signal 9 [Killed]
[INFO] [stdout]           compilation terminated.
[INFO] [stdout]           
[INFO] [stdout] 
[INFO] [stdout] error: aborting due to 1 previous error
[INFO] [stdout] 
[INFO] [stdout] Couldn't compile the test.
[INFO] [stdout] ---- src/utils/mod.rs - utils::decode_digit (line 277) stdout ----
[INFO] [stdout] error: linking with `cc` failed: exit status: 1
[INFO] [stdout]   |
[INFO] [stdout]   = note: LC_ALL="C" PATH="/opt/rustwide/rustup-home/toolchains/1.83.0-x86_64-unknown-linux-gnu/lib/rustlib/x86_64-unknown-linux-gnu/bin:/opt/rustwide/cargo-home/bin:/usr/local/sbin:/usr/local/bin:/usr/sbin:/usr/bin:/sbin:/bin" VSLANG="1033" "cc" "-m64" "/tmp/rustcpNRI3d/symbols.o" "/tmp/rustdoctesto5nCgh/rust_out.rust_out.cb03291d53e4e161-cgu.0.rcgu.o" "/tmp/rustdoctesto5nCgh/rust_out.1s7umcihpz0t7nkz1uc2ifee9.rcgu.o" "-Wl,--as-needed" "-Wl,-Bstatic" "/opt/rustwide/target/debug/deps/libferric_crypto_lib.rlib" "/opt/rustwide/target/debug/deps/libnum_prime-deb5c587d4b2f160.rlib" "/opt/rustwide/target/debug/deps/libnum_modular-19a58b9390e93219.rlib" "/opt/rustwide/target/debug/deps/liblru-9e1ac9d392492b75.rlib" "/opt/rustwide/target/debug/deps/libhashbrown-3371eec0f6ad1b35.rlib" "/opt/rustwide/target/debug/deps/libfoldhash-7085108c4e7cb0e0.rlib" "/opt/rustwide/target/debug/deps/libequivalent-4d5cfde55792e26d.rlib" "/opt/rustwide/target/debug/deps/liballocator_api2-88d7b7890afadc02.rlib" "/opt/rustwide/target/debug/deps/libbitvec-b140377dfdb77f04.rlib" "/opt/rustwide/target/debug/deps/libwyz-1bf639ea2585bd37.rlib" "/opt/rustwide/target/debug/deps/libtap-88d1698c4d44c9d2.rlib" "/opt/rustwide/target/debug/deps/libradium-70b4d14a4cf73461.rlib" "/opt/rustwide/target/debug/deps/libfunty-8432ee30c8d1a4ea.rlib" "/opt/rustwide/target/debug/deps/libthiserror-86597c7ebf195168.rlib" "/opt/rustwide/target/debug/deps/libstrsim-5d81c8771286823e.rlib" "/opt/rustwide/target/debug/deps/libitertools-afd6d47054afcdc8.rlib" "/opt/rustwide/target/debug/deps/librayon-c9eda3cbee0f4c56.rlib" "/opt/rustwide/target/debug/deps/librayon_core-c85d1807022617f5.rlib" "/opt/rustwide/target/debug/deps/libcrossbeam_deque-a3beb0ebfe0441fb.rlib" "/opt/rustwide/target/debug/deps/libcrossbeam_epoch-17a12af7c8a0cc0a.rlib" "/opt/rustwide/target/debug/deps/libcrossbeam_utils-be96993693568ee0.rlib" "/opt/rustwide/target/debug/deps/libeither-f8e74052d764b867.rlib" "/opt/rustwide/target/debug/deps/librug-709ad01b8f382a58.rlib" "/opt/rustwide/target/debug/deps/libaz-4f981c79090b4b8e.rlib" "/opt/rustwide/target/debug/deps/libnum_bigint-946b8f597233cb2d.rlib" "/opt/rustwide/target/debug/deps/libnalgebra-40f2b7ccab11c96a.rlib" "/opt/rustwide/target/debug/deps/libmatrixmultiply-30f2680bee14c369.rlib" "/opt/rustwide/target/debug/deps/librawpointer-82a8acb23f770ede.rlib" "/opt/rustwide/target/debug/deps/libnum_rational-f9a966975a712f0d.rlib" "/opt/rustwide/target/debug/deps/libnum_integer-24ba7273a25c7cf1.rlib" "/opt/rustwide/target/debug/deps/libtypenum-f8bcce2b4da82a7e.rlib" "/opt/rustwide/target/debug/deps/libsimba-400e380037c76bfd.rlib" "/opt/rustwide/target/debug/deps/libwide-8682a30a98141b4c.rlib" "/opt/rustwide/target/debug/deps/libsafe_arch-23f451ebf5a04c9d.rlib" "/opt/rustwide/target/debug/deps/libbytemuck-001c838fec11c0a7.rlib" "/opt/rustwide/target/debug/deps/libnum_complex-c3e8768cb296fcb6.rlib" "/opt/rustwide/target/debug/deps/libapprox-16329e2e65d40ce3.rlib" "/opt/rustwide/target/debug/deps/libnum_traits-15e1fbffc26ebd9a.rlib" "/opt/rustwide/target/debug/deps/libgmp_mpfr_sys-85c5a34b431c9c2f.rlib" "/opt/rustwide/target/debug/deps/librand-636eaa5f3539e447.rlib" "/opt/rustwide/target/debug/deps/librand_chacha-f495a375f6b898ee.rlib" "/opt/rustwide/target/debug/deps/libppv_lite86-f43d0629e4d18423.rlib" "/opt/rustwide/target/debug/deps/libzerocopy-613b32882efc4cea.rlib" "/opt/rustwide/target/debug/deps/libbyteorder-d36d73da0d12e75b.rlib" "/opt/rustwide/target/debug/deps/librand_core-28f65c6688132a84.rlib" "/opt/rustwide/target/debug/deps/libgetrandom-b16d5af0f8f09bee.rlib" "/opt/rustwide/target/debug/deps/liblibc-4f60591517274081.rlib" "/opt/rustwide/target/debug/deps/libcfg_if-8217498f8667ada9.rlib" "/opt/rustwide/target/debug/deps/liblazy_static-977f75dcedc2f7be.rlib" "/opt/rustwide/rustup-home/toolchains/1.83.0-x86_64-unknown-linux-gnu/lib/rustlib/x86_64-unknown-linux-gnu/lib/libstd-ca74a2d9c5166d9f.rlib" "/opt/rustwide/rustup-home/toolchains/1.83.0-x86_64-unknown-linux-gnu/lib/rustlib/x86_64-unknown-linux-gnu/lib/libpanic_unwind-e31ab23316ed5080.rlib" "/opt/rustwide/rustup-home/toolchains/1.83.0-x86_64-unknown-linux-gnu/lib/rustlib/x86_64-unknown-linux-gnu/lib/libobject-27dc4aa955912662.rlib" "/opt/rustwide/rustup-home/toolchains/1.83.0-x86_64-unknown-linux-gnu/lib/rustlib/x86_64-unknown-linux-gnu/lib/libmemchr-bd0d6cccce077b99.rlib" "/opt/rustwide/rustup-home/toolchains/1.83.0-x86_64-unknown-linux-gnu/lib/rustlib/x86_64-unknown-linux-gnu/lib/libaddr2line-8d001680935b5e3c.rlib" "/opt/rustwide/rustup-home/toolchains/1.83.0-x86_64-unknown-linux-gnu/lib/rustlib/x86_64-unknown-linux-gnu/lib/libgimli-ba8ce71964f984f4.rlib" "/opt/rustwide/rustup-home/toolchains/1.83.0-x86_64-unknown-linux-gnu/lib/rustlib/x86_64-unknown-linux-gnu/lib/librustc_demangle-99a73526abcec14b.rlib" "/opt/rustwide/rustup-home/toolchains/1.83.0-x86_64-unknown-linux-gnu/lib/rustlib/x86_64-unknown-linux-gnu/lib/libstd_detect-63ac0d22cff92579.rlib" "/opt/rustwide/rustup-home/toolchains/1.83.0-x86_64-unknown-linux-gnu/lib/rustlib/x86_64-unknown-linux-gnu/lib/libhashbrown-9057355c92c922d5.rlib" "/opt/rustwide/rustup-home/toolchains/1.83.0-x86_64-unknown-linux-gnu/lib/rustlib/x86_64-unknown-linux-gnu/lib/librustc_std_workspace_alloc-358be9bc1f6bab04.rlib" "/opt/rustwide/rustup-home/toolchains/1.83.0-x86_64-unknown-linux-gnu/lib/rustlib/x86_64-unknown-linux-gnu/lib/libminiz_oxide-aca15549d5bff974.rlib" "/opt/rustwide/rustup-home/toolchains/1.83.0-x86_64-unknown-linux-gnu/lib/rustlib/x86_64-unknown-linux-gnu/lib/libadler-8251d2cef7072448.rlib" "/opt/rustwide/rustup-home/toolchains/1.83.0-x86_64-unknown-linux-gnu/lib/rustlib/x86_64-unknown-linux-gnu/lib/libunwind-7d50b86011c66411.rlib" "/opt/rustwide/rustup-home/toolchains/1.83.0-x86_64-unknown-linux-gnu/lib/rustlib/x86_64-unknown-linux-gnu/lib/libcfg_if-51ea098fce5006bf.rlib" "/opt/rustwide/rustup-home/toolchains/1.83.0-x86_64-unknown-linux-gnu/lib/rustlib/x86_64-unknown-linux-gnu/lib/liblibc-5a14e0d0b712e731.rlib" "/opt/rustwide/rustup-home/toolchains/1.83.0-x86_64-unknown-linux-gnu/lib/rustlib/x86_64-unknown-linux-gnu/lib/liballoc-8b83dbf3a7b8f999.rlib" "/opt/rustwide/rustup-home/toolchains/1.83.0-x86_64-unknown-linux-gnu/lib/rustlib/x86_64-unknown-linux-gnu/lib/librustc_std_workspace_core-c6fd227bdc7b39ff.rlib" "/opt/rustwide/rustup-home/toolchains/1.83.0-x86_64-unknown-linux-gnu/lib/rustlib/x86_64-unknown-linux-gnu/lib/libcore-959d3389fa3da8a5.rlib" "/opt/rustwide/rustup-home/toolchains/1.83.0-x86_64-unknown-linux-gnu/lib/rustlib/x86_64-unknown-linux-gnu/lib/libcompiler_builtins-abe05db089cc2c62.rlib" "-Wl,-Bdynamic" "-lc" "-lm" "-lrt" "-lpthread" "-lgcc_s" "-lutil" "-lrt" "-lpthread" "-lm" "-ldl" "-lc" "-Wl,--eh-frame-hdr" "-Wl,-z,noexecstack" "-L" "/opt/rustwide/target/debug/build/gmp-mpfr-sys-fbd5659e139cb053/out/lib" "-L" "/opt/rustwide/rustup-home/toolchains/1.83.0-x86_64-unknown-linux-gnu/lib/rustlib/x86_64-unknown-linux-gnu/lib" "-o" "/tmp/rustdoctesto5nCgh/rust_out" "-Wl,--gc-sections" "-pie" "-Wl,-z,relro,-z,now" "-nodefaultlibs"
[INFO] [stdout]   = note: collect2: fatal error: ld terminated with signal 9 [Killed]
[INFO] [stdout]           compilation terminated.
[INFO] [stdout]           
[INFO] [stdout] 
[INFO] [stdout] error: aborting due to 1 previous error
[INFO] [stdout] 
[INFO] [stdout] Couldn't compile the test.
[INFO] [stdout] 
[INFO] [stdout] failures:
[INFO] [stdout]     src/crypto_systems/ceasar.rs - crypto_systems::ceasar::Ceasar::new_with_rand_shift (line 57)
[INFO] [stdout]     src/crypto_systems/mix.rs - crypto_systems::mix::Mix::get_split_input (line 168)
[INFO] [stdout]     src/crypto_systems/mix.rs - crypto_systems::mix::Mix::new (line 140)
[INFO] [stdout]     src/crypto_systems/mix.rs - crypto_systems::mix::MixKey::new (line 31)
[INFO] [stdout]     src/decrypt/ceasar.rs - decrypt::ceasar::Ceasar::decrypt (line 27)
[INFO] [stdout]     src/decrypt/mono_alphabet.rs - decrypt::mono_alphabet::Monosubstitution::decrypt (line 21)
[INFO] [stdout]     src/encrypt/ceasar.rs - encrypt::ceasar::Ceasar::encrypt (line 26)
[INFO] [stdout]     src/encrypt/hill_crypto.rs - encrypt::hill_crypto::Hill::encrypt (line 46)
[INFO] [stdout]     src/utils/encoding/custom.rs - utils::encoding::custom::EncodedString::flatten (line 238)
[INFO] [stdout]     src/utils/mod.rs - utils::decode_digit (line 277)
[INFO] [stdout] 
[INFO] [stdout] test result: FAILED. 11 passed; 10 failed; 0 ignored; 0 measured; 0 filtered out; finished in 5.26s
[INFO] [stdout] 
[INFO] running `Command { std: "docker" "inspect" "865567ca06ee8bc7424a5b67240fb61aa543eb3e59e801a454f2c86642029d44", kill_on_drop: false }`
[INFO] running `Command { std: "docker" "rm" "-f" "865567ca06ee8bc7424a5b67240fb61aa543eb3e59e801a454f2c86642029d44", kill_on_drop: false }`
[INFO] [stdout] 865567ca06ee8bc7424a5b67240fb61aa543eb3e59e801a454f2c86642029d44
