[INFO] fetching crate ferrate 0.0.4...
[INFO] testing ferrate-0.0.4 against 1.83.0 for beta-1.84.0-4-retry
[INFO] extracting crate ferrate 0.0.4 into /workspace/builds/worker-2-tc1/source
[INFO] validating manifest of crates.io crate ferrate 0.0.4 on toolchain 1.83.0
[INFO] running `Command { std: CARGO_HOME="/workspace/cargo-home" RUSTUP_HOME="/workspace/rustup-home" "/workspace/cargo-home/bin/cargo" "+1.83.0" "metadata" "--manifest-path" "Cargo.toml" "--no-deps", kill_on_drop: false }`
[INFO] started tweaking crates.io crate ferrate 0.0.4
[INFO] finished tweaking crates.io crate ferrate 0.0.4
[INFO] tweaked toml for crates.io crate ferrate 0.0.4 written to /workspace/builds/worker-2-tc1/source/Cargo.toml
[INFO] running `Command { std: CARGO_HOME="/workspace/cargo-home" RUSTUP_HOME="/workspace/rustup-home" "/workspace/cargo-home/bin/cargo" "+1.83.0" "generate-lockfile" "--manifest-path" "Cargo.toml", kill_on_drop: false }`
[INFO] running `Command { std: CARGO_HOME="/workspace/cargo-home" RUSTUP_HOME="/workspace/rustup-home" "/workspace/cargo-home/bin/cargo" "+1.83.0" "fetch" "--manifest-path" "Cargo.toml", kill_on_drop: false }`
[INFO] running `Command { std: "docker" "create" "-v" "/var/lib/crater-agent-workspace/builds/worker-2-tc1/target:/opt/rustwide/target:rw,Z" "-v" "/var/lib/crater-agent-workspace/builds/worker-2-tc1/source:/opt/rustwide/workdir:ro,Z" "-v" "/var/lib/crater-agent-workspace/cargo-home:/opt/rustwide/cargo-home:ro,Z" "-v" "/var/lib/crater-agent-workspace/rustup-home:/opt/rustwide/rustup-home:ro,Z" "-e" "SOURCE_DIR=/opt/rustwide/workdir" "-e" "CARGO_TARGET_DIR=/opt/rustwide/target" "-e" "CARGO_HOME=/opt/rustwide/cargo-home" "-e" "RUSTUP_HOME=/opt/rustwide/rustup-home" "-w" "/opt/rustwide/workdir" "-m" "1610612736" "--user" "0:0" "--network" "none" "ghcr.io/rust-lang/crates-build-env/linux@sha256:f3a9d4ad9d972b27faf3965f35b62e55ba32bbce8f20bc8fe909558a86702fde" "/opt/rustwide/cargo-home/bin/cargo" "+1.83.0" "metadata" "--no-deps" "--format-version=1", kill_on_drop: false }`
[INFO] [stdout] 30f1c66ab2df3f09988bfd9cc5a3cdd1ee165ba47d15cf6ec99bf116674b3ba4
[INFO] running `Command { std: "docker" "start" "-a" "30f1c66ab2df3f09988bfd9cc5a3cdd1ee165ba47d15cf6ec99bf116674b3ba4", kill_on_drop: false }`
[INFO] running `Command { std: "docker" "inspect" "30f1c66ab2df3f09988bfd9cc5a3cdd1ee165ba47d15cf6ec99bf116674b3ba4", kill_on_drop: false }`
[INFO] running `Command { std: "docker" "rm" "-f" "30f1c66ab2df3f09988bfd9cc5a3cdd1ee165ba47d15cf6ec99bf116674b3ba4", kill_on_drop: false }`
[INFO] [stdout] 30f1c66ab2df3f09988bfd9cc5a3cdd1ee165ba47d15cf6ec99bf116674b3ba4
[INFO] running `Command { std: "docker" "create" "-v" "/var/lib/crater-agent-workspace/builds/worker-2-tc1/target:/opt/rustwide/target:rw,Z" "-v" "/var/lib/crater-agent-workspace/builds/worker-2-tc1/source:/opt/rustwide/workdir:ro,Z" "-v" "/var/lib/crater-agent-workspace/cargo-home:/opt/rustwide/cargo-home:ro,Z" "-v" "/var/lib/crater-agent-workspace/rustup-home:/opt/rustwide/rustup-home:ro,Z" "-e" "SOURCE_DIR=/opt/rustwide/workdir" "-e" "CARGO_TARGET_DIR=/opt/rustwide/target" "-e" "CARGO_INCREMENTAL=0" "-e" "RUST_BACKTRACE=full" "-e" "RUSTFLAGS=--cap-lints=warn" "-e" "RUSTDOCFLAGS=--cap-lints=warn" "-e" "CARGO_HOME=/opt/rustwide/cargo-home" "-e" "RUSTUP_HOME=/opt/rustwide/rustup-home" "-w" "/opt/rustwide/workdir" "-m" "1610612736" "--user" "0:0" "--network" "none" "ghcr.io/rust-lang/crates-build-env/linux@sha256:f3a9d4ad9d972b27faf3965f35b62e55ba32bbce8f20bc8fe909558a86702fde" "/opt/rustwide/cargo-home/bin/cargo" "+1.83.0" "build" "--frozen" "--message-format=json", kill_on_drop: false }`
[INFO] [stdout] dd1762e212223006ced1536075fdbe0514ae36029938b6338a5e375b5316246a
[INFO] running `Command { std: "docker" "start" "-a" "dd1762e212223006ced1536075fdbe0514ae36029938b6338a5e375b5316246a", kill_on_drop: false }`
[INFO] [stderr]    Compiling ferrate v0.0.4 (/opt/rustwide/workdir)
[INFO] [stderr]     Finished `dev` profile [unoptimized + debuginfo] target(s) in 0.32s
[INFO] running `Command { std: "docker" "inspect" "dd1762e212223006ced1536075fdbe0514ae36029938b6338a5e375b5316246a", kill_on_drop: false }`
[INFO] running `Command { std: "docker" "rm" "-f" "dd1762e212223006ced1536075fdbe0514ae36029938b6338a5e375b5316246a", kill_on_drop: false }`
[INFO] [stdout] dd1762e212223006ced1536075fdbe0514ae36029938b6338a5e375b5316246a
[INFO] running `Command { std: "docker" "create" "-v" "/var/lib/crater-agent-workspace/builds/worker-2-tc1/target:/opt/rustwide/target:rw,Z" "-v" "/var/lib/crater-agent-workspace/builds/worker-2-tc1/source:/opt/rustwide/workdir:ro,Z" "-v" "/var/lib/crater-agent-workspace/cargo-home:/opt/rustwide/cargo-home:ro,Z" "-v" "/var/lib/crater-agent-workspace/rustup-home:/opt/rustwide/rustup-home:ro,Z" "-e" "SOURCE_DIR=/opt/rustwide/workdir" "-e" "CARGO_TARGET_DIR=/opt/rustwide/target" "-e" "CARGO_INCREMENTAL=0" "-e" "RUST_BACKTRACE=full" "-e" "RUSTFLAGS=--cap-lints=warn" "-e" "RUSTDOCFLAGS=--cap-lints=warn" "-e" "CARGO_HOME=/opt/rustwide/cargo-home" "-e" "RUSTUP_HOME=/opt/rustwide/rustup-home" "-w" "/opt/rustwide/workdir" "-m" "1610612736" "--user" "0:0" "--network" "none" "ghcr.io/rust-lang/crates-build-env/linux@sha256:f3a9d4ad9d972b27faf3965f35b62e55ba32bbce8f20bc8fe909558a86702fde" "/opt/rustwide/cargo-home/bin/cargo" "+1.83.0" "test" "--frozen" "--no-run" "--message-format=json", kill_on_drop: false }`
[INFO] [stdout] 1ca28f5b83e915e349c43249352533844dd6d8618f09e2f4b3528a95065d013a
[INFO] running `Command { std: "docker" "start" "-a" "1ca28f5b83e915e349c43249352533844dd6d8618f09e2f4b3528a95065d013a", kill_on_drop: false }`
[INFO] [stderr]    Compiling ferrate v0.0.4 (/opt/rustwide/workdir)
[INFO] [stderr]     Finished `test` profile [unoptimized + debuginfo] target(s) in 0.39s
[INFO] running `Command { std: "docker" "inspect" "1ca28f5b83e915e349c43249352533844dd6d8618f09e2f4b3528a95065d013a", kill_on_drop: false }`
[INFO] running `Command { std: "docker" "rm" "-f" "1ca28f5b83e915e349c43249352533844dd6d8618f09e2f4b3528a95065d013a", kill_on_drop: false }`
[INFO] [stdout] 1ca28f5b83e915e349c43249352533844dd6d8618f09e2f4b3528a95065d013a
[INFO] running `Command { std: "docker" "create" "-v" "/var/lib/crater-agent-workspace/builds/worker-2-tc1/target:/opt/rustwide/target:rw,Z" "-v" "/var/lib/crater-agent-workspace/builds/worker-2-tc1/source:/opt/rustwide/workdir:ro,Z" "-v" "/var/lib/crater-agent-workspace/cargo-home:/opt/rustwide/cargo-home:ro,Z" "-v" "/var/lib/crater-agent-workspace/rustup-home:/opt/rustwide/rustup-home:ro,Z" "-e" "SOURCE_DIR=/opt/rustwide/workdir" "-e" "CARGO_TARGET_DIR=/opt/rustwide/target" "-e" "CARGO_INCREMENTAL=0" "-e" "RUST_BACKTRACE=full" "-e" "RUSTFLAGS=--cap-lints=warn" "-e" "RUSTDOCFLAGS=--cap-lints=warn" "-e" "CARGO_HOME=/opt/rustwide/cargo-home" "-e" "RUSTUP_HOME=/opt/rustwide/rustup-home" "-w" "/opt/rustwide/workdir" "-m" "1610612736" "--user" "0:0" "--network" "none" "ghcr.io/rust-lang/crates-build-env/linux@sha256:f3a9d4ad9d972b27faf3965f35b62e55ba32bbce8f20bc8fe909558a86702fde" "/opt/rustwide/cargo-home/bin/cargo" "+1.83.0" "test" "--frozen", kill_on_drop: false }`
[INFO] [stdout] acea26df390b27c52b71fc7d64e0ec828d4894a11155d59ba2807eba1149deae
[INFO] running `Command { std: "docker" "start" "-a" "acea26df390b27c52b71fc7d64e0ec828d4894a11155d59ba2807eba1149deae", kill_on_drop: false }`
[INFO] [stderr]     Finished `test` profile [unoptimized + debuginfo] target(s) in 0.01s
[INFO] [stdout] 
[INFO] [stderr]      Running unittests src/lib.rs (/opt/rustwide/target/debug/deps/ferrate-424243fd93d9506f)
[INFO] [stdout] running 0 tests
[INFO] [stderr]    Doc-tests ferrate
[INFO] [stdout] 
[INFO] [stdout] test result: ok. 0 passed; 0 failed; 0 ignored; 0 measured; 0 filtered out; finished in 0.00s
[INFO] [stdout] 
[INFO] [stdout] 
[INFO] [stdout] running 65 tests
[INFO] [stdout] test src/matrix/matrix.rs - matrix::matrix::Matrix::cumsumr (line 276) ... ok
[INFO] [stdout] test src/special/functions/beta.rs - special::functions::beta::Beta::beta (line 35) ... ok
[INFO] [stdout] test src/matrix/matrix.rs - matrix::matrix::Matrix::update (line 34) ... ok
[INFO] [stdout] test src/special/functions/beta.rs - special::functions::beta::Beta::incbeta (line 56) ... ok
[INFO] [stdout] test src/prob/probability.rs - prob::probability::Probability::combination (line 65) ... ok
[INFO] [stdout] test src/prob/probability.rs - prob::probability::Probability::permutation (line 27) ... ok
[INFO] [stdout] test src/matrix/matrix.rs - matrix::matrix::Matrix::identity (line 246) ... ok
[INFO] [stdout] test src/matrix/matrix.rs - matrix::matrix::Matrix::transpose (line 149) ... ok
[INFO] [stdout] test src/prob/probability.rs - prob::probability::Probability::combination (line 50) ... ok
[INFO] [stdout] test src/prob/probability.rs - prob::probability::Probability::permutation (line 12) ... ok
[INFO] [stdout] test src/matrix/matrix.rs - matrix::matrix::Matrix::dimensions (line 211) ... ok
[INFO] [stdout] test src/matrix/matrix.rs - matrix::matrix::Matrix::create (line 10) ... ok
[INFO] [stdout] test src/matrix/matrix.rs - matrix::matrix::Matrix::determinant (line 72) ... ok
[INFO] [stdout] test src/special/functions/beta.rs - special::functions::beta::Beta::regincbeta (line 80) ... ok
[INFO] [stdout] test src/matrix/matrix.rs - matrix::matrix::Matrix::gaussian_elimination (line 392) ... ok
[INFO] [stdout] test src/matrix/matrix.rs - matrix::matrix::Matrix::cumsumc (line 334) ... ok
[INFO] [stdout] test src/special/functions/func.rs - special::functions::func::Functions::lower_erf (line 14) ... ok
[INFO] [stdout] test src/special/functions/func.rs - special::functions::func::Functions::integral (line 136) ... ok
[INFO] [stdout] test src/special/functions/func.rs - special::functions::func::Functions::inverf (line 57) ... ok
[INFO] [stdout] test src/special/functions/func.rs - special::functions::func::Functions::derivative (line 108) ... ok
[INFO] [stdout] test src/special/functions/beta.rs - special::functions::beta::Beta::invregincbeta (line 150) ... ok
[INFO] [stdout] test src/special/functions/func.rs - special::functions::func::Functions::erf (line 36) ... ok
[INFO] [stdout] test src/special/functions/func.rs - special::functions::func::Functions::factorial (line 229) ... ok
[INFO] [stdout] test src/special/functions/func.rs - special::functions::func::Functions::newmet (line 289) ... ok
[INFO] [stdout] test src/special/functions/func.rs - special::functions::func::Functions::summation (line 196) ... ok
[INFO] [stdout] test src/special/functions/func.rs - special::functions::func::Functions::product (line 261) ... ok
[INFO] [stdout] test src/special/functions/func.rs - special::functions::func::Functions::product (line 247) ... ok
[INFO] [stdout] test src/special/functions/beta.rs - special::functions::beta::Beta::lnbeta (line 16) ... ok
[INFO] [stdout] test src/special/functions/gamma.rs - special::functions::gamma::Gamma::reggammac (line 181) ... ok
[INFO] [stdout] test src/special/functions/gamma.rs - special::functions::gamma::Gamma::reggamma (line 160) ... ok
[INFO] [stdout] test src/special/functions/func.rs - special::functions::func::Functions::summation (line 182) ... ok
[INFO] [stdout] test src/special/functions/polygamma.rs - special::functions::polygamma::Polygamma::polygamma (line 31) ... ok
[INFO] [stdout] test src/special/functions/gamma.rs - special::functions::gamma::Gamma::lanczosln (line 53) ... ok
[INFO] [stdout] test src/special/functions/gamma.rs - special::functions::gamma::Gamma::incgammac (line 139) ... ok
[INFO] [stdout] test src/special/functions/gamma.rs - special::functions::gamma::Gamma::lanczos (line 81) ... ok
[INFO] [stdout] test src/special/functions/gamma.rs - special::functions::gamma::Gamma::incgamma (line 109) ... ok
[INFO] [stdout] test src/special/functions/polygamma.rs - special::functions::polygamma::Polygamma::polygamma (line 59) ... ok
[INFO] [stdout] test src/special/functions/gamma.rs - special::functions::gamma::Gamma::stirling (line 28) ... FAILED
[INFO] [stdout] test src/special/functions/polygamma.rs - special::functions::polygamma::Polygamma::polygamma (line 45) ... ok
[INFO] [stdout] test src/stats/distr/chi.rs - stats::distr::chi::Chi::pdf (line 12) ... ok
[INFO] [stdout] test src/special/functions/polygamma.rs - special::functions::polygamma::Polygamma::digamma (line 12) ... ok
[INFO] [stdout] test src/stats/distr/chi.rs - stats::distr::chi::Chi::cdf (line 40) ... ok
[INFO] [stdout] test src/stats/distr/geometric.rs - stats::distr::geometric::Geometric::cdf_failure (line 167) ... ok
[INFO] [stdout] test src/stats/distr/gaussian.rs - stats::distr::gaussian::Gaussian::inv (line 14) ... ok
[INFO] [stdout] test src/stats/distr/binomial.rs - stats::distr::binomial::Binomial::pmf (line 17) ... ok
[INFO] [stdout] test src/stats/distr/binomial.rs - stats::distr::binomial::Binomial::cdf (line 41) ... ok
[INFO] [stdout] test src/stats/distr/gaussian.rs - stats::distr::gaussian::Gaussian::pdf (line 69) ... ok
[INFO] [stdout] test src/stats/distr/geometric.rs - stats::distr::geometric::Geometric::cdf_failure (line 181) ... ok
[INFO] [stdout] test src/stats/distr/gaussian.rs - stats::distr::gaussian::Gaussian::inv (line 28) ... ok
[INFO] [stdout] test src/stats/distr/geometric.rs - stats::distr::geometric::Geometric::pmf_failure (line 142) ... ok
[INFO] [stdout] test src/stats/distr/geometric.rs - stats::distr::geometric::Geometric::pmf_failure (line 115) ... ok
[INFO] [stdout] test src/stats/distr/gaussian.rs - stats::distr::gaussian::Gaussian::cdf (line 92) ... ok
[INFO] [stdout] test src/stats/distr/geometric.rs - stats::distr::geometric::Geometric::cdf_trials (line 63) ... ok
[INFO] [stdout] test src/stats/distr/geometric.rs - stats::distr::geometric::Geometric::cdf_failure (line 194) ... ok
[INFO] [stdout] test src/stats/distr/geometric.rs - stats::distr::geometric::Geometric::pmf_trials (line 11) ... ok
[INFO] [stdout] test src/stats/distr/geometric.rs - stats::distr::geometric::Geometric::pmf_failure (line 129) ... ok
[INFO] [stdout] test src/stats/distr/geometric.rs - stats::distr::geometric::Geometric::cdf_trials (line 90) ... ok
[INFO] [stdout] test src/stats/distr/student.rs - stats::distr::student::Student::cdf (line 49) ... ok
[INFO] [stdout] test src/stats/distr/student.rs - stats::distr::student::Student::cdf (line 35) ... ok
[INFO] [stdout] test src/stats/distr/geometric.rs - stats::distr::geometric::Geometric::pmf_trials (line 38) ... ok
[INFO] [stdout] test src/stats/distr/student.rs - stats::distr::student::Student::inv (line 87) ... ok
[INFO] [stdout] test src/stats/distr/student.rs - stats::distr::student::Student::inv (line 100) ... ok
[INFO] [stdout] test src/stats/distr/geometric.rs - stats::distr::geometric::Geometric::cdf_trials (line 77) ... ok
[INFO] [stdout] test src/stats/distr/student.rs - stats::distr::student::Student::pdf (line 12) ... ok
[INFO] [stdout] test src/stats/distr/geometric.rs - stats::distr::geometric::Geometric::pmf_trials (line 25) ... ok
[INFO] [stdout] 
[INFO] [stdout] failures:
[INFO] [stdout] 
[INFO] [stdout] ---- src/special/functions/gamma.rs - special::functions::gamma::Gamma::stirling (line 28) stdout ----
[INFO] [stdout] Test executable failed (exit status: 101).
[INFO] [stdout] 
[INFO] [stdout] stderr:
[INFO] [stdout] thread 'main' panicked at src/special/functions/gamma.rs:10:1:
[INFO] [stdout] assertion `left == right` failed
[INFO] [stdout]   left: 118.0191679575901
[INFO] [stdout]  right: 118.01916795759013
[INFO] [stdout] stack backtrace:
[INFO] [stdout]    0:     0x6122a465da6a - std::backtrace_rs::backtrace::libunwind::trace::h5a5b8284f2d0c266
[INFO] [stdout]                                at /rustc/90b35a6239c3d8bdabc530a6a0816f7ff89a0aaf/library/std/src/../../backtrace/src/backtrace/libunwind.rs:116:5
[INFO] [stdout]    1:     0x6122a465da6a - std::backtrace_rs::backtrace::trace_unsynchronized::h76d4f1c9b0b875e3
[INFO] [stdout]                                at /rustc/90b35a6239c3d8bdabc530a6a0816f7ff89a0aaf/library/std/src/../../backtrace/src/backtrace/mod.rs:66:5
[INFO] [stdout]    2:     0x6122a465da6a - std::sys::backtrace::_print_fmt::hc4546b8364a537c6
[INFO] [stdout]                                at /rustc/90b35a6239c3d8bdabc530a6a0816f7ff89a0aaf/library/std/src/sys/backtrace.rs:66:9
[INFO] [stdout]    3:     0x6122a465da6a - <std::sys::backtrace::BacktraceLock::print::DisplayBacktrace as core::fmt::Display>::fmt::h5b6bd5631a6d1f6b
[INFO] [stdout]                                at /rustc/90b35a6239c3d8bdabc530a6a0816f7ff89a0aaf/library/std/src/sys/backtrace.rs:39:26
[INFO] [stdout]    4:     0x6122a467cc33 - core::fmt::rt::Argument::fmt::h270f6602a2b96f62
[INFO] [stdout]                                at /rustc/90b35a6239c3d8bdabc530a6a0816f7ff89a0aaf/library/core/src/fmt/rt.rs:177:76
[INFO] [stdout]    5:     0x6122a467cc33 - core::fmt::write::h7550c97b06c86515
[INFO] [stdout]                                at /rustc/90b35a6239c3d8bdabc530a6a0816f7ff89a0aaf/library/core/src/fmt/mod.rs:1186:21
[INFO] [stdout]    6:     0x6122a465b813 - std::io::Write::write_fmt::h7b09c64fe0be9c84
[INFO] [stdout]                                at /rustc/90b35a6239c3d8bdabc530a6a0816f7ff89a0aaf/library/std/src/io/mod.rs:1839:15
[INFO] [stdout]    7:     0x6122a465d8b2 - std::sys::backtrace::BacktraceLock::print::h2395ccd2c84ba3aa
[INFO] [stdout]                                at /rustc/90b35a6239c3d8bdabc530a6a0816f7ff89a0aaf/library/std/src/sys/backtrace.rs:42:9
[INFO] [stdout]    8:     0x6122a465e85c - std::panicking::default_hook::{{closure}}::he19d4c7230e07961
[INFO] [stdout]                                at /rustc/90b35a6239c3d8bdabc530a6a0816f7ff89a0aaf/library/std/src/panicking.rs:268:22
[INFO] [stdout]    9:     0x6122a465e6a2 - std::panicking::default_hook::hf614597d3c67bbdb
[INFO] [stdout]                                at /rustc/90b35a6239c3d8bdabc530a6a0816f7ff89a0aaf/library/std/src/panicking.rs:295:9
[INFO] [stdout]   10:     0x6122a465ee37 - std::panicking::rust_panic_with_hook::h8942133a8b252070
[INFO] [stdout]                                at /rustc/90b35a6239c3d8bdabc530a6a0816f7ff89a0aaf/library/std/src/panicking.rs:801:13
[INFO] [stdout]   11:     0x6122a465ecca - std::panicking::begin_panic_handler::{{closure}}::hb5f5963570096b29
[INFO] [stdout]                                at /rustc/90b35a6239c3d8bdabc530a6a0816f7ff89a0aaf/library/std/src/panicking.rs:674:13
[INFO] [stdout]   12:     0x6122a465df49 - std::sys::backtrace::__rust_end_short_backtrace::h6208cedc1922feda
[INFO] [stdout]                                at /rustc/90b35a6239c3d8bdabc530a6a0816f7ff89a0aaf/library/std/src/sys/backtrace.rs:170:18
[INFO] [stdout]   13:     0x6122a465e95c - rust_begin_unwind
[INFO] [stdout]                                at /rustc/90b35a6239c3d8bdabc530a6a0816f7ff89a0aaf/library/std/src/panicking.rs:665:5
[INFO] [stdout]   14:     0x6122a463f030 - core::panicking::panic_fmt::h0c3082644d1bf418
[INFO] [stdout]                                at /rustc/90b35a6239c3d8bdabc530a6a0816f7ff89a0aaf/library/core/src/panicking.rs:74:14
[INFO] [stdout]   15:     0x6122a463f35b - core::panicking::assert_failed_inner::h2ddf1fcc067fa858
[INFO] [stdout]   16:     0x6122a463f8f6 - core::panicking::assert_failed::h2d7f1401d0b86957
[INFO] [stdout]   17:     0x6122a463f97c - rust_out::main::_doctest_main_src_special_functions_gamma_rs_28_0::h3d406a7297918b9f
[INFO] [stdout]   18:     0x6122a463f916 - rust_out::main::h86d391cc11b8a827
[INFO] [stdout]   19:     0x6122a463f873 - core::ops::function::FnOnce::call_once::hd1e0b33d350e8c2e
[INFO] [stdout]   20:     0x6122a463f846 - std::sys::backtrace::__rust_begin_short_backtrace::hb7c4fd168269da08
[INFO] [stdout]   21:     0x6122a463f829 - std::rt::lang_start::{{closure}}::h7630186e3858a44d
[INFO] [stdout]   22:     0x6122a4659f8e - core::ops::function::impls::<impl core::ops::function::FnOnce<A> for &F>::call_once::hfdb85f4ee94732d3
[INFO] [stdout]                                at /rustc/90b35a6239c3d8bdabc530a6a0816f7ff89a0aaf/library/core/src/ops/function.rs:284:13
[INFO] [stdout]   23:     0x6122a4659f8e - std::panicking::try::do_call::h6e577310f330cbef
[INFO] [stdout]                                at /rustc/90b35a6239c3d8bdabc530a6a0816f7ff89a0aaf/library/std/src/panicking.rs:557:40
[INFO] [stdout]   24:     0x6122a4659f8e - std::panicking::try::ha588d438267d2645
[INFO] [stdout]                                at /rustc/90b35a6239c3d8bdabc530a6a0816f7ff89a0aaf/library/std/src/panicking.rs:520:19
[INFO] [stdout]   25:     0x6122a4659f8e - std::panic::catch_unwind::h429fda1e025f26d9
[INFO] [stdout]                                at /rustc/90b35a6239c3d8bdabc530a6a0816f7ff89a0aaf/library/std/src/panic.rs:358:14
[INFO] [stdout]   26:     0x6122a4659f8e - std::rt::lang_start_internal::{{closure}}::h7b731265e841c4bf
[INFO] [stdout]                                at /rustc/90b35a6239c3d8bdabc530a6a0816f7ff89a0aaf/library/std/src/rt.rs:174:48
[INFO] [stdout]   27:     0x6122a4659f8e - std::panicking::try::do_call::hc0f6a675b7ae5a36
[INFO] [stdout]                                at /rustc/90b35a6239c3d8bdabc530a6a0816f7ff89a0aaf/library/std/src/panicking.rs:557:40
[INFO] [stdout]   28:     0x6122a4659f8e - std::panicking::try::h4c93b7ff0671f1ff
[INFO] [stdout]                                at /rustc/90b35a6239c3d8bdabc530a6a0816f7ff89a0aaf/library/std/src/panicking.rs:520:19
[INFO] [stdout]   29:     0x6122a4659f8e - std::panic::catch_unwind::hcc1e154961d16ce6
[INFO] [stdout]                                at /rustc/90b35a6239c3d8bdabc530a6a0816f7ff89a0aaf/library/std/src/panic.rs:358:14
[INFO] [stdout]   30:     0x6122a4659f8e - std::rt::lang_start_internal::h1c66660c99c8424c
[INFO] [stdout]                                at /rustc/90b35a6239c3d8bdabc530a6a0816f7ff89a0aaf/library/std/src/rt.rs:174:20
[INFO] [stdout]   31:     0x6122a463f807 - std::rt::lang_start::hcdb31f4834f76b8c
[INFO] [stdout]   32:     0x6122a463f9a5 - main
[INFO] [stdout]   33:     0x75ed87804d90 - <unknown>
[INFO] [stdout]   34:     0x75ed87804e40 - __libc_start_main
[INFO] [stdout]   35:     0x6122a463f715 - _start
[INFO] [stdout]   36:                0x0 - <unknown>
[INFO] [stdout] 
[INFO] [stdout] 
[INFO] [stdout] 
[INFO] [stdout] failures:
[INFO] [stdout]     src/special/functions/gamma.rs - special::functions::gamma::Gamma::stirling (line 28)
[INFO] [stdout] 
[INFO] [stdout] test result: FAILED. 64 passed; 1 failed; 0 ignored; 0 measured; 0 filtered out; finished in 3.34s
[INFO] [stdout] 
[INFO] [stderr] error: doctest failed, to rerun pass `--doc`
[INFO] running `Command { std: "docker" "inspect" "acea26df390b27c52b71fc7d64e0ec828d4894a11155d59ba2807eba1149deae", kill_on_drop: false }`
[INFO] running `Command { std: "docker" "rm" "-f" "acea26df390b27c52b71fc7d64e0ec828d4894a11155d59ba2807eba1149deae", kill_on_drop: false }`
[INFO] [stdout] acea26df390b27c52b71fc7d64e0ec828d4894a11155d59ba2807eba1149deae
