[INFO] fetching crate fedimint-patch-bip39 2.1.0...
[INFO] testing fedimint-patch-bip39-2.1.0 against beta-2024-12-08 for beta-1.84.0-4-retry
[INFO] extracting crate fedimint-patch-bip39 2.1.0 into /workspace/builds/worker-5-tc2/source
[INFO] validating manifest of crates.io crate fedimint-patch-bip39 2.1.0 on toolchain beta-2024-12-08
[INFO] running `Command { std: CARGO_HOME="/workspace/cargo-home" RUSTUP_HOME="/workspace/rustup-home" "/workspace/cargo-home/bin/cargo" "+beta-2024-12-08" "metadata" "--manifest-path" "Cargo.toml" "--no-deps", kill_on_drop: false }`
[INFO] started tweaking crates.io crate fedimint-patch-bip39 2.1.0
[INFO] finished tweaking crates.io crate fedimint-patch-bip39 2.1.0
[INFO] tweaked toml for crates.io crate fedimint-patch-bip39 2.1.0 written to /workspace/builds/worker-5-tc2/source/Cargo.toml
[INFO] running `Command { std: CARGO_HOME="/workspace/cargo-home" RUSTUP_HOME="/workspace/rustup-home" "/workspace/cargo-home/bin/cargo" "+beta-2024-12-08" "generate-lockfile" "--manifest-path" "Cargo.toml", kill_on_drop: false }`
[INFO] [stderr]     Updating crates.io index
[INFO] [stderr]      Locking 26 packages to latest compatible versions
[INFO] [stderr]       Adding bitcoin_hashes v0.14.0 (available: v0.15.0)
[INFO] [stderr]       Adding unicode-normalization v0.1.22 (available: v0.1.24)
[INFO] running `Command { std: CARGO_HOME="/workspace/cargo-home" RUSTUP_HOME="/workspace/rustup-home" "/workspace/cargo-home/bin/cargo" "+beta-2024-12-08" "fetch" "--manifest-path" "Cargo.toml", kill_on_drop: false }`
[INFO] running `Command { std: "docker" "create" "-v" "/var/lib/crater-agent-workspace/builds/worker-5-tc2/target:/opt/rustwide/target:rw,Z" "-v" "/var/lib/crater-agent-workspace/builds/worker-5-tc2/source:/opt/rustwide/workdir:ro,Z" "-v" "/var/lib/crater-agent-workspace/cargo-home:/opt/rustwide/cargo-home:ro,Z" "-v" "/var/lib/crater-agent-workspace/rustup-home:/opt/rustwide/rustup-home:ro,Z" "-e" "SOURCE_DIR=/opt/rustwide/workdir" "-e" "CARGO_TARGET_DIR=/opt/rustwide/target" "-e" "CARGO_HOME=/opt/rustwide/cargo-home" "-e" "RUSTUP_HOME=/opt/rustwide/rustup-home" "-w" "/opt/rustwide/workdir" "-m" "1610612736" "--user" "0:0" "--network" "none" "ghcr.io/rust-lang/crates-build-env/linux@sha256:f3a9d4ad9d972b27faf3965f35b62e55ba32bbce8f20bc8fe909558a86702fde" "/opt/rustwide/cargo-home/bin/cargo" "+beta-2024-12-08" "metadata" "--no-deps" "--format-version=1", kill_on_drop: false }`
[INFO] [stdout] b1cd221007a6b7aaa8ac68f013e7bb95040f666431c0071e84dded9937bb3203
[INFO] running `Command { std: "docker" "start" "-a" "b1cd221007a6b7aaa8ac68f013e7bb95040f666431c0071e84dded9937bb3203", kill_on_drop: false }`
[INFO] running `Command { std: "docker" "inspect" "b1cd221007a6b7aaa8ac68f013e7bb95040f666431c0071e84dded9937bb3203", kill_on_drop: false }`
[INFO] running `Command { std: "docker" "rm" "-f" "b1cd221007a6b7aaa8ac68f013e7bb95040f666431c0071e84dded9937bb3203", kill_on_drop: false }`
[INFO] [stdout] b1cd221007a6b7aaa8ac68f013e7bb95040f666431c0071e84dded9937bb3203
[INFO] running `Command { std: "docker" "create" "-v" "/var/lib/crater-agent-workspace/builds/worker-5-tc2/target:/opt/rustwide/target:rw,Z" "-v" "/var/lib/crater-agent-workspace/builds/worker-5-tc2/source:/opt/rustwide/workdir:ro,Z" "-v" "/var/lib/crater-agent-workspace/cargo-home:/opt/rustwide/cargo-home:ro,Z" "-v" "/var/lib/crater-agent-workspace/rustup-home:/opt/rustwide/rustup-home:ro,Z" "-e" "SOURCE_DIR=/opt/rustwide/workdir" "-e" "CARGO_TARGET_DIR=/opt/rustwide/target" "-e" "CARGO_INCREMENTAL=0" "-e" "RUST_BACKTRACE=full" "-e" "RUSTFLAGS=--cap-lints=warn" "-e" "RUSTDOCFLAGS=--cap-lints=warn" "-e" "CARGO_HOME=/opt/rustwide/cargo-home" "-e" "RUSTUP_HOME=/opt/rustwide/rustup-home" "-w" "/opt/rustwide/workdir" "-m" "1610612736" "--user" "0:0" "--network" "none" "ghcr.io/rust-lang/crates-build-env/linux@sha256:f3a9d4ad9d972b27faf3965f35b62e55ba32bbce8f20bc8fe909558a86702fde" "/opt/rustwide/cargo-home/bin/cargo" "+beta-2024-12-08" "build" "--frozen" "--message-format=json", kill_on_drop: false }`
[INFO] [stdout] 7ec6e508af7f6be66fde2adcbbfa84c6f107bd8987d0d3a5c2345019f68b705b
[INFO] running `Command { std: "docker" "start" "-a" "7ec6e508af7f6be66fde2adcbbfa84c6f107bd8987d0d3a5c2345019f68b705b", kill_on_drop: false }`
[INFO] [stderr]    Compiling bitcoin-io v0.1.3
[INFO] [stderr]    Compiling serde v1.0.216
[INFO] [stderr]    Compiling arrayvec v0.7.6
[INFO] [stderr]    Compiling unicode-normalization v0.1.22
[INFO] [stderr]    Compiling hex-conservative v0.2.1
[INFO] [stderr]    Compiling bitcoin_hashes v0.14.0
[INFO] [stderr]    Compiling fedimint-patch-bip39 v2.1.0 (/opt/rustwide/workdir)
[INFO] [stderr]     Finished `dev` profile [unoptimized + debuginfo] target(s) in 7.93s
[INFO] running `Command { std: "docker" "inspect" "7ec6e508af7f6be66fde2adcbbfa84c6f107bd8987d0d3a5c2345019f68b705b", kill_on_drop: false }`
[INFO] running `Command { std: "docker" "rm" "-f" "7ec6e508af7f6be66fde2adcbbfa84c6f107bd8987d0d3a5c2345019f68b705b", kill_on_drop: false }`
[INFO] [stdout] 7ec6e508af7f6be66fde2adcbbfa84c6f107bd8987d0d3a5c2345019f68b705b
[INFO] running `Command { std: "docker" "create" "-v" "/var/lib/crater-agent-workspace/builds/worker-5-tc2/target:/opt/rustwide/target:rw,Z" "-v" "/var/lib/crater-agent-workspace/builds/worker-5-tc2/source:/opt/rustwide/workdir:ro,Z" "-v" "/var/lib/crater-agent-workspace/cargo-home:/opt/rustwide/cargo-home:ro,Z" "-v" "/var/lib/crater-agent-workspace/rustup-home:/opt/rustwide/rustup-home:ro,Z" "-e" "SOURCE_DIR=/opt/rustwide/workdir" "-e" "CARGO_TARGET_DIR=/opt/rustwide/target" "-e" "CARGO_INCREMENTAL=0" "-e" "RUST_BACKTRACE=full" "-e" "RUSTFLAGS=--cap-lints=warn" "-e" "RUSTDOCFLAGS=--cap-lints=warn" "-e" "CARGO_HOME=/opt/rustwide/cargo-home" "-e" "RUSTUP_HOME=/opt/rustwide/rustup-home" "-w" "/opt/rustwide/workdir" "-m" "1610612736" "--user" "0:0" "--network" "none" "ghcr.io/rust-lang/crates-build-env/linux@sha256:f3a9d4ad9d972b27faf3965f35b62e55ba32bbce8f20bc8fe909558a86702fde" "/opt/rustwide/cargo-home/bin/cargo" "+beta-2024-12-08" "test" "--frozen" "--no-run" "--message-format=json", kill_on_drop: false }`
[INFO] [stdout] a3abb9055acdad747f56cca12c8cbfaf31b9fcd5d436d0a94cb58de91217fb67
[INFO] running `Command { std: "docker" "start" "-a" "a3abb9055acdad747f56cca12c8cbfaf31b9fcd5d436d0a94cb58de91217fb67", kill_on_drop: false }`
[INFO] [stderr]    Compiling fedimint-patch-bip39 v2.1.0 (/opt/rustwide/workdir)
[INFO] [stderr]     Finished `test` profile [unoptimized + debuginfo] target(s) in 1.52s
[INFO] running `Command { std: "docker" "inspect" "a3abb9055acdad747f56cca12c8cbfaf31b9fcd5d436d0a94cb58de91217fb67", kill_on_drop: false }`
[INFO] running `Command { std: "docker" "rm" "-f" "a3abb9055acdad747f56cca12c8cbfaf31b9fcd5d436d0a94cb58de91217fb67", kill_on_drop: false }`
[INFO] [stdout] a3abb9055acdad747f56cca12c8cbfaf31b9fcd5d436d0a94cb58de91217fb67
[INFO] running `Command { std: "docker" "create" "-v" "/var/lib/crater-agent-workspace/builds/worker-5-tc2/target:/opt/rustwide/target:rw,Z" "-v" "/var/lib/crater-agent-workspace/builds/worker-5-tc2/source:/opt/rustwide/workdir:ro,Z" "-v" "/var/lib/crater-agent-workspace/cargo-home:/opt/rustwide/cargo-home:ro,Z" "-v" "/var/lib/crater-agent-workspace/rustup-home:/opt/rustwide/rustup-home:ro,Z" "-e" "SOURCE_DIR=/opt/rustwide/workdir" "-e" "CARGO_TARGET_DIR=/opt/rustwide/target" "-e" "CARGO_INCREMENTAL=0" "-e" "RUST_BACKTRACE=full" "-e" "RUSTFLAGS=--cap-lints=warn" "-e" "RUSTDOCFLAGS=--cap-lints=warn" "-e" "CARGO_HOME=/opt/rustwide/cargo-home" "-e" "RUSTUP_HOME=/opt/rustwide/rustup-home" "-w" "/opt/rustwide/workdir" "-m" "1610612736" "--user" "0:0" "--network" "none" "ghcr.io/rust-lang/crates-build-env/linux@sha256:f3a9d4ad9d972b27faf3965f35b62e55ba32bbce8f20bc8fe909558a86702fde" "/opt/rustwide/cargo-home/bin/cargo" "+beta-2024-12-08" "test" "--frozen", kill_on_drop: false }`
[INFO] [stdout] 1affe63b68160f6b9596d0fee3426a2330941223b0a9dd771b733a77d963cf4e
[INFO] running `Command { std: "docker" "start" "-a" "1affe63b68160f6b9596d0fee3426a2330941223b0a9dd771b733a77d963cf4e", kill_on_drop: false }`
[INFO] [stderr]     Finished `test` profile [unoptimized + debuginfo] target(s) in 0.03s
[INFO] [stderr]      Running unittests src/lib.rs (/opt/rustwide/target/debug/deps/fedimint_patch_bip39-64e647ecf8304277)
[INFO] [stdout] 
[INFO] [stdout] running 8 tests
[INFO] [stdout] test language::tests::test_ordered_lists ... ok
[INFO] [stdout] test language::tests::words_by_prefix ... ok
[INFO] [stdout] test language::tests::round_trip::english ... ok
[INFO] [stdout] test tests::checksum ... ok
[INFO] [stdout] test tests::test_invalid_engish ... ok
[INFO] [stdout] test tests::test_invalid_entropy ... ok
[INFO] [stdout] test tests::test_ambiguous_languages ... ok
[INFO] [stdout] test tests::test_vectors_english ... ok
[INFO] [stdout] 
[INFO] [stdout] test result: ok. 8 passed; 0 failed; 0 ignored; 0 measured; 0 filtered out; finished in 1.48s
[INFO] [stdout] 
[INFO] [stderr]    Doc-tests fedimint_patch_bip39
[INFO] [stdout] 
[INFO] [stdout] running 3 tests
[INFO] [stdout] test src/lib.rs - Mnemonic::checksum (line 622) ... FAILED
[INFO] [stdout] test src/lib.rs - Mnemonic::word_indices (line 351) ... FAILED
[INFO] [stdout] test src/lib.rs - Mnemonic::words (line 326) ... FAILED
[INFO] [stdout] 
[INFO] [stdout] failures:
[INFO] [stdout] 
[INFO] [stdout] ---- src/lib.rs - Mnemonic::checksum (line 622) stdout ----
[INFO] [stdout] error[E0432]: unresolved import `bip39`
[INFO] [stdout]  --> src/lib.rs:623:5
[INFO] [stdout]   |
[INFO] [stdout] 3 | use bip39::Mnemonic;
[INFO] [stdout]   |     ^^^^^ use of undeclared crate or module `bip39`
[INFO] [stdout] 
[INFO] [stdout] error: aborting due to 1 previous error
[INFO] [stdout] 
[INFO] [stdout] For more information about this error, try `rustc --explain E0432`.
[INFO] [stdout] Couldn't compile the test.
[INFO] [stdout] ---- src/lib.rs - Mnemonic::word_indices (line 351) stdout ----
[INFO] [stdout] error[E0432]: unresolved import `bip39`
[INFO] [stdout]  --> src/lib.rs:352:5
[INFO] [stdout]   |
[INFO] [stdout] 3 | use bip39::{Language, Mnemonic};
[INFO] [stdout]   |     ^^^^^ use of undeclared crate or module `bip39`
[INFO] [stdout] 
[INFO] [stdout] error: aborting due to 1 previous error
[INFO] [stdout] 
[INFO] [stdout] For more information about this error, try `rustc --explain E0432`.
[INFO] [stdout] Couldn't compile the test.
[INFO] [stdout] ---- src/lib.rs - Mnemonic::words (line 326) stdout ----
[INFO] [stdout] error[E0432]: unresolved import `bip39`
[INFO] [stdout]  --> src/lib.rs:327:5
[INFO] [stdout]   |
[INFO] [stdout] 3 | use bip39::Mnemonic;
[INFO] [stdout]   |     ^^^^^ use of undeclared crate or module `bip39`
[INFO] [stdout] 
[INFO] [stdout] error: aborting due to 1 previous error
[INFO] [stdout] 
[INFO] [stdout] For more information about this error, try `rustc --explain E0432`.
[INFO] [stdout] Couldn't compile the test.
[INFO] [stdout] 
[INFO] [stdout] failures:
[INFO] [stdout]     src/lib.rs - Mnemonic::checksum (line 622)
[INFO] [stdout]     src/lib.rs - Mnemonic::word_indices (line 351)
[INFO] [stdout]     src/lib.rs - Mnemonic::words (line 326)
[INFO] [stdout] 
[INFO] [stdout] test result: FAILED. 0 passed; 3 failed; 0 ignored; 0 measured; 0 filtered out; finished in 0.14s
[INFO] [stdout] 
[INFO] [stderr] error: doctest failed, to rerun pass `--doc`
[INFO] running `Command { std: "docker" "inspect" "1affe63b68160f6b9596d0fee3426a2330941223b0a9dd771b733a77d963cf4e", kill_on_drop: false }`
[INFO] running `Command { std: "docker" "rm" "-f" "1affe63b68160f6b9596d0fee3426a2330941223b0a9dd771b733a77d963cf4e", kill_on_drop: false }`
[INFO] [stdout] 1affe63b68160f6b9596d0fee3426a2330941223b0a9dd771b733a77d963cf4e
